170.238.251.110 - - [31/Jul/2026:10:28:11 -0300] "GET /wp-content/plugins/tutor-pro/assets/css/lesson-notes.css?ver=3.9.13 HTTP/1.1" 304 - "https://academy.kohlsolucoes.com.br/cursos/lgpd-aplicada-a-educacao-publica-sonora/atividade/aula-01-conceitos-importantes-4/" "Mozilla/5.0 (iPhone; CPU iPhone OS 18_7 like Mac OS X) AppleWebKit/605.1.15 (KHTML, like Gecko) Version/26.5.2 Mobile/15E148 Safari/604.1"
170.238.251.110 - - [31/Jul/2026:10:28:12 -0300] "POST /wp-admin/admin-ajax.php HTTP/1.1" 200 - "https://academy.kohlsolucoes.com.br/cursos/lgpd-aplicada-a-educacao-publica-sonora/atividade/aula-01-conceitos-importantes-4/" "Mozilla/5.0 (iPhone; CPU iPhone OS 18_7 like Mac OS X) AppleWebKit/605.1.15 (KHTML, like Gecko) Version/26.5.2 Mobile/15E148 Safari/604.1"
170.238.251.110 - - [31/Jul/2026:10:28:24 -0300] "POST /wp-admin/admin-ajax.php HTTP/1.1" 200 - "https://academy.kohlsolucoes.com.br/cursos/lgpd-aplicada-a-educacao-publica-sonora/atividade/aula-01-conceitos-importantes-4/" "Mozilla/5.0 (iPhone; CPU iPhone OS 18_7 like Mac OS X) AppleWebKit/605.1.15 (KHTML, like Gecko) Version/26.5.2 Mobile/15E148 Safari/604.1"
170.238.251.110 - - [31/Jul/2026:10:28:34 -0300] "POST /wp-admin/admin-ajax.php HTTP/1.1" 200 - "https://academy.kohlsolucoes.com.br/cursos/lgpd-aplicada-a-educacao-publica-sonora/atividade/aula-01-conceitos-importantes-4/" "Mozilla/5.0 (iPhone; CPU iPhone OS 18_7 like Mac OS X) AppleWebKit/605.1.15 (KHTML, like Gecko) Version/26.5.2 Mobile/15E148 Safari/604.1"
129.121.49.162 - - [31/Jul/2026:10:28:36 -0300] "POST /wp-cron.php?doing_wp_cron=1785504516.2283511161804199218750 HTTP/1.1" 200 - "-" "WordPress/7.0.2; https://academy.kohlsolucoes.com.br"
2804:18:119:e43:2d43:7dc:83b0:6899 - - [31/Jul/2026:10:28:35 -0300] "GET /cursos/lgpd-aplicada-a-educacao-publica-sonora/ HTTP/1.1" 200 189978 "https://academy.kohlsolucoes.com.br/cursos/lgpd-aplicada-a-educacao-publica-sonora/atividade/avaliacao-de-conhecimentos-3/" "Mozilla/5.0 (iPhone; CPU iPhone OS 18_7 like Mac OS X) AppleWebKit/605.1.15 (KHTML, like Gecko) Version/26.5.2 Mobile/15E148 Safari/604.1"
2804:18:119:e43:2d43:7dc:83b0:6899 - - [31/Jul/2026:10:28:36 -0300] "GET /wp-includes/css/dist/block-library/style.min.css?ver=7.0 HTTP/1.1" 200 131189 "https://academy.kohlsolucoes.com.br/cursos/lgpd-aplicada-a-educacao-publica-sonora/" "Mozilla/5.0 (iPhone; CPU iPhone OS 18_7 like Mac OS X) AppleWebKit/605.1.15 (KHTML, like Gecko) Version/26.5 Mobile/15E148 Safari/604.1"
2804:18:119:e43:2d43:7dc:83b0:6899 - - [31/Jul/2026:10:28:36 -0300] "GET /wp-content/plugins/fluentform/assets/css/fluent-forms-elementor-widget.css?ver=6.2.5 HTTP/1.1" 200 3933 "https://academy.kohlsolucoes.com.br/cursos/lgpd-aplicada-a-educacao-publica-sonora/" "Mozilla/5.0 (iPhone; CPU iPhone OS 18_7 like Mac OS X) AppleWebKit/605.1.15 (KHTML, like Gecko) Version/26.5 Mobile/15E148 Safari/604.1"
2804:18:119:e43:2d43:7dc:83b0:6899 - - [31/Jul/2026:10:28:36 -0300] "GET /wp-content/plugins/woocommerce/assets/css/woocommerce-layout.css?ver=10.9.1 HTTP/1.1" 200 19780 "https://academy.kohlsolucoes.com.br/cursos/lgpd-aplicada-a-educacao-publica-sonora/" "Mozilla/5.0 (iPhone; CPU iPhone OS 18_7 like Mac OS X) AppleWebKit/605.1.15 (KHTML, like Gecko) Version/26.5 Mobile/15E148 Safari/604.1"
2804:18:119:e43:2d43:7dc:83b0:6899 - - [31/Jul/2026:10:28:36 -0300] "GET /wp-content/themes/edubin/style.css?ver=7.0 HTTP/1.1" 200 632 "https://academy.kohlsolucoes.com.br/cursos/lgpd-aplicada-a-educacao-publica-sonora/" "Mozilla/5.0 (iPhone; CPU iPhone OS 18_7 like Mac OS X) AppleWebKit/605.1.15 (KHTML, like Gecko) Version/26.5 Mobile/15E148 Safari/604.1"
2804:18:119:e43:2d43:7dc:83b0:6899 - - [31/Jul/2026:10:28:36 -0300] "GET /wp-content/plugins/woocommerce/assets/css/woocommerce.css?ver=10.9.1 HTTP/1.1" 200 87398 "https://academy.kohlsolucoes.com.br/cursos/lgpd-aplicada-a-educacao-publica-sonora/" "Mozilla/5.0 (iPhone; CPU iPhone OS 18_7 like Mac OS X) AppleWebKit/605.1.15 (KHTML, like Gecko) Version/26.5 Mobile/15E148 Safari/604.1"
2804:18:119:e43:2d43:7dc:83b0:6899 - - [31/Jul/2026:10:28:36 -0300] "GET /wp-content/themes/edubin/assets/css/page-title.css?ver=1.0.0 HTTP/1.1" 304 - "https://academy.kohlsolucoes.com.br/cursos/lgpd-aplicada-a-educacao-publica-sonora/" "Mozilla/5.0 (iPhone; CPU iPhone OS 18_7 like Mac OS X) AppleWebKit/605.1.15 (KHTML, like Gecko) Version/26.5 Mobile/15E148 Safari/604.1"
2804:18:119:e43:2d43:7dc:83b0:6899 - - [31/Jul/2026:10:28:36 -0300] "GET /wp-content/themes/edubin/assets/css/header.css?ver=1.0.0 HTTP/1.1" 304 - "https://academy.kohlsolucoes.com.br/cursos/lgpd-aplicada-a-educacao-publica-sonora/" "Mozilla/5.0 (iPhone; CPU iPhone OS 18_7 like Mac OS X) AppleWebKit/605.1.15 (KHTML, like Gecko) Version/26.5 Mobile/15E148 Safari/604.1"
2804:18:119:e43:2d43:7dc:83b0:6899 - - [31/Jul/2026:10:28:36 -0300] "GET /wp-content/themes/edubin/assets/fonts/flaticon_edubin.css?ver=1.0.0 HTTP/1.1" 304 - "https://academy.kohlsolucoes.com.br/cursos/lgpd-aplicada-a-educacao-publica-sonora/" "Mozilla/5.0 (iPhone; CPU iPhone OS 18_7 like Mac OS X) AppleWebKit/605.1.15 (KHTML, like Gecko) Version/26.5 Mobile/15E148 Safari/604.1"
2804:18:119:e43:2d43:7dc:83b0:6899 - - [31/Jul/2026:10:28:36 -0300] "GET /wp-content/themes/edubin/assets/css/footer.css?ver=1.0.0 HTTP/1.1" 304 - "https://academy.kohlsolucoes.com.br/cursos/lgpd-aplicada-a-educacao-publica-sonora/" "Mozilla/5.0 (iPhone; CPU iPhone OS 18_7 like Mac OS X) AppleWebKit/605.1.15 (KHTML, like Gecko) Version/26.5 Mobile/15E148 Safari/604.1"
2804:18:119:e43:2d43:7dc:83b0:6899 - - [31/Jul/2026:10:28:36 -0300] "GET /wp-content/themes/edubin/assets/css/tutor.css?ver=1.0.0 HTTP/1.1" 304 - "https://academy.kohlsolucoes.com.br/cursos/lgpd-aplicada-a-educacao-publica-sonora/" "Mozilla/5.0 (iPhone; CPU iPhone OS 18_7 like Mac OS X) AppleWebKit/605.1.15 (KHTML, like Gecko) Version/26.5 Mobile/15E148 Safari/604.1"
2804:18:119:e43:2d43:7dc:83b0:6899 - - [31/Jul/2026:10:28:36 -0300] "GET /wp-content/themes/edubin-child/style.css?ver=7.0 HTTP/1.1" 200 3154 "https://academy.kohlsolucoes.com.br/cursos/lgpd-aplicada-a-educacao-publica-sonora/" "Mozilla/5.0 (iPhone; CPU iPhone OS 18_7 like Mac OS X) AppleWebKit/605.1.15 (KHTML, like Gecko) Version/26.5 Mobile/15E148 Safari/604.1"
2804:18:119:e43:2d43:7dc:83b0:6899 - - [31/Jul/2026:10:28:36 -0300] "GET /wp-content/themes/edubin/assets/css/search.css?ver=1.0.0 HTTP/1.1" 304 - "https://academy.kohlsolucoes.com.br/cursos/lgpd-aplicada-a-educacao-publica-sonora/" "Mozilla/5.0 (iPhone; CPU iPhone OS 18_7 like Mac OS X) AppleWebKit/605.1.15 (KHTML, like Gecko) Version/26.5 Mobile/15E148 Safari/604.1"
2804:18:119:e43:2d43:7dc:83b0:6899 - - [31/Jul/2026:10:28:36 -0300] "GET /wp-content/themes/edubin/assets/css/woocommerce.css?ver=1.0.0 HTTP/1.1" 304 - "https://academy.kohlsolucoes.com.br/cursos/lgpd-aplicada-a-educacao-publica-sonora/" "Mozilla/5.0 (iPhone; CPU iPhone OS 18_7 like Mac OS X) AppleWebKit/605.1.15 (KHTML, like Gecko) Version/26.5 Mobile/15E148 Safari/604.1"
2804:18:119:e43:2d43:7dc:83b0:6899 - - [31/Jul/2026:10:28:36 -0300] "GET /wp-content/themes/edubin/assets/css/main.css?ver=1.0.0 HTTP/1.1" 304 - "https://academy.kohlsolucoes.com.br/cursos/lgpd-aplicada-a-educacao-publica-sonora/" "Mozilla/5.0 (iPhone; CPU iPhone OS 18_7 like Mac OS X) AppleWebKit/605.1.15 (KHTML, like Gecko) Version/26.5 Mobile/15E148 Safari/604.1"
2804:18:119:e43:2d43:7dc:83b0:6899 - - [31/Jul/2026:10:28:36 -0300] "GET /wp-content/themes/edubin/assets/css/global-courses.css?ver=1.0.0 HTTP/1.1" 304 - "https://academy.kohlsolucoes.com.br/cursos/lgpd-aplicada-a-educacao-publica-sonora/" "Mozilla/5.0 (iPhone; CPU iPhone OS 18_7 like Mac OS X) AppleWebKit/605.1.15 (KHTML, like Gecko) Version/26.5 Mobile/15E148 Safari/604.1"
2804:18:119:e43:2d43:7dc:83b0:6899 - - [31/Jul/2026:10:28:36 -0300] "GET /wp-content/plugins/woocommerce/assets/css/woocommerce-smallscreen.css?ver=10.9.1 HTTP/1.1" 200 8655 "https://academy.kohlsolucoes.com.br/cursos/lgpd-aplicada-a-educacao-publica-sonora/" "Mozilla/5.0 (iPhone; CPU iPhone OS 18_7 like Mac OS X) AppleWebKit/605.1.15 (KHTML, like Gecko) Version/26.5 Mobile/15E148 Safari/604.1"
2804:18:119:e43:2d43:7dc:83b0:6899 - - [31/Jul/2026:10:28:36 -0300] "GET /wp-content/plugins/woocommerce/assets/js/jquery-blockui/jquery.blockUI.min.js?ver=2.7.0-wc.10.9.1 HTTP/1.1" 200 9636 "https://academy.kohlsolucoes.com.br/cursos/lgpd-aplicada-a-educacao-publica-sonora/" "Mozilla/5.0 (iPhone; CPU iPhone OS 18_7 like Mac OS X) AppleWebKit/605.1.15 (KHTML, like Gecko) Version/26.5 Mobile/15E148 Safari/604.1"
2804:18:119:e43:2d43:7dc:83b0:6899 - - [31/Jul/2026:10:28:36 -0300] "GET /wp-content/plugins/woocommerce/assets/js/frontend/add-to-cart.min.js?ver=10.9.1 HTTP/1.1" 200 4350 "https://academy.kohlsolucoes.com.br/cursos/lgpd-aplicada-a-educacao-publica-sonora/" "Mozilla/5.0 (iPhone; CPU iPhone OS 18_7 like Mac OS X) AppleWebKit/605.1.15 (KHTML, like Gecko) Version/26.5 Mobile/15E148 Safari/604.1"
2804:18:119:e43:2d43:7dc:83b0:6899 - - [31/Jul/2026:10:28:36 -0300] "GET /wp-content/themes/edubin/assets/css/login-popup.css?ver=1.0.0 HTTP/1.1" 304 - "https://academy.kohlsolucoes.com.br/cursos/lgpd-aplicada-a-educacao-publica-sonora/" "Mozilla/5.0 (iPhone; CPU iPhone OS 18_7 like Mac OS X) AppleWebKit/605.1.15 (KHTML, like Gecko) Version/26.5 Mobile/15E148 Safari/604.1"
2804:18:119:e43:2d43:7dc:83b0:6899 - - [31/Jul/2026:10:28:36 -0300] "GET /wp-content/plugins/woocommerce/assets/client/blocks/wc-blocks.css?ver=wc-10.9.1 HTTP/1.1" 200 14006 "https://academy.kohlsolucoes.com.br/cursos/lgpd-aplicada-a-educacao-publica-sonora/" "Mozilla/5.0 (iPhone; CPU iPhone OS 18_7 like Mac OS X) AppleWebKit/605.1.15 (KHTML, like Gecko) Version/26.5 Mobile/15E148 Safari/604.1"
2804:18:119:e43:2d43:7dc:83b0:6899 - - [31/Jul/2026:10:28:36 -0300] "GET /wp-content/plugins/woocommerce/assets/js/frontend/woocommerce.min.js?ver=10.9.1 HTTP/1.1" 200 4270 "https://academy.kohlsolucoes.com.br/cursos/lgpd-aplicada-a-educacao-publica-sonora/" "Mozilla/5.0 (iPhone; CPU iPhone OS 18_7 like Mac OS X) AppleWebKit/605.1.15 (KHTML, like Gecko) Version/26.5 Mobile/15E148 Safari/604.1"
2804:18:119:e43:2d43:7dc:83b0:6899 - - [31/Jul/2026:10:28:36 -0300] "GET /wp-content/plugins/fluentform/assets/js/fluent-forms-elementor-widget.js?ver=6.2.5 HTTP/1.1" 200 751 "https://academy.kohlsolucoes.com.br/cursos/lgpd-aplicada-a-educacao-publica-sonora/" "Mozilla/5.0 (iPhone; CPU iPhone OS 18_7 like Mac OS X) AppleWebKit/605.1.15 (KHTML, like Gecko) Version/26.5 Mobile/15E148 Safari/604.1"
2804:18:119:e43:2d43:7dc:83b0:6899 - - [31/Jul/2026:10:28:36 -0300] "GET /wp-content/plugins/woocommerce/assets/js/js-cookie/js.cookie.min.js?ver=2.1.4-wc.10.9.1 HTTP/1.1" 200 1720 "https://academy.kohlsolucoes.com.br/cursos/lgpd-aplicada-a-educacao-publica-sonora/" "Mozilla/5.0 (iPhone; CPU iPhone OS 18_7 like Mac OS X) AppleWebKit/605.1.15 (KHTML, like Gecko) Version/26.5 Mobile/15E148 Safari/604.1"
2804:18:119:e43:2d43:7dc:83b0:6899 - - [31/Jul/2026:10:28:36 -0300] "GET /wp-includes/js/quicktags.min.js?ver=7.0 HTTP/1.1" 200 11132 "https://academy.kohlsolucoes.com.br/cursos/lgpd-aplicada-a-educacao-publica-sonora/" "Mozilla/5.0 (iPhone; CPU iPhone OS 18_7 like Mac OS X) AppleWebKit/605.1.15 (KHTML, like Gecko) Version/26.5 Mobile/15E148 Safari/604.1"
2804:18:119:e43:2d43:7dc:83b0:6899 - - [31/Jul/2026:10:28:36 -0300] "GET /wp-content/themes/edubin/assets/js/navigation.js?ver=1.0.0 HTTP/1.1" 200 2967 "https://academy.kohlsolucoes.com.br/cursos/lgpd-aplicada-a-educacao-publica-sonora/" "Mozilla/5.0 (iPhone; CPU iPhone OS 18_7 like Mac OS X) AppleWebKit/605.1.15 (KHTML, like Gecko) Version/26.5 Mobile/15E148 Safari/604.1"
2804:18:119:e43:2d43:7dc:83b0:6899 - - [31/Jul/2026:10:28:36 -0300] "GET /wp-content/themes/edubin/assets/js/edubin-mouse-move-animation.js?ver=1.0.0 HTTP/1.1" 304 - "https://academy.kohlsolucoes.com.br/cursos/lgpd-aplicada-a-educacao-publica-sonora/" "Mozilla/5.0 (iPhone; CPU iPhone OS 18_7 like Mac OS X) AppleWebKit/605.1.15 (KHTML, like Gecko) Version/26.5 Mobile/15E148 Safari/604.1"
2804:18:119:e43:2d43:7dc:83b0:6899 - - [31/Jul/2026:10:28:36 -0300] "GET /wp-content/themes/edubin/assets/js/back-to-top.js?ver=1.0.0 HTTP/1.1" 200 898 "https://academy.kohlsolucoes.com.br/cursos/lgpd-aplicada-a-educacao-publica-sonora/" "Mozilla/5.0 (iPhone; CPU iPhone OS 18_7 like Mac OS X) AppleWebKit/605.1.15 (KHTML, like Gecko) Version/26.5 Mobile/15E148 Safari/604.1"
2804:18:119:e43:2d43:7dc:83b0:6899 - - [31/Jul/2026:10:28:36 -0300] "GET /wp-content/themes/edubin/assets/js/sal.min.js?ver=1.0.0 HTTP/1.1" 200 3025 "https://academy.kohlsolucoes.com.br/cursos/lgpd-aplicada-a-educacao-publica-sonora/" "Mozilla/5.0 (iPhone; CPU iPhone OS 18_7 like Mac OS X) AppleWebKit/605.1.15 (KHTML, like Gecko) Version/26.5 Mobile/15E148 Safari/604.1"
2804:18:119:e43:2d43:7dc:83b0:6899 - - [31/Jul/2026:10:28:36 -0300] "GET /wp-content/themes/edubin/assets/css/social-share.css?ver=1.0.0 HTTP/1.1" 304 - "https://academy.kohlsolucoes.com.br/cursos/lgpd-aplicada-a-educacao-publica-sonora/" "Mozilla/5.0 (iPhone; CPU iPhone OS 18_7 like Mac OS X) AppleWebKit/605.1.15 (KHTML, like Gecko) Version/26.5 Mobile/15E148 Safari/604.1"
2804:18:119:e43:2d43:7dc:83b0:6899 - - [31/Jul/2026:10:28:36 -0300] "GET /wp-content/themes/edubin/assets/js/youtube-popup.js?ver=1.0.0 HTTP/1.1" 304 - "https://academy.kohlsolucoes.com.br/cursos/lgpd-aplicada-a-educacao-publica-sonora/" "Mozilla/5.0 (iPhone; CPU iPhone OS 18_7 like Mac OS X) AppleWebKit/605.1.15 (KHTML, like Gecko) Version/26.5 Mobile/15E148 Safari/604.1"
2804:18:119:e43:2d43:7dc:83b0:6899 - - [31/Jul/2026:10:28:36 -0300] "GET /wp-content/themes/edubin/assets/js/headroom.min.js?ver=1.0.0 HTTP/1.1" 200 4569 "https://academy.kohlsolucoes.com.br/cursos/lgpd-aplicada-a-educacao-publica-sonora/" "Mozilla/5.0 (iPhone; CPU iPhone OS 18_7 like Mac OS X) AppleWebKit/605.1.15 (KHTML, like Gecko) Version/26.5 Mobile/15E148 Safari/604.1"
2804:18:119:e43:2d43:7dc:83b0:6899 - - [31/Jul/2026:10:28:36 -0300] "GET /wp-content/themes/edubin/assets/js/init.js?ver=1.0.0 HTTP/1.1" 304 - "https://academy.kohlsolucoes.com.br/cursos/lgpd-aplicada-a-educacao-publica-sonora/" "Mozilla/5.0 (iPhone; CPU iPhone OS 18_7 like Mac OS X) AppleWebKit/605.1.15 (KHTML, like Gecko) Version/26.5 Mobile/15E148 Safari/604.1"
2804:18:119:e43:2d43:7dc:83b0:6899 - - [31/Jul/2026:10:28:36 -0300] "GET /wp-content/plugins/woocommerce/assets/js/frontend/order-attribution.min.js?ver=10.9.1 HTTP/1.1" 200 2439 "https://academy.kohlsolucoes.com.br/cursos/lgpd-aplicada-a-educacao-publica-sonora/" "Mozilla/5.0 (iPhone; CPU iPhone OS 18_7 like Mac OS X) AppleWebKit/605.1.15 (KHTML, like Gecko) Version/26.5 Mobile/15E148 Safari/604.1"
2804:18:119:e43:2d43:7dc:83b0:6899 - - [31/Jul/2026:10:28:36 -0300] "GET /wp-includes/js/wp-emoji-release.min.js?ver=7.0 HTTP/1.1" 304 - "https://academy.kohlsolucoes.com.br/cursos/lgpd-aplicada-a-educacao-publica-sonora/" "Mozilla/5.0 (iPhone; CPU iPhone OS 18_7 like Mac OS X) AppleWebKit/605.1.15 (KHTML, like Gecko) Version/26.5 Mobile/15E148 Safari/604.1"
2804:18:119:e43:2d43:7dc:83b0:6899 - - [31/Jul/2026:10:28:36 -0300] "GET /wp-content/plugins/woocommerce/assets/js/sourcebuster/sourcebuster.min.js?ver=10.9.1 HTTP/1.1" 200 15315 "https://academy.kohlsolucoes.com.br/cursos/lgpd-aplicada-a-educacao-publica-sonora/" "Mozilla/5.0 (iPhone; CPU iPhone OS 18_7 like Mac OS X) AppleWebKit/605.1.15 (KHTML, like Gecko) Version/26.5 Mobile/15E148 Safari/604.1"
2804:18:119:e43:2d43:7dc:83b0:6899 - - [31/Jul/2026:10:28:36 -0300] "GET /wp-content/themes/edubin/assets/images/no-image-found.png HTTP/1.1" 200 2425 "https://academy.kohlsolucoes.com.br/cursos/lgpd-aplicada-a-educacao-publica-sonora/" "Mozilla/5.0 (iPhone; CPU iPhone OS 18_7 like Mac OS X) AppleWebKit/605.1.15 (KHTML, like Gecko) Version/26.5 Mobile/15E148 Safari/604.1"
2804:18:119:e43:2d43:7dc:83b0:6899 - - [31/Jul/2026:10:28:37 -0300] "POST /wp-admin/admin-ajax.php HTTP/1.1" 200 52 "https://academy.kohlsolucoes.com.br/cursos/lgpd-aplicada-a-educacao-publica-sonora/" "Mozilla/5.0 (iPhone; CPU iPhone OS 18_7 like Mac OS X) AppleWebKit/605.1.15 (KHTML, like Gecko) Version/26.5.2 Mobile/15E148 Safari/604.1"
2804:18:119:e43:2d43:7dc:83b0:6899 - - [31/Jul/2026:10:28:40 -0300] "GET /cursos/lgpd-aplicada-a-educacao-publica-sonora/atividade/avaliacao-de-conhecimentos-3/ HTTP/1.1" 200 232239 "https://academy.kohlsolucoes.com.br/cursos/lgpd-aplicada-a-educacao-publica-sonora/" "Mozilla/5.0 (iPhone; CPU iPhone OS 18_7 like Mac OS X) AppleWebKit/605.1.15 (KHTML, like Gecko) Version/26.5.2 Mobile/15E148 Safari/604.1"
170.238.251.110 - - [31/Jul/2026:10:28:44 -0300] "POST /wp-admin/admin-ajax.php HTTP/1.1" 200 - "https://academy.kohlsolucoes.com.br/cursos/lgpd-aplicada-a-educacao-publica-sonora/atividade/aula-01-conceitos-importantes-4/" "Mozilla/5.0 (iPhone; CPU iPhone OS 18_7 like Mac OS X) AppleWebKit/605.1.15 (KHTML, like Gecko) Version/26.5.2 Mobile/15E148 Safari/604.1"
129.121.49.162 - - [31/Jul/2026:10:28:45 -0300] "POST /wp-admin/admin-ajax.php?action=as_async_request_queue_runner&nonce=03e8c79b45 HTTP/1.1" 200 - "-" "WordPress/7.0.2; https://academy.kohlsolucoes.com.br"
170.238.251.110 - - [31/Jul/2026:10:28:54 -0300] "POST /wp-admin/admin-ajax.php HTTP/1.1" 200 - "https://academy.kohlsolucoes.com.br/cursos/lgpd-aplicada-a-educacao-publica-sonora/atividade/aula-01-conceitos-importantes-4/" "Mozilla/5.0 (iPhone; CPU iPhone OS 18_7 like Mac OS X) AppleWebKit/605.1.15 (KHTML, like Gecko) Version/26.5.2 Mobile/15E148 Safari/604.1"
170.238.251.110 - - [31/Jul/2026:10:29:04 -0300] "POST /wp-admin/admin-ajax.php HTTP/1.1" 200 - "https://academy.kohlsolucoes.com.br/cursos/lgpd-aplicada-a-educacao-publica-sonora/atividade/aula-01-conceitos-importantes-4/" "Mozilla/5.0 (iPhone; CPU iPhone OS 18_7 like Mac OS X) AppleWebKit/605.1.15 (KHTML, like Gecko) Version/26.5.2 Mobile/15E148 Safari/604.1"
129.121.49.162 - - [31/Jul/2026:10:29:15 -0300] "POST /wp-cron.php?doing_wp_cron=1785504555.0970840454101562500000 HTTP/1.1" 200 - "-" "WordPress/7.0.2; https://academy.kohlsolucoes.com.br"
170.238.251.110 - - [31/Jul/2026:10:29:14 -0300] "POST /wp-admin/admin-ajax.php HTTP/1.1" 200 - "https://academy.kohlsolucoes.com.br/cursos/lgpd-aplicada-a-educacao-publica-sonora/atividade/aula-01-conceitos-importantes-4/" "Mozilla/5.0 (iPhone; CPU iPhone OS 18_7 like Mac OS X) AppleWebKit/605.1.15 (KHTML, like Gecko) Version/26.5.2 Mobile/15E148 Safari/604.1"
170.238.251.110 - - [31/Jul/2026:10:29:24 -0300] "POST /wp-admin/admin-ajax.php HTTP/1.1" 200 - "https://academy.kohlsolucoes.com.br/cursos/lgpd-aplicada-a-educacao-publica-sonora/atividade/aula-01-conceitos-importantes-4/" "Mozilla/5.0 (iPhone; CPU iPhone OS 18_7 like Mac OS X) AppleWebKit/605.1.15 (KHTML, like Gecko) Version/26.5.2 Mobile/15E148 Safari/604.1"
129.121.49.162 - - [31/Jul/2026:10:29:35 -0300] "POST /wp-cron.php?doing_wp_cron=1785504575.1019399166107177734375 HTTP/1.1" 200 - "-" "WordPress/7.0.2; https://academy.kohlsolucoes.com.br"
170.238.251.110 - - [31/Jul/2026:10:29:34 -0300] "POST /wp-admin/admin-ajax.php HTTP/1.1" 200 - "https://academy.kohlsolucoes.com.br/cursos/lgpd-aplicada-a-educacao-publica-sonora/atividade/aula-01-conceitos-importantes-4/" "Mozilla/5.0 (iPhone; CPU iPhone OS 18_7 like Mac OS X) AppleWebKit/605.1.15 (KHTML, like Gecko) Version/26.5.2 Mobile/15E148 Safari/604.1"
170.238.251.110 - - [31/Jul/2026:10:29:44 -0300] "POST /wp-admin/admin-ajax.php HTTP/1.1" 200 - "https://academy.kohlsolucoes.com.br/cursos/lgpd-aplicada-a-educacao-publica-sonora/atividade/aula-01-conceitos-importantes-4/" "Mozilla/5.0 (iPhone; CPU iPhone OS 18_7 like Mac OS X) AppleWebKit/605.1.15 (KHTML, like Gecko) Version/26.5.2 Mobile/15E148 Safari/604.1"
170.238.251.110 - - [31/Jul/2026:10:29:54 -0300] "POST /wp-admin/admin-ajax.php HTTP/1.1" 200 - "https://academy.kohlsolucoes.com.br/cursos/lgpd-aplicada-a-educacao-publica-sonora/atividade/aula-01-conceitos-importantes-4/" "Mozilla/5.0 (iPhone; CPU iPhone OS 18_7 like Mac OS X) AppleWebKit/605.1.15 (KHTML, like Gecko) Version/26.5.2 Mobile/15E148 Safari/604.1"
129.121.49.162 - - [31/Jul/2026:10:29:55 -0300] "POST /wp-admin/admin-ajax.php?action=as_async_request_queue_runner&nonce=03e8c79b45 HTTP/1.1" 200 - "-" "WordPress/7.0.2; https://academy.kohlsolucoes.com.br"
2804:18:119:e43:2d43:7dc:83b0:6899 - - [31/Jul/2026:10:30:00 -0300] "POST /wp-admin/admin-ajax.php?t=1785504600734 HTTP/1.1" 200 285 "https://academy.kohlsolucoes.com.br/cursos/lgpd-aplicada-a-educacao-publica-sonora/atividade/avaliacao-de-conhecimentos-3/" "Mozilla/5.0 (iPhone; CPU iPhone OS 18_7 like Mac OS X) AppleWebKit/605.1.15 (KHTML, like Gecko) Version/26.5.2 Mobile/15E148 Safari/604.1"
170.238.251.110 - - [31/Jul/2026:10:30:05 -0300] "POST /wp-admin/admin-ajax.php HTTP/1.1" 200 - "https://academy.kohlsolucoes.com.br/cursos/lgpd-aplicada-a-educacao-publica-sonora/atividade/aula-01-conceitos-importantes-4/" "Mozilla/5.0 (iPhone; CPU iPhone OS 18_7 like Mac OS X) AppleWebKit/605.1.15 (KHTML, like Gecko) Version/26.5.2 Mobile/15E148 Safari/604.1"
129.121.49.162 - - [31/Jul/2026:10:30:15 -0300] "POST /wp-cron.php?doing_wp_cron=1785504615.1965639591217041015625 HTTP/1.1" 200 - "-" "WordPress/7.0.2; https://academy.kohlsolucoes.com.br"
170.238.251.110 - - [31/Jul/2026:10:30:15 -0300] "POST /wp-admin/admin-ajax.php HTTP/1.1" 200 - "https://academy.kohlsolucoes.com.br/cursos/lgpd-aplicada-a-educacao-publica-sonora/atividade/aula-01-conceitos-importantes-4/" "Mozilla/5.0 (iPhone; CPU iPhone OS 18_7 like Mac OS X) AppleWebKit/605.1.15 (KHTML, like Gecko) Version/26.5.2 Mobile/15E148 Safari/604.1"
2804:18:119:e43:2d43:7dc:83b0:6899 - - [31/Jul/2026:10:30:22 -0300] "POST /cursos/lgpd-aplicada-a-educacao-publica-sonora/atividade/avaliacao-de-conhecimentos-3/ HTTP/1.1" 302 - "https://academy.kohlsolucoes.com.br/cursos/lgpd-aplicada-a-educacao-publica-sonora/atividade/avaliacao-de-conhecimentos-3/" "Mozilla/5.0 (iPhone; CPU iPhone OS 18_7 like Mac OS X) AppleWebKit/605.1.15 (KHTML, like Gecko) Version/26.5.2 Mobile/15E148 Safari/604.1"
2804:18:119:e43:2d43:7dc:83b0:6899 - - [31/Jul/2026:10:30:22 -0300] "GET /cursos/lgpd-aplicada-a-educacao-publica-sonora/atividade/tire-suas-duvidas-3/ HTTP/1.1" 200 203061 "https://academy.kohlsolucoes.com.br/cursos/lgpd-aplicada-a-educacao-publica-sonora/atividade/avaliacao-de-conhecimentos-3/" "Mozilla/5.0 (iPhone; CPU iPhone OS 18_7 like Mac OS X) AppleWebKit/605.1.15 (KHTML, like Gecko) Version/26.5.2 Mobile/15E148 Safari/604.1"
170.238.251.110 - - [31/Jul/2026:10:30:25 -0300] "POST /wp-admin/admin-ajax.php HTTP/1.1" 200 - "https://academy.kohlsolucoes.com.br/cursos/lgpd-aplicada-a-educacao-publica-sonora/atividade/aula-01-conceitos-importantes-4/" "Mozilla/5.0 (iPhone; CPU iPhone OS 18_7 like Mac OS X) AppleWebKit/605.1.15 (KHTML, like Gecko) Version/26.5.2 Mobile/15E148 Safari/604.1"
170.238.251.110 - - [31/Jul/2026:10:30:35 -0300] "POST /wp-admin/admin-ajax.php HTTP/1.1" 200 - "https://academy.kohlsolucoes.com.br/cursos/lgpd-aplicada-a-educacao-publica-sonora/atividade/aula-01-conceitos-importantes-4/" "Mozilla/5.0 (iPhone; CPU iPhone OS 18_7 like Mac OS X) AppleWebKit/605.1.15 (KHTML, like Gecko) Version/26.5.2 Mobile/15E148 Safari/604.1"
170.238.251.110 - - [31/Jul/2026:10:30:45 -0300] "POST /wp-admin/admin-ajax.php HTTP/1.1" 200 - "https://academy.kohlsolucoes.com.br/cursos/lgpd-aplicada-a-educacao-publica-sonora/atividade/aula-01-conceitos-importantes-4/" "Mozilla/5.0 (iPhone; CPU iPhone OS 18_7 like Mac OS X) AppleWebKit/605.1.15 (KHTML, like Gecko) Version/26.5.2 Mobile/15E148 Safari/604.1"
2804:18:119:e43:2d43:7dc:83b0:6899 - - [31/Jul/2026:10:30:48 -0300] "POST /cursos/lgpd-aplicada-a-educacao-publica-sonora/atividade/tire-suas-duvidas-3/ HTTP/1.1" 302 - "https://academy.kohlsolucoes.com.br/cursos/lgpd-aplicada-a-educacao-publica-sonora/atividade/tire-suas-duvidas-3/" "Mozilla/5.0 (iPhone; CPU iPhone OS 18_7 like Mac OS X) AppleWebKit/605.1.15 (KHTML, like Gecko) Version/26.5.2 Mobile/15E148 Safari/604.1"
2804:18:119:e43:2d43:7dc:83b0:6899 - - [31/Jul/2026:10:30:48 -0300] "GET /cursos/lgpd-aplicada-a-educacao-publica-sonora/atividade/tire-suas-duvidas-3/ HTTP/1.1" 302 109040 "https://academy.kohlsolucoes.com.br/cursos/lgpd-aplicada-a-educacao-publica-sonora/atividade/tire-suas-duvidas-3/" "Mozilla/5.0 (iPhone; CPU iPhone OS 18_7 like Mac OS X) AppleWebKit/605.1.15 (KHTML, like Gecko) Version/26.5.2 Mobile/15E148 Safari/604.1"
2804:18:119:e43:2d43:7dc:83b0:6899 - - [31/Jul/2026:10:30:48 -0300] "GET /cursos/lgpd-aplicada-a-educacao-publica-sonora/ HTTP/1.1" 200 189670 "https://academy.kohlsolucoes.com.br/cursos/lgpd-aplicada-a-educacao-publica-sonora/atividade/tire-suas-duvidas-3/" "Mozilla/5.0 (iPhone; CPU iPhone OS 18_7 like Mac OS X) AppleWebKit/605.1.15 (KHTML, like Gecko) Version/26.5.2 Mobile/15E148 Safari/604.1"
2804:18:119:e43:2d43:7dc:83b0:6899 - - [31/Jul/2026:10:30:50 -0300] "POST /wp-admin/admin-ajax.php HTTP/1.1" 200 52 "https://academy.kohlsolucoes.com.br/cursos/lgpd-aplicada-a-educacao-publica-sonora/" "Mozilla/5.0 (iPhone; CPU iPhone OS 18_7 like Mac OS X) AppleWebKit/605.1.15 (KHTML, like Gecko) Version/26.5.2 Mobile/15E148 Safari/604.1"
2804:18:119:e43:2d43:7dc:83b0:6899 - - [31/Jul/2026:10:30:51 -0300] "GET /tutor-certificate?cert_hash=6dcea37a663d7f2d®enerate=1 HTTP/1.1" 301 - "https://academy.kohlsolucoes.com.br/cursos/lgpd-aplicada-a-educacao-publica-sonora/" "Mozilla/5.0 (iPhone; CPU iPhone OS 18_7 like Mac OS X) AppleWebKit/605.1.15 (KHTML, like Gecko) Version/26.5.2 Mobile/15E148 Safari/604.1"
2804:18:119:e43:2d43:7dc:83b0:6899 - - [31/Jul/2026:10:30:52 -0300] "GET /tutor-certificate/?cert_hash=6dcea37a663d7f2d®enerate=1 HTTP/1.1" 200 154521 "https://academy.kohlsolucoes.com.br/cursos/lgpd-aplicada-a-educacao-publica-sonora/" "Mozilla/5.0 (iPhone; CPU iPhone OS 18_7 like Mac OS X) AppleWebKit/605.1.15 (KHTML, like Gecko) Version/26.5.2 Mobile/15E148 Safari/604.1"
2804:18:119:e43:2d43:7dc:83b0:6899 - - [31/Jul/2026:10:30:52 -0300] "GET /wp-content/plugins/tutor-pro/addons/tutor-certificate/assets/js/html-to-image.js?ver=3.9.13 HTTP/1.1" 304 - "https://academy.kohlsolucoes.com.br/tutor-certificate/?cert_hash=6dcea37a663d7f2d®enerate=1" "Mozilla/5.0 (iPhone; CPU iPhone OS 18_7 like Mac OS X) AppleWebKit/605.1.15 (KHTML, like Gecko) Version/26.5.2 Mobile/15E148 Safari/604.1"
2804:18:119:e43:2d43:7dc:83b0:6899 - - [31/Jul/2026:10:30:52 -0300] "GET /wp-content/plugins/tutor-pro/addons/tutor-certificate/assets/css/certificate-page.css HTTP/1.1" 304 - "https://academy.kohlsolucoes.com.br/tutor-certificate/?cert_hash=6dcea37a663d7f2d®enerate=1" "Mozilla/5.0 (iPhone; CPU iPhone OS 18_7 like Mac OS X) AppleWebKit/605.1.15 (KHTML, like Gecko) Version/26.5.2 Mobile/15E148 Safari/604.1"
2804:18:119:e43:2d43:7dc:83b0:6899 - - [31/Jul/2026:10:30:52 -0300] "GET /wp-content/plugins/academy-insights/assets/js/certificate-events.js?ver=1.1.1 HTTP/1.1" 304 - "https://academy.kohlsolucoes.com.br/tutor-certificate/?cert_hash=6dcea37a663d7f2d®enerate=1" "Mozilla/5.0 (iPhone; CPU iPhone OS 18_7 like Mac OS X) AppleWebKit/605.1.15 (KHTML, like Gecko) Version/26.5.2 Mobile/15E148 Safari/604.1"
2804:18:119:e43:2d43:7dc:83b0:6899 - - [31/Jul/2026:10:30:52 -0300] "GET /wp-content/plugins/tutor-pro/assets/lib/jspdf/jspdf.umd.min.js?ver=3.9.13 HTTP/1.1" 304 - "https://academy.kohlsolucoes.com.br/tutor-certificate/?cert_hash=6dcea37a663d7f2d®enerate=1" "Mozilla/5.0 (iPhone; CPU iPhone OS 18_7 like Mac OS X) AppleWebKit/605.1.15 (KHTML, like Gecko) Version/26.5.2 Mobile/15E148 Safari/604.1"
2804:18:119:e43:2d43:7dc:83b0:6899 - - [31/Jul/2026:10:30:52 -0300] "GET /wp-content/plugins/tutor-pro/assets/lib/html2canvas/html2canvas.min.js?ver=3.9.13 HTTP/1.1" 304 - "https://academy.kohlsolucoes.com.br/tutor-certificate/?cert_hash=6dcea37a663d7f2d®enerate=1" "Mozilla/5.0 (iPhone; CPU iPhone OS 18_7 like Mac OS X) AppleWebKit/605.1.15 (KHTML, like Gecko) Version/26.5.2 Mobile/15E148 Safari/604.1"
2804:18:119:e43:2d43:7dc:83b0:6899 - - [31/Jul/2026:10:30:52 -0300] "GET /wp-admin/images/loading.gif HTTP/1.1" 304 - "https://academy.kohlsolucoes.com.br/tutor-certificate/?cert_hash=6dcea37a663d7f2d®enerate=1" "Mozilla/5.0 (iPhone; CPU iPhone OS 18_7 like Mac OS X) AppleWebKit/605.1.15 (KHTML, like Gecko) Version/26.5.2 Mobile/15E148 Safari/604.1"
2804:18:119:e43:2d43:7dc:83b0:6899 - - [31/Jul/2026:10:30:52 -0300] "POST /wp-admin/admin-ajax.php HTTP/1.1" 200 196 "https://academy.kohlsolucoes.com.br/tutor-certificate/?cert_hash=6dcea37a663d7f2d®enerate=1" "Mozilla/5.0 (iPhone; CPU iPhone OS 18_7 like Mac OS X) AppleWebKit/605.1.15 (KHTML, like Gecko) Version/26.5.2 Mobile/15E148 Safari/604.1"
2804:18:119:e43:2d43:7dc:83b0:6899 - - [31/Jul/2026:10:30:53 -0300] "GET /?action=tutor_certificate_builder&post=470&cert_hash=6dcea37a663d7f2d&course_id=461&orientation=landscape HTTP/1.1" 200 82789 "https://academy.kohlsolucoes.com.br/tutor-certificate/?cert_hash=6dcea37a663d7f2d®enerate=1" "Mozilla/5.0 (iPhone; CPU iPhone OS 18_7 like Mac OS X) AppleWebKit/605.1.15 (KHTML, like Gecko) Version/26.5.2 Mobile/15E148 Safari/604.1"
2804:18:119:e43:2d43:7dc:83b0:6899 - - [31/Jul/2026:10:30:53 -0300] "GET /wp-includes/js/plupload/moxie.min.js?ver=1.3.5.1 HTTP/1.1" 304 - "https://academy.kohlsolucoes.com.br/?action=tutor_certificate_builder&post=470&cert_hash=6dcea37a663d7f2d&course_id=461&orientation=landscape" "Mozilla/5.0 (iPhone; CPU iPhone OS 18_7 like Mac OS X) AppleWebKit/605.1.15 (KHTML, like Gecko) Version/26.5.2 Mobile/15E148 Safari/604.1"
2804:18:119:e43:2d43:7dc:83b0:6899 - - [31/Jul/2026:10:30:53 -0300] "GET /wp-includes/css/media-views.min.css?ver=7.0.2 HTTP/1.1" 304 - "https://academy.kohlsolucoes.com.br/?action=tutor_certificate_builder&post=470&cert_hash=6dcea37a663d7f2d&course_id=461&orientation=landscape" "Mozilla/5.0 (iPhone; CPU iPhone OS 18_7 like Mac OS X) AppleWebKit/605.1.15 (KHTML, like Gecko) Version/26.5.2 Mobile/15E148 Safari/604.1"
2804:18:119:e43:2d43:7dc:83b0:6899 - - [31/Jul/2026:10:30:53 -0300] "GET /wp-includes/css/wp-auth-check.min.css?ver=7.0.2 HTTP/1.1" 304 - "https://academy.kohlsolucoes.com.br/?action=tutor_certificate_builder&post=470&cert_hash=6dcea37a663d7f2d&course_id=461&orientation=landscape" "Mozilla/5.0 (iPhone; CPU iPhone OS 18_7 like Mac OS X) AppleWebKit/605.1.15 (KHTML, like Gecko) Version/26.5.2 Mobile/15E148 Safari/604.1"
2804:18:119:e43:2d43:7dc:83b0:6899 - - [31/Jul/2026:10:30:53 -0300] "GET /wp-admin/css/common.css?ver=1.3.1 HTTP/1.1" 304 - "https://academy.kohlsolucoes.com.br/?action=tutor_certificate_builder&post=470&cert_hash=6dcea37a663d7f2d&course_id=461&orientation=landscape" "Mozilla/5.0 (iPhone; CPU iPhone OS 18_7 like Mac OS X) AppleWebKit/605.1.15 (KHTML, like Gecko) Version/26.5.2 Mobile/15E148 Safari/604.1"
2804:18:119:e43:2d43:7dc:83b0:6899 - - [31/Jul/2026:10:30:53 -0300] "GET /wp-content/plugins/tutor-lms-certificate-builder/assets/editor/dist/main.min.css?ver=1.3.1 HTTP/1.1" 304 - "https://academy.kohlsolucoes.com.br/?action=tutor_certificate_builder&post=470&cert_hash=6dcea37a663d7f2d&course_id=461&orientation=landscape" "Mozilla/5.0 (iPhone; CPU iPhone OS 18_7 like Mac OS X) AppleWebKit/605.1.15 (KHTML, like Gecko) Version/26.5.2 Mobile/15E148 Safari/604.1"
2804:18:119:e43:2d43:7dc:83b0:6899 - - [31/Jul/2026:10:30:53 -0300] "GET /wp-includes/js/plupload/plupload.min.js?ver=2.1.9 HTTP/1.1" 304 - "https://academy.kohlsolucoes.com.br/?action=tutor_certificate_builder&post=470&cert_hash=6dcea37a663d7f2d&course_id=461&orientation=landscape" "Mozilla/5.0 (iPhone; CPU iPhone OS 18_7 like Mac OS X) AppleWebKit/605.1.15 (KHTML, like Gecko) Version/26.5.2 Mobile/15E148 Safari/604.1"
2804:18:119:e43:2d43:7dc:83b0:6899 - - [31/Jul/2026:10:30:53 -0300] "GET /wp-content/plugins/tutor-lms-certificate-builder/assets/editor/dist/main.min.js?ver=1.3.1 HTTP/1.1" 304 - "https://academy.kohlsolucoes.com.br/?action=tutor_certificate_builder&post=470&cert_hash=6dcea37a663d7f2d&course_id=461&orientation=landscape" "Mozilla/5.0 (iPhone; CPU iPhone OS 18_7 like Mac OS X) AppleWebKit/605.1.15 (KHTML, like Gecko) Version/26.5.2 Mobile/15E148 Safari/604.1"
2804:18:119:e43:2d43:7dc:83b0:6899 - - [31/Jul/2026:10:30:53 -0300] "POST /wp-admin/admin-ajax.php HTTP/1.1" 200 15179 "-" "Mozilla/5.0 (iPhone; CPU iPhone OS 18_7 like Mac OS X) AppleWebKit/605.1.15 (KHTML, like Gecko) Version/26.5.2 Mobile/15E148 Safari/604.1"
2804:18:119:e43:2d43:7dc:83b0:6899 - - [31/Jul/2026:10:30:54 -0300] "GET /wp-content/uploads/2026/05/LOGO-2026.png HTTP/1.1" 304 - "https://academy.kohlsolucoes.com.br/?action=tutor_certificate_builder&post=470&cert_hash=6dcea37a663d7f2d&course_id=461&orientation=landscape" "Mozilla/5.0 (iPhone; CPU iPhone OS 18_7 like Mac OS X) AppleWebKit/605.1.15 (KHTML, like Gecko) Version/26.5.2 Mobile/15E148 Safari/604.1"
2804:18:119:e43:2d43:7dc:83b0:6899 - - [31/Jul/2026:10:30:54 -0300] "GET /wp-content/uploads/2026/06/backdrops-template-4.jpg HTTP/1.1" 304 - "https://academy.kohlsolucoes.com.br/?action=tutor_certificate_builder&post=470&cert_hash=6dcea37a663d7f2d&course_id=461&orientation=landscape" "Mozilla/5.0 (iPhone; CPU iPhone OS 18_7 like Mac OS X) AppleWebKit/605.1.15 (KHTML, like Gecko) Version/26.5.2 Mobile/15E148 Safari/604.1"
2804:18:119:e43:2d43:7dc:83b0:6899 - - [31/Jul/2026:10:30:54 -0300] "GET /wp-content/uploads/2026/05/assinatura.png HTTP/1.1" 304 - "https://academy.kohlsolucoes.com.br/?action=tutor_certificate_builder&post=470&cert_hash=6dcea37a663d7f2d&course_id=461&orientation=landscape" "Mozilla/5.0 (iPhone; CPU iPhone OS 18_7 like Mac OS X) AppleWebKit/605.1.15 (KHTML, like Gecko) Version/26.5.2 Mobile/15E148 Safari/604.1"
2804:18:119:e43:2d43:7dc:83b0:6899 - - [31/Jul/2026:10:30:54 -0300] "GET /wp-content/uploads/2026/06/backdrops-template-4.jpg HTTP/1.1" 200 65504 "https://academy.kohlsolucoes.com.br/?action=tutor_certificate_builder&post=470&cert_hash=6dcea37a663d7f2d&course_id=461&orientation=landscape" "Mozilla/5.0 (iPhone; CPU iPhone OS 18_7 like Mac OS X) AppleWebKit/605.1.15 (KHTML, like Gecko) Version/26.5.2 Mobile/15E148 Safari/604.1"
2804:18:119:e43:2d43:7dc:83b0:6899 - - [31/Jul/2026:10:30:54 -0300] "GET /wp-content/uploads/2026/05/LOGO-2026.png HTTP/1.1" 200 48950 "https://academy.kohlsolucoes.com.br/?action=tutor_certificate_builder&post=470&cert_hash=6dcea37a663d7f2d&course_id=461&orientation=landscape" "Mozilla/5.0 (iPhone; CPU iPhone OS 18_7 like Mac OS X) AppleWebKit/605.1.15 (KHTML, like Gecko) Version/26.5.2 Mobile/15E148 Safari/604.1"
2804:18:119:e43:2d43:7dc:83b0:6899 - - [31/Jul/2026:10:30:54 -0300] "GET /wp-content/uploads/2026/05/assinatura.png HTTP/1.1" 200 36567 "https://academy.kohlsolucoes.com.br/?action=tutor_certificate_builder&post=470&cert_hash=6dcea37a663d7f2d&course_id=461&orientation=landscape" "Mozilla/5.0 (iPhone; CPU iPhone OS 18_7 like Mac OS X) AppleWebKit/605.1.15 (KHTML, like Gecko) Version/26.5.2 Mobile/15E148 Safari/604.1"
2804:18:119:e43:2d43:7dc:83b0:6899 - - [31/Jul/2026:10:30:54 -0300] "GET /wp-admin/admin-ajax.php?action=tutor_get_cert_info&course_id=461&cert_hash=6dcea37a663d7f2d HTTP/1.1" 200 536 "https://academy.kohlsolucoes.com.br/?action=tutor_certificate_builder&post=470&cert_hash=6dcea37a663d7f2d&course_id=461&orientation=landscape" "Mozilla/5.0 (iPhone; CPU iPhone OS 18_7 like Mac OS X) AppleWebKit/605.1.15 (KHTML, like Gecko) Version/26.5.2 Mobile/15E148 Safari/604.1"
170.238.251.110 - - [31/Jul/2026:10:30:55 -0300] "POST /wp-admin/admin-ajax.php HTTP/1.1" 200 - "https://academy.kohlsolucoes.com.br/cursos/lgpd-aplicada-a-educacao-publica-sonora/atividade/aula-01-conceitos-importantes-4/" "Mozilla/5.0 (iPhone; CPU iPhone OS 18_7 like Mac OS X) AppleWebKit/605.1.15 (KHTML, like Gecko) Version/26.5.2 Mobile/15E148 Safari/604.1"
2804:18:119:e43:2d43:7dc:83b0:6899 - - [31/Jul/2026:10:30:57 -0300] "POST /wp-admin/admin-ajax.php HTTP/1.1" 200 16 "https://academy.kohlsolucoes.com.br/?action=tutor_certificate_builder&post=470&cert_hash=6dcea37a663d7f2d&course_id=461&orientation=landscape" "Mozilla/5.0 (iPhone; CPU iPhone OS 18_7 like Mac OS X) AppleWebKit/605.1.15 (KHTML, like Gecko) Version/26.5.2 Mobile/15E148 Safari/604.1"
2804:18:119:e43:2d43:7dc:83b0:6899 - - [31/Jul/2026:10:30:58 -0300] "GET /tutor-certificate/?cert_hash=6dcea37a663d7f2d HTTP/1.1" 200 154711 "https://academy.kohlsolucoes.com.br/tutor-certificate/?cert_hash=6dcea37a663d7f2d®enerate=1" "Mozilla/5.0 (iPhone; CPU iPhone OS 18_7 like Mac OS X) AppleWebKit/605.1.15 (KHTML, like Gecko) Version/26.5.2 Mobile/15E148 Safari/604.1"
2804:18:119:e43:2d43:7dc:83b0:6899 - - [31/Jul/2026:10:30:59 -0300] "GET /wp-content/uploads/tutor-certificates/SRijF04oKq-6dcea37a663d7f2d.jpg HTTP/1.1" 200 529277 "https://academy.kohlsolucoes.com.br/tutor-certificate/?cert_hash=6dcea37a663d7f2d" "Mozilla/5.0 (iPhone; CPU iPhone OS 18_7 like Mac OS X) AppleWebKit/605.1.15 (KHTML, like Gecko) Version/26.5.2 Mobile/15E148 Safari/604.1"
129.121.49.162 - - [31/Jul/2026:10:30:57 -0300] "POST /wp-admin/admin-ajax.php?action=as_async_request_queue_runner&nonce=e7a806fcaf HTTP/1.1" 200 - "-" "WordPress/7.0.2; https://academy.kohlsolucoes.com.br"
170.238.251.110 - - [31/Jul/2026:10:31:05 -0300] "POST /wp-admin/admin-ajax.php HTTP/1.1" 200 - "https://academy.kohlsolucoes.com.br/cursos/lgpd-aplicada-a-educacao-publica-sonora/atividade/aula-01-conceitos-importantes-4/" "Mozilla/5.0 (iPhone; CPU iPhone OS 18_7 like Mac OS X) AppleWebKit/605.1.15 (KHTML, like Gecko) Version/26.5.2 Mobile/15E148 Safari/604.1"
129.121.49.162 - - [31/Jul/2026:10:31:15 -0300] "POST /wp-cron.php?doing_wp_cron=1785504675.3056581020355224609375 HTTP/1.1" 200 - "-" "WordPress/7.0.2; https://academy.kohlsolucoes.com.br"
170.238.251.110 - - [31/Jul/2026:10:31:15 -0300] "POST /wp-admin/admin-ajax.php HTTP/1.1" 200 - "https://academy.kohlsolucoes.com.br/cursos/lgpd-aplicada-a-educacao-publica-sonora/atividade/aula-01-conceitos-importantes-4/" "Mozilla/5.0 (iPhone; CPU iPhone OS 18_7 like Mac OS X) AppleWebKit/605.1.15 (KHTML, like Gecko) Version/26.5.2 Mobile/15E148 Safari/604.1"
170.238.251.110 - - [31/Jul/2026:10:31:25 -0300] "POST /wp-admin/admin-ajax.php HTTP/1.1" 200 - "https://academy.kohlsolucoes.com.br/cursos/lgpd-aplicada-a-educacao-publica-sonora/atividade/aula-01-conceitos-importantes-4/" "Mozilla/5.0 (iPhone; CPU iPhone OS 18_7 like Mac OS X) AppleWebKit/605.1.15 (KHTML, like Gecko) Version/26.5.2 Mobile/15E148 Safari/604.1"
170.238.251.110 - - [31/Jul/2026:10:31:35 -0300] "POST /wp-admin/admin-ajax.php HTTP/1.1" 200 - "https://academy.kohlsolucoes.com.br/cursos/lgpd-aplicada-a-educacao-publica-sonora/atividade/aula-01-conceitos-importantes-4/" "Mozilla/5.0 (iPhone; CPU iPhone OS 18_7 like Mac OS X) AppleWebKit/605.1.15 (KHTML, like Gecko) Version/26.5.2 Mobile/15E148 Safari/604.1"
170.238.251.110 - - [31/Jul/2026:10:31:45 -0300] "POST /wp-admin/admin-ajax.php HTTP/1.1" 200 - "https://academy.kohlsolucoes.com.br/cursos/lgpd-aplicada-a-educacao-publica-sonora/atividade/aula-01-conceitos-importantes-4/" "Mozilla/5.0 (iPhone; CPU iPhone OS 18_7 like Mac OS X) AppleWebKit/605.1.15 (KHTML, like Gecko) Version/26.5.2 Mobile/15E148 Safari/604.1"
2804:3b1c:11c:a900:34d3:49d:b462:c275 - - [31/Jul/2026:10:31:51 -0300] "GET /cursos/lgpd-aplicada-a-educacao-publica-sonora/ HTTP/1.1" 200 169217 "-" "Mozilla/5.0 (Macintosh; Intel Mac OS X 10_11_1) AppleWebKit/601.2.4 (KHTML, like Gecko) Version/9.0.1 Safari/601.2.4 facebookexternalhit/1.1 Facebot Twitterbot/1.0"
2804:3b1c:11c:a900:34d3:49d:b462:c275 - - [31/Jul/2026:10:31:51 -0300] "GET /favicon.ico HTTP/1.1" 302 - "-" "NetworkingExtension/8624.2.5.10.8 Network/5812.122.1 iOS/26.5.2"
2804:3b1c:11c:a900:34d3:49d:b462:c275 - - [31/Jul/2026:10:31:51 -0300] "GET /apple-touch-icon.png HTTP/1.1" 404 154749 "-" "NetworkingExtension/8624.2.5.10.8 Network/5812.122.1 iOS/26.5.2"
2804:3b1c:11c:a900:34d3:49d:b462:c275 - - [31/Jul/2026:10:31:51 -0300] "GET /apple-touch-icon-precomposed.png HTTP/1.1" 404 154749 "-" "NetworkingExtension/8624.2.5.10.8 Network/5812.122.1 iOS/26.5.2"
2804:3b1c:11c:a900:34d3:49d:b462:c275 - - [31/Jul/2026:10:31:52 -0300] "GET /wp-content/uploads/2026/02/cropped-favicon-kohl-192x192.png HTTP/1.1" 304 - "-" "NetworkingExtension/8624.2.5.10.8 Network/5812.122.1 iOS/26.5.2"
170.238.251.110 - - [31/Jul/2026:10:31:55 -0300] "POST /wp-admin/admin-ajax.php HTTP/1.1" 200 - "https://academy.kohlsolucoes.com.br/cursos/lgpd-aplicada-a-educacao-publica-sonora/atividade/aula-01-conceitos-importantes-4/" "Mozilla/5.0 (iPhone; CPU iPhone OS 18_7 like Mac OS X) AppleWebKit/605.1.15 (KHTML, like Gecko) Version/26.5.2 Mobile/15E148 Safari/604.1"
129.121.49.162 - - [31/Jul/2026:10:32:06 -0300] "POST /wp-cron.php?doing_wp_cron=1785504726.4068710803985595703125 HTTP/1.1" 200 - "-" "WordPress/7.0.2; https://academy.kohlsolucoes.com.br"
170.238.251.110 - - [31/Jul/2026:10:32:05 -0300] "POST /wp-admin/admin-ajax.php HTTP/1.1" 200 - "https://academy.kohlsolucoes.com.br/cursos/lgpd-aplicada-a-educacao-publica-sonora/atividade/aula-01-conceitos-importantes-4/" "Mozilla/5.0 (iPhone; CPU iPhone OS 18_7 like Mac OS X) AppleWebKit/605.1.15 (KHTML, like Gecko) Version/26.5.2 Mobile/15E148 Safari/604.1"
129.121.49.162 - - [31/Jul/2026:10:32:10 -0300] "POST /wp-cron.php?doing_wp_cron=1785504730.6841619014739990234375 HTTP/1.1" 200 - "-" "WordPress/7.0.2; https://academy.kohlsolucoes.com.br"
129.121.49.162 - - [31/Jul/2026:10:32:05 -0300] "POST /wp-admin/admin-ajax.php?action=as_async_request_queue_runner&nonce=03e8c79b45 HTTP/1.1" 200 - "-" "WordPress/7.0.2; https://academy.kohlsolucoes.com.br"
170.238.251.110 - - [31/Jul/2026:10:32:15 -0300] "POST /wp-admin/admin-ajax.php HTTP/1.1" 200 - "https://academy.kohlsolucoes.com.br/cursos/lgpd-aplicada-a-educacao-publica-sonora/atividade/aula-01-conceitos-importantes-4/" "Mozilla/5.0 (iPhone; CPU iPhone OS 18_7 like Mac OS X) AppleWebKit/605.1.15 (KHTML, like Gecko) Version/26.5.2 Mobile/15E148 Safari/604.1"
170.238.251.110 - - [31/Jul/2026:10:32:25 -0300] "POST /wp-admin/admin-ajax.php HTTP/1.1" 200 - "https://academy.kohlsolucoes.com.br/cursos/lgpd-aplicada-a-educacao-publica-sonora/atividade/aula-01-conceitos-importantes-4/" "Mozilla/5.0 (iPhone; CPU iPhone OS 18_7 like Mac OS X) AppleWebKit/605.1.15 (KHTML, like Gecko) Version/26.5.2 Mobile/15E148 Safari/604.1"
170.238.251.110 - - [31/Jul/2026:10:32:35 -0300] "POST /wp-admin/admin-ajax.php HTTP/1.1" 200 - "https://academy.kohlsolucoes.com.br/cursos/lgpd-aplicada-a-educacao-publica-sonora/atividade/aula-01-conceitos-importantes-4/" "Mozilla/5.0 (iPhone; CPU iPhone OS 18_7 like Mac OS X) AppleWebKit/605.1.15 (KHTML, like Gecko) Version/26.5.2 Mobile/15E148 Safari/604.1"
170.238.251.110 - - [31/Jul/2026:10:32:45 -0300] "POST /wp-admin/admin-ajax.php HTTP/1.1" 200 - "https://academy.kohlsolucoes.com.br/cursos/lgpd-aplicada-a-educacao-publica-sonora/atividade/aula-01-conceitos-importantes-4/" "Mozilla/5.0 (iPhone; CPU iPhone OS 18_7 like Mac OS X) AppleWebKit/605.1.15 (KHTML, like Gecko) Version/26.5.2 Mobile/15E148 Safari/604.1"
170.238.251.110 - - [31/Jul/2026:10:32:55 -0300] "POST /wp-admin/admin-ajax.php HTTP/1.1" 200 - "https://academy.kohlsolucoes.com.br/cursos/lgpd-aplicada-a-educacao-publica-sonora/atividade/aula-01-conceitos-importantes-4/" "Mozilla/5.0 (iPhone; CPU iPhone OS 18_7 like Mac OS X) AppleWebKit/605.1.15 (KHTML, like Gecko) Version/26.5.2 Mobile/15E148 Safari/604.1"
170.238.251.110 - - [31/Jul/2026:10:33:05 -0300] "POST /wp-admin/admin-ajax.php HTTP/1.1" 200 - "https://academy.kohlsolucoes.com.br/cursos/lgpd-aplicada-a-educacao-publica-sonora/atividade/aula-01-conceitos-importantes-4/" "Mozilla/5.0 (iPhone; CPU iPhone OS 18_7 like Mac OS X) AppleWebKit/605.1.15 (KHTML, like Gecko) Version/26.5.2 Mobile/15E148 Safari/604.1"
129.121.49.162 - - [31/Jul/2026:10:33:16 -0300] "POST /wp-cron.php?doing_wp_cron=1785504796.5946049690246582031250 HTTP/1.1" 200 - "-" "WordPress/7.0.2; https://academy.kohlsolucoes.com.br"
170.238.251.110 - - [31/Jul/2026:10:33:15 -0300] "POST /wp-admin/admin-ajax.php HTTP/1.1" 200 - "https://academy.kohlsolucoes.com.br/cursos/lgpd-aplicada-a-educacao-publica-sonora/atividade/aula-01-conceitos-importantes-4/" "Mozilla/5.0 (iPhone; CPU iPhone OS 18_7 like Mac OS X) AppleWebKit/605.1.15 (KHTML, like Gecko) Version/26.5.2 Mobile/15E148 Safari/604.1"
129.121.49.162 - - [31/Jul/2026:10:33:15 -0300] "POST /wp-admin/admin-ajax.php?action=as_async_request_queue_runner&nonce=03e8c79b45 HTTP/1.1" 200 - "-" "WordPress/7.0.2; https://academy.kohlsolucoes.com.br"
170.238.251.110 - - [31/Jul/2026:10:33:25 -0300] "POST /wp-admin/admin-ajax.php HTTP/1.1" 200 - "https://academy.kohlsolucoes.com.br/cursos/lgpd-aplicada-a-educacao-publica-sonora/atividade/aula-01-conceitos-importantes-4/" "Mozilla/5.0 (iPhone; CPU iPhone OS 18_7 like Mac OS X) AppleWebKit/605.1.15 (KHTML, like Gecko) Version/26.5.2 Mobile/15E148 Safari/604.1"
170.238.251.110 - - [31/Jul/2026:10:33:35 -0300] "POST /wp-admin/admin-ajax.php HTTP/1.1" 200 - "https://academy.kohlsolucoes.com.br/cursos/lgpd-aplicada-a-educacao-publica-sonora/atividade/aula-01-conceitos-importantes-4/" "Mozilla/5.0 (iPhone; CPU iPhone OS 18_7 like Mac OS X) AppleWebKit/605.1.15 (KHTML, like Gecko) Version/26.5.2 Mobile/15E148 Safari/604.1"
170.238.251.110 - - [31/Jul/2026:10:33:45 -0300] "POST /wp-admin/admin-ajax.php HTTP/1.1" 200 - "https://academy.kohlsolucoes.com.br/cursos/lgpd-aplicada-a-educacao-publica-sonora/atividade/aula-01-conceitos-importantes-4/" "Mozilla/5.0 (iPhone; CPU iPhone OS 18_7 like Mac OS X) AppleWebKit/605.1.15 (KHTML, like Gecko) Version/26.5.2 Mobile/15E148 Safari/604.1"
170.238.251.110 - - [31/Jul/2026:10:33:55 -0300] "POST /wp-admin/admin-ajax.php HTTP/1.1" 200 - "https://academy.kohlsolucoes.com.br/cursos/lgpd-aplicada-a-educacao-publica-sonora/atividade/aula-01-conceitos-importantes-4/" "Mozilla/5.0 (iPhone; CPU iPhone OS 18_7 like Mac OS X) AppleWebKit/605.1.15 (KHTML, like Gecko) Version/26.5.2 Mobile/15E148 Safari/604.1"
170.238.251.110 - - [31/Jul/2026:10:34:05 -0300] "POST /wp-admin/admin-ajax.php HTTP/1.1" 200 - "https://academy.kohlsolucoes.com.br/cursos/lgpd-aplicada-a-educacao-publica-sonora/atividade/aula-01-conceitos-importantes-4/" "Mozilla/5.0 (iPhone; CPU iPhone OS 18_7 like Mac OS X) AppleWebKit/605.1.15 (KHTML, like Gecko) Version/26.5.2 Mobile/15E148 Safari/604.1"
129.121.49.162 - - [31/Jul/2026:10:34:15 -0300] "POST /wp-cron.php?doing_wp_cron=1785504855.7858378887176513671875 HTTP/1.1" 200 - "-" "WordPress/7.0.2; https://academy.kohlsolucoes.com.br"
170.238.251.110 - - [31/Jul/2026:10:34:15 -0300] "POST /wp-admin/admin-ajax.php HTTP/1.1" 200 - "https://academy.kohlsolucoes.com.br/cursos/lgpd-aplicada-a-educacao-publica-sonora/atividade/aula-01-conceitos-importantes-4/" "Mozilla/5.0 (iPhone; CPU iPhone OS 18_7 like Mac OS X) AppleWebKit/605.1.15 (KHTML, like Gecko) Version/26.5.2 Mobile/15E148 Safari/604.1"
170.238.251.110 - - [31/Jul/2026:10:34:25 -0300] "POST /wp-admin/admin-ajax.php HTTP/1.1" 200 - "https://academy.kohlsolucoes.com.br/cursos/lgpd-aplicada-a-educacao-publica-sonora/atividade/aula-01-conceitos-importantes-4/" "Mozilla/5.0 (iPhone; CPU iPhone OS 18_7 like Mac OS X) AppleWebKit/605.1.15 (KHTML, like Gecko) Version/26.5.2 Mobile/15E148 Safari/604.1"
129.121.49.162 - - [31/Jul/2026:10:34:35 -0300] "POST /wp-cron.php?doing_wp_cron=1785504875.7186839580535888671875 HTTP/1.1" 200 - "-" "WordPress/7.0.2; https://academy.kohlsolucoes.com.br"
170.238.251.110 - - [31/Jul/2026:10:34:35 -0300] "POST /wp-admin/admin-ajax.php HTTP/1.1" 200 - "https://academy.kohlsolucoes.com.br/cursos/lgpd-aplicada-a-educacao-publica-sonora/atividade/aula-01-conceitos-importantes-4/" "Mozilla/5.0 (iPhone; CPU iPhone OS 18_7 like Mac OS X) AppleWebKit/605.1.15 (KHTML, like Gecko) Version/26.5.2 Mobile/15E148 Safari/604.1"
170.238.251.110 - - [31/Jul/2026:10:34:45 -0300] "POST /wp-admin/admin-ajax.php HTTP/1.1" 200 - "https://academy.kohlsolucoes.com.br/cursos/lgpd-aplicada-a-educacao-publica-sonora/atividade/aula-01-conceitos-importantes-4/" "Mozilla/5.0 (iPhone; CPU iPhone OS 18_7 like Mac OS X) AppleWebKit/605.1.15 (KHTML, like Gecko) Version/26.5.2 Mobile/15E148 Safari/604.1"
170.238.251.110 - - [31/Jul/2026:10:34:55 -0300] "POST /wp-admin/admin-ajax.php HTTP/1.1" 200 - "https://academy.kohlsolucoes.com.br/cursos/lgpd-aplicada-a-educacao-publica-sonora/atividade/aula-01-conceitos-importantes-4/" "Mozilla/5.0 (iPhone; CPU iPhone OS 18_7 like Mac OS X) AppleWebKit/605.1.15 (KHTML, like Gecko) Version/26.5.2 Mobile/15E148 Safari/604.1"
170.238.251.110 - - [31/Jul/2026:10:35:05 -0300] "POST /wp-admin/admin-ajax.php HTTP/1.1" 200 - "https://academy.kohlsolucoes.com.br/cursos/lgpd-aplicada-a-educacao-publica-sonora/atividade/aula-01-conceitos-importantes-4/" "Mozilla/5.0 (iPhone; CPU iPhone OS 18_7 like Mac OS X) AppleWebKit/605.1.15 (KHTML, like Gecko) Version/26.5.2 Mobile/15E148 Safari/604.1"
129.121.49.162 - - [31/Jul/2026:10:35:15 -0300] "POST /wp-cron.php?doing_wp_cron=1785504915.8054409027099609375000 HTTP/1.1" 200 - "-" "WordPress/7.0.2; https://academy.kohlsolucoes.com.br"
170.238.251.110 - - [31/Jul/2026:10:35:15 -0300] "POST /wp-admin/admin-ajax.php HTTP/1.1" 200 - "https://academy.kohlsolucoes.com.br/cursos/lgpd-aplicada-a-educacao-publica-sonora/atividade/aula-01-conceitos-importantes-4/" "Mozilla/5.0 (iPhone; CPU iPhone OS 18_7 like Mac OS X) AppleWebKit/605.1.15 (KHTML, like Gecko) Version/26.5.2 Mobile/15E148 Safari/604.1"
170.238.251.110 - - [31/Jul/2026:10:35:25 -0300] "POST /wp-admin/admin-ajax.php HTTP/1.1" 200 - "https://academy.kohlsolucoes.com.br/cursos/lgpd-aplicada-a-educacao-publica-sonora/atividade/aula-01-conceitos-importantes-4/" "Mozilla/5.0 (iPhone; CPU iPhone OS 18_7 like Mac OS X) AppleWebKit/605.1.15 (KHTML, like Gecko) Version/26.5.2 Mobile/15E148 Safari/604.1"
