170.238.251.110 - - [31/Jul/2026:10:35:35 -0300] "POST /wp-admin/admin-ajax.php HTTP/1.1" 200 - "https://academy.kohlsolucoes.com.br/cursos/lgpd-aplicada-a-educacao-publica-sonora/atividade/aula-01-conceitos-importantes-4/" "Mozilla/5.0 (iPhone; CPU iPhone OS 18_7 like Mac OS X) AppleWebKit/605.1.15 (KHTML, like Gecko) Version/26.5.2 Mobile/15E148 Safari/604.1"
170.238.251.110 - - [31/Jul/2026:10:35:45 -0300] "POST /wp-admin/admin-ajax.php HTTP/1.1" 200 - "https://academy.kohlsolucoes.com.br/cursos/lgpd-aplicada-a-educacao-publica-sonora/atividade/aula-01-conceitos-importantes-4/" "Mozilla/5.0 (iPhone; CPU iPhone OS 18_7 like Mac OS X) AppleWebKit/605.1.15 (KHTML, like Gecko) Version/26.5.2 Mobile/15E148 Safari/604.1"
170.238.251.110 - - [31/Jul/2026:10:35:55 -0300] "POST /wp-admin/admin-ajax.php HTTP/1.1" 200 - "https://academy.kohlsolucoes.com.br/cursos/lgpd-aplicada-a-educacao-publica-sonora/atividade/aula-01-conceitos-importantes-4/" "Mozilla/5.0 (iPhone; CPU iPhone OS 18_7 like Mac OS X) AppleWebKit/605.1.15 (KHTML, like Gecko) Version/26.5.2 Mobile/15E148 Safari/604.1"
170.238.251.110 - - [31/Jul/2026:10:36:05 -0300] "POST /wp-admin/admin-ajax.php HTTP/1.1" 200 - "https://academy.kohlsolucoes.com.br/cursos/lgpd-aplicada-a-educacao-publica-sonora/atividade/aula-01-conceitos-importantes-4/" "Mozilla/5.0 (iPhone; CPU iPhone OS 18_7 like Mac OS X) AppleWebKit/605.1.15 (KHTML, like Gecko) Version/26.5.2 Mobile/15E148 Safari/604.1"
129.121.49.162 - - [31/Jul/2026:10:36:15 -0300] "POST /wp-cron.php?doing_wp_cron=1785504975.8913259506225585937500 HTTP/1.1" 200 - "-" "WordPress/7.0.2; https://academy.kohlsolucoes.com.br"
170.238.251.110 - - [31/Jul/2026:10:36:15 -0300] "POST /wp-admin/admin-ajax.php HTTP/1.1" 200 - "https://academy.kohlsolucoes.com.br/cursos/lgpd-aplicada-a-educacao-publica-sonora/atividade/aula-01-conceitos-importantes-4/" "Mozilla/5.0 (iPhone; CPU iPhone OS 18_7 like Mac OS X) AppleWebKit/605.1.15 (KHTML, like Gecko) Version/26.5.2 Mobile/15E148 Safari/604.1"
34.86.255.99 - - [31/Jul/2026:10:36:18 -0300] "GET / HTTP/1.1" 200 177305 "http://www.academy.kohlsolucoes.com.br" "Mozilla/5.0 (compatible; CMS-Checker/1.0; +https://example.com)"
170.238.251.110 - - [31/Jul/2026:10:36:25 -0300] "POST /wp-admin/admin-ajax.php HTTP/1.1" 200 - "https://academy.kohlsolucoes.com.br/cursos/lgpd-aplicada-a-educacao-publica-sonora/atividade/aula-01-conceitos-importantes-4/" "Mozilla/5.0 (iPhone; CPU iPhone OS 18_7 like Mac OS X) AppleWebKit/605.1.15 (KHTML, like Gecko) Version/26.5.2 Mobile/15E148 Safari/604.1"
170.238.251.110 - - [31/Jul/2026:10:36:35 -0300] "POST /wp-admin/admin-ajax.php HTTP/1.1" 200 - "https://academy.kohlsolucoes.com.br/cursos/lgpd-aplicada-a-educacao-publica-sonora/atividade/aula-01-conceitos-importantes-4/" "Mozilla/5.0 (iPhone; CPU iPhone OS 18_7 like Mac OS X) AppleWebKit/605.1.15 (KHTML, like Gecko) Version/26.5.2 Mobile/15E148 Safari/604.1"
170.238.251.110 - - [31/Jul/2026:10:36:45 -0300] "POST /wp-admin/admin-ajax.php HTTP/1.1" 200 - "https://academy.kohlsolucoes.com.br/cursos/lgpd-aplicada-a-educacao-publica-sonora/atividade/aula-01-conceitos-importantes-4/" "Mozilla/5.0 (iPhone; CPU iPhone OS 18_7 like Mac OS X) AppleWebKit/605.1.15 (KHTML, like Gecko) Version/26.5.2 Mobile/15E148 Safari/604.1"
170.238.251.110 - - [31/Jul/2026:10:36:55 -0300] "POST /wp-admin/admin-ajax.php HTTP/1.1" 200 - "https://academy.kohlsolucoes.com.br/cursos/lgpd-aplicada-a-educacao-publica-sonora/atividade/aula-01-conceitos-importantes-4/" "Mozilla/5.0 (iPhone; CPU iPhone OS 18_7 like Mac OS X) AppleWebKit/605.1.15 (KHTML, like Gecko) Version/26.5.2 Mobile/15E148 Safari/604.1"
129.121.49.162 - - [31/Jul/2026:10:37:06 -0300] "POST /wp-cron.php?doing_wp_cron=1785505026.0266590118408203125000 HTTP/1.1" 200 - "-" "WordPress/7.0.2; https://academy.kohlsolucoes.com.br"
170.238.251.110 - - [31/Jul/2026:10:37:05 -0300] "POST /wp-admin/admin-ajax.php HTTP/1.1" 200 - "https://academy.kohlsolucoes.com.br/cursos/lgpd-aplicada-a-educacao-publica-sonora/atividade/aula-01-conceitos-importantes-4/" "Mozilla/5.0 (iPhone; CPU iPhone OS 18_7 like Mac OS X) AppleWebKit/605.1.15 (KHTML, like Gecko) Version/26.5.2 Mobile/15E148 Safari/604.1"
129.121.49.162 - - [31/Jul/2026:10:37:16 -0300] "POST /wp-cron.php?doing_wp_cron=1785505036.0472819805145263671875 HTTP/1.1" 200 - "-" "WordPress/7.0.2; https://academy.kohlsolucoes.com.br"
170.238.251.110 - - [31/Jul/2026:10:37:15 -0300] "POST /wp-admin/admin-ajax.php HTTP/1.1" 200 - "https://academy.kohlsolucoes.com.br/cursos/lgpd-aplicada-a-educacao-publica-sonora/atividade/aula-01-conceitos-importantes-4/" "Mozilla/5.0 (iPhone; CPU iPhone OS 18_7 like Mac OS X) AppleWebKit/605.1.15 (KHTML, like Gecko) Version/26.5.2 Mobile/15E148 Safari/604.1"
170.238.251.110 - - [31/Jul/2026:10:37:24 -0300] "POST /wp-admin/admin-ajax.php HTTP/1.1" 200 - "https://academy.kohlsolucoes.com.br/cursos/lgpd-aplicada-a-educacao-publica-sonora/atividade/aula-01-conceitos-importantes-4/" "Mozilla/5.0 (iPhone; CPU iPhone OS 18_7 like Mac OS X) AppleWebKit/605.1.15 (KHTML, like Gecko) Version/26.5.2 Mobile/15E148 Safari/604.1"
129.121.49.162 - - [31/Jul/2026:10:39:12 -0300] "POST /wp-cron.php?doing_wp_cron=1785505152.7957758903503417968750 HTTP/1.1" 200 - "-" "WordPress/7.0.2; https://academy.kohlsolucoes.com.br"
170.238.251.110 - - [31/Jul/2026:10:39:09 -0300] "POST /wp-admin/admin-ajax.php HTTP/1.1" 200 - "https://academy.kohlsolucoes.com.br/cursos/lgpd-aplicada-a-educacao-publica-sonora/atividade/aula-01-conceitos-importantes-4/" "Mozilla/5.0 (iPhone; CPU iPhone OS 18_7 like Mac OS X) AppleWebKit/605.1.15 (KHTML, like Gecko) Version/26.5.2 Mobile/15E148 Safari/604.1"
129.121.49.162 - - [31/Jul/2026:10:39:11 -0300] "POST /wp-admin/admin-ajax.php?action=as_async_request_queue_runner&nonce=03e8c79b45 HTTP/1.1" 200 - "-" "WordPress/7.0.2; https://academy.kohlsolucoes.com.br"
170.238.251.110 - - [31/Jul/2026:10:39:19 -0300] "POST /wp-admin/admin-ajax.php HTTP/1.1" 200 - "https://academy.kohlsolucoes.com.br/cursos/lgpd-aplicada-a-educacao-publica-sonora/atividade/aula-01-conceitos-importantes-4/" "Mozilla/5.0 (iPhone; CPU iPhone OS 18_7 like Mac OS X) AppleWebKit/605.1.15 (KHTML, like Gecko) Version/26.5.2 Mobile/15E148 Safari/604.1"
170.238.251.110 - - [31/Jul/2026:10:39:25 -0300] "POST /wp-admin/admin-ajax.php HTTP/1.1" 200 - "https://academy.kohlsolucoes.com.br/cursos/lgpd-aplicada-a-educacao-publica-sonora/atividade/aula-01-conceitos-importantes-4/" "Mozilla/5.0 (iPhone; CPU iPhone OS 18_7 like Mac OS X) AppleWebKit/605.1.15 (KHTML, like Gecko) Version/26.5.2 Mobile/15E148 Safari/604.1"
129.121.49.162 - - [31/Jul/2026:10:53:34 -0300] "POST /wp-cron.php?doing_wp_cron=1785506014.2690379619598388671875 HTTP/1.1" 200 - "-" "WordPress/7.0.2; https://academy.kohlsolucoes.com.br"
104.28.208.83 - - [31/Jul/2026:10:53:31 -0300] "GET / HTTP/1.1" 200 177305 "-" "Mozilla/5.0 (Windows NT 10.0; Win64; x64; rv:130.0) Gecko/20100101 Firefox/130.0"
104.28.208.83 - - [31/Jul/2026:10:53:34 -0300] "GET /asdasdasdwq7?rest_route=/wp/v2/users HTTP/1.1" 401 131 "https://academy.kohlsolucoes.com.br" "Mozilla/5.0 (Windows NT 10.0; Win64; x64) AppleWebKit/537.36 (KHTML, like Gecko) Chrome/120.0.0.0 Safari/537.36"
129.121.49.162 - - [31/Jul/2026:11:06:42 -0300] "POST /wp-cron.php?doing_wp_cron=1785506802.1626329421997070312500 HTTP/1.1" 200 - "-" "WordPress/7.0.2; https://academy.kohlsolucoes.com.br"
138.59.127.113 - - [31/Jul/2026:11:06:39 -0300] "GET / HTTP/1.1" 200 372787 "-" "Mozilla/5.0 (Macintosh; Intel Mac OS X 10_15_7) AppleWebKit/605.1.15 (KHTML, like Gecko) Version/26.5.2 Safari/605.1.15"
138.59.127.113 - - [31/Jul/2026:11:06:42 -0300] "GET /wp-content/plugins/elementor/assets/lib/dialog/dialog.min.js?ver=4.9.4 HTTP/1.1" 304 - "https://academy.kohlsolucoes.com.br/" "Mozilla/5.0 (Macintosh; Intel Mac OS X 10_15_7) AppleWebKit/605.1.15 (KHTML, like Gecko) Version/26.5.2 Safari/605.1.15"
138.59.127.113 - - [31/Jul/2026:11:06:42 -0300] "GET /wp-content/plugins/elementor/assets/css/admin-bar.min.css?ver=4.2.0 HTTP/1.1" 304 - "https://academy.kohlsolucoes.com.br/" "Mozilla/5.0 (Macintosh; Intel Mac OS X 10_15_7) AppleWebKit/605.1.15 (KHTML, like Gecko) Version/26.5.2 Safari/605.1.15"
138.59.127.113 - - [31/Jul/2026:11:06:42 -0300] "GET /wp-includes/css/admin-bar.min.css?ver=7.0.2 HTTP/1.1" 304 - "https://academy.kohlsolucoes.com.br/" "Mozilla/5.0 (Macintosh; Intel Mac OS X 10_15_7) AppleWebKit/605.1.15 (KHTML, like Gecko) Version/26.5.2 Safari/605.1.15"
138.59.127.113 - - [31/Jul/2026:11:06:42 -0300] "GET /wp-content/plugins/elementor-pro/assets/js/notes/notes-app-initiator.min.js?ver=4.2.0 HTTP/1.1" 304 - "https://academy.kohlsolucoes.com.br/" "Mozilla/5.0 (Macintosh; Intel Mac OS X 10_15_7) AppleWebKit/605.1.15 (KHTML, like Gecko) Version/26.5.2 Safari/605.1.15"
138.59.127.113 - - [31/Jul/2026:11:06:42 -0300] "GET /wp-content/uploads/2026/05/EDUBIN0519.png HTTP/1.1" 304 - "https://academy.kohlsolucoes.com.br/" "Mozilla/5.0 (Macintosh; Intel Mac OS X 10_15_7) AppleWebKit/605.1.15 (KHTML, like Gecko) Version/26.5.2 Safari/605.1.15"
138.59.127.113 - - [31/Jul/2026:11:06:42 -0300] "GET /wp-content/plugins/elementor-pro/assets/js/notes/notes.min.js?ver=4.2.0 HTTP/1.1" 304 - "https://academy.kohlsolucoes.com.br/" "Mozilla/5.0 (Macintosh; Intel Mac OS X 10_15_7) AppleWebKit/605.1.15 (KHTML, like Gecko) Version/26.5.2 Safari/605.1.15"
138.59.127.113 - - [31/Jul/2026:11:06:42 -0300] "GET /wp-content/plugins/elementor-pro/assets/css/modules/notes.min.css?ver=4.2.0 HTTP/1.1" 200 1184 "https://academy.kohlsolucoes.com.br/" "Mozilla/5.0 (Macintosh; Intel Mac OS X 10_15_7) AppleWebKit/605.1.15 (KHTML, like Gecko) Version/26.5.2 Safari/605.1.15"
138.59.127.113 - - [31/Jul/2026:11:06:42 -0300] "GET /wp-content/plugins/elementor/assets/js/elementor-admin-bar.min.js?ver=4.2.0 HTTP/1.1" 200 7313 "https://academy.kohlsolucoes.com.br/" "Mozilla/5.0 (Macintosh; Intel Mac OS X 10_15_7) AppleWebKit/605.1.15 (KHTML, like Gecko) Version/26.5.2 Safari/605.1.15"
138.59.127.113 - - [31/Jul/2026:11:06:42 -0300] "GET /wp-content/uploads/2026/05/EDUBIN0520.png HTTP/1.1" 304 - "https://academy.kohlsolucoes.com.br/" "Mozilla/5.0 (Macintosh; Intel Mac OS X 10_15_7) AppleWebKit/605.1.15 (KHTML, like Gecko) Version/26.5.2 Safari/605.1.15"
138.59.127.113 - - [31/Jul/2026:11:06:42 -0300] "GET /wp-content/uploads/2026/05/EDUBIN0521-1.png HTTP/1.1" 304 - "https://academy.kohlsolucoes.com.br/" "Mozilla/5.0 (Macintosh; Intel Mac OS X 10_15_7) AppleWebKit/605.1.15 (KHTML, like Gecko) Version/26.5.2 Safari/605.1.15"
138.59.127.113 - - [31/Jul/2026:11:06:42 -0300] "GET /wp-admin/ HTTP/1.1" 200 765766 "-" "Mozilla/5.0 (Macintosh; Intel Mac OS X 10_15_7) AppleWebKit/605.1.15 (KHTML, like Gecko) Version/26.5.2 Safari/605.1.15"
138.59.127.113 - - [31/Jul/2026:11:06:43 -0300] "GET /wp-content/themes/edubin//admin/assets/css/admin.css?ver=1.0.0 HTTP/1.1" 304 - "https://academy.kohlsolucoes.com.br/wp-admin/" "Mozilla/5.0 (Macintosh; Intel Mac OS X 10_15_7) AppleWebKit/605.1.15 (KHTML, like Gecko) Version/26.5.2 Safari/605.1.15"
138.59.127.113 - - [31/Jul/2026:11:06:44 -0300] "GET /wp-admin/load-scripts.php?c=1&load%5Bchunk_0%5D=wp-hooks,jquery-core,jquery-migrate,utils,moxiejs,plupload&ver=7.0.2 HTTP/1.1" 200 211049 "https://academy.kohlsolucoes.com.br/wp-admin/" "Mozilla/5.0 (Macintosh; Intel Mac OS X 10_15_7) AppleWebKit/605.1.15 (KHTML, like Gecko) Version/26.5.2 Safari/605.1.15"
138.59.127.113 - - [31/Jul/2026:11:06:44 -0300] "GET /wp-content/plugins/elementor/assets/lib/eicons/fonts/eicons.woff2?5.50.0 HTTP/1.1" 200 106500 "https://academy.kohlsolucoes.com.br/wp-admin/" "Mozilla/5.0 (Macintosh; Intel Mac OS X 10_15_7) AppleWebKit/605.1.15 (KHTML, like Gecko) Version/26.5.2 Safari/605.1.15"
138.59.127.113 - - [31/Jul/2026:11:06:46 -0300] "GET /wp-content/uploads/2026/02/cropped-favicon-kohl-180x180.png HTTP/1.1" 304 - "-" "Mozilla/5.0 (Macintosh; Intel Mac OS X 10_15_7) AppleWebKit/605.1.15 (KHTML, like Gecko) Safari"
138.59.127.113 - - [31/Jul/2026:11:06:46 -0300] "GET /favicon.ico HTTP/1.1" 302 - "-" "com.apple.WebKit.Networking/20624.2.5.18.7 Network/4277.140.33.703.1 macOS/15.7.7"
138.59.127.113 - - [31/Jul/2026:11:06:46 -0300] "GET /apple-touch-icon.png HTTP/1.1" 404 349683 "-" "com.apple.WebKit.Networking/20624.2.5.18.7 Network/4277.140.33.703.1 macOS/15.7.7"
138.59.127.113 - - [31/Jul/2026:11:06:46 -0300] "GET /wp-json/simple-history/v1/search-options?_locale=user HTTP/1.1" 200 33714 "https://academy.kohlsolucoes.com.br/wp-admin/" "Mozilla/5.0 (Macintosh; Intel Mac OS X 10_15_7) AppleWebKit/605.1.15 (KHTML, like Gecko) Version/26.5.2 Safari/605.1.15"
138.59.127.113 - - [31/Jul/2026:11:06:46 -0300] "GET /apple-touch-icon-precomposed.png HTTP/1.1" 404 349719 "-" "com.apple.WebKit.Networking/20624.2.5.18.7 Network/4277.140.33.703.1 macOS/15.7.7"
138.59.127.113 - - [31/Jul/2026:11:06:46 -0300] "GET /wp-json/simple-history/v1/events?per_page=5&skip_count_query=true&dates=lastdays%3A7&_fields%5B0%5D=id&_fields%5B1%5D=logger&_fields%5B2%5D=date_local&_fields%5B3%5D=date_gmt&_fields%5B4%5D=message&_fields%5B5%5D=message_html&_fields%5B6%5D=message_key&_fields%5B7%5D=details_data&_fields%5B8%5D=details_html&_fields%5B9%5D=loglevel&_fields%5B10%5D=occasions_id&_fields%5B11%5D=subsequent_occasions_count&_fields%5B12%5D=initiator&_fields%5B13%5D=initiator_data&_fields%5B14%5D=ip_addresses&_fields%5B15%5D=via&_fields%5B16%5D=ai_origin&_fields%5B17%5D=permalink&_fields%5B18%5D=sticky&_fields%5B19%5D=sticky_appended&_fields%5B20%5D=backfilled&_fields%5B21%5D=action_links&_fields%5B22%5D=reactions&_locale=user HTTP/1.1" 200 7805 "https://academy.kohlsolucoes.com.br/wp-admin/" "Mozilla/5.0 (Macintosh; Intel Mac OS X 10_15_7) AppleWebKit/605.1.15 (KHTML, like Gecko) Version/26.5.2 Safari/605.1.15"
138.59.127.113 - - [31/Jul/2026:11:06:55 -0300] "GET /wp-admin/admin.php?page=WordfenceAuditLog HTTP/1.1" 302 - "https://academy.kohlsolucoes.com.br/wp-admin/" "Mozilla/5.0 (Macintosh; Intel Mac OS X 10_15_7) AppleWebKit/605.1.15 (KHTML, like Gecko) Version/26.5.2 Safari/605.1.15"
138.59.127.113 - - [31/Jul/2026:11:06:55 -0300] "GET /wp-admin/admin.php?page=WordfenceTools&subpage=auditlog HTTP/1.1" 200 862193 "https://academy.kohlsolucoes.com.br/wp-admin/" "Mozilla/5.0 (Macintosh; Intel Mac OS X 10_15_7) AppleWebKit/605.1.15 (KHTML, like Gecko) Version/26.5.2 Safari/605.1.15"
138.59.127.113 - - [31/Jul/2026:11:06:56 -0300] "GET /wp-admin/load-scripts.php?c=1&load%5Bchunk_0%5D=wp-hooks,jquery-core,jquery-migrate,utils,jquery-ui-core,jquery-ui-menu,jquery-ui-tooltip,moxiejs,plupload&ver=7.0.2 HTTP/1.1" 200 248959 "https://academy.kohlsolucoes.com.br/wp-admin/admin.php?page=WordfenceTools&subpage=auditlog" "Mozilla/5.0 (Macintosh; Intel Mac OS X 10_15_7) AppleWebKit/605.1.15 (KHTML, like Gecko) Version/26.5.2 Safari/605.1.15"
138.59.127.113 - - [31/Jul/2026:11:06:56 -0300] "GET /wp-content/plugins/wordfence/css/wf-ionicons.1778685035.css?ver=8.2.2 HTTP/1.1" 304 - "https://academy.kohlsolucoes.com.br/wp-admin/admin.php?page=WordfenceTools&subpage=auditlog" "Mozilla/5.0 (Macintosh; Intel Mac OS X 10_15_7) AppleWebKit/605.1.15 (KHTML, like Gecko) Version/26.5.2 Safari/605.1.15"
138.59.127.113 - - [31/Jul/2026:11:06:56 -0300] "GET /wp-content/plugins/wordfence/css/license/response.1778685035.css?ver=7.0.2 HTTP/1.1" 200 37163 "https://academy.kohlsolucoes.com.br/wp-admin/admin.php?page=WordfenceTools&subpage=auditlog" "Mozilla/5.0 (Macintosh; Intel Mac OS X 10_15_7) AppleWebKit/605.1.15 (KHTML, like Gecko) Version/26.5.2 Safari/605.1.15"
138.59.127.113 - - [31/Jul/2026:11:06:56 -0300] "GET /wp-content/plugins/wordfence/css/wf-onboarding.1778685035.css?ver=8.2.2 HTTP/1.1" 200 43159 "https://academy.kohlsolucoes.com.br/wp-admin/admin.php?page=WordfenceTools&subpage=auditlog" "Mozilla/5.0 (Macintosh; Intel Mac OS X 10_15_7) AppleWebKit/605.1.15 (KHTML, like Gecko) Version/26.5.2 Safari/605.1.15"
138.59.127.113 - - [31/Jul/2026:11:06:56 -0300] "GET /wp-content/plugins/wordfence/css/wf-roboto-font.1778685035.css?ver=8.2.2 HTTP/1.1" 304 - "https://academy.kohlsolucoes.com.br/wp-admin/admin.php?page=WordfenceTools&subpage=auditlog" "Mozilla/5.0 (Macintosh; Intel Mac OS X 10_15_7) AppleWebKit/605.1.15 (KHTML, like Gecko) Version/26.5.2 Safari/605.1.15"
138.59.127.113 - - [31/Jul/2026:11:06:56 -0300] "GET /wp-content/plugins/wordfence/js/jquery.qrcode.min.1778685035.js?ver=8.2.2 HTTP/1.1" 200 13995 "https://academy.kohlsolucoes.com.br/wp-admin/admin.php?page=WordfenceTools&subpage=auditlog" "Mozilla/5.0 (Macintosh; Intel Mac OS X 10_15_7) AppleWebKit/605.1.15 (KHTML, like Gecko) Version/26.5.2 Safari/605.1.15"
138.59.127.113 - - [31/Jul/2026:11:06:56 -0300] "GET /wp-content/plugins/wordfence/js/admin.1778685035.js?ver=8.2.2 HTTP/1.1" 200 19930 "https://academy.kohlsolucoes.com.br/wp-admin/admin.php?page=WordfenceTools&subpage=auditlog" "Mozilla/5.0 (Macintosh; Intel Mac OS X 10_15_7) AppleWebKit/605.1.15 (KHTML, like Gecko) Version/26.5.2 Safari/605.1.15"
138.59.127.113 - - [31/Jul/2026:11:06:56 -0300] "GET /wp-content/plugins/wordfence/js/wfdropdown.1778685035.js?ver=8.2.2 HTTP/1.1" 200 4689 "https://academy.kohlsolucoes.com.br/wp-admin/admin.php?page=WordfenceTools&subpage=auditlog" "Mozilla/5.0 (Macintosh; Intel Mac OS X 10_15_7) AppleWebKit/605.1.15 (KHTML, like Gecko) Version/26.5.2 Safari/605.1.15"
138.59.127.113 - - [31/Jul/2026:11:06:56 -0300] "GET /wp-content/plugins/wordfence/css/main.1778685035.css?ver=8.2.2 HTTP/1.1" 304 - "https://academy.kohlsolucoes.com.br/wp-admin/admin.php?page=WordfenceTools&subpage=auditlog" "Mozilla/5.0 (Macintosh; Intel Mac OS X 10_15_7) AppleWebKit/605.1.15 (KHTML, like Gecko) Version/26.5.2 Safari/605.1.15"
138.59.127.113 - - [31/Jul/2026:11:06:56 -0300] "GET /wp-content/plugins/wordfence/js/wordfence.1778685035.js?ver=8.2.2 HTTP/1.1" 200 1151216 "https://academy.kohlsolucoes.com.br/wp-admin/admin.php?page=WordfenceTools&subpage=auditlog" "Mozilla/5.0 (Macintosh; Intel Mac OS X 10_15_7) AppleWebKit/605.1.15 (KHTML, like Gecko) Version/26.5.2 Safari/605.1.15"
138.59.127.113 - - [31/Jul/2026:11:06:56 -0300] "GET /wp-content/plugins/wordfence/js/vue.esm-browser.prod.1778685035.js HTTP/1.1" 304 - "https://academy.kohlsolucoes.com.br/wp-admin/admin.php?page=WordfenceTools&subpage=auditlog" "Mozilla/5.0 (Macintosh; Intel Mac OS X 10_15_7) AppleWebKit/605.1.15 (KHTML, like Gecko) Version/26.5.2 Safari/605.1.15"
138.59.127.113 - - [31/Jul/2026:11:06:59 -0300] "GET /wp-admin/admin.php?page=WordfenceTools&subpage=livetraffic HTTP/1.1" 200 845996 "https://academy.kohlsolucoes.com.br/wp-admin/admin.php?page=WordfenceTools&subpage=auditlog" "Mozilla/5.0 (Macintosh; Intel Mac OS X 10_15_7) AppleWebKit/605.1.15 (KHTML, like Gecko) Version/26.5.2 Safari/605.1.15"
138.59.127.113 - - [31/Jul/2026:11:07:00 -0300] "POST /wp-admin/admin-ajax.php HTTP/1.1" 200 18946 "https://academy.kohlsolucoes.com.br/wp-admin/admin.php?page=WordfenceTools&subpage=livetraffic" "Mozilla/5.0 (Macintosh; Intel Mac OS X 10_15_7) AppleWebKit/605.1.15 (KHTML, like Gecko) Version/26.5.2 Safari/605.1.15"
138.59.127.113 - - [31/Jul/2026:11:07:01 -0300] "POST /wp-admin/admin-ajax.php HTTP/1.1" 200 1050 "https://academy.kohlsolucoes.com.br/wp-admin/admin.php?page=WordfenceTools&subpage=livetraffic" "Mozilla/5.0 (Macintosh; Intel Mac OS X 10_15_7) AppleWebKit/605.1.15 (KHTML, like Gecko) Version/26.5.2 Safari/605.1.15"
138.59.127.113 - - [31/Jul/2026:11:07:01 -0300] "POST /wp-admin/admin-ajax.php HTTP/1.1" 200 205 "https://academy.kohlsolucoes.com.br/wp-admin/admin.php?page=WordfenceTools&subpage=livetraffic" "Mozilla/5.0 (Macintosh; Intel Mac OS X 10_15_7) AppleWebKit/605.1.15 (KHTML, like Gecko) Version/26.5.2 Safari/605.1.15"
138.59.127.113 - - [31/Jul/2026:11:07:02 -0300] "POST /wp-admin/admin-ajax.php HTTP/1.1" 200 120 "https://academy.kohlsolucoes.com.br/wp-admin/admin.php?page=WordfenceTools&subpage=livetraffic" "Mozilla/5.0 (Macintosh; Intel Mac OS X 10_15_7) AppleWebKit/605.1.15 (KHTML, like Gecko) Version/26.5.2 Safari/605.1.15"
129.121.49.162 - - [31/Jul/2026:11:07:04 -0300] "POST /wp-cron.php?doing_wp_cron=1785506824.3906691074371337890625 HTTP/1.1" 200 - "-" "WordPress/7.0.2; https://academy.kohlsolucoes.com.br"
138.59.127.113 - - [31/Jul/2026:11:07:04 -0300] "POST /wp-admin/admin-ajax.php HTTP/1.1" 200 17387 "https://academy.kohlsolucoes.com.br/wp-admin/admin.php?page=WordfenceTools&subpage=livetraffic" "Mozilla/5.0 (Macintosh; Intel Mac OS X 10_15_7) AppleWebKit/605.1.15 (KHTML, like Gecko) Version/26.5.2 Safari/605.1.15"
138.59.127.113 - - [31/Jul/2026:11:07:04 -0300] "POST /wp-admin/admin-ajax.php HTTP/1.1" 200 312 "https://academy.kohlsolucoes.com.br/wp-admin/admin.php?page=WordfenceTools&subpage=livetraffic" "Mozilla/5.0 (Macintosh; Intel Mac OS X 10_15_7) AppleWebKit/605.1.15 (KHTML, like Gecko) Version/26.5.2 Safari/605.1.15"
138.59.127.113 - - [31/Jul/2026:11:07:04 -0300] "POST /wp-admin/admin-ajax.php HTTP/1.1" 200 65 "https://academy.kohlsolucoes.com.br/wp-admin/admin.php?page=WordfenceTools&subpage=livetraffic" "Mozilla/5.0 (Macintosh; Intel Mac OS X 10_15_7) AppleWebKit/605.1.15 (KHTML, like Gecko) Version/26.5.2 Safari/605.1.15"
138.59.127.113 - - [31/Jul/2026:11:07:05 -0300] "POST /wp-admin/admin-ajax.php HTTP/1.1" 200 16912 "https://academy.kohlsolucoes.com.br/wp-admin/admin.php?page=WordfenceTools&subpage=livetraffic" "Mozilla/5.0 (Macintosh; Intel Mac OS X 10_15_7) AppleWebKit/605.1.15 (KHTML, like Gecko) Version/26.5.2 Safari/605.1.15"
138.59.127.113 - - [31/Jul/2026:11:07:05 -0300] "POST /wp-admin/admin-ajax.php HTTP/1.1" 200 312 "https://academy.kohlsolucoes.com.br/wp-admin/admin.php?page=WordfenceTools&subpage=livetraffic" "Mozilla/5.0 (Macintosh; Intel Mac OS X 10_15_7) AppleWebKit/605.1.15 (KHTML, like Gecko) Version/26.5.2 Safari/605.1.15"
138.59.127.113 - - [31/Jul/2026:11:07:05 -0300] "POST /wp-admin/admin-ajax.php HTTP/1.1" 200 65 "https://academy.kohlsolucoes.com.br/wp-admin/admin.php?page=WordfenceTools&subpage=livetraffic" "Mozilla/5.0 (Macintosh; Intel Mac OS X 10_15_7) AppleWebKit/605.1.15 (KHTML, like Gecko) Version/26.5.2 Safari/605.1.15"
129.121.49.162 - - [31/Jul/2026:11:07:08 -0300] "POST /wp-cron.php?doing_wp_cron=1785506828.8576428890228271484375 HTTP/1.1" 200 - "-" "WordPress/7.0.2; https://academy.kohlsolucoes.com.br"
138.59.127.113 - - [31/Jul/2026:11:07:08 -0300] "POST /wp-admin/admin-ajax.php HTTP/1.1" 200 120 "https://academy.kohlsolucoes.com.br/wp-admin/admin.php?page=WordfenceTools&subpage=livetraffic" "Mozilla/5.0 (Macintosh; Intel Mac OS X 10_15_7) AppleWebKit/605.1.15 (KHTML, like Gecko) Version/26.5.2 Safari/605.1.15"
138.59.127.113 - - [31/Jul/2026:11:07:10 -0300] "POST /wp-admin/admin-ajax.php HTTP/1.1" 200 121 "https://academy.kohlsolucoes.com.br/wp-admin/admin.php?page=WordfenceTools&subpage=livetraffic" "Mozilla/5.0 (Macintosh; Intel Mac OS X 10_15_7) AppleWebKit/605.1.15 (KHTML, like Gecko) Version/26.5.2 Safari/605.1.15"
138.59.127.113 - - [31/Jul/2026:11:07:12 -0300] "POST /wp-admin/admin-ajax.php HTTP/1.1" 200 120 "https://academy.kohlsolucoes.com.br/wp-admin/admin.php?page=WordfenceTools&subpage=livetraffic" "Mozilla/5.0 (Macintosh; Intel Mac OS X 10_15_7) AppleWebKit/605.1.15 (KHTML, like Gecko) Version/26.5.2 Safari/605.1.15"
138.59.127.113 - - [31/Jul/2026:11:07:14 -0300] "GET /wp-admin/index.php HTTP/1.1" 200 766592 "https://academy.kohlsolucoes.com.br/wp-admin/admin.php?page=WordfenceTools&subpage=livetraffic" "Mozilla/5.0 (Macintosh; Intel Mac OS X 10_15_7) AppleWebKit/605.1.15 (KHTML, like Gecko) Version/26.5.2 Safari/605.1.15"
138.59.127.113 - - [31/Jul/2026:11:07:14 -0300] "GET /wp-content/plugins/woocommerce-mercadopago/assets/js/notices/notices-client.min.js?ver=8.9.0 HTTP/1.1" 200 1203 "https://academy.kohlsolucoes.com.br/wp-admin/index.php" "Mozilla/5.0 (Macintosh; Intel Mac OS X 10_15_7) AppleWebKit/605.1.15 (KHTML, like Gecko) Version/26.5.2 Safari/605.1.15"
138.59.127.113 - - [31/Jul/2026:11:07:15 -0300] "GET /wp-json/simple-history/v1/search-options?_locale=user HTTP/1.1" 200 33714 "https://academy.kohlsolucoes.com.br/wp-admin/index.php" "Mozilla/5.0 (Macintosh; Intel Mac OS X 10_15_7) AppleWebKit/605.1.15 (KHTML, like Gecko) Version/26.5.2 Safari/605.1.15"
138.59.127.113 - - [31/Jul/2026:11:07:15 -0300] "GET /wp-json/simple-history/v1/events?per_page=5&skip_count_query=true&dates=lastdays%3A7&_fields%5B0%5D=id&_fields%5B1%5D=logger&_fields%5B2%5D=date_local&_fields%5B3%5D=date_gmt&_fields%5B4%5D=message&_fields%5B5%5D=message_html&_fields%5B6%5D=message_key&_fields%5B7%5D=details_data&_fields%5B8%5D=details_html&_fields%5B9%5D=loglevel&_fields%5B10%5D=occasions_id&_fields%5B11%5D=subsequent_occasions_count&_fields%5B12%5D=initiator&_fields%5B13%5D=initiator_data&_fields%5B14%5D=ip_addresses&_fields%5B15%5D=via&_fields%5B16%5D=ai_origin&_fields%5B17%5D=permalink&_fields%5B18%5D=sticky&_fields%5B19%5D=sticky_appended&_fields%5B20%5D=backfilled&_fields%5B21%5D=action_links&_fields%5B22%5D=reactions&_locale=user HTTP/1.1" 200 7805 "https://academy.kohlsolucoes.com.br/wp-admin/index.php" "Mozilla/5.0 (Macintosh; Intel Mac OS X 10_15_7) AppleWebKit/605.1.15 (KHTML, like Gecko) Version/26.5.2 Safari/605.1.15"
138.59.127.113 - - [31/Jul/2026:11:07:21 -0300] "POST /wp-admin/admin-ajax.php HTTP/1.1" 200 1 "https://academy.kohlsolucoes.com.br/wp-admin/index.php" "Mozilla/5.0 (Macintosh; Intel Mac OS X 10_15_7) AppleWebKit/605.1.15 (KHTML, like Gecko) Version/26.5.2 Safari/605.1.15"
129.121.49.162 - - [31/Jul/2026:11:08:19 -0300] "POST /wp-cron.php?doing_wp_cron=1785506899.6571340560913085937500 HTTP/1.1" 200 - "-" "WordPress/7.0.2; https://academy.kohlsolucoes.com.br"
138.59.127.113 - - [31/Jul/2026:11:08:15 -0300] "POST /wp-admin/admin-ajax.php HTTP/1.1" 200 47 "https://academy.kohlsolucoes.com.br/wp-admin/index.php" "Mozilla/5.0 (Macintosh; Intel Mac OS X 10_15_7) AppleWebKit/605.1.15 (KHTML, like Gecko) Version/26.5.2 Safari/605.1.15"
129.121.49.162 - - [31/Jul/2026:11:08:24 -0300] "POST /wp-cron.php?doing_wp_cron=1785506904.8016350269317626953125 HTTP/1.1" 200 - "-" "WordPress/7.0.2; https://academy.kohlsolucoes.com.br"
129.121.49.162 - - [31/Jul/2026:11:08:18 -0300] "POST /wp-admin/admin-ajax.php?action=as_async_request_queue_runner&nonce=0fd74a6e4c HTTP/1.1" 200 - "-" "WordPress/7.0.2; https://academy.kohlsolucoes.com.br"
129.121.49.162 - - [31/Jul/2026:11:09:22 -0300] "POST /wp-cron.php?doing_wp_cron=1785506962.1797120571136474609375 HTTP/1.1" 200 - "-" "WordPress/7.0.2; https://academy.kohlsolucoes.com.br"
138.59.127.113 - - [31/Jul/2026:11:09:18 -0300] "POST /wp-admin/admin-ajax.php HTTP/1.1" 200 47 "https://academy.kohlsolucoes.com.br/wp-admin/index.php" "Mozilla/5.0 (Macintosh; Intel Mac OS X 10_15_7) AppleWebKit/605.1.15 (KHTML, like Gecko) Version/26.5.2 Safari/605.1.15"
129.121.49.162 - - [31/Jul/2026:11:09:23 -0300] "POST /wp-cron.php?doing_wp_cron=1785506963.2353119850158691406250 HTTP/1.1" 200 - "-" "WordPress/7.0.2; https://academy.kohlsolucoes.com.br"
138.59.127.113 - - [31/Jul/2026:11:09:20 -0300] "GET /wp-admin/admin.php?page=WordfenceAuditLog HTTP/1.1" 302 - "https://academy.kohlsolucoes.com.br/wp-admin/index.php" "Mozilla/5.0 (Macintosh; Intel Mac OS X 10_15_7) AppleWebKit/605.1.15 (KHTML, like Gecko) Version/26.5.2 Safari/605.1.15"
138.59.127.113 - - [31/Jul/2026:11:09:23 -0300] "GET /wp-admin/admin.php?page=WordfenceTools&subpage=auditlog HTTP/1.1" 200 862211 "https://academy.kohlsolucoes.com.br/wp-admin/index.php" "Mozilla/5.0 (Macintosh; Intel Mac OS X 10_15_7) AppleWebKit/605.1.15 (KHTML, like Gecko) Version/26.5.2 Safari/605.1.15"
129.121.49.162 - - [31/Jul/2026:11:09:21 -0300] "POST /wp-admin/admin-ajax.php?action=as_async_request_queue_runner&nonce=0fd74a6e4c HTTP/1.1" 200 - "-" "WordPress/7.0.2; https://academy.kohlsolucoes.com.br"
138.59.127.113 - - [31/Jul/2026:11:09:26 -0300] "GET /wp-admin/admin.php?page=WordfenceTools&subpage=livetraffic HTTP/1.1" 200 845996 "https://academy.kohlsolucoes.com.br/wp-admin/admin.php?page=WordfenceTools&subpage=auditlog" "Mozilla/5.0 (Macintosh; Intel Mac OS X 10_15_7) AppleWebKit/605.1.15 (KHTML, like Gecko) Version/26.5.2 Safari/605.1.15"
138.59.127.113 - - [31/Jul/2026:11:09:27 -0300] "POST /wp-admin/admin-ajax.php HTTP/1.1" 200 18304 "https://academy.kohlsolucoes.com.br/wp-admin/admin.php?page=WordfenceTools&subpage=livetraffic" "Mozilla/5.0 (Macintosh; Intel Mac OS X 10_15_7) AppleWebKit/605.1.15 (KHTML, like Gecko) Version/26.5.2 Safari/605.1.15"
138.59.127.113 - - [31/Jul/2026:11:09:27 -0300] "POST /wp-admin/admin-ajax.php HTTP/1.1" 200 205 "https://academy.kohlsolucoes.com.br/wp-admin/admin.php?page=WordfenceTools&subpage=livetraffic" "Mozilla/5.0 (Macintosh; Intel Mac OS X 10_15_7) AppleWebKit/605.1.15 (KHTML, like Gecko) Version/26.5.2 Safari/605.1.15"
138.59.127.113 - - [31/Jul/2026:11:09:27 -0300] "POST /wp-admin/admin-ajax.php HTTP/1.1" 200 1050 "https://academy.kohlsolucoes.com.br/wp-admin/admin.php?page=WordfenceTools&subpage=livetraffic" "Mozilla/5.0 (Macintosh; Intel Mac OS X 10_15_7) AppleWebKit/605.1.15 (KHTML, like Gecko) Version/26.5.2 Safari/605.1.15"
138.59.127.113 - - [31/Jul/2026:11:09:29 -0300] "POST /wp-admin/admin-ajax.php HTTP/1.1" 200 121 "https://academy.kohlsolucoes.com.br/wp-admin/admin.php?page=WordfenceTools&subpage=livetraffic" "Mozilla/5.0 (Macintosh; Intel Mac OS X 10_15_7) AppleWebKit/605.1.15 (KHTML, like Gecko) Version/26.5.2 Safari/605.1.15"
138.59.127.113 - - [31/Jul/2026:11:09:31 -0300] "POST /wp-admin/admin-ajax.php HTTP/1.1" 200 119 "https://academy.kohlsolucoes.com.br/wp-admin/admin.php?page=WordfenceTools&subpage=livetraffic" "Mozilla/5.0 (Macintosh; Intel Mac OS X 10_15_7) AppleWebKit/605.1.15 (KHTML, like Gecko) Version/26.5.2 Safari/605.1.15"
138.59.127.113 - - [31/Jul/2026:11:09:33 -0300] "POST /wp-admin/admin-ajax.php HTTP/1.1" 200 120 "https://academy.kohlsolucoes.com.br/wp-admin/admin.php?page=WordfenceTools&subpage=livetraffic" "Mozilla/5.0 (Macintosh; Intel Mac OS X 10_15_7) AppleWebKit/605.1.15 (KHTML, like Gecko) Version/26.5.2 Safari/605.1.15"
138.59.127.113 - - [31/Jul/2026:11:09:35 -0300] "POST /wp-admin/admin-ajax.php HTTP/1.1" 200 119 "https://academy.kohlsolucoes.com.br/wp-admin/admin.php?page=WordfenceTools&subpage=livetraffic" "Mozilla/5.0 (Macintosh; Intel Mac OS X 10_15_7) AppleWebKit/605.1.15 (KHTML, like Gecko) Version/26.5.2 Safari/605.1.15"
138.59.127.113 - - [31/Jul/2026:11:09:37 -0300] "POST /wp-admin/admin-ajax.php HTTP/1.1" 200 120 "https://academy.kohlsolucoes.com.br/wp-admin/admin.php?page=WordfenceTools&subpage=livetraffic" "Mozilla/5.0 (Macintosh; Intel Mac OS X 10_15_7) AppleWebKit/605.1.15 (KHTML, like Gecko) Version/26.5.2 Safari/605.1.15"
138.59.127.113 - - [31/Jul/2026:11:09:39 -0300] "POST /wp-admin/admin-ajax.php HTTP/1.1" 200 121 "https://academy.kohlsolucoes.com.br/wp-admin/admin.php?page=WordfenceTools&subpage=livetraffic" "Mozilla/5.0 (Macintosh; Intel Mac OS X 10_15_7) AppleWebKit/605.1.15 (KHTML, like Gecko) Version/26.5.2 Safari/605.1.15"
138.59.127.113 - - [31/Jul/2026:11:09:41 -0300] "POST /wp-admin/admin-ajax.php HTTP/1.1" 200 121 "https://academy.kohlsolucoes.com.br/wp-admin/admin.php?page=WordfenceTools&subpage=livetraffic" "Mozilla/5.0 (Macintosh; Intel Mac OS X 10_15_7) AppleWebKit/605.1.15 (KHTML, like Gecko) Version/26.5.2 Safari/605.1.15"
138.59.127.113 - - [31/Jul/2026:11:09:43 -0300] "POST /wp-admin/admin-ajax.php HTTP/1.1" 200 121 "https://academy.kohlsolucoes.com.br/wp-admin/admin.php?page=WordfenceTools&subpage=livetraffic" "Mozilla/5.0 (Macintosh; Intel Mac OS X 10_15_7) AppleWebKit/605.1.15 (KHTML, like Gecko) Version/26.5.2 Safari/605.1.15"
138.59.127.113 - - [31/Jul/2026:11:09:45 -0300] "POST /wp-admin/admin-ajax.php HTTP/1.1" 200 119 "https://academy.kohlsolucoes.com.br/wp-admin/admin.php?page=WordfenceTools&subpage=livetraffic" "Mozilla/5.0 (Macintosh; Intel Mac OS X 10_15_7) AppleWebKit/605.1.15 (KHTML, like Gecko) Version/26.5.2 Safari/605.1.15"
138.59.127.113 - - [31/Jul/2026:11:09:47 -0300] "POST /wp-admin/admin-ajax.php HTTP/1.1" 200 120 "https://academy.kohlsolucoes.com.br/wp-admin/admin.php?page=WordfenceTools&subpage=livetraffic" "Mozilla/5.0 (Macintosh; Intel Mac OS X 10_15_7) AppleWebKit/605.1.15 (KHTML, like Gecko) Version/26.5.2 Safari/605.1.15"
138.59.127.113 - - [31/Jul/2026:11:09:49 -0300] "POST /wp-admin/admin-ajax.php HTTP/1.1" 200 120 "https://academy.kohlsolucoes.com.br/wp-admin/admin.php?page=WordfenceTools&subpage=livetraffic" "Mozilla/5.0 (Macintosh; Intel Mac OS X 10_15_7) AppleWebKit/605.1.15 (KHTML, like Gecko) Version/26.5.2 Safari/605.1.15"
138.59.127.113 - - [31/Jul/2026:11:09:49 -0300] "POST /wp-admin/admin-ajax.php HTTP/1.1" 200 17433 "https://academy.kohlsolucoes.com.br/wp-admin/admin.php?page=WordfenceTools&subpage=livetraffic" "Mozilla/5.0 (Macintosh; Intel Mac OS X 10_15_7) AppleWebKit/605.1.15 (KHTML, like Gecko) Version/26.5.2 Safari/605.1.15"
138.59.127.113 - - [31/Jul/2026:11:09:50 -0300] "POST /wp-admin/admin-ajax.php HTTP/1.1" 200 65 "https://academy.kohlsolucoes.com.br/wp-admin/admin.php?page=WordfenceTools&subpage=livetraffic" "Mozilla/5.0 (Macintosh; Intel Mac OS X 10_15_7) AppleWebKit/605.1.15 (KHTML, like Gecko) Version/26.5.2 Safari/605.1.15"
138.59.127.113 - - [31/Jul/2026:11:09:50 -0300] "POST /wp-admin/admin-ajax.php HTTP/1.1" 200 312 "https://academy.kohlsolucoes.com.br/wp-admin/admin.php?page=WordfenceTools&subpage=livetraffic" "Mozilla/5.0 (Macintosh; Intel Mac OS X 10_15_7) AppleWebKit/605.1.15 (KHTML, like Gecko) Version/26.5.2 Safari/605.1.15"
138.59.127.113 - - [31/Jul/2026:11:09:56 -0300] "POST /wp-admin/admin-ajax.php HTTP/1.1" 200 16952 "https://academy.kohlsolucoes.com.br/wp-admin/admin.php?page=WordfenceTools&subpage=livetraffic" "Mozilla/5.0 (Macintosh; Intel Mac OS X 10_15_7) AppleWebKit/605.1.15 (KHTML, like Gecko) Version/26.5.2 Safari/605.1.15"
138.59.127.113 - - [31/Jul/2026:11:09:56 -0300] "POST /wp-admin/admin-ajax.php HTTP/1.1" 200 65 "https://academy.kohlsolucoes.com.br/wp-admin/admin.php?page=WordfenceTools&subpage=livetraffic" "Mozilla/5.0 (Macintosh; Intel Mac OS X 10_15_7) AppleWebKit/605.1.15 (KHTML, like Gecko) Version/26.5.2 Safari/605.1.15"
138.59.127.113 - - [31/Jul/2026:11:09:56 -0300] "POST /wp-admin/admin-ajax.php HTTP/1.1" 200 312 "https://academy.kohlsolucoes.com.br/wp-admin/admin.php?page=WordfenceTools&subpage=livetraffic" "Mozilla/5.0 (Macintosh; Intel Mac OS X 10_15_7) AppleWebKit/605.1.15 (KHTML, like Gecko) Version/26.5.2 Safari/605.1.15"
138.59.127.113 - - [31/Jul/2026:11:09:58 -0300] "POST /wp-admin/admin-ajax.php HTTP/1.1" 200 17403 "https://academy.kohlsolucoes.com.br/wp-admin/admin.php?page=WordfenceTools&subpage=livetraffic" "Mozilla/5.0 (Macintosh; Intel Mac OS X 10_15_7) AppleWebKit/605.1.15 (KHTML, like Gecko) Version/26.5.2 Safari/605.1.15"
138.59.127.113 - - [31/Jul/2026:11:09:59 -0300] "POST /wp-admin/admin-ajax.php HTTP/1.1" 200 65 "https://academy.kohlsolucoes.com.br/wp-admin/admin.php?page=WordfenceTools&subpage=livetraffic" "Mozilla/5.0 (Macintosh; Intel Mac OS X 10_15_7) AppleWebKit/605.1.15 (KHTML, like Gecko) Version/26.5.2 Safari/605.1.15"
138.59.127.113 - - [31/Jul/2026:11:09:59 -0300] "POST /wp-admin/admin-ajax.php HTTP/1.1" 200 312 "https://academy.kohlsolucoes.com.br/wp-admin/admin.php?page=WordfenceTools&subpage=livetraffic" "Mozilla/5.0 (Macintosh; Intel Mac OS X 10_15_7) AppleWebKit/605.1.15 (KHTML, like Gecko) Version/26.5.2 Safari/605.1.15"
138.59.127.113 - - [31/Jul/2026:11:10:00 -0300] "POST /wp-admin/admin-ajax.php HTTP/1.1" 200 21035 "https://academy.kohlsolucoes.com.br/wp-admin/admin.php?page=WordfenceTools&subpage=livetraffic" "Mozilla/5.0 (Macintosh; Intel Mac OS X 10_15_7) AppleWebKit/605.1.15 (KHTML, like Gecko) Version/26.5.2 Safari/605.1.15"
138.59.127.113 - - [31/Jul/2026:11:10:01 -0300] "POST /wp-admin/admin-ajax.php HTTP/1.1" 200 3256 "https://academy.kohlsolucoes.com.br/wp-admin/admin.php?page=WordfenceTools&subpage=livetraffic" "Mozilla/5.0 (Macintosh; Intel Mac OS X 10_15_7) AppleWebKit/605.1.15 (KHTML, like Gecko) Version/26.5.2 Safari/605.1.15"
138.59.127.113 - - [31/Jul/2026:11:10:01 -0300] "POST /wp-admin/admin-ajax.php HTTP/1.1" 200 693 "https://academy.kohlsolucoes.com.br/wp-admin/admin.php?page=WordfenceTools&subpage=livetraffic" "Mozilla/5.0 (Macintosh; Intel Mac OS X 10_15_7) AppleWebKit/605.1.15 (KHTML, like Gecko) Version/26.5.2 Safari/605.1.15"
138.59.127.113 - - [31/Jul/2026:11:10:09 -0300] "POST /wp-admin/admin-ajax.php HTTP/1.1" 200 21903 "https://academy.kohlsolucoes.com.br/wp-admin/admin.php?page=WordfenceTools&subpage=livetraffic" "Mozilla/5.0 (Macintosh; Intel Mac OS X 10_15_7) AppleWebKit/605.1.15 (KHTML, like Gecko) Version/26.5.2 Safari/605.1.15"
138.59.127.113 - - [31/Jul/2026:11:10:10 -0300] "POST /wp-admin/admin-ajax.php HTTP/1.1" 200 684 "https://academy.kohlsolucoes.com.br/wp-admin/admin.php?page=WordfenceTools&subpage=livetraffic" "Mozilla/5.0 (Macintosh; Intel Mac OS X 10_15_7) AppleWebKit/605.1.15 (KHTML, like Gecko) Version/26.5.2 Safari/605.1.15"
138.59.127.113 - - [31/Jul/2026:11:10:10 -0300] "POST /wp-admin/admin-ajax.php HTTP/1.1" 200 386 "https://academy.kohlsolucoes.com.br/wp-admin/admin.php?page=WordfenceTools&subpage=livetraffic" "Mozilla/5.0 (Macintosh; Intel Mac OS X 10_15_7) AppleWebKit/605.1.15 (KHTML, like Gecko) Version/26.5.2 Safari/605.1.15"
138.59.127.113 - - [31/Jul/2026:11:10:17 -0300] "POST /wp-admin/admin-ajax.php HTTP/1.1" 200 21868 "https://academy.kohlsolucoes.com.br/wp-admin/admin.php?page=WordfenceTools&subpage=livetraffic" "Mozilla/5.0 (Macintosh; Intel Mac OS X 10_15_7) AppleWebKit/605.1.15 (KHTML, like Gecko) Version/26.5.2 Safari/605.1.15"
138.59.127.113 - - [31/Jul/2026:11:10:18 -0300] "POST /wp-admin/admin-ajax.php HTTP/1.1" 200 312 "https://academy.kohlsolucoes.com.br/wp-admin/admin.php?page=WordfenceTools&subpage=livetraffic" "Mozilla/5.0 (Macintosh; Intel Mac OS X 10_15_7) AppleWebKit/605.1.15 (KHTML, like Gecko) Version/26.5.2 Safari/605.1.15"
138.59.127.113 - - [31/Jul/2026:11:10:18 -0300] "POST /wp-admin/admin-ajax.php HTTP/1.1" 200 140 "https://academy.kohlsolucoes.com.br/wp-admin/admin.php?page=WordfenceTools&subpage=livetraffic" "Mozilla/5.0 (Macintosh; Intel Mac OS X 10_15_7) AppleWebKit/605.1.15 (KHTML, like Gecko) Version/26.5.2 Safari/605.1.15"
138.59.127.113 - - [31/Jul/2026:11:10:21 -0300] "POST /wp-admin/admin-ajax.php HTTP/1.1" 200 23268 "https://academy.kohlsolucoes.com.br/wp-admin/admin.php?page=WordfenceTools&subpage=livetraffic" "Mozilla/5.0 (Macintosh; Intel Mac OS X 10_15_7) AppleWebKit/605.1.15 (KHTML, like Gecko) Version/26.5.2 Safari/605.1.15"
138.59.127.113 - - [31/Jul/2026:11:10:21 -0300] "POST /wp-admin/admin-ajax.php HTTP/1.1" 200 283 "https://academy.kohlsolucoes.com.br/wp-admin/admin.php?page=WordfenceTools&subpage=livetraffic" "Mozilla/5.0 (Macintosh; Intel Mac OS X 10_15_7) AppleWebKit/605.1.15 (KHTML, like Gecko) Version/26.5.2 Safari/605.1.15"
138.59.127.113 - - [31/Jul/2026:11:10:21 -0300] "POST /wp-admin/admin-ajax.php HTTP/1.1" 200 1050 "https://academy.kohlsolucoes.com.br/wp-admin/admin.php?page=WordfenceTools&subpage=livetraffic" "Mozilla/5.0 (Macintosh; Intel Mac OS X 10_15_7) AppleWebKit/605.1.15 (KHTML, like Gecko) Version/26.5.2 Safari/605.1.15"
129.121.49.162 - - [31/Jul/2026:11:10:25 -0300] "POST /wp-cron.php?doing_wp_cron=1785507025.5647530555725097656250 HTTP/1.1" 200 - "-" "WordPress/7.0.2; https://academy.kohlsolucoes.com.br"
138.59.127.113 - - [31/Jul/2026:11:10:24 -0300] "POST /wp-admin/admin-ajax.php HTTP/1.1" 200 21917 "https://academy.kohlsolucoes.com.br/wp-admin/admin.php?page=WordfenceTools&subpage=livetraffic" "Mozilla/5.0 (Macintosh; Intel Mac OS X 10_15_7) AppleWebKit/605.1.15 (KHTML, like Gecko) Version/26.5.2 Safari/605.1.15"
138.59.127.113 - - [31/Jul/2026:11:10:25 -0300] "POST /wp-admin/admin-ajax.php HTTP/1.1" 200 1418 "https://academy.kohlsolucoes.com.br/wp-admin/admin.php?page=WordfenceTools&subpage=livetraffic" "Mozilla/5.0 (Macintosh; Intel Mac OS X 10_15_7) AppleWebKit/605.1.15 (KHTML, like Gecko) Version/26.5.2 Safari/605.1.15"
138.59.127.113 - - [31/Jul/2026:11:10:25 -0300] "POST /wp-admin/admin-ajax.php HTTP/1.1" 200 263 "https://academy.kohlsolucoes.com.br/wp-admin/admin.php?page=WordfenceTools&subpage=livetraffic" "Mozilla/5.0 (Macintosh; Intel Mac OS X 10_15_7) AppleWebKit/605.1.15 (KHTML, like Gecko) Version/26.5.2 Safari/605.1.15"
129.121.49.162 - - [31/Jul/2026:11:10:22 -0300] "POST /wp-admin/admin-ajax.php?action=as_async_request_queue_runner&nonce=0fd74a6e4c HTTP/1.1" 200 - "-" "WordPress/7.0.2; https://academy.kohlsolucoes.com.br"
138.59.127.113 - - [31/Jul/2026:11:10:27 -0300] "POST /wp-admin/admin-ajax.php HTTP/1.1" 200 47 "https://academy.kohlsolucoes.com.br/wp-admin/admin.php?page=WordfenceTools&subpage=livetraffic" "Mozilla/5.0 (Macintosh; Intel Mac OS X 10_15_7) AppleWebKit/605.1.15 (KHTML, like Gecko) Version/26.5.2 Safari/605.1.15"
34.86.255.99 - - [31/Jul/2026:11:11:05 -0300] "GET / HTTP/1.1" 200 177305 "-" "Mozilla/5.0 (Windows NT 10.0; Win64; x64) AppleWebKit/537.36 (KHTML, like Gecko) Chrome/78.0.3904.108 Safari/537.36"
129.121.49.162 - - [31/Jul/2026:11:11:10 -0300] "POST /wp-cron.php?doing_wp_cron=1785507070.4978001117706298828125 HTTP/1.1" 200 - "-" "WordPress/7.0.2; https://academy.kohlsolucoes.com.br"
34.86.255.99 - - [31/Jul/2026:11:11:10 -0300] "GET //wp-includes/wlwmanifest.xml HTTP/1.1" 301 - "-" "Mozilla/5.0 (Windows NT 10.0; Win64; x64) AppleWebKit/537.36 (KHTML, like Gecko) Chrome/78.0.3904.108 Safari/537.36"
34.86.255.99 - - [31/Jul/2026:11:11:10 -0300] "GET / HTTP/1.1" 200 177305 "-" "Mozilla/5.0 (Windows NT 10.0; Win64; x64) AppleWebKit/537.36 (KHTML, like Gecko) Chrome/78.0.3904.108 Safari/537.36"
34.86.255.99 - - [31/Jul/2026:11:11:12 -0300] "GET //?author=1 HTTP/1.1" 404 92831 "-" "Mozilla/5.0 (Windows NT 10.0; Win64; x64) AppleWebKit/537.36 (KHTML, like Gecko) Chrome/78.0.3904.108 Safari/537.36"
34.86.255.99 - - [31/Jul/2026:11:11:12 -0300] "GET //?author=2 HTTP/1.1" 404 92831 "-" "Mozilla/5.0 (Windows NT 10.0; Win64; x64) AppleWebKit/537.36 (KHTML, like Gecko) Chrome/78.0.3904.108 Safari/537.36"
34.86.255.99 - - [31/Jul/2026:11:11:13 -0300] "GET //wp-json/oembed/1.0/embed?url=https://academy.kohlsolucoes.com.br/ HTTP/1.1" 200 2116 "-" "Mozilla/5.0 (Windows NT 10.0; Win64; x64) AppleWebKit/537.36 (KHTML, like Gecko) Chrome/78.0.3904.108 Safari/537.36"
138.59.127.113 - - [31/Jul/2026:11:11:27 -0300] "POST /wp-admin/admin-ajax.php HTTP/1.1" 200 47 "https://academy.kohlsolucoes.com.br/wp-admin/admin.php?page=WordfenceTools&subpage=livetraffic" "Mozilla/5.0 (Macintosh; Intel Mac OS X 10_15_7) AppleWebKit/605.1.15 (KHTML, like Gecko) Version/26.5.2 Safari/605.1.15"
129.121.49.162 - - [31/Jul/2026:11:11:28 -0300] "POST /wp-admin/admin-ajax.php?action=as_async_request_queue_runner&nonce=0fd74a6e4c HTTP/1.1" 200 - "-" "WordPress/7.0.2; https://academy.kohlsolucoes.com.br"
136.108.94.78 - - [31/Jul/2026:11:11:39 -0300] "GET / HTTP/1.1" 200 177305 "-" "Mozilla/5.0 (Windows NT 10.0; Win64; x64) AppleWebKit/537.36 (KHTML, like Gecko) Chrome/78.0.3904.108 Safari/537.36"
136.108.94.78 - - [31/Jul/2026:11:11:40 -0300] "GET //wp-includes/wlwmanifest.xml HTTP/1.1" 301 - "-" "Mozilla/5.0 (Windows NT 10.0; Win64; x64) AppleWebKit/537.36 (KHTML, like Gecko) Chrome/78.0.3904.108 Safari/537.36"
136.108.94.78 - - [31/Jul/2026:11:11:41 -0300] "GET / HTTP/1.1" 200 177305 "-" "Mozilla/5.0 (Windows NT 10.0; Win64; x64) AppleWebKit/537.36 (KHTML, like Gecko) Chrome/78.0.3904.108 Safari/537.36"
136.108.94.78 - - [31/Jul/2026:11:11:42 -0300] "GET //?author=1 HTTP/1.1" 404 92831 "-" "Mozilla/5.0 (Windows NT 10.0; Win64; x64) AppleWebKit/537.36 (KHTML, like Gecko) Chrome/78.0.3904.108 Safari/537.36"
136.108.94.78 - - [31/Jul/2026:11:11:42 -0300] "GET //?author=2 HTTP/1.1" 404 92831 "-" "Mozilla/5.0 (Windows NT 10.0; Win64; x64) AppleWebKit/537.36 (KHTML, like Gecko) Chrome/78.0.3904.108 Safari/537.36"
136.108.94.78 - - [31/Jul/2026:11:11:42 -0300] "GET //wp-json/oembed/1.0/embed?url=https://academy.kohlsolucoes.com.br/ HTTP/1.1" 200 2116 "-" "Mozilla/5.0 (Windows NT 10.0; Win64; x64) AppleWebKit/537.36 (KHTML, like Gecko) Chrome/78.0.3904.108 Safari/537.36"
129.121.49.162 - - [31/Jul/2026:11:16:44 -0300] "POST /wp-cron.php?doing_wp_cron=1785507404.4723839759826660156250 HTTP/1.1" 200 - "-" "WordPress/7.0.2; https://academy.kohlsolucoes.com.br"
138.0.134.182 - - [31/Jul/2026:11:16:42 -0300] "GET /cursos/lgpd-aplicada-a-educacao-publica-sonora/ HTTP/1.1" 200 169217 "-" "Mozilla/5.0 (Linux; Android 10; K) AppleWebKit/537.36 (KHTML, like Gecko) Chrome/151.0.0.0 Mobile Safari/537.36"
138.0.134.182 - - [31/Jul/2026:11:16:46 -0300] "GET /wp-content/fonts/heebo/NGS6v5_NC0k9P9H2TbE.woff2 HTTP/1.1" 304 - "https://academy.kohlsolucoes.com.br/cursos/lgpd-aplicada-a-educacao-publica-sonora/" "Mozilla/5.0 (Linux; Android 10; K) AppleWebKit/537.36 (KHTML, like Gecko) Chrome/151.0.0.0 Mobile Safari/537.36"
138.0.134.182 - - [31/Jul/2026:11:16:46 -0300] "GET /wp-content/themes/edubin/assets/fonts/flaticon_edubin.woff2?3a6c14212907e1cbaf6aebe6e0c247e7 HTTP/1.1" 304 - "https://academy.kohlsolucoes.com.br/wp-content/themes/edubin/assets/fonts/flaticon_edubin.css?ver=1.0.3" "Mozilla/5.0 (Linux; Android 10; K) AppleWebKit/537.36 (KHTML, like Gecko) Chrome/151.0.0.0 Mobile Safari/537.36"
138.0.134.182 - - [31/Jul/2026:11:16:48 -0300] "POST /wp-admin/admin-ajax.php HTTP/1.1" 200 1 "https://academy.kohlsolucoes.com.br/cursos/lgpd-aplicada-a-educacao-publica-sonora/" "Mozilla/5.0 (Linux; Android 10; K) AppleWebKit/537.36 (KHTML, like Gecko) Chrome/151.0.0.0 Mobile Safari/537.36"
138.0.134.182 - - [31/Jul/2026:11:16:57 -0300] "GET /cursos/curso-pago-teste-experiencia/ HTTP/1.1" 200 163176 "https://academy.kohlsolucoes.com.br/cursos/lgpd-aplicada-a-educacao-publica-sonora/" "Mozilla/5.0 (Linux; Android 10; K) AppleWebKit/537.36 (KHTML, like Gecko) Chrome/151.0.0.0 Mobile Safari/537.36"
129.121.49.162 - - [31/Jul/2026:11:17:07 -0300] "POST /wp-cron.php?doing_wp_cron=1785507427.9523429870605468750000 HTTP/1.1" 200 - "-" "WordPress/7.0.2; https://academy.kohlsolucoes.com.br"
138.0.134.182 - - [31/Jul/2026:11:17:07 -0300] "GET / HTTP/1.1" 200 177305 "https://academy.kohlsolucoes.com.br/cursos/lgpd-aplicada-a-educacao-publica-sonora/" "Mozilla/5.0 (Linux; Android 10; K) AppleWebKit/537.36 (KHTML, like Gecko) Chrome/151.0.0.0 Mobile Safari/537.36"
192.178.11.98 - - [31/Jul/2026:11:17:11 -0300] "GET / HTTP/1.1" 200 177305 "-" "Mozilla/5.0 (Linux; Android 10; K) AppleWebKit/537.36 (KHTML, like Gecko) Chrome/138.0.0.0 Mobile Safari/537.36 (compatible; Google-Read-Aloud; +https://support.google.com/webmasters/answer/1061943)"
192.178.11.98 - - [31/Jul/2026:11:17:11 -0300] "GET / HTTP/1.1" 200 177305 "-" "Mozilla/5.0 (Linux; Android 10; K) AppleWebKit/537.36 (KHTML, like Gecko) Chrome/138.0.0.0 Mobile Safari/537.36 (compatible; Google-Read-Aloud; +https://support.google.com/webmasters/answer/1061943)"
192.178.11.98 - - [31/Jul/2026:11:17:12 -0300] "GET /wp-content/plugins/edubin-core/assets/css/widget/title.css?ver=9.5.16 HTTP/1.1" 200 5853 "https://academy.kohlsolucoes.com.br/" "Mozilla/5.0 (Linux; Android 10; K) AppleWebKit/537.36 (KHTML, like Gecko) Chrome/138.0.0.0 Mobile Safari/537.36 (compatible; Google-Read-Aloud; +https://support.google.com/webmasters/answer/1061943)"
192.178.11.100 - - [31/Jul/2026:11:17:12 -0300] "GET /wp-content/themes/edubin/assets/css/woocommerce.css?ver=1.0.3 HTTP/1.1" 200 88937 "https://academy.kohlsolucoes.com.br/" "Mozilla/5.0 (Linux; Android 10; K) AppleWebKit/537.36 (KHTML, like Gecko) Chrome/138.0.0.0 Mobile Safari/537.36 (compatible; Google-Read-Aloud; +https://support.google.com/webmasters/answer/1061943)"
192.178.11.98 - - [31/Jul/2026:11:17:12 -0300] "GET /wp-content/themes/edubin/assets/css/tutor.css?ver=1.0.3 HTTP/1.1" 200 14122 "https://academy.kohlsolucoes.com.br/" "Mozilla/5.0 (Linux; Android 10; K) AppleWebKit/537.36 (KHTML, like Gecko) Chrome/138.0.0.0 Mobile Safari/537.36 (compatible; Google-Read-Aloud; +https://support.google.com/webmasters/answer/1061943)"
192.178.11.101 - - [31/Jul/2026:11:17:12 -0300] "GET /wp-content/plugins/woocommerce/assets/css/woocommerce-layout.css?ver=10.9.4 HTTP/1.1" 200 19780 "https://academy.kohlsolucoes.com.br/" "Mozilla/5.0 (Linux; Android 10; K) AppleWebKit/537.36 (KHTML, like Gecko) Chrome/138.0.0.0 Mobile Safari/537.36 (compatible; Google-Read-Aloud; +https://support.google.com/webmasters/answer/1061943)"
192.178.11.101 - - [31/Jul/2026:11:17:12 -0300] "GET /wp-content/plugins/tutor-pro/addons/enrollments/assets/css/enroll.css?ver=3.9.13 HTTP/1.1" 200 946 "https://academy.kohlsolucoes.com.br/" "Mozilla/5.0 (Linux; Android 10; K) AppleWebKit/537.36 (KHTML, like Gecko) Chrome/138.0.0.0 Mobile Safari/537.36 (compatible; Google-Read-Aloud; +https://support.google.com/webmasters/answer/1061943)"
192.178.11.103 - - [31/Jul/2026:11:17:12 -0300] "GET /wp-content/plugins/fluentform/assets/css/fluent-forms-elementor-widget.css?ver=6.2.8 HTTP/1.1" 200 3933 "https://academy.kohlsolucoes.com.br/" "Mozilla/5.0 (Linux; Android 10; K) AppleWebKit/537.36 (KHTML, like Gecko) Chrome/138.0.0.0 Mobile Safari/537.36 (compatible; Google-Read-Aloud; +https://support.google.com/webmasters/answer/1061943)"
192.178.11.98 - - [31/Jul/2026:11:17:12 -0300] "GET /wp-content/uploads/elementor/css/post-30.css?ver=1785095733 HTTP/1.1" 200 21274 "https://academy.kohlsolucoes.com.br/" "Mozilla/5.0 (Linux; Android 10; K) AppleWebKit/537.36 (KHTML, like Gecko) Chrome/138.0.0.0 Mobile Safari/537.36 (compatible; Google-Read-Aloud; +https://support.google.com/webmasters/answer/1061943)"
192.178.11.99 - - [31/Jul/2026:11:17:12 -0300] "GET /wp-content/plugins/edubin-core/assets/css/widget/animation.css?ver=1.0.3 HTTP/1.1" 200 3670 "https://academy.kohlsolucoes.com.br/" "Mozilla/5.0 (Linux; Android 10; K) AppleWebKit/537.36 (KHTML, like Gecko) Chrome/138.0.0.0 Mobile Safari/537.36 (compatible; Google-Read-Aloud; +https://support.google.com/webmasters/answer/1061943)"
