191.37.93.121 - - [31/Jul/2026:16:41:00 -0300] "GET /wp-content/plugins/tutor-pro/assets/lib/codesample/prism.css?ver=3.9.13 HTTP/1.1" 304 - "https://academy.kohlsolucoes.com.br/" "Mozilla/5.0 (Windows NT 10.0; Win64; x64) AppleWebKit/537.36 (KHTML, like Gecko) Chrome/150.0.0.0 Safari/537.36"
191.37.93.121 - - [31/Jul/2026:16:41:00 -0300] "GET /wp-includes/js/jquery/jquery-migrate.min.js?ver=3.4.1 HTTP/1.1" 304 - "https://academy.kohlsolucoes.com.br/" "Mozilla/5.0 (Windows NT 10.0; Win64; x64) AppleWebKit/537.36 (KHTML, like Gecko) Chrome/150.0.0.0 Safari/537.36"
191.37.93.121 - - [31/Jul/2026:16:41:00 -0300] "GET /wp-content/uploads/elementor/css/post-30.css?ver=1785095733 HTTP/1.1" 304 - "https://academy.kohlsolucoes.com.br/" "Mozilla/5.0 (Windows NT 10.0; Win64; x64) AppleWebKit/537.36 (KHTML, like Gecko) Chrome/150.0.0.0 Safari/537.36"
191.37.93.121 - - [31/Jul/2026:16:41:00 -0300] "GET /wp-content/plugins/elementor/assets/css/widget-image.min.css?ver=4.2.0 HTTP/1.1" 304 - "https://academy.kohlsolucoes.com.br/" "Mozilla/5.0 (Windows NT 10.0; Win64; x64) AppleWebKit/537.36 (KHTML, like Gecko) Chrome/150.0.0.0 Safari/537.36"
191.37.93.121 - - [31/Jul/2026:16:41:00 -0300] "GET /wp-content/plugins/tutor-pro/addons/enrollments/assets/css/enroll.css?ver=3.9.13 HTTP/1.1" 304 - "https://academy.kohlsolucoes.com.br/" "Mozilla/5.0 (Windows NT 10.0; Win64; x64) AppleWebKit/537.36 (KHTML, like Gecko) Chrome/150.0.0.0 Safari/537.36"
191.37.93.121 - - [31/Jul/2026:16:41:00 -0300] "GET /wp-content/themes/edubin/assets/css/page-title.css?ver=1.0.3 HTTP/1.1" 304 - "https://academy.kohlsolucoes.com.br/" "Mozilla/5.0 (Windows NT 10.0; Win64; x64) AppleWebKit/537.36 (KHTML, like Gecko) Chrome/150.0.0.0 Safari/537.36"
191.37.93.121 - - [31/Jul/2026:16:41:00 -0300] "GET /wp-content/plugins/edubin-core/assets/css/widget/infobox.css?ver=9.5.16 HTTP/1.1" 304 - "https://academy.kohlsolucoes.com.br/" "Mozilla/5.0 (Windows NT 10.0; Win64; x64) AppleWebKit/537.36 (KHTML, like Gecko) Chrome/150.0.0.0 Safari/537.36"
191.37.93.121 - - [31/Jul/2026:16:41:00 -0300] "GET /wp-content/themes/edubin/assets/css/login-popup.css?ver=1.0.3 HTTP/1.1" 304 - "https://academy.kohlsolucoes.com.br/" "Mozilla/5.0 (Windows NT 10.0; Win64; x64) AppleWebKit/537.36 (KHTML, like Gecko) Chrome/150.0.0.0 Safari/537.36"
191.37.93.121 - - [31/Jul/2026:16:41:00 -0300] "GET /wp-content/plugins/woocommerce/assets/css/woocommerce.css?ver=10.9.4 HTTP/1.1" 304 - "https://academy.kohlsolucoes.com.br/" "Mozilla/5.0 (Windows NT 10.0; Win64; x64) AppleWebKit/537.36 (KHTML, like Gecko) Chrome/150.0.0.0 Safari/537.36"
191.37.93.121 - - [31/Jul/2026:16:41:00 -0300] "GET /wp-content/themes/edubin/assets/css/tutor.css?ver=1.0.3 HTTP/1.1" 304 - "https://academy.kohlsolucoes.com.br/" "Mozilla/5.0 (Windows NT 10.0; Win64; x64) AppleWebKit/537.36 (KHTML, like Gecko) Chrome/150.0.0.0 Safari/537.36"
191.37.93.121 - - [31/Jul/2026:16:41:00 -0300] "GET /wp-content/themes/edubin/assets/css/woocommerce.css?ver=1.0.3 HTTP/1.1" 304 - "https://academy.kohlsolucoes.com.br/" "Mozilla/5.0 (Windows NT 10.0; Win64; x64) AppleWebKit/537.36 (KHTML, like Gecko) Chrome/150.0.0.0 Safari/537.36"
191.37.93.121 - - [31/Jul/2026:16:41:00 -0300] "GET /wp-content/plugins/edubin-core/assets/css/widget/isotope.css?ver=9.5.16 HTTP/1.1" 304 - "https://academy.kohlsolucoes.com.br/" "Mozilla/5.0 (Windows NT 10.0; Win64; x64) AppleWebKit/537.36 (KHTML, like Gecko) Chrome/150.0.0.0 Safari/537.36"
191.37.93.121 - - [31/Jul/2026:16:41:00 -0300] "GET /wp-content/plugins/fluentform/assets/css/fluent-forms-elementor-widget.css?ver=6.2.8 HTTP/1.1" 304 - "https://academy.kohlsolucoes.com.br/" "Mozilla/5.0 (Windows NT 10.0; Win64; x64) AppleWebKit/537.36 (KHTML, like Gecko) Chrome/150.0.0.0 Safari/537.36"
191.37.93.121 - - [31/Jul/2026:16:41:00 -0300] "GET /wp-content/plugins/elementor/assets/css/widget-image-box.min.css?ver=4.2.0 HTTP/1.1" 304 - "https://academy.kohlsolucoes.com.br/" "Mozilla/5.0 (Windows NT 10.0; Win64; x64) AppleWebKit/537.36 (KHTML, like Gecko) Chrome/150.0.0.0 Safari/537.36"
191.37.93.121 - - [31/Jul/2026:16:41:00 -0300] "GET /wp-content/uploads/elementor/css/post-84.css?ver=1785095733 HTTP/1.1" 304 - "https://academy.kohlsolucoes.com.br/" "Mozilla/5.0 (Windows NT 10.0; Win64; x64) AppleWebKit/537.36 (KHTML, like Gecko) Chrome/150.0.0.0 Safari/537.36"
191.37.93.121 - - [31/Jul/2026:16:41:00 -0300] "GET /wp-content/themes/edubin/assets/css/search.css?ver=1.0.3 HTTP/1.1" 304 - "https://academy.kohlsolucoes.com.br/" "Mozilla/5.0 (Windows NT 10.0; Win64; x64) AppleWebKit/537.36 (KHTML, like Gecko) Chrome/150.0.0.0 Safari/537.36"
191.37.93.121 - - [31/Jul/2026:16:41:00 -0300] "GET /wp-content/themes/edubin/assets/css/global-courses.css?ver=1.0.3 HTTP/1.1" 304 - "https://academy.kohlsolucoes.com.br/" "Mozilla/5.0 (Windows NT 10.0; Win64; x64) AppleWebKit/537.36 (KHTML, like Gecko) Chrome/150.0.0.0 Safari/537.36"
191.37.93.121 - - [31/Jul/2026:16:41:00 -0300] "GET /wp-includes/js/jquery/jquery.min.js?ver=3.7.1 HTTP/1.1" 304 - "https://academy.kohlsolucoes.com.br/" "Mozilla/5.0 (Windows NT 10.0; Win64; x64) AppleWebKit/537.36 (KHTML, like Gecko) Chrome/150.0.0.0 Safari/537.36"
191.37.93.121 - - [31/Jul/2026:16:41:00 -0300] "GET /wp-content/plugins/elementor/assets/css/frontend.min.css?ver=4.2.0 HTTP/1.1" 304 - "https://academy.kohlsolucoes.com.br/" "Mozilla/5.0 (Windows NT 10.0; Win64; x64) AppleWebKit/537.36 (KHTML, like Gecko) Chrome/150.0.0.0 Safari/537.36"
191.37.93.121 - - [31/Jul/2026:16:41:00 -0300] "GET /wp-content/themes/edubin/assets/css/footer.css?ver=1.0.3 HTTP/1.1" 304 - "https://academy.kohlsolucoes.com.br/" "Mozilla/5.0 (Windows NT 10.0; Win64; x64) AppleWebKit/537.36 (KHTML, like Gecko) Chrome/150.0.0.0 Safari/537.36"
191.37.93.121 - - [31/Jul/2026:16:41:00 -0300] "GET /wp-content/themes/edubin/style.css?ver=7.0.2 HTTP/1.1" 304 - "https://academy.kohlsolucoes.com.br/" "Mozilla/5.0 (Windows NT 10.0; Win64; x64) AppleWebKit/537.36 (KHTML, like Gecko) Chrome/150.0.0.0 Safari/537.36"
66.249.88.229 - - [31/Jul/2026:16:40:57 -0300] "GET /.well-known/traffic-advice HTTP/1.1" 404 154749 "-" "Chrome Privacy Preserving Prefetch Proxy"
2001:4860:7:f03::f5 - - [31/Jul/2026:16:40:58 -0300] "GET / HTTP/1.1" 200 177305 "https://www.google.com/" "Mozilla/5.0 (Windows NT 10.0; Win64; x64) AppleWebKit/537.36 (KHTML, like Gecko) Chrome/150.0.0.0 Safari/537.36"
191.37.93.121 - - [31/Jul/2026:16:41:00 -0300] "GET /wp-content/uploads/2026/02/logo-kohl-solucoes.png HTTP/1.1" 304 - "https://academy.kohlsolucoes.com.br/" "Mozilla/5.0 (Windows NT 10.0; Win64; x64) AppleWebKit/537.36 (KHTML, like Gecko) Chrome/150.0.0.0 Safari/537.36"
191.37.93.121 - - [31/Jul/2026:16:41:00 -0300] "GET /wp-content/uploads/2026/05/EDUBIN0603.png HTTP/1.1" 304 - "https://academy.kohlsolucoes.com.br/" "Mozilla/5.0 (Windows NT 10.0; Win64; x64) AppleWebKit/537.36 (KHTML, like Gecko) Chrome/150.0.0.0 Safari/537.36"
191.37.93.121 - - [31/Jul/2026:16:41:00 -0300] "GET /wp-content/uploads/2026/05/EDUBIN0605.png HTTP/1.1" 304 - "https://academy.kohlsolucoes.com.br/" "Mozilla/5.0 (Windows NT 10.0; Win64; x64) AppleWebKit/537.36 (KHTML, like Gecko) Chrome/150.0.0.0 Safari/537.36"
191.37.93.121 - - [31/Jul/2026:16:41:00 -0300] "GET /wp-includes/js/jquery/ui/core.min.js?ver=1.13.3 HTTP/1.1" 304 - "https://academy.kohlsolucoes.com.br/" "Mozilla/5.0 (Windows NT 10.0; Win64; x64) AppleWebKit/537.36 (KHTML, like Gecko) Chrome/150.0.0.0 Safari/537.36"
191.37.93.121 - - [31/Jul/2026:16:41:00 -0300] "GET /wp-includes/js/dist/vendor/react-dom.min.js?ver=18.3.1.1 HTTP/1.1" 304 - "https://academy.kohlsolucoes.com.br/" "Mozilla/5.0 (Windows NT 10.0; Win64; x64) AppleWebKit/537.36 (KHTML, like Gecko) Chrome/150.0.0.0 Safari/537.36"
191.37.93.121 - - [31/Jul/2026:16:41:00 -0300] "GET /wp-content/uploads/2026/05/EDUBIN0602.png HTTP/1.1" 304 - "https://academy.kohlsolucoes.com.br/" "Mozilla/5.0 (Windows NT 10.0; Win64; x64) AppleWebKit/537.36 (KHTML, like Gecko) Chrome/150.0.0.0 Safari/537.36"
191.37.93.121 - - [31/Jul/2026:16:41:00 -0300] "GET /wp-content/plugins/tutor-pro/assets/lib/prism/script.js?ver=3.9.13 HTTP/1.1" 304 - "https://academy.kohlsolucoes.com.br/" "Mozilla/5.0 (Windows NT 10.0; Win64; x64) AppleWebKit/537.36 (KHTML, like Gecko) Chrome/150.0.0.0 Safari/537.36"
191.37.93.121 - - [31/Jul/2026:16:41:00 -0300] "GET /wp-includes/js/dist/vendor/moment.min.js?ver=2.30.1 HTTP/1.1" 304 - "https://academy.kohlsolucoes.com.br/" "Mozilla/5.0 (Windows NT 10.0; Win64; x64) AppleWebKit/537.36 (KHTML, like Gecko) Chrome/150.0.0.0 Safari/537.36"
191.37.93.121 - - [31/Jul/2026:16:41:00 -0300] "GET /wp-includes/js/jquery/ui/mouse.min.js?ver=1.13.3 HTTP/1.1" 304 - "https://academy.kohlsolucoes.com.br/" "Mozilla/5.0 (Windows NT 10.0; Win64; x64) AppleWebKit/537.36 (KHTML, like Gecko) Chrome/150.0.0.0 Safari/537.36"
191.37.93.121 - - [31/Jul/2026:16:41:00 -0300] "GET /wp-content/uploads/2026/05/EDUBIN0601.jpg HTTP/1.1" 304 - "https://academy.kohlsolucoes.com.br/" "Mozilla/5.0 (Windows NT 10.0; Win64; x64) AppleWebKit/537.36 (KHTML, like Gecko) Chrome/150.0.0.0 Safari/537.36"
191.37.93.121 - - [31/Jul/2026:16:41:00 -0300] "GET /wp-content/plugins/woocommerce/assets/css/woocommerce-smallscreen.css?ver=10.9.4 HTTP/1.1" 304 - "https://academy.kohlsolucoes.com.br/" "Mozilla/5.0 (Windows NT 10.0; Win64; x64) AppleWebKit/537.36 (KHTML, like Gecko) Chrome/150.0.0.0 Safari/537.36"
191.37.93.121 - - [31/Jul/2026:16:41:00 -0300] "GET /wp-content/plugins/fluentform/assets/js/fluent-forms-elementor-widget.js?ver=6.2.8 HTTP/1.1" 304 - "https://academy.kohlsolucoes.com.br/" "Mozilla/5.0 (Windows NT 10.0; Win64; x64) AppleWebKit/537.36 (KHTML, like Gecko) Chrome/150.0.0.0 Safari/537.36"
191.37.93.121 - - [31/Jul/2026:16:41:00 -0300] "GET /wp-includes/js/dist/i18n.min.js?ver=781d11515ad3d91786ec HTTP/1.1" 304 - "https://academy.kohlsolucoes.com.br/" "Mozilla/5.0 (Windows NT 10.0; Win64; x64) AppleWebKit/537.36 (KHTML, like Gecko) Chrome/150.0.0.0 Safari/537.36"
191.37.93.121 - - [31/Jul/2026:16:41:00 -0300] "GET /wp-includes/js/jquery/ui/datepicker.min.js?ver=1.13.3 HTTP/1.1" 304 - "https://academy.kohlsolucoes.com.br/" "Mozilla/5.0 (Windows NT 10.0; Win64; x64) AppleWebKit/537.36 (KHTML, like Gecko) Chrome/150.0.0.0 Safari/537.36"
191.37.93.121 - - [31/Jul/2026:16:41:00 -0300] "GET /wp-content/plugins/tutor/assets/js/tutor-front.js?ver=3.9.13 HTTP/1.1" 304 - "https://academy.kohlsolucoes.com.br/" "Mozilla/5.0 (Windows NT 10.0; Win64; x64) AppleWebKit/537.36 (KHTML, like Gecko) Chrome/150.0.0.0 Safari/537.36"
191.37.93.121 - - [31/Jul/2026:16:41:00 -0300] "GET /wp-includes/js/dist/escape-html.min.js?ver=3f093e5cca67aa0f8b56 HTTP/1.1" 304 - "https://academy.kohlsolucoes.com.br/" "Mozilla/5.0 (Windows NT 10.0; Win64; x64) AppleWebKit/537.36 (KHTML, like Gecko) Chrome/150.0.0.0 Safari/537.36"
191.37.93.121 - - [31/Jul/2026:16:41:00 -0300] "GET /wp-content/themes/edubin/assets/js/sal.min.js?ver=1.0.3 HTTP/1.1" 304 - "https://academy.kohlsolucoes.com.br/" "Mozilla/5.0 (Windows NT 10.0; Win64; x64) AppleWebKit/537.36 (KHTML, like Gecko) Chrome/150.0.0.0 Safari/537.36"
191.37.93.121 - - [31/Jul/2026:16:41:00 -0300] "GET /wp-content/themes/edubin/assets/js/edubin-mouse-move-animation.js?ver=1.0.3 HTTP/1.1" 304 - "https://academy.kohlsolucoes.com.br/" "Mozilla/5.0 (Windows NT 10.0; Win64; x64) AppleWebKit/537.36 (KHTML, like Gecko) Chrome/150.0.0.0 Safari/537.36"
191.37.93.121 - - [31/Jul/2026:16:41:00 -0300] "GET /wp-content/plugins/elementor/assets/js/frontend-modules.min.js?ver=4.2.0 HTTP/1.1" 304 - "https://academy.kohlsolucoes.com.br/" "Mozilla/5.0 (Windows NT 10.0; Win64; x64) AppleWebKit/537.36 (KHTML, like Gecko) Chrome/150.0.0.0 Safari/537.36"
191.37.93.121 - - [31/Jul/2026:16:41:00 -0300] "GET /wp-content/plugins/edubin-core/assets/js/tilt.jquery.min.js?ver=9.5.16 HTTP/1.1" 304 - "https://academy.kohlsolucoes.com.br/" "Mozilla/5.0 (Windows NT 10.0; Win64; x64) AppleWebKit/537.36 (KHTML, like Gecko) Chrome/150.0.0.0 Safari/537.36"
191.37.93.121 - - [31/Jul/2026:16:41:00 -0300] "GET /wp-content/plugins/edubin-core/assets/js/edubin-active.js?ver=9.5.16 HTTP/1.1" 304 - "https://academy.kohlsolucoes.com.br/" "Mozilla/5.0 (Windows NT 10.0; Win64; x64) AppleWebKit/537.36 (KHTML, like Gecko) Chrome/150.0.0.0 Safari/537.36"
191.37.93.121 - - [31/Jul/2026:16:41:00 -0300] "GET /wp-content/plugins/woocommerce/assets/client/blocks/wc-blocks.css?ver=wc-10.9.4 HTTP/1.1" 304 - "https://academy.kohlsolucoes.com.br/" "Mozilla/5.0 (Windows NT 10.0; Win64; x64) AppleWebKit/537.36 (KHTML, like Gecko) Chrome/150.0.0.0 Safari/537.36"
191.37.93.121 - - [31/Jul/2026:16:41:00 -0300] "GET /wp-content/plugins/elementor-pro/assets/js/frontend.min.js?ver=4.2.0 HTTP/1.1" 304 - "https://academy.kohlsolucoes.com.br/" "Mozilla/5.0 (Windows NT 10.0; Win64; x64) AppleWebKit/537.36 (KHTML, like Gecko) Chrome/150.0.0.0 Safari/537.36"
191.37.93.121 - - [31/Jul/2026:16:41:00 -0300] "GET /wp-content/plugins/tutor/assets/lib/SocialShare/SocialShare.min.js?ver=3.9.13 HTTP/1.1" 304 - "https://academy.kohlsolucoes.com.br/" "Mozilla/5.0 (Windows NT 10.0; Win64; x64) AppleWebKit/537.36 (KHTML, like Gecko) Chrome/150.0.0.0 Safari/537.36"
191.37.93.121 - - [31/Jul/2026:16:41:00 -0300] "GET /wp-includes/js/dist/deprecated.min.js?ver=990e85f234fee8f7d446 HTTP/1.1" 304 - "https://academy.kohlsolucoes.com.br/" "Mozilla/5.0 (Windows NT 10.0; Win64; x64) AppleWebKit/537.36 (KHTML, like Gecko) Chrome/150.0.0.0 Safari/537.36"
191.37.93.121 - - [31/Jul/2026:16:41:00 -0300] "GET /wp-includes/js/quicktags.min.js?ver=7.0.2 HTTP/1.1" 304 - "https://academy.kohlsolucoes.com.br/" "Mozilla/5.0 (Windows NT 10.0; Win64; x64) AppleWebKit/537.36 (KHTML, like Gecko) Chrome/150.0.0.0 Safari/537.36"
191.37.93.121 - - [31/Jul/2026:16:41:00 -0300] "GET /wp-content/plugins/elementor/assets/js/webpack.runtime.min.js?ver=4.2.0 HTTP/1.1" 304 - "https://academy.kohlsolucoes.com.br/" "Mozilla/5.0 (Windows NT 10.0; Win64; x64) AppleWebKit/537.36 (KHTML, like Gecko) Chrome/150.0.0.0 Safari/537.36"
191.37.93.121 - - [31/Jul/2026:16:41:00 -0300] "GET /wp-includes/js/dist/hooks.min.js?ver=7496969728ca0f95732d HTTP/1.1" 304 - "https://academy.kohlsolucoes.com.br/" "Mozilla/5.0 (Windows NT 10.0; Win64; x64) AppleWebKit/537.36 (KHTML, like Gecko) Chrome/150.0.0.0 Safari/537.36"
191.37.93.121 - - [31/Jul/2026:16:41:00 -0300] "GET /wp-content/plugins/edubin-core/assets/js/isotope.min.js?ver=1.0.3 HTTP/1.1" 304 - "https://academy.kohlsolucoes.com.br/" "Mozilla/5.0 (Windows NT 10.0; Win64; x64) AppleWebKit/537.36 (KHTML, like Gecko) Chrome/150.0.0.0 Safari/537.36"
191.37.93.121 - - [31/Jul/2026:16:41:00 -0300] "GET /wp-includes/js/dist/date.min.js?ver=c9f8e7dd3232716f34e9 HTTP/1.1" 304 - "https://academy.kohlsolucoes.com.br/" "Mozilla/5.0 (Windows NT 10.0; Win64; x64) AppleWebKit/537.36 (KHTML, like Gecko) Chrome/150.0.0.0 Safari/537.36"
191.37.93.121 - - [31/Jul/2026:16:41:00 -0300] "GET /wp-content/uploads/2026/05/EDUBIN0587.png HTTP/1.1" 304 - "https://academy.kohlsolucoes.com.br/" "Mozilla/5.0 (Windows NT 10.0; Win64; x64) AppleWebKit/537.36 (KHTML, like Gecko) Chrome/150.0.0.0 Safari/537.36"
191.37.93.121 - - [31/Jul/2026:16:41:00 -0300] "GET /wp-content/plugins/elementor-pro/assets/js/webpack-pro.runtime.min.js?ver=4.2.0 HTTP/1.1" 304 - "https://academy.kohlsolucoes.com.br/" "Mozilla/5.0 (Windows NT 10.0; Win64; x64) AppleWebKit/537.36 (KHTML, like Gecko) Chrome/150.0.0.0 Safari/537.36"
191.37.93.121 - - [31/Jul/2026:16:41:00 -0300] "GET /wp-content/plugins/tutor/assets/js/tutor.js?ver=3.9.13 HTTP/1.1" 304 - "https://academy.kohlsolucoes.com.br/" "Mozilla/5.0 (Windows NT 10.0; Win64; x64) AppleWebKit/537.36 (KHTML, like Gecko) Chrome/150.0.0.0 Safari/537.36"
191.37.93.121 - - [31/Jul/2026:16:41:00 -0300] "GET /wp-content/plugins/woocommerce/assets/js/frontend/order-attribution.min.js?ver=10.9.4 HTTP/1.1" 304 - "https://academy.kohlsolucoes.com.br/" "Mozilla/5.0 (Windows NT 10.0; Win64; x64) AppleWebKit/537.36 (KHTML, like Gecko) Chrome/150.0.0.0 Safari/537.36"
191.37.93.121 - - [31/Jul/2026:16:41:00 -0300] "GET /wp-content/themes/edubin/assets/js/navigation.js?ver=1.0.3 HTTP/1.1" 304 - "https://academy.kohlsolucoes.com.br/" "Mozilla/5.0 (Windows NT 10.0; Win64; x64) AppleWebKit/537.36 (KHTML, like Gecko) Chrome/150.0.0.0 Safari/537.36"
191.37.93.121 - - [31/Jul/2026:16:41:00 -0300] "GET /wp-content/plugins/tutor-pro/assets/js/front.js?ver=3.9.13 HTTP/1.1" 304 - "https://academy.kohlsolucoes.com.br/" "Mozilla/5.0 (Windows NT 10.0; Win64; x64) AppleWebKit/537.36 (KHTML, like Gecko) Chrome/150.0.0.0 Safari/537.36"
191.37.93.121 - - [31/Jul/2026:16:41:00 -0300] "GET /wp-includes/js/jquery/jquery.ui.touch-punch.js?ver=0.2.2 HTTP/1.1" 304 - "https://academy.kohlsolucoes.com.br/" "Mozilla/5.0 (Windows NT 10.0; Win64; x64) AppleWebKit/537.36 (KHTML, like Gecko) Chrome/150.0.0.0 Safari/537.36"
191.37.93.121 - - [31/Jul/2026:16:41:00 -0300] "GET /wp-content/themes/edubin/assets/js/back-to-top.js?ver=1.0.3 HTTP/1.1" 304 - "https://academy.kohlsolucoes.com.br/" "Mozilla/5.0 (Windows NT 10.0; Win64; x64) AppleWebKit/537.36 (KHTML, like Gecko) Chrome/150.0.0.0 Safari/537.36"
191.37.93.121 - - [31/Jul/2026:16:41:00 -0300] "GET /wp-content/plugins/woocommerce/assets/js/js-cookie/js.cookie.min.js?ver=2.1.4-wc.10.9.4 HTTP/1.1" 304 - "https://academy.kohlsolucoes.com.br/" "Mozilla/5.0 (Windows NT 10.0; Win64; x64) AppleWebKit/537.36 (KHTML, like Gecko) Chrome/150.0.0.0 Safari/537.36"
191.37.93.121 - - [31/Jul/2026:16:41:00 -0300] "GET /wp-content/plugins/edubin-core/assets/js/edubin-animation.min.js?ver=9.5.16 HTTP/1.1" 304 - "https://academy.kohlsolucoes.com.br/" "Mozilla/5.0 (Windows NT 10.0; Win64; x64) AppleWebKit/537.36 (KHTML, like Gecko) Chrome/150.0.0.0 Safari/537.36"
191.37.93.121 - - [31/Jul/2026:16:41:00 -0300] "GET /wp-content/themes/edubin/assets/js/headroom.min.js?ver=1.0.3 HTTP/1.1" 304 - "https://academy.kohlsolucoes.com.br/" "Mozilla/5.0 (Windows NT 10.0; Win64; x64) AppleWebKit/537.36 (KHTML, like Gecko) Chrome/150.0.0.0 Safari/537.36"
191.37.93.121 - - [31/Jul/2026:16:41:00 -0300] "GET /wp-includes/js/jquery/ui/sortable.min.js?ver=1.13.3 HTTP/1.1" 304 - "https://academy.kohlsolucoes.com.br/" "Mozilla/5.0 (Windows NT 10.0; Win64; x64) AppleWebKit/537.36 (KHTML, like Gecko) Chrome/150.0.0.0 Safari/537.36"
191.37.93.121 - - [31/Jul/2026:16:41:00 -0300] "GET /wp-content/plugins/edubin-core/assets/js/swiper-bundle.min.js?ver=1.0.3 HTTP/1.1" 304 - "https://academy.kohlsolucoes.com.br/" "Mozilla/5.0 (Windows NT 10.0; Win64; x64) AppleWebKit/537.36 (KHTML, like Gecko) Chrome/150.0.0.0 Safari/537.36"
191.37.93.121 - - [31/Jul/2026:16:41:00 -0300] "GET /wp-content/plugins/woocommerce/assets/js/sourcebuster/sourcebuster.min.js?ver=10.9.4 HTTP/1.1" 304 - "https://academy.kohlsolucoes.com.br/" "Mozilla/5.0 (Windows NT 10.0; Win64; x64) AppleWebKit/537.36 (KHTML, like Gecko) Chrome/150.0.0.0 Safari/537.36"
191.37.93.121 - - [31/Jul/2026:16:41:00 -0300] "GET /wp-content/plugins/woocommerce/assets/js/frontend/woocommerce.min.js?ver=10.9.4 HTTP/1.1" 304 - "https://academy.kohlsolucoes.com.br/" "Mozilla/5.0 (Windows NT 10.0; Win64; x64) AppleWebKit/537.36 (KHTML, like Gecko) Chrome/150.0.0.0 Safari/537.36"
191.37.93.121 - - [31/Jul/2026:16:41:00 -0300] "GET /wp-content/themes/edubin/assets/js/youtube-popup.js?ver=1.0.3 HTTP/1.1" 304 - "https://academy.kohlsolucoes.com.br/" "Mozilla/5.0 (Windows NT 10.0; Win64; x64) AppleWebKit/537.36 (KHTML, like Gecko) Chrome/150.0.0.0 Safari/537.36"
191.37.93.121 - - [31/Jul/2026:16:41:00 -0300] "GET /wp-content/plugins/elementor-pro/assets/js/elements-handlers.min.js?ver=4.2.0 HTTP/1.1" 304 - "https://academy.kohlsolucoes.com.br/" "Mozilla/5.0 (Windows NT 10.0; Win64; x64) AppleWebKit/537.36 (KHTML, like Gecko) Chrome/150.0.0.0 Safari/537.36"
191.37.93.121 - - [31/Jul/2026:16:41:00 -0300] "GET /wp-content/uploads/2026/05/academy.png HTTP/1.1" 304 - "https://academy.kohlsolucoes.com.br/" "Mozilla/5.0 (Windows NT 10.0; Win64; x64) AppleWebKit/537.36 (KHTML, like Gecko) Chrome/150.0.0.0 Safari/537.36"
191.37.93.121 - - [31/Jul/2026:16:41:00 -0300] "GET /wp-includes/js/dist/vendor/react.min.js?ver=18.3.1.1 HTTP/1.1" 304 - "https://academy.kohlsolucoes.com.br/" "Mozilla/5.0 (Windows NT 10.0; Win64; x64) AppleWebKit/537.36 (KHTML, like Gecko) Chrome/150.0.0.0 Safari/537.36"
191.37.93.121 - - [31/Jul/2026:16:41:00 -0300] "GET /wp-content/plugins/tutor-pro/assets/lib/prism/prism.min.js?ver=3.9.13 HTTP/1.1" 304 - "https://academy.kohlsolucoes.com.br/" "Mozilla/5.0 (Windows NT 10.0; Win64; x64) AppleWebKit/537.36 (KHTML, like Gecko) Chrome/150.0.0.0 Safari/537.36"
191.37.93.121 - - [31/Jul/2026:16:41:00 -0300] "GET /wp-content/plugins/woocommerce/assets/js/frontend/add-to-cart.min.js?ver=10.9.4 HTTP/1.1" 304 - "https://academy.kohlsolucoes.com.br/" "Mozilla/5.0 (Windows NT 10.0; Win64; x64) AppleWebKit/537.36 (KHTML, like Gecko) Chrome/150.0.0.0 Safari/537.36"
191.37.93.121 - - [31/Jul/2026:16:41:00 -0300] "GET /wp-content/themes/edubin/assets/js/init.js?ver=1.0.3 HTTP/1.1" 304 - "https://academy.kohlsolucoes.com.br/" "Mozilla/5.0 (Windows NT 10.0; Win64; x64) AppleWebKit/537.36 (KHTML, like Gecko) Chrome/150.0.0.0 Safari/537.36"
191.37.93.121 - - [31/Jul/2026:16:41:00 -0300] "GET /wp-content/plugins/elementor/assets/js/frontend.min.js?ver=4.2.0 HTTP/1.1" 304 - "https://academy.kohlsolucoes.com.br/" "Mozilla/5.0 (Windows NT 10.0; Win64; x64) AppleWebKit/537.36 (KHTML, like Gecko) Chrome/150.0.0.0 Safari/537.36"
191.37.93.121 - - [31/Jul/2026:16:41:00 -0300] "GET /wp-includes/js/dist/element.min.js?ver=15ba804677f72a8db97b HTTP/1.1" 304 - "https://academy.kohlsolucoes.com.br/" "Mozilla/5.0 (Windows NT 10.0; Win64; x64) AppleWebKit/537.36 (KHTML, like Gecko) Chrome/150.0.0.0 Safari/537.36"
191.37.93.121 - - [31/Jul/2026:16:41:00 -0300] "GET /wp-content/plugins/woocommerce/assets/js/jquery-blockui/jquery.blockUI.min.js?ver=2.7.0-wc.10.9.4 HTTP/1.1" 304 - "https://academy.kohlsolucoes.com.br/" "Mozilla/5.0 (Windows NT 10.0; Win64; x64) AppleWebKit/537.36 (KHTML, like Gecko) Chrome/150.0.0.0 Safari/537.36"
191.37.93.121 - - [31/Jul/2026:16:41:00 -0300] "GET /wp-content/uploads/2026/05/EDUBIN0521.png HTTP/1.1" 304 - "https://academy.kohlsolucoes.com.br/" "Mozilla/5.0 (Windows NT 10.0; Win64; x64) AppleWebKit/537.36 (KHTML, like Gecko) Chrome/150.0.0.0 Safari/537.36"
191.37.93.121 - - [31/Jul/2026:16:41:00 -0300] "GET /wp-content/plugins/tutor/assets/fonts/tutor-v2.woff HTTP/1.1" 304 - "https://academy.kohlsolucoes.com.br/wp-content/plugins/tutor/assets/css/tutor-icon.min.css?ver=3.9.13" "Mozilla/5.0 (Windows NT 10.0; Win64; x64) AppleWebKit/537.36 (KHTML, like Gecko) Chrome/150.0.0.0 Safari/537.36"
191.37.93.121 - - [31/Jul/2026:16:41:00 -0300] "GET /wp-content/themes/edubin/assets/fonts/flaticon_edubin.woff2?3a6c14212907e1cbaf6aebe6e0c247e7 HTTP/1.1" 304 - "https://academy.kohlsolucoes.com.br/wp-content/themes/edubin/assets/fonts/flaticon_edubin.css?ver=1.0.3" "Mozilla/5.0 (Windows NT 10.0; Win64; x64) AppleWebKit/537.36 (KHTML, like Gecko) Chrome/150.0.0.0 Safari/537.36"
191.37.93.121 - - [31/Jul/2026:16:41:00 -0300] "GET /wp-content/uploads/2026/05/EDUBIN0520.png HTTP/1.1" 304 - "https://academy.kohlsolucoes.com.br/" "Mozilla/5.0 (Windows NT 10.0; Win64; x64) AppleWebKit/537.36 (KHTML, like Gecko) Chrome/150.0.0.0 Safari/537.36"
191.37.93.121 - - [31/Jul/2026:16:41:00 -0300] "GET /wp-content/fonts/heebo/NGS6v5_NC0k9P9H2TbE.woff2 HTTP/1.1" 304 - "https://academy.kohlsolucoes.com.br/" "Mozilla/5.0 (Windows NT 10.0; Win64; x64) AppleWebKit/537.36 (KHTML, like Gecko) Chrome/150.0.0.0 Safari/537.36"
191.37.93.121 - - [31/Jul/2026:16:41:00 -0300] "GET /wp-content/uploads/2026/05/EDUBIN0519.png HTTP/1.1" 304 - "https://academy.kohlsolucoes.com.br/" "Mozilla/5.0 (Windows NT 10.0; Win64; x64) AppleWebKit/537.36 (KHTML, like Gecko) Chrome/150.0.0.0 Safari/537.36"
191.37.93.121 - - [31/Jul/2026:16:41:00 -0300] "GET /wp-content/uploads/2026/05/EDUBIN0521-1.png HTTP/1.1" 304 - "https://academy.kohlsolucoes.com.br/" "Mozilla/5.0 (Windows NT 10.0; Win64; x64) AppleWebKit/537.36 (KHTML, like Gecko) Chrome/150.0.0.0 Safari/537.36"
191.37.93.121 - - [31/Jul/2026:16:41:00 -0300] "GET /wp-content/plugins/tutor/assets/fonts/tutor.woff HTTP/1.1" 304 - "https://academy.kohlsolucoes.com.br/wp-content/plugins/tutor/assets/css/tutor-icon.min.css?ver=3.9.13" "Mozilla/5.0 (Windows NT 10.0; Win64; x64) AppleWebKit/537.36 (KHTML, like Gecko) Chrome/150.0.0.0 Safari/537.36"
191.37.93.121 - - [31/Jul/2026:16:41:01 -0300] "GET /wp-content/plugins/elementor/assets/js/shared-frontend-handlers.03caa53373b56d3bab67.bundle.min.js HTTP/1.1" 304 - "https://academy.kohlsolucoes.com.br/" "Mozilla/5.0 (Windows NT 10.0; Win64; x64) AppleWebKit/537.36 (KHTML, like Gecko) Chrome/150.0.0.0 Safari/537.36"
191.37.93.121 - - [31/Jul/2026:16:41:01 -0300] "GET /wp-content/plugins/elementor/assets/js/text-editor.45609661e409413f1cef.bundle.min.js HTTP/1.1" 304 - "https://academy.kohlsolucoes.com.br/" "Mozilla/5.0 (Windows NT 10.0; Win64; x64) AppleWebKit/537.36 (KHTML, like Gecko) Chrome/150.0.0.0 Safari/537.36"
191.37.93.121 - - [31/Jul/2026:16:41:01 -0300] "GET /wp-includes/js/wp-emoji-release.min.js?ver=7.0.2 HTTP/1.1" 304 - "https://academy.kohlsolucoes.com.br/" "Mozilla/5.0 (Windows NT 10.0; Win64; x64) AppleWebKit/537.36 (KHTML, like Gecko) Chrome/150.0.0.0 Safari/537.36"
191.37.93.121 - - [31/Jul/2026:16:41:16 -0300] "GET /wp-content/plugins/tutor/assets/lib/plyr/plyr.css?ver=3.9.13 HTTP/1.1" 304 - "https://academy.kohlsolucoes.com.br/cursos/curso-pago-teste-experiencia/" "Mozilla/5.0 (Windows NT 10.0; Win64; x64) AppleWebKit/537.36 (KHTML, like Gecko) Chrome/150.0.0.0 Safari/537.36"
191.37.93.121 - - [31/Jul/2026:16:41:16 -0300] "GET /wp-includes/css/dist/block-library/style.min.css?ver=7.0.2 HTTP/1.1" 304 - "https://academy.kohlsolucoes.com.br/cursos/curso-pago-teste-experiencia/" "Mozilla/5.0 (Windows NT 10.0; Win64; x64) AppleWebKit/537.36 (KHTML, like Gecko) Chrome/150.0.0.0 Safari/537.36"
191.37.93.121 - - [31/Jul/2026:16:41:16 -0300] "GET /wp-content/plugins/tutor-pro/assets/css/course-details.css?ver=3.9.13 HTTP/1.1" 304 - "https://academy.kohlsolucoes.com.br/cursos/curso-pago-teste-experiencia/" "Mozilla/5.0 (Windows NT 10.0; Win64; x64) AppleWebKit/537.36 (KHTML, like Gecko) Chrome/150.0.0.0 Safari/537.36"
129.121.49.162 - - [31/Jul/2026:16:41:16 -0300] "POST /wp-cron.php?doing_wp_cron=1785526876.6762619018554687500000 HTTP/1.1" 200 - "-" "WordPress/7.0.2; https://academy.kohlsolucoes.com.br"
191.37.93.121 - - [31/Jul/2026:16:41:16 -0300] "GET /cursos/curso-pago-teste-experiencia/ HTTP/1.1" 200 163176 "https://academy.kohlsolucoes.com.br/" "Mozilla/5.0 (Windows NT 10.0; Win64; x64) AppleWebKit/537.36 (KHTML, like Gecko) Chrome/150.0.0.0 Safari/537.36"
191.37.93.121 - - [31/Jul/2026:16:41:16 -0300] "GET /wp-content/themes/edubin/assets/css/social-share.css?ver=1.0.3 HTTP/1.1" 304 - "https://academy.kohlsolucoes.com.br/cursos/curso-pago-teste-experiencia/" "Mozilla/5.0 (Windows NT 10.0; Win64; x64) AppleWebKit/537.36 (KHTML, like Gecko) Chrome/150.0.0.0 Safari/537.36"
191.37.93.121 - - [31/Jul/2026:16:41:16 -0300] "GET /wp-content/plugins/tutor/assets/lib/plyr/plyr.polyfilled.min.js?ver=3.9.13 HTTP/1.1" 304 - "https://academy.kohlsolucoes.com.br/cursos/curso-pago-teste-experiencia/" "Mozilla/5.0 (Windows NT 10.0; Win64; x64) AppleWebKit/537.36 (KHTML, like Gecko) Chrome/150.0.0.0 Safari/537.36"
191.37.93.121 - - [31/Jul/2026:16:41:16 -0300] "GET /wp-includes/js/tinymce/tinymce.min.js?ver=3.9.13 HTTP/1.1" 304 - "https://academy.kohlsolucoes.com.br/cursos/curso-pago-teste-experiencia/" "Mozilla/5.0 (Windows NT 10.0; Win64; x64) AppleWebKit/537.36 (KHTML, like Gecko) Chrome/150.0.0.0 Safari/537.36"
191.37.93.121 - - [31/Jul/2026:16:41:16 -0300] "GET /wp-content/plugins/tutor-pro/assets/lib/codesample/prism.min.js?ver=3.9.13 HTTP/1.1" 304 - "https://academy.kohlsolucoes.com.br/cursos/curso-pago-teste-experiencia/" "Mozilla/5.0 (Windows NT 10.0; Win64; x64) AppleWebKit/537.36 (KHTML, like Gecko) Chrome/150.0.0.0 Safari/537.36"
191.37.93.121 - - [31/Jul/2026:16:41:16 -0300] "GET /wp-content/plugins/tutor-pro/assets/lib/tinymce/code.plugin.min.js?ver=3.9.13 HTTP/1.1" 304 - "https://academy.kohlsolucoes.com.br/cursos/curso-pago-teste-experiencia/" "Mozilla/5.0 (Windows NT 10.0; Win64; x64) AppleWebKit/537.36 (KHTML, like Gecko) Chrome/150.0.0.0 Safari/537.36"
191.37.93.121 - - [31/Jul/2026:16:41:16 -0300] "GET /wp-content/themes/edubin//assets/images/header.jpg HTTP/1.1" 304 - "https://academy.kohlsolucoes.com.br/cursos/curso-pago-teste-experiencia/" "Mozilla/5.0 (Windows NT 10.0; Win64; x64) AppleWebKit/537.36 (KHTML, like Gecko) Chrome/150.0.0.0 Safari/537.36"
191.37.93.121 - - [31/Jul/2026:16:41:17 -0300] "POST /wp-admin/admin-ajax.php HTTP/1.1" 200 1 "https://academy.kohlsolucoes.com.br/cursos/curso-pago-teste-experiencia/" "Mozilla/5.0 (Windows NT 10.0; Win64; x64) AppleWebKit/537.36 (KHTML, like Gecko) Chrome/150.0.0.0 Safari/537.36"
2804:3b1c:191:2301:c3a4:a4e6:f979:80a7 - - [31/Jul/2026:16:56:44 -0300] "GET /wp-content/themes/edubin/assets/css/comments.css?ver=1.0.3 HTTP/1.1" 304 - "https://academy.kohlsolucoes.com.br/cursos/lgpd-aplicada-a-saude-publica/atividade/aula-01-conceitos-importantes-2/" "Mozilla/5.0 (Linux; Android 10; K) AppleWebKit/537.36 (KHTML, like Gecko) SamsungBrowser/30.0 Chrome/143.0.0.0 Mobile Safari/537.36"
129.121.49.162 - - [31/Jul/2026:17:21:17 -0300] "POST /wp-cron.php?doing_wp_cron=1785529277.4169640541076660156250 HTTP/1.1" 200 - "-" "WordPress/7.0.2; https://academy.kohlsolucoes.com.br"
170.80.35.54 - - [31/Jul/2026:17:21:15 -0300] "GET /favicon.ico HTTP/1.1" 302 - "-" "NetworkingExtension/8624.2.5.10.4 Network/5812.122.1 iOS/26.5"
170.80.35.54 - - [31/Jul/2026:17:21:17 -0300] "GET /wp-content/uploads/2026/02/cropped-favicon-kohl-32x32.png HTTP/1.1" 304 - "-" "NetworkingExtension/8624.2.5.10.4 Network/5812.122.1 iOS/26.5"
170.80.35.54 - - [31/Jul/2026:17:21:15 -0300] "GET /apple-touch-icon.png HTTP/1.1" 404 154749 "-" "NetworkingExtension/8624.2.5.10.4 Network/5812.122.1 iOS/26.5"
170.80.35.54 - - [31/Jul/2026:17:21:15 -0300] "GET /apple-touch-icon-precomposed.png HTTP/1.1" 404 154749 "-" "NetworkingExtension/8624.2.5.10.4 Network/5812.122.1 iOS/26.5"
170.80.35.54 - - [31/Jul/2026:17:21:15 -0300] "GET /cursos/lgpd-aplicada-a-educacao-publica-sonora/ HTTP/1.1" 200 169217 "-" "Mozilla/5.0 (Macintosh; Intel Mac OS X 10_11_1) AppleWebKit/601.2.4 (KHTML, like Gecko) Version/9.0.1 Safari/601.2.4 facebookexternalhit/1.1 Facebot Twitterbot/1.0"
170.80.35.54 - - [31/Jul/2026:17:21:17 -0300] "GET /wp-content/uploads/2026/05/Captura-de-tela-2026-05-11-140727.png HTTP/1.1" 304 - "-" "NetworkingExtension/8624.2.5.10.4 Network/5812.122.1 iOS/26.5"
170.80.35.54 - - [31/Jul/2026:17:21:18 -0300] "GET /wp-content/uploads/2026/02/cropped-favicon-kohl-180x180.png HTTP/1.1" 304 - "-" "NetworkingExtension/8624.2.5.10.4 Network/5812.122.1 iOS/26.5"
170.80.35.54 - - [31/Jul/2026:17:21:18 -0300] "GET /wp-content/uploads/2026/02/cropped-favicon-kohl-192x192.png HTTP/1.1" 304 - "-" "NetworkingExtension/8624.2.5.10.4 Network/5812.122.1 iOS/26.5"
129.121.49.162 - - [31/Jul/2026:17:34:25 -0300] "POST /wp-cron.php?doing_wp_cron=1785530065.8853640556335449218750 HTTP/1.1" 200 - "-" "WordPress/7.0.2; https://academy.kohlsolucoes.com.br"
129.121.49.162 - - [31/Jul/2026:17:34:23 -0300] "GET / HTTP/1.1" 200 177305 "-" "curl/7.76.1"
129.121.49.162 - - [31/Jul/2026:17:40:06 -0300] "POST /wp-cron.php?doing_wp_cron=1785530406.3530108928680419921875 HTTP/1.1" 200 - "-" "WordPress/7.0.2; https://academy.kohlsolucoes.com.br"
138.59.127.113 - - [31/Jul/2026:17:40:04 -0300] "GET / HTTP/1.1" 200 177305 "-" "curl/8.7.1"
129.121.49.162 - - [31/Jul/2026:18:23:10 -0300] "POST /wp-cron.php?doing_wp_cron=1785532990.8131940364837646484375 HTTP/1.1" 200 - "-" "WordPress/7.0.2; https://academy.kohlsolucoes.com.br"
138.0.134.190 - - [31/Jul/2026:18:23:08 -0300] "GET /cursos/lgpd-aplicada-a-educacao-publica-sonora/atividade/aula-02-principios-e-bases-legais-de-tratamento-3/ HTTP/1.1" 200 199487 "https://academy.kohlsolucoes.com.br/cursos/lgpd-aplicada-a-educacao-publica-sonora/atividade/aula-01-conceitos-importantes-4/" "Mozilla/5.0 (Linux; Android 10; K) AppleWebKit/537.36 (KHTML, like Gecko) Chrome/150.0.0.0 Mobile Safari/537.36"
138.0.134.190 - - [31/Jul/2026:18:23:08 -0300] "GET /cursos/lgpd-aplicada-a-educacao-publica-sonora/ HTTP/1.1" 200 199250 "-" "Mozilla/5.0 (Linux; Android 10; K) AppleWebKit/537.36 (KHTML, like Gecko) Chrome/150.0.0.0 Mobile Safari/537.36"
129.121.49.162 - - [31/Jul/2026:18:23:12 -0300] "POST /wp-admin/admin-ajax.php?action=wordfence_testAjax HTTP/1.1" 200 12 "-" "WordPress/7.0.2; https://academy.kohlsolucoes.com.br"
138.0.134.190 - - [31/Jul/2026:18:23:14 -0300] "POST /wp-admin/admin-ajax.php HTTP/1.1" 200 52 "https://academy.kohlsolucoes.com.br/cursos/lgpd-aplicada-a-educacao-publica-sonora/" "Mozilla/5.0 (Linux; Android 10; K) AppleWebKit/537.36 (KHTML, like Gecko) Chrome/150.0.0.0 Mobile Safari/537.36"
129.121.49.162 - - [31/Jul/2026:18:23:14 -0300] "POST /wp-cron.php?doing_wp_cron=1785532994.4526219367980957031250 HTTP/1.1" 200 - "-" "WordPress/7.0.2; https://academy.kohlsolucoes.com.br"
138.0.134.190 - - [31/Jul/2026:18:23:14 -0300] "GET /cursos/lgpd-aplicada-a-educacao-publica-sonora/atividade/aula-02-principios-e-bases-legais-de-tratamento-3/ HTTP/1.1" 200 199487 "https://academy.kohlsolucoes.com.br/cursos/lgpd-aplicada-a-educacao-publica-sonora/" "Mozilla/5.0 (Linux; Android 10; K) AppleWebKit/537.36 (KHTML, like Gecko) Chrome/150.0.0.0 Mobile Safari/537.36"
138.0.134.190 - - [31/Jul/2026:18:23:15 -0300] "POST /wp-admin/admin-ajax.php HTTP/1.1" 200 - "https://academy.kohlsolucoes.com.br/cursos/lgpd-aplicada-a-educacao-publica-sonora/atividade/aula-02-principios-e-bases-legais-de-tratamento-3/" "Mozilla/5.0 (Linux; Android 10; K) AppleWebKit/537.36 (KHTML, like Gecko) Chrome/150.0.0.0 Mobile Safari/537.36"
138.0.134.190 - - [31/Jul/2026:18:23:27 -0300] "POST /wp-admin/admin-ajax.php HTTP/1.1" 200 - "https://academy.kohlsolucoes.com.br/cursos/lgpd-aplicada-a-educacao-publica-sonora/atividade/aula-02-principios-e-bases-legais-de-tratamento-3/" "Mozilla/5.0 (Linux; Android 10; K) AppleWebKit/537.36 (KHTML, like Gecko) Chrome/150.0.0.0 Mobile Safari/537.36"
129.121.49.162 - - [31/Jul/2026:18:23:28 -0300] "GET /.user.ini HTTP/1.1" 404 154749 "-" "WordPress/7.0.2; https://academy.kohlsolucoes.com.br"
138.0.134.190 - - [31/Jul/2026:18:23:37 -0300] "POST /wp-admin/admin-ajax.php HTTP/1.1" 200 - "https://academy.kohlsolucoes.com.br/cursos/lgpd-aplicada-a-educacao-publica-sonora/atividade/aula-02-principios-e-bases-legais-de-tratamento-3/" "Mozilla/5.0 (Linux; Android 10; K) AppleWebKit/537.36 (KHTML, like Gecko) Chrome/150.0.0.0 Mobile Safari/537.36"
138.0.134.190 - - [31/Jul/2026:18:23:47 -0300] "POST /wp-admin/admin-ajax.php HTTP/1.1" 200 - "https://academy.kohlsolucoes.com.br/cursos/lgpd-aplicada-a-educacao-publica-sonora/atividade/aula-02-principios-e-bases-legais-de-tratamento-3/" "Mozilla/5.0 (Linux; Android 10; K) AppleWebKit/537.36 (KHTML, like Gecko) Chrome/150.0.0.0 Mobile Safari/537.36"
138.0.134.190 - - [31/Jul/2026:18:23:57 -0300] "POST /wp-admin/admin-ajax.php HTTP/1.1" 200 - "https://academy.kohlsolucoes.com.br/cursos/lgpd-aplicada-a-educacao-publica-sonora/atividade/aula-02-principios-e-bases-legais-de-tratamento-3/" "Mozilla/5.0 (Linux; Android 10; K) AppleWebKit/537.36 (KHTML, like Gecko) Chrome/150.0.0.0 Mobile Safari/537.36"
129.121.49.162 - - [31/Jul/2026:18:23:12 -0300] "GET /wp-admin/admin-ajax.php?action=wordfence_doScan&isFork=0&scanMode=standard&cronKey=cd785bd5f8b758f912e582f171828128&signature=88ca13fd4166c7459d6ecba2d9e71686135da4d07754d33dcf6354691c989124 HTTP/1.1" 200 - "-" "WordPress/7.0.2; https://academy.kohlsolucoes.com.br"
129.121.49.162 - - [31/Jul/2026:18:24:07 -0300] "POST /wp-cron.php?doing_wp_cron=1785533047.3404378890991210937500 HTTP/1.1" 200 - "-" "WordPress/7.0.2; https://academy.kohlsolucoes.com.br"
138.0.134.190 - - [31/Jul/2026:18:24:07 -0300] "POST /wp-admin/admin-ajax.php HTTP/1.1" 200 - "https://academy.kohlsolucoes.com.br/cursos/lgpd-aplicada-a-educacao-publica-sonora/atividade/aula-02-principios-e-bases-legais-de-tratamento-3/" "Mozilla/5.0 (Linux; Android 10; K) AppleWebKit/537.36 (KHTML, like Gecko) Chrome/150.0.0.0 Mobile Safari/537.36"
129.121.49.162 - - [31/Jul/2026:18:24:18 -0300] "POST /wp-cron.php?doing_wp_cron=1785533058.3650259971618652343750 HTTP/1.1" 200 - "-" "WordPress/7.0.2; https://academy.kohlsolucoes.com.br"
138.0.134.190 - - [31/Jul/2026:18:24:17 -0300] "POST /wp-admin/admin-ajax.php HTTP/1.1" 200 - "https://academy.kohlsolucoes.com.br/cursos/lgpd-aplicada-a-educacao-publica-sonora/atividade/aula-02-principios-e-bases-legais-de-tratamento-3/" "Mozilla/5.0 (Linux; Android 10; K) AppleWebKit/537.36 (KHTML, like Gecko) Chrome/150.0.0.0 Mobile Safari/537.36"
129.121.49.162 - - [31/Jul/2026:18:24:17 -0300] "POST /wp-admin/admin-ajax.php?action=as_async_request_queue_runner&nonce=525c9d9a39 HTTP/1.1" 200 - "-" "WordPress/7.0.2; https://academy.kohlsolucoes.com.br"
129.121.49.162 - - [31/Jul/2026:18:24:27 -0300] "POST /wp-cron.php?doing_wp_cron=1785533067.3562951087951660156250 HTTP/1.1" 200 - "-" "WordPress/7.0.2; https://academy.kohlsolucoes.com.br"
138.0.134.190 - - [31/Jul/2026:18:24:27 -0300] "POST /wp-admin/admin-ajax.php HTTP/1.1" 200 - "https://academy.kohlsolucoes.com.br/cursos/lgpd-aplicada-a-educacao-publica-sonora/atividade/aula-02-principios-e-bases-legais-de-tratamento-3/" "Mozilla/5.0 (Linux; Android 10; K) AppleWebKit/537.36 (KHTML, like Gecko) Chrome/150.0.0.0 Mobile Safari/537.36"
138.0.134.190 - - [31/Jul/2026:18:24:37 -0300] "POST /wp-admin/admin-ajax.php HTTP/1.1" 200 - "https://academy.kohlsolucoes.com.br/cursos/lgpd-aplicada-a-educacao-publica-sonora/atividade/aula-02-principios-e-bases-legais-de-tratamento-3/" "Mozilla/5.0 (Linux; Android 10; K) AppleWebKit/537.36 (KHTML, like Gecko) Chrome/150.0.0.0 Mobile Safari/537.36"
129.121.49.162 - - [31/Jul/2026:18:24:46 -0300] "POST /wp-cron.php?doing_wp_cron=1785533086.1854300498962402343750 HTTP/1.1" 200 - "-" "WordPress/7.0.2; https://academy.kohlsolucoes.com.br"
129.121.49.162 - - [31/Jul/2026:18:23:59 -0300] "GET /wp-admin/admin-ajax.php?action=wordfence_doScan&isFork=1&scanMode=standard&cronKey=55bda90995dbe4ed23ed3ae2b387d7ab&signature=50210ca8ade3442d18e72fdecc6e12fe78ef932b0ef911e3f1c7bf3c10469c73 HTTP/1.1" 200 - "-" "WordPress/7.0.2; https://academy.kohlsolucoes.com.br"
138.0.134.190 - - [31/Jul/2026:18:24:47 -0300] "POST /wp-admin/admin-ajax.php HTTP/1.1" 200 - "https://academy.kohlsolucoes.com.br/cursos/lgpd-aplicada-a-educacao-publica-sonora/atividade/aula-02-principios-e-bases-legais-de-tratamento-3/" "Mozilla/5.0 (Linux; Android 10; K) AppleWebKit/537.36 (KHTML, like Gecko) Chrome/150.0.0.0 Mobile Safari/537.36"
138.0.134.190 - - [31/Jul/2026:18:24:57 -0300] "POST /wp-admin/admin-ajax.php HTTP/1.1" 200 - "https://academy.kohlsolucoes.com.br/cursos/lgpd-aplicada-a-educacao-publica-sonora/atividade/aula-02-principios-e-bases-legais-de-tratamento-3/" "Mozilla/5.0 (Linux; Android 10; K) AppleWebKit/537.36 (KHTML, like Gecko) Chrome/150.0.0.0 Mobile Safari/537.36"
138.0.134.190 - - [31/Jul/2026:18:25:07 -0300] "POST /wp-admin/admin-ajax.php HTTP/1.1" 200 - "https://academy.kohlsolucoes.com.br/cursos/lgpd-aplicada-a-educacao-publica-sonora/atividade/aula-02-principios-e-bases-legais-de-tratamento-3/" "Mozilla/5.0 (Linux; Android 10; K) AppleWebKit/537.36 (KHTML, like Gecko) Chrome/150.0.0.0 Mobile Safari/537.36"
138.0.134.190 - - [31/Jul/2026:18:25:17 -0300] "POST /wp-admin/admin-ajax.php HTTP/1.1" 200 - "https://academy.kohlsolucoes.com.br/cursos/lgpd-aplicada-a-educacao-publica-sonora/atividade/aula-02-principios-e-bases-legais-de-tratamento-3/" "Mozilla/5.0 (Linux; Android 10; K) AppleWebKit/537.36 (KHTML, like Gecko) Chrome/150.0.0.0 Mobile Safari/537.36"
138.0.134.190 - - [31/Jul/2026:18:25:27 -0300] "POST /wp-admin/admin-ajax.php HTTP/1.1" 200 - "https://academy.kohlsolucoes.com.br/cursos/lgpd-aplicada-a-educacao-publica-sonora/atividade/aula-02-principios-e-bases-legais-de-tratamento-3/" "Mozilla/5.0 (Linux; Android 10; K) AppleWebKit/537.36 (KHTML, like Gecko) Chrome/150.0.0.0 Mobile Safari/537.36"
129.121.49.162 - - [31/Jul/2026:18:24:45 -0300] "GET /wp-admin/admin-ajax.php?action=wordfence_doScan&isFork=1&scanMode=standard&cronKey=4bc4ff35b9e7c881c46d7a7e0ff164e2&signature=94838e99c9e38631a740a365dd3f312619981d651beb16177d73f51d87dcc151 HTTP/1.1" 200 - "-" "WordPress/7.0.2; https://academy.kohlsolucoes.com.br"
129.121.49.162 - - [31/Jul/2026:18:25:27 -0300] "POST /wp-admin/admin-ajax.php?action=as_async_request_queue_runner&nonce=525c9d9a39 HTTP/1.1" 200 - "-" "WordPress/7.0.2; https://academy.kohlsolucoes.com.br"
138.0.134.190 - - [31/Jul/2026:18:25:37 -0300] "POST /wp-admin/admin-ajax.php HTTP/1.1" 200 - "https://academy.kohlsolucoes.com.br/cursos/lgpd-aplicada-a-educacao-publica-sonora/atividade/aula-02-principios-e-bases-legais-de-tratamento-3/" "Mozilla/5.0 (Linux; Android 10; K) AppleWebKit/537.36 (KHTML, like Gecko) Chrome/150.0.0.0 Mobile Safari/537.36"
129.121.49.162 - - [31/Jul/2026:18:25:47 -0300] "POST /wp-cron.php?doing_wp_cron=1785533147.3288590908050537109375 HTTP/1.1" 200 - "-" "WordPress/7.0.2; https://academy.kohlsolucoes.com.br"
138.0.134.190 - - [31/Jul/2026:18:25:47 -0300] "POST /wp-admin/admin-ajax.php HTTP/1.1" 200 - "https://academy.kohlsolucoes.com.br/cursos/lgpd-aplicada-a-educacao-publica-sonora/atividade/aula-02-principios-e-bases-legais-de-tratamento-3/" "Mozilla/5.0 (Linux; Android 10; K) AppleWebKit/537.36 (KHTML, like Gecko) Chrome/150.0.0.0 Mobile Safari/537.36"
138.0.134.190 - - [31/Jul/2026:18:25:57 -0300] "POST /wp-admin/admin-ajax.php HTTP/1.1" 200 - "https://academy.kohlsolucoes.com.br/cursos/lgpd-aplicada-a-educacao-publica-sonora/atividade/aula-02-principios-e-bases-legais-de-tratamento-3/" "Mozilla/5.0 (Linux; Android 10; K) AppleWebKit/537.36 (KHTML, like Gecko) Chrome/150.0.0.0 Mobile Safari/537.36"
129.121.49.162 - - [31/Jul/2026:18:26:07 -0300] "POST /wp-cron.php?doing_wp_cron=1785533167.3227150440216064453125 HTTP/1.1" 200 - "-" "WordPress/7.0.2; https://academy.kohlsolucoes.com.br"
138.0.134.190 - - [31/Jul/2026:18:26:07 -0300] "POST /wp-admin/admin-ajax.php HTTP/1.1" 200 - "https://academy.kohlsolucoes.com.br/cursos/lgpd-aplicada-a-educacao-publica-sonora/atividade/aula-02-principios-e-bases-legais-de-tratamento-3/" "Mozilla/5.0 (Linux; Android 10; K) AppleWebKit/537.36 (KHTML, like Gecko) Chrome/150.0.0.0 Mobile Safari/537.36"
129.121.49.162 - - [31/Jul/2026:18:26:17 -0300] "POST /wp-cron.php?doing_wp_cron=1785533177.3364880084991455078125 HTTP/1.1" 200 - "-" "WordPress/7.0.2; https://academy.kohlsolucoes.com.br"
138.0.134.190 - - [31/Jul/2026:18:26:17 -0300] "POST /wp-admin/admin-ajax.php HTTP/1.1" 200 - "https://academy.kohlsolucoes.com.br/cursos/lgpd-aplicada-a-educacao-publica-sonora/atividade/aula-02-principios-e-bases-legais-de-tratamento-3/" "Mozilla/5.0 (Linux; Android 10; K) AppleWebKit/537.36 (KHTML, like Gecko) Chrome/150.0.0.0 Mobile Safari/537.36"
129.121.49.162 - - [31/Jul/2026:18:26:18 -0300] "POST /wp-cron.php?doing_wp_cron=1785533178.1822950839996337890625 HTTP/1.1" 200 - "-" "WordPress/7.0.2; https://academy.kohlsolucoes.com.br"
129.121.49.162 - - [31/Jul/2026:18:25:31 -0300] "GET /wp-admin/admin-ajax.php?action=wordfence_doScan&isFork=1&scanMode=standard&cronKey=3022a3f67b26f9c6a149064f3ba69a99&signature=c1ed12a6d0b71dbaf34ece281f0b7a9c5eb86e97d9968652a12f04c6570a1db0 HTTP/1.1" 200 - "-" "WordPress/7.0.2; https://academy.kohlsolucoes.com.br"
138.0.134.190 - - [31/Jul/2026:18:26:27 -0300] "POST /wp-admin/admin-ajax.php HTTP/1.1" 200 - "https://academy.kohlsolucoes.com.br/cursos/lgpd-aplicada-a-educacao-publica-sonora/atividade/aula-02-principios-e-bases-legais-de-tratamento-3/" "Mozilla/5.0 (Linux; Android 10; K) AppleWebKit/537.36 (KHTML, like Gecko) Chrome/150.0.0.0 Mobile Safari/537.36"
138.0.134.190 - - [31/Jul/2026:18:26:37 -0300] "POST /wp-admin/admin-ajax.php HTTP/1.1" 200 - "https://academy.kohlsolucoes.com.br/cursos/lgpd-aplicada-a-educacao-publica-sonora/atividade/aula-02-principios-e-bases-legais-de-tratamento-3/" "Mozilla/5.0 (Linux; Android 10; K) AppleWebKit/537.36 (KHTML, like Gecko) Chrome/150.0.0.0 Mobile Safari/537.36"
138.0.134.190 - - [31/Jul/2026:18:26:38 -0300] "POST /wp-admin/admin-ajax.php HTTP/1.1" 200 - "https://academy.kohlsolucoes.com.br/cursos/lgpd-aplicada-a-educacao-publica-sonora/atividade/aula-02-principios-e-bases-legais-de-tratamento-3/" "Mozilla/5.0 (Linux; Android 10; K) AppleWebKit/537.36 (KHTML, like Gecko) Chrome/150.0.0.0 Mobile Safari/537.36"
129.121.49.162 - - [31/Jul/2026:18:26:37 -0300] "POST /wp-admin/admin-ajax.php?action=as_async_request_queue_runner&nonce=525c9d9a39 HTTP/1.1" 200 - "-" "WordPress/7.0.2; https://academy.kohlsolucoes.com.br"
129.121.49.162 - - [31/Jul/2026:18:27:04 -0300] "POST /wp-cron.php?doing_wp_cron=1785533224.1843318939208984375000 HTTP/1.1" 200 - "-" "WordPress/7.0.2; https://academy.kohlsolucoes.com.br"
129.121.49.162 - - [31/Jul/2026:18:26:17 -0300] "GET /wp-admin/admin-ajax.php?action=wordfence_doScan&isFork=1&scanMode=standard&cronKey=c884bc6d20a9b93deedc8ae8d273f41a&signature=9c84e31137b2dc6c48f398d558a50100b81344e7660b9227990ed5e4563a1782 HTTP/1.1" 200 - "-" "WordPress/7.0.2; https://academy.kohlsolucoes.com.br"
129.121.49.162 - - [31/Jul/2026:18:27:51 -0300] "POST /wp-cron.php?doing_wp_cron=1785533271.1895968914031982421875 HTTP/1.1" 200 - "-" "WordPress/7.0.2; https://academy.kohlsolucoes.com.br"
129.121.49.162 - - [31/Jul/2026:18:27:03 -0300] "GET /wp-admin/admin-ajax.php?action=wordfence_doScan&isFork=1&scanMode=standard&cronKey=3ec43c405721ad5594b69dfedf3cf188&signature=e18e8bfc484da5f5094d22e1dee067b6f5221864056ae6aa8c571adcebc23844 HTTP/1.1" 200 - "-" "WordPress/7.0.2; https://academy.kohlsolucoes.com.br"
129.121.49.162 - - [31/Jul/2026:18:27:50 -0300] "POST /wp-admin/admin-ajax.php?action=as_async_request_queue_runner&nonce=1eeaf908fe HTTP/1.1" 200 - "-" "WordPress/7.0.2; https://academy.kohlsolucoes.com.br"
129.121.49.162 - - [31/Jul/2026:18:28:36 -0300] "POST /wp-cron.php?doing_wp_cron=1785533316.1838018894195556640625 HTTP/1.1" 200 - "-" "WordPress/7.0.2; https://academy.kohlsolucoes.com.br"
129.121.49.162 - - [31/Jul/2026:18:27:49 -0300] "GET /wp-admin/admin-ajax.php?action=wordfence_doScan&isFork=1&scanMode=standard&cronKey=be3ed385d33c9f19f7778e71cd5cc685&signature=c573882a0bee9931ac4113cedabaabea62b22bacad16487eee5bed43633d47d6 HTTP/1.1" 200 - "-" "WordPress/7.0.2; https://academy.kohlsolucoes.com.br"
129.121.49.162 - - [31/Jul/2026:18:29:23 -0300] "POST /wp-cron.php?doing_wp_cron=1785533363.1901779174804687500000 HTTP/1.1" 200 - "-" "WordPress/7.0.2; https://academy.kohlsolucoes.com.br"
129.121.49.162 - - [31/Jul/2026:18:28:35 -0300] "GET /wp-admin/admin-ajax.php?action=wordfence_doScan&isFork=1&scanMode=standard&cronKey=c68f8e71ad380d35539cd781f75b7b73&signature=0f9a7db9e405758dfa98668d41b8b69e5621d85f0ee699c4386e43e1689a006c HTTP/1.1" 200 - "-" "WordPress/7.0.2; https://academy.kohlsolucoes.com.br"
129.121.49.162 - - [31/Jul/2026:18:29:27 -0300] "POST /wp-cron.php?doing_wp_cron=1785533367.4631299972534179687500 HTTP/1.1" 200 - "-" "WordPress/7.0.2; https://academy.kohlsolucoes.com.br"
129.121.49.162 - - [31/Jul/2026:18:29:22 -0300] "POST /wp-admin/admin-ajax.php?action=as_async_request_queue_runner&nonce=1eeaf908fe HTTP/1.1" 200 - "-" "WordPress/7.0.2; https://academy.kohlsolucoes.com.br"
129.121.49.162 - - [31/Jul/2026:18:30:08 -0300] "POST /wp-cron.php?doing_wp_cron=1785533408.1838459968566894531250 HTTP/1.1" 200 - "-" "WordPress/7.0.2; https://academy.kohlsolucoes.com.br"
129.121.49.162 - - [31/Jul/2026:18:29:21 -0300] "GET /wp-admin/admin-ajax.php?action=wordfence_doScan&isFork=1&scanMode=standard&cronKey=64d5853693ed2dad7d55ee623e8db18d&signature=803faeb6dfa8e3a45a8e59c8ab6717de46e4a78d1570710dc9ebf55e7c5f54ce HTTP/1.1" 200 - "-" "WordPress/7.0.2; https://academy.kohlsolucoes.com.br"
129.121.49.162 - - [31/Jul/2026:18:30:55 -0300] "POST /wp-cron.php?doing_wp_cron=1785533455.1921010017395019531250 HTTP/1.1" 200 - "-" "WordPress/7.0.2; https://academy.kohlsolucoes.com.br"
129.121.49.162 - - [31/Jul/2026:18:30:07 -0300] "GET /wp-admin/admin-ajax.php?action=wordfence_doScan&isFork=1&scanMode=standard&cronKey=d1eb9d16b2eeef104c69d3e221e0eca6&signature=ec44dac8b537220490d0665087e96ed1cee97648eaee7f7ddde25450f8dcbef4 HTTP/1.1" 200 - "-" "WordPress/7.0.2; https://academy.kohlsolucoes.com.br"
129.121.49.162 - - [31/Jul/2026:18:30:54 -0300] "POST /wp-admin/admin-ajax.php?action=as_async_request_queue_runner&nonce=1eeaf908fe HTTP/1.1" 200 - "-" "WordPress/7.0.2; https://academy.kohlsolucoes.com.br"
129.121.49.162 - - [31/Jul/2026:18:31:18 -0300] "POST /wp-cron.php?doing_wp_cron=1785533478.2420349121093750000000 HTTP/1.1" 200 - "-" "WordPress/7.0.2; https://academy.kohlsolucoes.com.br"
129.121.49.162 - - [31/Jul/2026:18:30:53 -0300] "GET /wp-admin/admin-ajax.php?action=wordfence_doScan&isFork=1&scanMode=standard&cronKey=e0efdd763d569de9bc27fd0792d89e27&signature=33f635ebd370d42a0d29f82eb60b274a604214ac19b4743dc146d4100e60fc11 HTTP/1.1" 200 - "-" "WordPress/7.0.2; https://academy.kohlsolucoes.com.br"