170.238.251.110 - - [31/Jul/2026:12:39:45 -0300] "POST /wp-admin/admin-ajax.php HTTP/1.1" 200 1 "https://academy.kohlsolucoes.com.br/cursos/lgpd-aplicada-a-educacao-publica-sonora/atividade/aula-02-principios-e-bases-legais-de-tratamento-3/" "Mozilla/5.0 (iPhone; CPU iPhone OS 18_7 like Mac OS X) AppleWebKit/605.1.15 (KHTML, like Gecko) Version/26.5.2 Mobile/15E148 Safari/604.1"
170.238.251.110 - - [31/Jul/2026:12:39:55 -0300] "POST /wp-admin/admin-ajax.php HTTP/1.1" 200 1 "https://academy.kohlsolucoes.com.br/cursos/lgpd-aplicada-a-educacao-publica-sonora/atividade/aula-02-principios-e-bases-legais-de-tratamento-3/" "Mozilla/5.0 (iPhone; CPU iPhone OS 18_7 like Mac OS X) AppleWebKit/605.1.15 (KHTML, like Gecko) Version/26.5.2 Mobile/15E148 Safari/604.1"
170.238.251.110 - - [31/Jul/2026:12:40:05 -0300] "POST /wp-admin/admin-ajax.php HTTP/1.1" 200 1 "https://academy.kohlsolucoes.com.br/cursos/lgpd-aplicada-a-educacao-publica-sonora/atividade/aula-02-principios-e-bases-legais-de-tratamento-3/" "Mozilla/5.0 (iPhone; CPU iPhone OS 18_7 like Mac OS X) AppleWebKit/605.1.15 (KHTML, like Gecko) Version/26.5.2 Mobile/15E148 Safari/604.1"
129.121.49.162 - - [31/Jul/2026:12:40:15 -0300] "POST /wp-cron.php?doing_wp_cron=1785512415.9112100601196289062500 HTTP/1.1" 200 - "-" "WordPress/7.0.2; https://academy.kohlsolucoes.com.br"
170.238.251.110 - - [31/Jul/2026:12:40:15 -0300] "POST /wp-admin/admin-ajax.php HTTP/1.1" 200 1 "https://academy.kohlsolucoes.com.br/cursos/lgpd-aplicada-a-educacao-publica-sonora/atividade/aula-02-principios-e-bases-legais-de-tratamento-3/" "Mozilla/5.0 (iPhone; CPU iPhone OS 18_7 like Mac OS X) AppleWebKit/605.1.15 (KHTML, like Gecko) Version/26.5.2 Mobile/15E148 Safari/604.1"
170.238.251.110 - - [31/Jul/2026:12:40:25 -0300] "POST /wp-admin/admin-ajax.php HTTP/1.1" 200 1 "https://academy.kohlsolucoes.com.br/cursos/lgpd-aplicada-a-educacao-publica-sonora/atividade/aula-02-principios-e-bases-legais-de-tratamento-3/" "Mozilla/5.0 (iPhone; CPU iPhone OS 18_7 like Mac OS X) AppleWebKit/605.1.15 (KHTML, like Gecko) Version/26.5.2 Mobile/15E148 Safari/604.1"
170.238.251.110 - - [31/Jul/2026:12:40:35 -0300] "POST /wp-admin/admin-ajax.php HTTP/1.1" 200 1 "https://academy.kohlsolucoes.com.br/cursos/lgpd-aplicada-a-educacao-publica-sonora/atividade/aula-02-principios-e-bases-legais-de-tratamento-3/" "Mozilla/5.0 (iPhone; CPU iPhone OS 18_7 like Mac OS X) AppleWebKit/605.1.15 (KHTML, like Gecko) Version/26.5.2 Mobile/15E148 Safari/604.1"
170.238.251.110 - - [31/Jul/2026:12:40:45 -0300] "POST /wp-admin/admin-ajax.php HTTP/1.1" 200 1 "https://academy.kohlsolucoes.com.br/cursos/lgpd-aplicada-a-educacao-publica-sonora/atividade/aula-02-principios-e-bases-legais-de-tratamento-3/" "Mozilla/5.0 (iPhone; CPU iPhone OS 18_7 like Mac OS X) AppleWebKit/605.1.15 (KHTML, like Gecko) Version/26.5.2 Mobile/15E148 Safari/604.1"
170.238.251.110 - - [31/Jul/2026:12:40:55 -0300] "POST /wp-admin/admin-ajax.php HTTP/1.1" 200 1 "https://academy.kohlsolucoes.com.br/cursos/lgpd-aplicada-a-educacao-publica-sonora/atividade/aula-02-principios-e-bases-legais-de-tratamento-3/" "Mozilla/5.0 (iPhone; CPU iPhone OS 18_7 like Mac OS X) AppleWebKit/605.1.15 (KHTML, like Gecko) Version/26.5.2 Mobile/15E148 Safari/604.1"
170.238.251.110 - - [31/Jul/2026:12:41:05 -0300] "POST /wp-admin/admin-ajax.php HTTP/1.1" 200 1 "https://academy.kohlsolucoes.com.br/cursos/lgpd-aplicada-a-educacao-publica-sonora/atividade/aula-02-principios-e-bases-legais-de-tratamento-3/" "Mozilla/5.0 (iPhone; CPU iPhone OS 18_7 like Mac OS X) AppleWebKit/605.1.15 (KHTML, like Gecko) Version/26.5.2 Mobile/15E148 Safari/604.1"
129.121.49.162 - - [31/Jul/2026:12:41:16 -0300] "POST /wp-cron.php?doing_wp_cron=1785512476.0355820655822753906250 HTTP/1.1" 200 - "-" "WordPress/7.0.2; https://academy.kohlsolucoes.com.br"
170.238.251.110 - - [31/Jul/2026:12:41:15 -0300] "POST /wp-admin/admin-ajax.php HTTP/1.1" 200 1 "https://academy.kohlsolucoes.com.br/cursos/lgpd-aplicada-a-educacao-publica-sonora/atividade/aula-02-principios-e-bases-legais-de-tratamento-3/" "Mozilla/5.0 (iPhone; CPU iPhone OS 18_7 like Mac OS X) AppleWebKit/605.1.15 (KHTML, like Gecko) Version/26.5.2 Mobile/15E148 Safari/604.1"
94.154.43.183 - - [31/Jul/2026:12:41:19 -0300] "GET / HTTP/1.1" 503 18322 "-" "Mozilla/5.0 (Windows NT 10.0; Win64; x64) AppleWebKit/537.36 (KHTML, like Gecko) Chrome/147.0.0.0 Safari/537.36"
129.121.49.162 - - [31/Jul/2026:12:41:26 -0300] "POST /?wordfence_syncAttackData=1785512485.9684 HTTP/1.1" 200 - "-" "WordPress/7.0.2; https://academy.kohlsolucoes.com.br"
170.238.251.110 - - [31/Jul/2026:12:41:25 -0300] "POST /wp-admin/admin-ajax.php HTTP/1.1" 200 1 "https://academy.kohlsolucoes.com.br/cursos/lgpd-aplicada-a-educacao-publica-sonora/atividade/aula-02-principios-e-bases-legais-de-tratamento-3/" "Mozilla/5.0 (iPhone; CPU iPhone OS 18_7 like Mac OS X) AppleWebKit/605.1.15 (KHTML, like Gecko) Version/26.5.2 Mobile/15E148 Safari/604.1"
170.238.251.110 - - [31/Jul/2026:12:41:35 -0300] "POST /wp-admin/admin-ajax.php HTTP/1.1" 200 1 "https://academy.kohlsolucoes.com.br/cursos/lgpd-aplicada-a-educacao-publica-sonora/atividade/aula-02-principios-e-bases-legais-de-tratamento-3/" "Mozilla/5.0 (iPhone; CPU iPhone OS 18_7 like Mac OS X) AppleWebKit/605.1.15 (KHTML, like Gecko) Version/26.5.2 Mobile/15E148 Safari/604.1"
170.238.251.110 - - [31/Jul/2026:12:41:45 -0300] "POST /wp-admin/admin-ajax.php HTTP/1.1" 200 1 "https://academy.kohlsolucoes.com.br/cursos/lgpd-aplicada-a-educacao-publica-sonora/atividade/aula-02-principios-e-bases-legais-de-tratamento-3/" "Mozilla/5.0 (iPhone; CPU iPhone OS 18_7 like Mac OS X) AppleWebKit/605.1.15 (KHTML, like Gecko) Version/26.5.2 Mobile/15E148 Safari/604.1"
170.238.251.110 - - [31/Jul/2026:12:41:55 -0300] "POST /wp-admin/admin-ajax.php HTTP/1.1" 200 1 "https://academy.kohlsolucoes.com.br/cursos/lgpd-aplicada-a-educacao-publica-sonora/atividade/aula-02-principios-e-bases-legais-de-tratamento-3/" "Mozilla/5.0 (iPhone; CPU iPhone OS 18_7 like Mac OS X) AppleWebKit/605.1.15 (KHTML, like Gecko) Version/26.5.2 Mobile/15E148 Safari/604.1"
129.121.49.162 - - [31/Jul/2026:12:42:06 -0300] "POST /wp-cron.php?doing_wp_cron=1785512526.1517000198364257812500 HTTP/1.1" 200 - "-" "WordPress/7.0.2; https://academy.kohlsolucoes.com.br"
170.238.251.110 - - [31/Jul/2026:12:42:05 -0300] "POST /wp-admin/admin-ajax.php HTTP/1.1" 200 1 "https://academy.kohlsolucoes.com.br/cursos/lgpd-aplicada-a-educacao-publica-sonora/atividade/aula-02-principios-e-bases-legais-de-tratamento-3/" "Mozilla/5.0 (iPhone; CPU iPhone OS 18_7 like Mac OS X) AppleWebKit/605.1.15 (KHTML, like Gecko) Version/26.5.2 Mobile/15E148 Safari/604.1"
129.121.49.162 - - [31/Jul/2026:12:42:17 -0300] "POST /wp-cron.php?doing_wp_cron=1785512537.1657319068908691406250 HTTP/1.1" 200 - "-" "WordPress/7.0.2; https://academy.kohlsolucoes.com.br"
170.238.251.110 - - [31/Jul/2026:12:42:15 -0300] "POST /wp-admin/admin-ajax.php HTTP/1.1" 200 1 "https://academy.kohlsolucoes.com.br/cursos/lgpd-aplicada-a-educacao-publica-sonora/atividade/aula-02-principios-e-bases-legais-de-tratamento-3/" "Mozilla/5.0 (iPhone; CPU iPhone OS 18_7 like Mac OS X) AppleWebKit/605.1.15 (KHTML, like Gecko) Version/26.5.2 Mobile/15E148 Safari/604.1"
129.121.49.162 - - [31/Jul/2026:12:42:16 -0300] "POST /wp-admin/admin-ajax.php?action=as_async_request_queue_runner&nonce=1eeaf908fe HTTP/1.1" 200 - "-" "WordPress/7.0.2; https://academy.kohlsolucoes.com.br"
170.238.251.110 - - [31/Jul/2026:12:42:25 -0300] "POST /wp-admin/admin-ajax.php HTTP/1.1" 200 1 "https://academy.kohlsolucoes.com.br/cursos/lgpd-aplicada-a-educacao-publica-sonora/atividade/aula-02-principios-e-bases-legais-de-tratamento-3/" "Mozilla/5.0 (iPhone; CPU iPhone OS 18_7 like Mac OS X) AppleWebKit/605.1.15 (KHTML, like Gecko) Version/26.5.2 Mobile/15E148 Safari/604.1"
170.238.251.110 - - [31/Jul/2026:12:42:36 -0300] "POST /wp-admin/admin-ajax.php HTTP/1.1" 200 1 "https://academy.kohlsolucoes.com.br/cursos/lgpd-aplicada-a-educacao-publica-sonora/atividade/aula-02-principios-e-bases-legais-de-tratamento-3/" "Mozilla/5.0 (iPhone; CPU iPhone OS 18_7 like Mac OS X) AppleWebKit/605.1.15 (KHTML, like Gecko) Version/26.5.2 Mobile/15E148 Safari/604.1"
170.238.251.110 - - [31/Jul/2026:12:42:46 -0300] "POST /wp-admin/admin-ajax.php HTTP/1.1" 200 1 "https://academy.kohlsolucoes.com.br/cursos/lgpd-aplicada-a-educacao-publica-sonora/atividade/aula-02-principios-e-bases-legais-de-tratamento-3/" "Mozilla/5.0 (iPhone; CPU iPhone OS 18_7 like Mac OS X) AppleWebKit/605.1.15 (KHTML, like Gecko) Version/26.5.2 Mobile/15E148 Safari/604.1"
170.238.251.110 - - [31/Jul/2026:12:42:56 -0300] "POST /wp-admin/admin-ajax.php HTTP/1.1" 200 1 "https://academy.kohlsolucoes.com.br/cursos/lgpd-aplicada-a-educacao-publica-sonora/atividade/aula-02-principios-e-bases-legais-de-tratamento-3/" "Mozilla/5.0 (iPhone; CPU iPhone OS 18_7 like Mac OS X) AppleWebKit/605.1.15 (KHTML, like Gecko) Version/26.5.2 Mobile/15E148 Safari/604.1"
170.238.251.110 - - [31/Jul/2026:12:43:06 -0300] "POST /wp-admin/admin-ajax.php HTTP/1.1" 200 1 "https://academy.kohlsolucoes.com.br/cursos/lgpd-aplicada-a-educacao-publica-sonora/atividade/aula-02-principios-e-bases-legais-de-tratamento-3/" "Mozilla/5.0 (iPhone; CPU iPhone OS 18_7 like Mac OS X) AppleWebKit/605.1.15 (KHTML, like Gecko) Version/26.5.2 Mobile/15E148 Safari/604.1"
129.121.49.162 - - [31/Jul/2026:12:43:16 -0300] "POST /wp-cron.php?doing_wp_cron=1785512596.3040800094604492187500 HTTP/1.1" 200 - "-" "WordPress/7.0.2; https://academy.kohlsolucoes.com.br"
170.238.251.110 - - [31/Jul/2026:12:43:16 -0300] "POST /wp-admin/admin-ajax.php HTTP/1.1" 200 1 "https://academy.kohlsolucoes.com.br/cursos/lgpd-aplicada-a-educacao-publica-sonora/atividade/aula-02-principios-e-bases-legais-de-tratamento-3/" "Mozilla/5.0 (iPhone; CPU iPhone OS 18_7 like Mac OS X) AppleWebKit/605.1.15 (KHTML, like Gecko) Version/26.5.2 Mobile/15E148 Safari/604.1"
170.238.251.110 - - [31/Jul/2026:12:43:26 -0300] "POST /wp-admin/admin-ajax.php HTTP/1.1" 200 1 "https://academy.kohlsolucoes.com.br/cursos/lgpd-aplicada-a-educacao-publica-sonora/atividade/aula-02-principios-e-bases-legais-de-tratamento-3/" "Mozilla/5.0 (iPhone; CPU iPhone OS 18_7 like Mac OS X) AppleWebKit/605.1.15 (KHTML, like Gecko) Version/26.5.2 Mobile/15E148 Safari/604.1"
170.238.251.110 - - [31/Jul/2026:12:43:36 -0300] "POST /wp-admin/admin-ajax.php HTTP/1.1" 200 1 "https://academy.kohlsolucoes.com.br/cursos/lgpd-aplicada-a-educacao-publica-sonora/atividade/aula-02-principios-e-bases-legais-de-tratamento-3/" "Mozilla/5.0 (iPhone; CPU iPhone OS 18_7 like Mac OS X) AppleWebKit/605.1.15 (KHTML, like Gecko) Version/26.5.2 Mobile/15E148 Safari/604.1"
170.238.251.110 - - [31/Jul/2026:12:43:46 -0300] "POST /wp-admin/admin-ajax.php HTTP/1.1" 200 1 "https://academy.kohlsolucoes.com.br/cursos/lgpd-aplicada-a-educacao-publica-sonora/atividade/aula-02-principios-e-bases-legais-de-tratamento-3/" "Mozilla/5.0 (iPhone; CPU iPhone OS 18_7 like Mac OS X) AppleWebKit/605.1.15 (KHTML, like Gecko) Version/26.5.2 Mobile/15E148 Safari/604.1"
170.238.251.110 - - [31/Jul/2026:12:43:56 -0300] "POST /wp-admin/admin-ajax.php HTTP/1.1" 200 1 "https://academy.kohlsolucoes.com.br/cursos/lgpd-aplicada-a-educacao-publica-sonora/atividade/aula-02-principios-e-bases-legais-de-tratamento-3/" "Mozilla/5.0 (iPhone; CPU iPhone OS 18_7 like Mac OS X) AppleWebKit/605.1.15 (KHTML, like Gecko) Version/26.5.2 Mobile/15E148 Safari/604.1"
170.238.251.110 - - [31/Jul/2026:12:44:06 -0300] "POST /wp-admin/admin-ajax.php HTTP/1.1" 200 1 "https://academy.kohlsolucoes.com.br/cursos/lgpd-aplicada-a-educacao-publica-sonora/atividade/aula-02-principios-e-bases-legais-de-tratamento-3/" "Mozilla/5.0 (iPhone; CPU iPhone OS 18_7 like Mac OS X) AppleWebKit/605.1.15 (KHTML, like Gecko) Version/26.5.2 Mobile/15E148 Safari/604.1"
129.121.49.162 - - [31/Jul/2026:12:44:16 -0300] "POST /wp-cron.php?doing_wp_cron=1785512656.3684809207916259765625 HTTP/1.1" 200 - "-" "WordPress/7.0.2; https://academy.kohlsolucoes.com.br"
170.238.251.110 - - [31/Jul/2026:12:44:16 -0300] "POST /wp-admin/admin-ajax.php HTTP/1.1" 200 1 "https://academy.kohlsolucoes.com.br/cursos/lgpd-aplicada-a-educacao-publica-sonora/atividade/aula-02-principios-e-bases-legais-de-tratamento-3/" "Mozilla/5.0 (iPhone; CPU iPhone OS 18_7 like Mac OS X) AppleWebKit/605.1.15 (KHTML, like Gecko) Version/26.5.2 Mobile/15E148 Safari/604.1"
170.238.251.110 - - [31/Jul/2026:12:44:26 -0300] "POST /wp-admin/admin-ajax.php HTTP/1.1" 200 1 "https://academy.kohlsolucoes.com.br/cursos/lgpd-aplicada-a-educacao-publica-sonora/atividade/aula-02-principios-e-bases-legais-de-tratamento-3/" "Mozilla/5.0 (iPhone; CPU iPhone OS 18_7 like Mac OS X) AppleWebKit/605.1.15 (KHTML, like Gecko) Version/26.5.2 Mobile/15E148 Safari/604.1"
129.121.49.162 - - [31/Jul/2026:12:44:36 -0300] "POST /wp-cron.php?doing_wp_cron=1785512676.4470539093017578125000 HTTP/1.1" 200 - "-" "WordPress/7.0.2; https://academy.kohlsolucoes.com.br"
170.238.251.110 - - [31/Jul/2026:12:44:36 -0300] "POST /wp-admin/admin-ajax.php HTTP/1.1" 200 1 "https://academy.kohlsolucoes.com.br/cursos/lgpd-aplicada-a-educacao-publica-sonora/atividade/aula-02-principios-e-bases-legais-de-tratamento-3/" "Mozilla/5.0 (iPhone; CPU iPhone OS 18_7 like Mac OS X) AppleWebKit/605.1.15 (KHTML, like Gecko) Version/26.5.2 Mobile/15E148 Safari/604.1"
170.238.251.110 - - [31/Jul/2026:12:44:46 -0300] "POST /wp-admin/admin-ajax.php HTTP/1.1" 200 1 "https://academy.kohlsolucoes.com.br/cursos/lgpd-aplicada-a-educacao-publica-sonora/atividade/aula-02-principios-e-bases-legais-de-tratamento-3/" "Mozilla/5.0 (iPhone; CPU iPhone OS 18_7 like Mac OS X) AppleWebKit/605.1.15 (KHTML, like Gecko) Version/26.5.2 Mobile/15E148 Safari/604.1"
170.238.251.110 - - [31/Jul/2026:12:44:55 -0300] "POST /wp-admin/admin-ajax.php HTTP/1.1" 200 1 "https://academy.kohlsolucoes.com.br/cursos/lgpd-aplicada-a-educacao-publica-sonora/atividade/aula-02-principios-e-bases-legais-de-tratamento-3/" "Mozilla/5.0 (iPhone; CPU iPhone OS 18_7 like Mac OS X) AppleWebKit/605.1.15 (KHTML, like Gecko) Version/26.5.2 Mobile/15E148 Safari/604.1"
129.121.49.162 - - [31/Jul/2026:12:46:02 -0300] "POST /wp-cron.php?doing_wp_cron=1785512762.8815090656280517578125 HTTP/1.1" 200 - "-" "WordPress/7.0.2; https://academy.kohlsolucoes.com.br"
170.238.251.110 - - [31/Jul/2026:12:45:59 -0300] "POST /wp-admin/admin-ajax.php HTTP/1.1" 200 1 "https://academy.kohlsolucoes.com.br/cursos/lgpd-aplicada-a-educacao-publica-sonora/atividade/aula-02-principios-e-bases-legais-de-tratamento-3/" "Mozilla/5.0 (iPhone; CPU iPhone OS 18_7 like Mac OS X) AppleWebKit/605.1.15 (KHTML, like Gecko) Version/26.5.2 Mobile/15E148 Safari/604.1"
129.121.49.162 - - [31/Jul/2026:12:46:07 -0300] "POST /wp-cron.php?doing_wp_cron=1785512767.1813089847564697265625 HTTP/1.1" 200 - "-" "WordPress/7.0.2; https://academy.kohlsolucoes.com.br"
129.121.49.162 - - [31/Jul/2026:12:46:01 -0300] "POST /wp-admin/admin-ajax.php?action=as_async_request_queue_runner&nonce=1eeaf908fe HTTP/1.1" 200 - "-" "WordPress/7.0.2; https://academy.kohlsolucoes.com.br"
129.121.49.162 - - [31/Jul/2026:12:58:50 -0300] "POST /wp-cron.php?doing_wp_cron=1785513530.4093549251556396484375 HTTP/1.1" 200 - "-" "WordPress/7.0.2; https://academy.kohlsolucoes.com.br"
2a03:2880:22ff:51:: - - [31/Jul/2026:12:58:48 -0300] "GET /robots.txt HTTP/1.1" 200 330 "-" "facebookexternalhit/1.1 (+http://www.facebook.com/externalhit_uatext.php)"
2a03:2880:f800:21:: - - [31/Jul/2026:12:58:54 -0300] "GET /cursos/ HTTP/1.1" 200 153377 "-" "Mozilla/5.0 (Windows NT 10.0; Win64; x64) AppleWebKit/537.36 (KHTML, like Gecko) Chrome/145.0.0.0 Safari/537.36 (compatible; meta-webindexer/1.1 (+https://developers.facebook.com/docs/sharing/webmasters/crawler))"
192.178.11.100 - - [31/Jul/2026:13:18:33 -0300] "GET /wp-content/uploads/2026/02/logo-kohl-solucoes.png HTTP/1.1" 304 - "-" "Mozilla/5.0 (Windows NT 5.1; rv:11.0) Gecko Firefox/11.0 (via ggpht.com GoogleImageProxy)"
129.121.49.162 - - [31/Jul/2026:13:18:36 -0300] "POST /wp-cron.php?doing_wp_cron=1785514716.1472160816192626953125 HTTP/1.1" 200 - "-" "WordPress/7.0.2; https://academy.kohlsolucoes.com.br"
192.178.11.102 - - [31/Jul/2026:13:18:33 -0300] "GET /wp-json/wp-mail-smtp/v1/e/ZGF0YSU1QmVtYWlsX2xvZ19pZCU1RD04ODgmZGF0YSU1QmV2ZW50X3R5cGUlNUQ9b3Blbi1lbWFpbCZoYXNoPTA0MzYyOTA4OGQzNjVlMzhmMzE3YjgyYjFiYzQ1ODIxZTgwOTYwNDJkZTliOTBjN2E0NDU3OGFmNDEwZDBjYjY= HTTP/1.1" 200 43 "-" "Mozilla/5.0 (Windows NT 5.1; rv:11.0) Gecko Firefox/11.0 (via ggpht.com GoogleImageProxy)"
136.108.67.9 - - [31/Jul/2026:13:28:55 -0300] "GET / HTTP/1.1" 200 177305 "-" "Mozilla/5.0 (Windows NT 10.0; Win64; x64) AppleWebKit/537.36 (KHTML, like Gecko) Chrome/78.0.3904.108 Safari/537.36"
136.108.67.9 - - [31/Jul/2026:13:28:57 -0300] "GET //wp-includes/wlwmanifest.xml HTTP/1.1" 301 - "-" "Mozilla/5.0 (Windows NT 10.0; Win64; x64) AppleWebKit/537.36 (KHTML, like Gecko) Chrome/78.0.3904.108 Safari/537.36"
136.108.67.9 - - [31/Jul/2026:13:28:57 -0300] "GET / HTTP/1.1" 200 177305 "-" "Mozilla/5.0 (Windows NT 10.0; Win64; x64) AppleWebKit/537.36 (KHTML, like Gecko) Chrome/78.0.3904.108 Safari/537.36"
136.108.67.9 - - [31/Jul/2026:13:28:58 -0300] "GET //?author=1 HTTP/1.1" 404 92831 "-" "Mozilla/5.0 (Windows NT 10.0; Win64; x64) AppleWebKit/537.36 (KHTML, like Gecko) Chrome/78.0.3904.108 Safari/537.36"
136.108.67.9 - - [31/Jul/2026:13:28:59 -0300] "GET //?author=2 HTTP/1.1" 404 92831 "-" "Mozilla/5.0 (Windows NT 10.0; Win64; x64) AppleWebKit/537.36 (KHTML, like Gecko) Chrome/78.0.3904.108 Safari/537.36"
136.108.67.9 - - [31/Jul/2026:13:29:00 -0300] "GET //wp-json/oembed/1.0/embed?url=https://academy.kohlsolucoes.com.br/ HTTP/1.1" 200 2116 "-" "Mozilla/5.0 (Windows NT 10.0; Win64; x64) AppleWebKit/537.36 (KHTML, like Gecko) Chrome/78.0.3904.108 Safari/537.36"
129.121.49.162 - - [31/Jul/2026:13:37:44 -0300] "POST /wp-cron.php?doing_wp_cron=1785515863.9830639362335205078125 HTTP/1.1" 200 - "-" "WordPress/7.0.2; https://academy.kohlsolucoes.com.br"
170.238.251.110 - - [31/Jul/2026:13:37:41 -0300] "GET /cursos/lgpd-aplicada-a-educacao-publica-sonora/atividade/aula-02-principios-e-bases-legais-de-tratamento-3/ HTTP/1.1" 200 153163 "https://academy.kohlsolucoes.com.br/cursos/lgpd-aplicada-a-educacao-publica-sonora/atividade/aula-01-conceitos-importantes-4/" "Mozilla/5.0 (iPhone; CPU iPhone OS 18_7 like Mac OS X) AppleWebKit/605.1.15 (KHTML, like Gecko) Version/27.0 Mobile/15E148 Safari/604.1"
170.238.251.110 - - [31/Jul/2026:13:37:47 -0300] "POST /cursos/lgpd-aplicada-a-educacao-publica-sonora/atividade/aula-02-principios-e-bases-legais-de-tratamento-3/ HTTP/1.1" 302 - "https://academy.kohlsolucoes.com.br/cursos/lgpd-aplicada-a-educacao-publica-sonora/atividade/aula-02-principios-e-bases-legais-de-tratamento-3/" "Mozilla/5.0 (iPhone; CPU iPhone OS 18_7 like Mac OS X) AppleWebKit/605.1.15 (KHTML, like Gecko) Version/27.0 Mobile/15E148 Safari/604.1"
170.238.251.110 - - [31/Jul/2026:13:37:48 -0300] "GET /cursos/lgpd-aplicada-a-educacao-publica-sonora/atividade/aula-02-principios-e-bases-legais-de-tratamento-3/ HTTP/1.1" 200 190285 "https://academy.kohlsolucoes.com.br/cursos/lgpd-aplicada-a-educacao-publica-sonora/atividade/aula-02-principios-e-bases-legais-de-tratamento-3/" "Mozilla/5.0 (iPhone; CPU iPhone OS 18_7 like Mac OS X) AppleWebKit/605.1.15 (KHTML, like Gecko) Version/27.0 Mobile/15E148 Safari/604.1"
170.238.251.110 - - [31/Jul/2026:13:37:49 -0300] "POST /wp-admin/admin-ajax.php HTTP/1.1" 200 - "https://academy.kohlsolucoes.com.br/cursos/lgpd-aplicada-a-educacao-publica-sonora/atividade/aula-02-principios-e-bases-legais-de-tratamento-3/" "Mozilla/5.0 (iPhone; CPU iPhone OS 18_7 like Mac OS X) AppleWebKit/605.1.15 (KHTML, like Gecko) Version/27.0 Mobile/15E148 Safari/604.1"
170.238.251.110 - - [31/Jul/2026:13:37:59 -0300] "POST /wp-admin/admin-ajax.php HTTP/1.1" 200 - "https://academy.kohlsolucoes.com.br/cursos/lgpd-aplicada-a-educacao-publica-sonora/atividade/aula-02-principios-e-bases-legais-de-tratamento-3/" "Mozilla/5.0 (iPhone; CPU iPhone OS 18_7 like Mac OS X) AppleWebKit/605.1.15 (KHTML, like Gecko) Version/27.0 Mobile/15E148 Safari/604.1"
129.121.49.162 - - [31/Jul/2026:13:38:09 -0300] "POST /wp-cron.php?doing_wp_cron=1785515889.4644410610198974609375 HTTP/1.1" 200 - "-" "WordPress/7.0.2; https://academy.kohlsolucoes.com.br"
170.238.251.110 - - [31/Jul/2026:13:38:09 -0300] "POST /wp-admin/admin-ajax.php HTTP/1.1" 200 - "https://academy.kohlsolucoes.com.br/cursos/lgpd-aplicada-a-educacao-publica-sonora/atividade/aula-02-principios-e-bases-legais-de-tratamento-3/" "Mozilla/5.0 (iPhone; CPU iPhone OS 18_7 like Mac OS X) AppleWebKit/605.1.15 (KHTML, like Gecko) Version/27.0 Mobile/15E148 Safari/604.1"
170.238.251.110 - - [31/Jul/2026:13:38:19 -0300] "POST /wp-admin/admin-ajax.php HTTP/1.1" 200 - "https://academy.kohlsolucoes.com.br/cursos/lgpd-aplicada-a-educacao-publica-sonora/atividade/aula-02-principios-e-bases-legais-de-tratamento-3/" "Mozilla/5.0 (iPhone; CPU iPhone OS 18_7 like Mac OS X) AppleWebKit/605.1.15 (KHTML, like Gecko) Version/27.0 Mobile/15E148 Safari/604.1"
2a03:2880:f800:15:: - - [31/Jul/2026:13:38:27 -0300] "GET /wp-json/oembed/1.0/embed?url=https%3A%2F%2Facademy.kohlsolucoes.com.br%2Fcursos%2Fcurso-pago-teste-experiencia%2F HTTP/1.1" 200 2437 "-" "Mozilla/5.0 (Macintosh; Intel Mac OS X 10_15_7) AppleWebKit/537.36 (KHTML, like Gecko) Chrome/145.0.0.0 Safari/537.36 (compatible; meta-webindexer/1.1 (+https://developers.facebook.com/docs/sharing/webmasters/crawler))"
170.238.251.110 - - [31/Jul/2026:13:38:29 -0300] "POST /wp-admin/admin-ajax.php HTTP/1.1" 200 - "https://academy.kohlsolucoes.com.br/cursos/lgpd-aplicada-a-educacao-publica-sonora/atividade/aula-02-principios-e-bases-legais-de-tratamento-3/" "Mozilla/5.0 (iPhone; CPU iPhone OS 18_7 like Mac OS X) AppleWebKit/605.1.15 (KHTML, like Gecko) Version/27.0 Mobile/15E148 Safari/604.1"
170.238.251.110 - - [31/Jul/2026:13:38:39 -0300] "POST /wp-admin/admin-ajax.php HTTP/1.1" 200 - "https://academy.kohlsolucoes.com.br/cursos/lgpd-aplicada-a-educacao-publica-sonora/atividade/aula-02-principios-e-bases-legais-de-tratamento-3/" "Mozilla/5.0 (iPhone; CPU iPhone OS 18_7 like Mac OS X) AppleWebKit/605.1.15 (KHTML, like Gecko) Version/27.0 Mobile/15E148 Safari/604.1"
170.238.251.110 - - [31/Jul/2026:13:38:49 -0300] "POST /wp-admin/admin-ajax.php HTTP/1.1" 200 - "https://academy.kohlsolucoes.com.br/cursos/lgpd-aplicada-a-educacao-publica-sonora/atividade/aula-02-principios-e-bases-legais-de-tratamento-3/" "Mozilla/5.0 (iPhone; CPU iPhone OS 18_7 like Mac OS X) AppleWebKit/605.1.15 (KHTML, like Gecko) Version/27.0 Mobile/15E148 Safari/604.1"
170.238.251.110 - - [31/Jul/2026:13:38:59 -0300] "POST /wp-admin/admin-ajax.php HTTP/1.1" 200 - "https://academy.kohlsolucoes.com.br/cursos/lgpd-aplicada-a-educacao-publica-sonora/atividade/aula-02-principios-e-bases-legais-de-tratamento-3/" "Mozilla/5.0 (iPhone; CPU iPhone OS 18_7 like Mac OS X) AppleWebKit/605.1.15 (KHTML, like Gecko) Version/27.0 Mobile/15E148 Safari/604.1"
129.121.49.162 - - [31/Jul/2026:13:38:59 -0300] "POST /wp-admin/admin-ajax.php?action=as_async_request_queue_runner&nonce=46a390d479 HTTP/1.1" 200 - "-" "WordPress/7.0.2; https://academy.kohlsolucoes.com.br"
129.121.49.162 - - [31/Jul/2026:13:39:09 -0300] "POST /wp-cron.php?doing_wp_cron=1785515949.5209031105041503906250 HTTP/1.1" 200 - "-" "WordPress/7.0.2; https://academy.kohlsolucoes.com.br"
170.238.251.110 - - [31/Jul/2026:13:39:09 -0300] "POST /wp-admin/admin-ajax.php HTTP/1.1" 200 - "https://academy.kohlsolucoes.com.br/cursos/lgpd-aplicada-a-educacao-publica-sonora/atividade/aula-02-principios-e-bases-legais-de-tratamento-3/" "Mozilla/5.0 (iPhone; CPU iPhone OS 18_7 like Mac OS X) AppleWebKit/605.1.15 (KHTML, like Gecko) Version/27.0 Mobile/15E148 Safari/604.1"
170.238.251.110 - - [31/Jul/2026:13:39:19 -0300] "POST /wp-admin/admin-ajax.php HTTP/1.1" 200 - "https://academy.kohlsolucoes.com.br/cursos/lgpd-aplicada-a-educacao-publica-sonora/atividade/aula-02-principios-e-bases-legais-de-tratamento-3/" "Mozilla/5.0 (iPhone; CPU iPhone OS 18_7 like Mac OS X) AppleWebKit/605.1.15 (KHTML, like Gecko) Version/27.0 Mobile/15E148 Safari/604.1"
129.121.49.162 - - [31/Jul/2026:13:39:29 -0300] "POST /wp-cron.php?doing_wp_cron=1785515969.5628099441528320312500 HTTP/1.1" 200 - "-" "WordPress/7.0.2; https://academy.kohlsolucoes.com.br"
170.238.251.110 - - [31/Jul/2026:13:39:29 -0300] "POST /wp-admin/admin-ajax.php HTTP/1.1" 200 - "https://academy.kohlsolucoes.com.br/cursos/lgpd-aplicada-a-educacao-publica-sonora/atividade/aula-02-principios-e-bases-legais-de-tratamento-3/" "Mozilla/5.0 (iPhone; CPU iPhone OS 18_7 like Mac OS X) AppleWebKit/605.1.15 (KHTML, like Gecko) Version/27.0 Mobile/15E148 Safari/604.1"
170.238.251.110 - - [31/Jul/2026:13:39:39 -0300] "POST /wp-admin/admin-ajax.php HTTP/1.1" 200 - "https://academy.kohlsolucoes.com.br/cursos/lgpd-aplicada-a-educacao-publica-sonora/atividade/aula-02-principios-e-bases-legais-de-tratamento-3/" "Mozilla/5.0 (iPhone; CPU iPhone OS 18_7 like Mac OS X) AppleWebKit/605.1.15 (KHTML, like Gecko) Version/27.0 Mobile/15E148 Safari/604.1"
170.238.251.110 - - [31/Jul/2026:13:39:49 -0300] "POST /wp-admin/admin-ajax.php HTTP/1.1" 200 - "https://academy.kohlsolucoes.com.br/cursos/lgpd-aplicada-a-educacao-publica-sonora/atividade/aula-02-principios-e-bases-legais-de-tratamento-3/" "Mozilla/5.0 (iPhone; CPU iPhone OS 18_7 like Mac OS X) AppleWebKit/605.1.15 (KHTML, like Gecko) Version/27.0 Mobile/15E148 Safari/604.1"
170.238.251.110 - - [31/Jul/2026:13:39:59 -0300] "POST /wp-admin/admin-ajax.php HTTP/1.1" 200 - "https://academy.kohlsolucoes.com.br/cursos/lgpd-aplicada-a-educacao-publica-sonora/atividade/aula-02-principios-e-bases-legais-de-tratamento-3/" "Mozilla/5.0 (iPhone; CPU iPhone OS 18_7 like Mac OS X) AppleWebKit/605.1.15 (KHTML, like Gecko) Version/27.0 Mobile/15E148 Safari/604.1"
129.121.49.162 - - [31/Jul/2026:13:40:10 -0300] "POST /wp-cron.php?doing_wp_cron=1785516010.6868720054626464843750 HTTP/1.1" 200 - "-" "WordPress/7.0.2; https://academy.kohlsolucoes.com.br"
170.238.251.110 - - [31/Jul/2026:13:40:09 -0300] "POST /wp-admin/admin-ajax.php HTTP/1.1" 200 - "https://academy.kohlsolucoes.com.br/cursos/lgpd-aplicada-a-educacao-publica-sonora/atividade/aula-02-principios-e-bases-legais-de-tratamento-3/" "Mozilla/5.0 (iPhone; CPU iPhone OS 18_7 like Mac OS X) AppleWebKit/605.1.15 (KHTML, like Gecko) Version/27.0 Mobile/15E148 Safari/604.1"
129.121.49.162 - - [31/Jul/2026:13:40:09 -0300] "POST /wp-admin/admin-ajax.php?action=as_async_request_queue_runner&nonce=46a390d479 HTTP/1.1" 200 - "-" "WordPress/7.0.2; https://academy.kohlsolucoes.com.br"
170.238.251.110 - - [31/Jul/2026:13:40:19 -0300] "POST /wp-admin/admin-ajax.php HTTP/1.1" 200 - "https://academy.kohlsolucoes.com.br/cursos/lgpd-aplicada-a-educacao-publica-sonora/atividade/aula-02-principios-e-bases-legais-de-tratamento-3/" "Mozilla/5.0 (iPhone; CPU iPhone OS 18_7 like Mac OS X) AppleWebKit/605.1.15 (KHTML, like Gecko) Version/27.0 Mobile/15E148 Safari/604.1"
170.238.251.110 - - [31/Jul/2026:13:40:29 -0300] "POST /wp-admin/admin-ajax.php HTTP/1.1" 200 - "https://academy.kohlsolucoes.com.br/cursos/lgpd-aplicada-a-educacao-publica-sonora/atividade/aula-02-principios-e-bases-legais-de-tratamento-3/" "Mozilla/5.0 (iPhone; CPU iPhone OS 18_7 like Mac OS X) AppleWebKit/605.1.15 (KHTML, like Gecko) Version/27.0 Mobile/15E148 Safari/604.1"
170.238.251.110 - - [31/Jul/2026:13:40:39 -0300] "POST /wp-admin/admin-ajax.php HTTP/1.1" 200 - "https://academy.kohlsolucoes.com.br/cursos/lgpd-aplicada-a-educacao-publica-sonora/atividade/aula-02-principios-e-bases-legais-de-tratamento-3/" "Mozilla/5.0 (iPhone; CPU iPhone OS 18_7 like Mac OS X) AppleWebKit/605.1.15 (KHTML, like Gecko) Version/27.0 Mobile/15E148 Safari/604.1"
170.238.251.110 - - [31/Jul/2026:13:40:49 -0300] "POST /wp-admin/admin-ajax.php HTTP/1.1" 200 - "https://academy.kohlsolucoes.com.br/cursos/lgpd-aplicada-a-educacao-publica-sonora/atividade/aula-02-principios-e-bases-legais-de-tratamento-3/" "Mozilla/5.0 (iPhone; CPU iPhone OS 18_7 like Mac OS X) AppleWebKit/605.1.15 (KHTML, like Gecko) Version/27.0 Mobile/15E148 Safari/604.1"
170.238.251.110 - - [31/Jul/2026:13:40:59 -0300] "POST /wp-admin/admin-ajax.php HTTP/1.1" 200 - "https://academy.kohlsolucoes.com.br/cursos/lgpd-aplicada-a-educacao-publica-sonora/atividade/aula-02-principios-e-bases-legais-de-tratamento-3/" "Mozilla/5.0 (iPhone; CPU iPhone OS 18_7 like Mac OS X) AppleWebKit/605.1.15 (KHTML, like Gecko) Version/27.0 Mobile/15E148 Safari/604.1"
129.121.49.162 - - [31/Jul/2026:13:41:09 -0300] "POST /wp-cron.php?doing_wp_cron=1785516069.7799270153045654296875 HTTP/1.1" 200 - "-" "WordPress/7.0.2; https://academy.kohlsolucoes.com.br"
170.238.251.110 - - [31/Jul/2026:13:41:09 -0300] "POST /wp-admin/admin-ajax.php HTTP/1.1" 200 - "https://academy.kohlsolucoes.com.br/cursos/lgpd-aplicada-a-educacao-publica-sonora/atividade/aula-02-principios-e-bases-legais-de-tratamento-3/" "Mozilla/5.0 (iPhone; CPU iPhone OS 18_7 like Mac OS X) AppleWebKit/605.1.15 (KHTML, like Gecko) Version/27.0 Mobile/15E148 Safari/604.1"
170.238.251.110 - - [31/Jul/2026:13:41:19 -0300] "POST /wp-admin/admin-ajax.php HTTP/1.1" 200 - "https://academy.kohlsolucoes.com.br/cursos/lgpd-aplicada-a-educacao-publica-sonora/atividade/aula-02-principios-e-bases-legais-de-tratamento-3/" "Mozilla/5.0 (iPhone; CPU iPhone OS 18_7 like Mac OS X) AppleWebKit/605.1.15 (KHTML, like Gecko) Version/27.0 Mobile/15E148 Safari/604.1"
170.238.251.110 - - [31/Jul/2026:13:41:29 -0300] "POST /wp-admin/admin-ajax.php HTTP/1.1" 200 - "https://academy.kohlsolucoes.com.br/cursos/lgpd-aplicada-a-educacao-publica-sonora/atividade/aula-02-principios-e-bases-legais-de-tratamento-3/" "Mozilla/5.0 (iPhone; CPU iPhone OS 18_7 like Mac OS X) AppleWebKit/605.1.15 (KHTML, like Gecko) Version/27.0 Mobile/15E148 Safari/604.1"
170.238.251.110 - - [31/Jul/2026:13:41:39 -0300] "POST /wp-admin/admin-ajax.php HTTP/1.1" 200 - "https://academy.kohlsolucoes.com.br/cursos/lgpd-aplicada-a-educacao-publica-sonora/atividade/aula-02-principios-e-bases-legais-de-tratamento-3/" "Mozilla/5.0 (iPhone; CPU iPhone OS 18_7 like Mac OS X) AppleWebKit/605.1.15 (KHTML, like Gecko) Version/27.0 Mobile/15E148 Safari/604.1"
170.238.251.110 - - [31/Jul/2026:13:41:49 -0300] "POST /wp-admin/admin-ajax.php HTTP/1.1" 200 - "https://academy.kohlsolucoes.com.br/cursos/lgpd-aplicada-a-educacao-publica-sonora/atividade/aula-02-principios-e-bases-legais-de-tratamento-3/" "Mozilla/5.0 (iPhone; CPU iPhone OS 18_7 like Mac OS X) AppleWebKit/605.1.15 (KHTML, like Gecko) Version/27.0 Mobile/15E148 Safari/604.1"
170.238.251.110 - - [31/Jul/2026:13:41:59 -0300] "POST /wp-admin/admin-ajax.php HTTP/1.1" 200 - "https://academy.kohlsolucoes.com.br/cursos/lgpd-aplicada-a-educacao-publica-sonora/atividade/aula-02-principios-e-bases-legais-de-tratamento-3/" "Mozilla/5.0 (iPhone; CPU iPhone OS 18_7 like Mac OS X) AppleWebKit/605.1.15 (KHTML, like Gecko) Version/27.0 Mobile/15E148 Safari/604.1"
129.121.49.162 - - [31/Jul/2026:13:42:09 -0300] "POST /wp-cron.php?doing_wp_cron=1785516129.9262609481811523437500 HTTP/1.1" 200 - "-" "WordPress/7.0.2; https://academy.kohlsolucoes.com.br"
170.238.251.110 - - [31/Jul/2026:13:42:09 -0300] "POST /wp-admin/admin-ajax.php HTTP/1.1" 200 - "https://academy.kohlsolucoes.com.br/cursos/lgpd-aplicada-a-educacao-publica-sonora/atividade/aula-02-principios-e-bases-legais-de-tratamento-3/" "Mozilla/5.0 (iPhone; CPU iPhone OS 18_7 like Mac OS X) AppleWebKit/605.1.15 (KHTML, like Gecko) Version/27.0 Mobile/15E148 Safari/604.1"
170.238.251.110 - - [31/Jul/2026:13:42:19 -0300] "POST /wp-admin/admin-ajax.php HTTP/1.1" 200 - "https://academy.kohlsolucoes.com.br/cursos/lgpd-aplicada-a-educacao-publica-sonora/atividade/aula-02-principios-e-bases-legais-de-tratamento-3/" "Mozilla/5.0 (iPhone; CPU iPhone OS 18_7 like Mac OS X) AppleWebKit/605.1.15 (KHTML, like Gecko) Version/27.0 Mobile/15E148 Safari/604.1"
170.238.251.110 - - [31/Jul/2026:13:42:29 -0300] "POST /wp-admin/admin-ajax.php HTTP/1.1" 200 - "https://academy.kohlsolucoes.com.br/cursos/lgpd-aplicada-a-educacao-publica-sonora/atividade/aula-02-principios-e-bases-legais-de-tratamento-3/" "Mozilla/5.0 (iPhone; CPU iPhone OS 18_7 like Mac OS X) AppleWebKit/605.1.15 (KHTML, like Gecko) Version/27.0 Mobile/15E148 Safari/604.1"
170.238.251.110 - - [31/Jul/2026:13:42:39 -0300] "POST /wp-admin/admin-ajax.php HTTP/1.1" 200 - "https://academy.kohlsolucoes.com.br/cursos/lgpd-aplicada-a-educacao-publica-sonora/atividade/aula-02-principios-e-bases-legais-de-tratamento-3/" "Mozilla/5.0 (iPhone; CPU iPhone OS 18_7 like Mac OS X) AppleWebKit/605.1.15 (KHTML, like Gecko) Version/27.0 Mobile/15E148 Safari/604.1"
170.238.251.110 - - [31/Jul/2026:13:42:49 -0300] "POST /wp-admin/admin-ajax.php HTTP/1.1" 200 - "https://academy.kohlsolucoes.com.br/cursos/lgpd-aplicada-a-educacao-publica-sonora/atividade/aula-02-principios-e-bases-legais-de-tratamento-3/" "Mozilla/5.0 (iPhone; CPU iPhone OS 18_7 like Mac OS X) AppleWebKit/605.1.15 (KHTML, like Gecko) Version/27.0 Mobile/15E148 Safari/604.1"
170.238.251.110 - - [31/Jul/2026:13:42:59 -0300] "POST /wp-admin/admin-ajax.php HTTP/1.1" 200 - "https://academy.kohlsolucoes.com.br/cursos/lgpd-aplicada-a-educacao-publica-sonora/atividade/aula-02-principios-e-bases-legais-de-tratamento-3/" "Mozilla/5.0 (iPhone; CPU iPhone OS 18_7 like Mac OS X) AppleWebKit/605.1.15 (KHTML, like Gecko) Version/27.0 Mobile/15E148 Safari/604.1"
129.121.49.162 - - [31/Jul/2026:13:43:10 -0300] "POST /wp-cron.php?doing_wp_cron=1785516190.0022649765014648437500 HTTP/1.1" 200 - "-" "WordPress/7.0.2; https://academy.kohlsolucoes.com.br"
170.238.251.110 - - [31/Jul/2026:13:43:09 -0300] "POST /wp-admin/admin-ajax.php HTTP/1.1" 200 - "https://academy.kohlsolucoes.com.br/cursos/lgpd-aplicada-a-educacao-publica-sonora/atividade/aula-02-principios-e-bases-legais-de-tratamento-3/" "Mozilla/5.0 (iPhone; CPU iPhone OS 18_7 like Mac OS X) AppleWebKit/605.1.15 (KHTML, like Gecko) Version/27.0 Mobile/15E148 Safari/604.1"
170.238.251.110 - - [31/Jul/2026:13:43:19 -0300] "POST /wp-admin/admin-ajax.php HTTP/1.1" 200 - "https://academy.kohlsolucoes.com.br/cursos/lgpd-aplicada-a-educacao-publica-sonora/atividade/aula-02-principios-e-bases-legais-de-tratamento-3/" "Mozilla/5.0 (iPhone; CPU iPhone OS 18_7 like Mac OS X) AppleWebKit/605.1.15 (KHTML, like Gecko) Version/27.0 Mobile/15E148 Safari/604.1"
170.238.251.110 - - [31/Jul/2026:13:43:29 -0300] "POST /wp-admin/admin-ajax.php HTTP/1.1" 200 - "https://academy.kohlsolucoes.com.br/cursos/lgpd-aplicada-a-educacao-publica-sonora/atividade/aula-02-principios-e-bases-legais-de-tratamento-3/" "Mozilla/5.0 (iPhone; CPU iPhone OS 18_7 like Mac OS X) AppleWebKit/605.1.15 (KHTML, like Gecko) Version/27.0 Mobile/15E148 Safari/604.1"
170.238.251.110 - - [31/Jul/2026:13:43:39 -0300] "POST /wp-admin/admin-ajax.php HTTP/1.1" 200 - "https://academy.kohlsolucoes.com.br/cursos/lgpd-aplicada-a-educacao-publica-sonora/atividade/aula-02-principios-e-bases-legais-de-tratamento-3/" "Mozilla/5.0 (iPhone; CPU iPhone OS 18_7 like Mac OS X) AppleWebKit/605.1.15 (KHTML, like Gecko) Version/27.0 Mobile/15E148 Safari/604.1"
170.238.251.110 - - [31/Jul/2026:13:43:49 -0300] "POST /wp-admin/admin-ajax.php HTTP/1.1" 200 - "https://academy.kohlsolucoes.com.br/cursos/lgpd-aplicada-a-educacao-publica-sonora/atividade/aula-02-principios-e-bases-legais-de-tratamento-3/" "Mozilla/5.0 (iPhone; CPU iPhone OS 18_7 like Mac OS X) AppleWebKit/605.1.15 (KHTML, like Gecko) Version/27.0 Mobile/15E148 Safari/604.1"
170.238.251.110 - - [31/Jul/2026:13:43:59 -0300] "POST /wp-admin/admin-ajax.php HTTP/1.1" 200 - "https://academy.kohlsolucoes.com.br/cursos/lgpd-aplicada-a-educacao-publica-sonora/atividade/aula-02-principios-e-bases-legais-de-tratamento-3/" "Mozilla/5.0 (iPhone; CPU iPhone OS 18_7 like Mac OS X) AppleWebKit/605.1.15 (KHTML, like Gecko) Version/27.0 Mobile/15E148 Safari/604.1"
129.121.49.162 - - [31/Jul/2026:13:44:10 -0300] "POST /wp-cron.php?doing_wp_cron=1785516250.1097788810729980468750 HTTP/1.1" 200 - "-" "WordPress/7.0.2; https://academy.kohlsolucoes.com.br"
170.238.251.110 - - [31/Jul/2026:13:44:09 -0300] "POST /wp-admin/admin-ajax.php HTTP/1.1" 200 - "https://academy.kohlsolucoes.com.br/cursos/lgpd-aplicada-a-educacao-publica-sonora/atividade/aula-02-principios-e-bases-legais-de-tratamento-3/" "Mozilla/5.0 (iPhone; CPU iPhone OS 18_7 like Mac OS X) AppleWebKit/605.1.15 (KHTML, like Gecko) Version/27.0 Mobile/15E148 Safari/604.1"
170.238.251.110 - - [31/Jul/2026:13:44:19 -0300] "POST /wp-admin/admin-ajax.php HTTP/1.1" 200 - "https://academy.kohlsolucoes.com.br/cursos/lgpd-aplicada-a-educacao-publica-sonora/atividade/aula-02-principios-e-bases-legais-de-tratamento-3/" "Mozilla/5.0 (iPhone; CPU iPhone OS 18_7 like Mac OS X) AppleWebKit/605.1.15 (KHTML, like Gecko) Version/27.0 Mobile/15E148 Safari/604.1"
129.121.49.162 - - [31/Jul/2026:13:44:30 -0300] "POST /wp-cron.php?doing_wp_cron=1785516270.2012479305267333984375 HTTP/1.1" 200 - "-" "WordPress/7.0.2; https://academy.kohlsolucoes.com.br"
170.238.251.110 - - [31/Jul/2026:13:44:30 -0300] "POST /wp-admin/admin-ajax.php HTTP/1.1" 200 - "https://academy.kohlsolucoes.com.br/cursos/lgpd-aplicada-a-educacao-publica-sonora/atividade/aula-02-principios-e-bases-legais-de-tratamento-3/" "Mozilla/5.0 (iPhone; CPU iPhone OS 18_7 like Mac OS X) AppleWebKit/605.1.15 (KHTML, like Gecko) Version/27.0 Mobile/15E148 Safari/604.1"
170.238.251.110 - - [31/Jul/2026:13:44:39 -0300] "POST /wp-admin/admin-ajax.php HTTP/1.1" 200 - "https://academy.kohlsolucoes.com.br/cursos/lgpd-aplicada-a-educacao-publica-sonora/atividade/aula-02-principios-e-bases-legais-de-tratamento-3/" "Mozilla/5.0 (iPhone; CPU iPhone OS 18_7 like Mac OS X) AppleWebKit/605.1.15 (KHTML, like Gecko) Version/27.0 Mobile/15E148 Safari/604.1"
170.238.251.110 - - [31/Jul/2026:13:44:50 -0300] "POST /wp-admin/admin-ajax.php HTTP/1.1" 200 - "https://academy.kohlsolucoes.com.br/cursos/lgpd-aplicada-a-educacao-publica-sonora/atividade/aula-02-principios-e-bases-legais-de-tratamento-3/" "Mozilla/5.0 (iPhone; CPU iPhone OS 18_7 like Mac OS X) AppleWebKit/605.1.15 (KHTML, like Gecko) Version/27.0 Mobile/15E148 Safari/604.1"
170.238.251.110 - - [31/Jul/2026:13:45:00 -0300] "POST /wp-admin/admin-ajax.php HTTP/1.1" 200 - "https://academy.kohlsolucoes.com.br/cursos/lgpd-aplicada-a-educacao-publica-sonora/atividade/aula-02-principios-e-bases-legais-de-tratamento-3/" "Mozilla/5.0 (iPhone; CPU iPhone OS 18_7 like Mac OS X) AppleWebKit/605.1.15 (KHTML, like Gecko) Version/27.0 Mobile/15E148 Safari/604.1"
129.121.49.162 - - [31/Jul/2026:13:45:10 -0300] "POST /wp-cron.php?doing_wp_cron=1785516310.2864830493927001953125 HTTP/1.1" 200 - "-" "WordPress/7.0.2; https://academy.kohlsolucoes.com.br"
170.238.251.110 - - [31/Jul/2026:13:45:10 -0300] "POST /wp-admin/admin-ajax.php HTTP/1.1" 200 - "https://academy.kohlsolucoes.com.br/cursos/lgpd-aplicada-a-educacao-publica-sonora/atividade/aula-02-principios-e-bases-legais-de-tratamento-3/" "Mozilla/5.0 (iPhone; CPU iPhone OS 18_7 like Mac OS X) AppleWebKit/605.1.15 (KHTML, like Gecko) Version/27.0 Mobile/15E148 Safari/604.1"
170.238.251.110 - - [31/Jul/2026:13:45:20 -0300] "POST /wp-admin/admin-ajax.php HTTP/1.1" 200 - "https://academy.kohlsolucoes.com.br/cursos/lgpd-aplicada-a-educacao-publica-sonora/atividade/aula-02-principios-e-bases-legais-de-tratamento-3/" "Mozilla/5.0 (iPhone; CPU iPhone OS 18_7 like Mac OS X) AppleWebKit/605.1.15 (KHTML, like Gecko) Version/27.0 Mobile/15E148 Safari/604.1"
170.238.251.110 - - [31/Jul/2026:13:45:30 -0300] "POST /wp-admin/admin-ajax.php HTTP/1.1" 200 - "https://academy.kohlsolucoes.com.br/cursos/lgpd-aplicada-a-educacao-publica-sonora/atividade/aula-02-principios-e-bases-legais-de-tratamento-3/" "Mozilla/5.0 (iPhone; CPU iPhone OS 18_7 like Mac OS X) AppleWebKit/605.1.15 (KHTML, like Gecko) Version/27.0 Mobile/15E148 Safari/604.1"
170.238.251.110 - - [31/Jul/2026:13:45:40 -0300] "POST /wp-admin/admin-ajax.php HTTP/1.1" 200 - "https://academy.kohlsolucoes.com.br/cursos/lgpd-aplicada-a-educacao-publica-sonora/atividade/aula-02-principios-e-bases-legais-de-tratamento-3/" "Mozilla/5.0 (iPhone; CPU iPhone OS 18_7 like Mac OS X) AppleWebKit/605.1.15 (KHTML, like Gecko) Version/27.0 Mobile/15E148 Safari/604.1"
170.238.251.110 - - [31/Jul/2026:13:45:50 -0300] "POST /wp-admin/admin-ajax.php HTTP/1.1" 200 - "https://academy.kohlsolucoes.com.br/cursos/lgpd-aplicada-a-educacao-publica-sonora/atividade/aula-02-principios-e-bases-legais-de-tratamento-3/" "Mozilla/5.0 (iPhone; CPU iPhone OS 18_7 like Mac OS X) AppleWebKit/605.1.15 (KHTML, like Gecko) Version/27.0 Mobile/15E148 Safari/604.1"
170.238.251.110 - - [31/Jul/2026:13:46:00 -0300] "POST /wp-admin/admin-ajax.php HTTP/1.1" 200 - "https://academy.kohlsolucoes.com.br/cursos/lgpd-aplicada-a-educacao-publica-sonora/atividade/aula-02-principios-e-bases-legais-de-tratamento-3/" "Mozilla/5.0 (iPhone; CPU iPhone OS 18_7 like Mac OS X) AppleWebKit/605.1.15 (KHTML, like Gecko) Version/27.0 Mobile/15E148 Safari/604.1"
129.121.49.162 - - [31/Jul/2026:13:46:10 -0300] "POST /wp-cron.php?doing_wp_cron=1785516370.3787920475006103515625 HTTP/1.1" 200 - "-" "WordPress/7.0.2; https://academy.kohlsolucoes.com.br"
170.238.251.110 - - [31/Jul/2026:13:46:10 -0300] "POST /wp-admin/admin-ajax.php HTTP/1.1" 200 - "https://academy.kohlsolucoes.com.br/cursos/lgpd-aplicada-a-educacao-publica-sonora/atividade/aula-02-principios-e-bases-legais-de-tratamento-3/" "Mozilla/5.0 (iPhone; CPU iPhone OS 18_7 like Mac OS X) AppleWebKit/605.1.15 (KHTML, like Gecko) Version/27.0 Mobile/15E148 Safari/604.1"
170.238.251.110 - - [31/Jul/2026:13:46:20 -0300] "POST /wp-admin/admin-ajax.php HTTP/1.1" 200 - "https://academy.kohlsolucoes.com.br/cursos/lgpd-aplicada-a-educacao-publica-sonora/atividade/aula-02-principios-e-bases-legais-de-tratamento-3/" "Mozilla/5.0 (iPhone; CPU iPhone OS 18_7 like Mac OS X) AppleWebKit/605.1.15 (KHTML, like Gecko) Version/27.0 Mobile/15E148 Safari/604.1"
170.238.251.110 - - [31/Jul/2026:13:46:30 -0300] "POST /wp-admin/admin-ajax.php HTTP/1.1" 200 - "https://academy.kohlsolucoes.com.br/cursos/lgpd-aplicada-a-educacao-publica-sonora/atividade/aula-02-principios-e-bases-legais-de-tratamento-3/" "Mozilla/5.0 (iPhone; CPU iPhone OS 18_7 like Mac OS X) AppleWebKit/605.1.15 (KHTML, like Gecko) Version/27.0 Mobile/15E148 Safari/604.1"
170.238.251.110 - - [31/Jul/2026:13:46:40 -0300] "POST /wp-admin/admin-ajax.php HTTP/1.1" 200 - "https://academy.kohlsolucoes.com.br/cursos/lgpd-aplicada-a-educacao-publica-sonora/atividade/aula-02-principios-e-bases-legais-de-tratamento-3/" "Mozilla/5.0 (iPhone; CPU iPhone OS 18_7 like Mac OS X) AppleWebKit/605.1.15 (KHTML, like Gecko) Version/27.0 Mobile/15E148 Safari/604.1"
170.238.251.110 - - [31/Jul/2026:13:46:50 -0300] "POST /wp-admin/admin-ajax.php HTTP/1.1" 200 - "https://academy.kohlsolucoes.com.br/cursos/lgpd-aplicada-a-educacao-publica-sonora/atividade/aula-02-principios-e-bases-legais-de-tratamento-3/" "Mozilla/5.0 (iPhone; CPU iPhone OS 18_7 like Mac OS X) AppleWebKit/605.1.15 (KHTML, like Gecko) Version/27.0 Mobile/15E148 Safari/604.1"
170.238.251.110 - - [31/Jul/2026:13:47:00 -0300] "POST /wp-admin/admin-ajax.php HTTP/1.1" 200 - "https://academy.kohlsolucoes.com.br/cursos/lgpd-aplicada-a-educacao-publica-sonora/atividade/aula-02-principios-e-bases-legais-de-tratamento-3/" "Mozilla/5.0 (iPhone; CPU iPhone OS 18_7 like Mac OS X) AppleWebKit/605.1.15 (KHTML, like Gecko) Version/27.0 Mobile/15E148 Safari/604.1"
129.121.49.162 - - [31/Jul/2026:13:47:10 -0300] "POST /wp-cron.php?doing_wp_cron=1785516430.4861619472503662109375 HTTP/1.1" 200 - "-" "WordPress/7.0.2; https://academy.kohlsolucoes.com.br"
170.238.251.110 - - [31/Jul/2026:13:47:10 -0300] "POST /wp-admin/admin-ajax.php HTTP/1.1" 200 - "https://academy.kohlsolucoes.com.br/cursos/lgpd-aplicada-a-educacao-publica-sonora/atividade/aula-02-principios-e-bases-legais-de-tratamento-3/" "Mozilla/5.0 (iPhone; CPU iPhone OS 18_7 like Mac OS X) AppleWebKit/605.1.15 (KHTML, like Gecko) Version/27.0 Mobile/15E148 Safari/604.1"
170.238.251.110 - - [31/Jul/2026:13:47:20 -0300] "POST /wp-admin/admin-ajax.php HTTP/1.1" 200 - "https://academy.kohlsolucoes.com.br/cursos/lgpd-aplicada-a-educacao-publica-sonora/atividade/aula-02-principios-e-bases-legais-de-tratamento-3/" "Mozilla/5.0 (iPhone; CPU iPhone OS 18_7 like Mac OS X) AppleWebKit/605.1.15 (KHTML, like Gecko) Version/27.0 Mobile/15E148 Safari/604.1"
170.238.251.110 - - [31/Jul/2026:13:47:30 -0300] "POST /wp-admin/admin-ajax.php HTTP/1.1" 200 - "https://academy.kohlsolucoes.com.br/cursos/lgpd-aplicada-a-educacao-publica-sonora/atividade/aula-02-principios-e-bases-legais-de-tratamento-3/" "Mozilla/5.0 (iPhone; CPU iPhone OS 18_7 like Mac OS X) AppleWebKit/605.1.15 (KHTML, like Gecko) Version/27.0 Mobile/15E148 Safari/604.1"
170.238.251.110 - - [31/Jul/2026:13:47:40 -0300] "POST /wp-admin/admin-ajax.php HTTP/1.1" 200 - "https://academy.kohlsolucoes.com.br/cursos/lgpd-aplicada-a-educacao-publica-sonora/atividade/aula-02-principios-e-bases-legais-de-tratamento-3/" "Mozilla/5.0 (iPhone; CPU iPhone OS 18_7 like Mac OS X) AppleWebKit/605.1.15 (KHTML, like Gecko) Version/27.0 Mobile/15E148 Safari/604.1"
170.238.251.110 - - [31/Jul/2026:13:47:50 -0300] "POST /wp-admin/admin-ajax.php HTTP/1.1" 200 - "https://academy.kohlsolucoes.com.br/cursos/lgpd-aplicada-a-educacao-publica-sonora/atividade/aula-02-principios-e-bases-legais-de-tratamento-3/" "Mozilla/5.0 (iPhone; CPU iPhone OS 18_7 like Mac OS X) AppleWebKit/605.1.15 (KHTML, like Gecko) Version/27.0 Mobile/15E148 Safari/604.1"
170.238.251.110 - - [31/Jul/2026:13:48:00 -0300] "POST /wp-admin/admin-ajax.php HTTP/1.1" 200 - "https://academy.kohlsolucoes.com.br/cursos/lgpd-aplicada-a-educacao-publica-sonora/atividade/aula-02-principios-e-bases-legais-de-tratamento-3/" "Mozilla/5.0 (iPhone; CPU iPhone OS 18_7 like Mac OS X) AppleWebKit/605.1.15 (KHTML, like Gecko) Version/27.0 Mobile/15E148 Safari/604.1"
129.121.49.162 - - [31/Jul/2026:13:48:11 -0300] "POST /wp-cron.php?doing_wp_cron=1785516491.6098909378051757812500 HTTP/1.1" 200 - "-" "WordPress/7.0.2; https://academy.kohlsolucoes.com.br"
170.238.251.110 - - [31/Jul/2026:13:48:10 -0300] "POST /wp-admin/admin-ajax.php HTTP/1.1" 200 - "https://academy.kohlsolucoes.com.br/cursos/lgpd-aplicada-a-educacao-publica-sonora/atividade/aula-02-principios-e-bases-legais-de-tratamento-3/" "Mozilla/5.0 (iPhone; CPU iPhone OS 18_7 like Mac OS X) AppleWebKit/605.1.15 (KHTML, like Gecko) Version/27.0 Mobile/15E148 Safari/604.1"
129.121.49.162 - - [31/Jul/2026:13:48:10 -0300] "POST /wp-admin/admin-ajax.php?action=as_async_request_queue_runner&nonce=46a390d479 HTTP/1.1" 200 - "-" "WordPress/7.0.2; https://academy.kohlsolucoes.com.br"
170.238.251.110 - - [31/Jul/2026:13:48:20 -0300] "POST /wp-admin/admin-ajax.php HTTP/1.1" 200 - "https://academy.kohlsolucoes.com.br/cursos/lgpd-aplicada-a-educacao-publica-sonora/atividade/aula-02-principios-e-bases-legais-de-tratamento-3/" "Mozilla/5.0 (iPhone; CPU iPhone OS 18_7 like Mac OS X) AppleWebKit/605.1.15 (KHTML, like Gecko) Version/27.0 Mobile/15E148 Safari/604.1"
170.238.251.110 - - [31/Jul/2026:13:48:30 -0300] "POST /wp-admin/admin-ajax.php HTTP/1.1" 200 - "https://academy.kohlsolucoes.com.br/cursos/lgpd-aplicada-a-educacao-publica-sonora/atividade/aula-02-principios-e-bases-legais-de-tratamento-3/" "Mozilla/5.0 (iPhone; CPU iPhone OS 18_7 like Mac OS X) AppleWebKit/605.1.15 (KHTML, like Gecko) Version/27.0 Mobile/15E148 Safari/604.1"
170.238.251.110 - - [31/Jul/2026:13:48:40 -0300] "POST /wp-admin/admin-ajax.php HTTP/1.1" 200 - "https://academy.kohlsolucoes.com.br/cursos/lgpd-aplicada-a-educacao-publica-sonora/atividade/aula-02-principios-e-bases-legais-de-tratamento-3/" "Mozilla/5.0 (iPhone; CPU iPhone OS 18_7 like Mac OS X) AppleWebKit/605.1.15 (KHTML, like Gecko) Version/27.0 Mobile/15E148 Safari/604.1"
170.238.251.110 - - [31/Jul/2026:13:48:50 -0300] "POST /wp-admin/admin-ajax.php HTTP/1.1" 200 - "https://academy.kohlsolucoes.com.br/cursos/lgpd-aplicada-a-educacao-publica-sonora/atividade/aula-02-principios-e-bases-legais-de-tratamento-3/" "Mozilla/5.0 (iPhone; CPU iPhone OS 18_7 like Mac OS X) AppleWebKit/605.1.15 (KHTML, like Gecko) Version/27.0 Mobile/15E148 Safari/604.1"
170.238.251.110 - - [31/Jul/2026:13:49:00 -0300] "POST /wp-admin/admin-ajax.php HTTP/1.1" 200 - "https://academy.kohlsolucoes.com.br/cursos/lgpd-aplicada-a-educacao-publica-sonora/atividade/aula-02-principios-e-bases-legais-de-tratamento-3/" "Mozilla/5.0 (iPhone; CPU iPhone OS 18_7 like Mac OS X) AppleWebKit/605.1.15 (KHTML, like Gecko) Version/27.0 Mobile/15E148 Safari/604.1"
129.121.49.162 - - [31/Jul/2026:13:49:10 -0300] "POST /wp-cron.php?doing_wp_cron=1785516550.7275741100311279296875 HTTP/1.1" 200 - "-" "WordPress/7.0.2; https://academy.kohlsolucoes.com.br"
170.238.251.110 - - [31/Jul/2026:13:49:10 -0300] "POST /wp-admin/admin-ajax.php HTTP/1.1" 200 - "https://academy.kohlsolucoes.com.br/cursos/lgpd-aplicada-a-educacao-publica-sonora/atividade/aula-02-principios-e-bases-legais-de-tratamento-3/" "Mozilla/5.0 (iPhone; CPU iPhone OS 18_7 like Mac OS X) AppleWebKit/605.1.15 (KHTML, like Gecko) Version/27.0 Mobile/15E148 Safari/604.1"
170.238.251.110 - - [31/Jul/2026:13:49:20 -0300] "POST /wp-admin/admin-ajax.php HTTP/1.1" 200 - "https://academy.kohlsolucoes.com.br/cursos/lgpd-aplicada-a-educacao-publica-sonora/atividade/aula-02-principios-e-bases-legais-de-tratamento-3/" "Mozilla/5.0 (iPhone; CPU iPhone OS 18_7 like Mac OS X) AppleWebKit/605.1.15 (KHTML, like Gecko) Version/27.0 Mobile/15E148 Safari/604.1"
129.121.49.162 - - [31/Jul/2026:13:49:30 -0300] "POST /wp-cron.php?doing_wp_cron=1785516570.7790660858154296875000 HTTP/1.1" 200 - "-" "WordPress/7.0.2; https://academy.kohlsolucoes.com.br"
