138.0.134.191 - - [31/Jul/2026:14:35:51 -0300] "POST /wp-admin/admin-ajax.php HTTP/1.1" 200 1 "https://academy.kohlsolucoes.com.br/cursos/lgpd-aplicada-a-educacao-publica-sonora/" "Mozilla/5.0 (Linux; Android 10; K) AppleWebKit/537.36 (KHTML, like Gecko) Chrome/150.0.0.0 Mobile Safari/537.36"
138.0.134.191 - - [31/Jul/2026:14:35:53 -0300] "GET /wp-content/uploads/2026/02/cropped-favicon-kohl-192x192.png HTTP/1.1" 304 - "https://academy.kohlsolucoes.com.br/cursos/lgpd-aplicada-a-educacao-publica-sonora/" "Mozilla/5.0 (Linux; Android 10; K) AppleWebKit/537.36 (KHTML, like Gecko) Chrome/150.0.0.0 Mobile Safari/537.36"
138.0.134.191 - - [31/Jul/2026:14:35:53 -0300] "GET /wp-content/uploads/2026/02/cropped-favicon-kohl-180x180.png HTTP/1.1" 304 - "https://academy.kohlsolucoes.com.br/cursos/lgpd-aplicada-a-educacao-publica-sonora/" "Mozilla/5.0 (Linux; Android 10; K) AppleWebKit/537.36 (KHTML, like Gecko) Chrome/150.0.0.0 Mobile Safari/537.36"
170.238.251.110 - - [31/Jul/2026:14:35:59 -0300] "POST /wp-admin/admin-ajax.php HTTP/1.1" 200 - "https://academy.kohlsolucoes.com.br/cursos/lgpd-aplicada-a-educacao-publica-sonora/atividade/aula-03-lgpd-aplicada-ao-dia-a-dia-2/" "Mozilla/5.0 (iPhone; CPU iPhone OS 18_7 like Mac OS X) AppleWebKit/605.1.15 (KHTML, like Gecko) Version/27.0 Mobile/15E148 Safari/604.1"
129.121.49.162 - - [31/Jul/2026:14:36:07 -0300] "POST /wp-cron.php?doing_wp_cron=1785519367.3195149898529052734375 HTTP/1.1" 200 - "-" "WordPress/7.0.2; https://academy.kohlsolucoes.com.br"
138.0.134.191 - - [31/Jul/2026:14:36:06 -0300] "POST /wp-admin/admin-ajax.php HTTP/1.1" 200 1 "https://academy.kohlsolucoes.com.br/cursos/lgpd-aplicada-a-educacao-publica-sonora/" "Mozilla/5.0 (Linux; Android 10; K) AppleWebKit/537.36 (KHTML, like Gecko) Chrome/150.0.0.0 Mobile Safari/537.36"
170.238.251.110 - - [31/Jul/2026:14:36:09 -0300] "POST /wp-admin/admin-ajax.php HTTP/1.1" 200 - "https://academy.kohlsolucoes.com.br/cursos/lgpd-aplicada-a-educacao-publica-sonora/atividade/aula-03-lgpd-aplicada-ao-dia-a-dia-2/" "Mozilla/5.0 (iPhone; CPU iPhone OS 18_7 like Mac OS X) AppleWebKit/605.1.15 (KHTML, like Gecko) Version/27.0 Mobile/15E148 Safari/604.1"
129.121.49.162 - - [31/Jul/2026:14:36:06 -0300] "POST /wp-admin/admin-ajax.php?action=as_async_request_queue_runner&nonce=1eeaf908fe HTTP/1.1" 200 - "-" "WordPress/7.0.2; https://academy.kohlsolucoes.com.br"
186.215.208.4 - - [31/Jul/2026:14:36:14 -0300] "GET /cursos/lgpd-aplicada-a-educacao-publica-sonora/ HTTP/1.1" 200 169756 "-" "Mozilla/5.0 (Linux; Android 10; K) AppleWebKit/537.36 (KHTML, like Gecko) Chrome/149.0.0.0 Mobile Safari/537.36"
138.0.134.191 - - [31/Jul/2026:14:36:13 -0300] "POST /cursos/lgpd-aplicada-a-educacao-publica-sonora/ HTTP/1.1" 200 169756 "https://academy.kohlsolucoes.com.br/cursos/lgpd-aplicada-a-educacao-publica-sonora/" "Mozilla/5.0 (Linux; Android 10; K) AppleWebKit/537.36 (KHTML, like Gecko) Chrome/150.0.0.0 Mobile Safari/537.36"
186.215.208.4 - - [31/Jul/2026:14:36:15 -0300] "GET /wp-content/plugins/fluentform/assets/css/fluent-forms-elementor-widget.css?ver=6.2.8 HTTP/1.1" 200 3933 "https://academy.kohlsolucoes.com.br/cursos/lgpd-aplicada-a-educacao-publica-sonora/" "Mozilla/5.0 (Linux; Android 10; K) AppleWebKit/537.36 (KHTML, like Gecko) Chrome/149.0.0.0 Mobile Safari/537.36"
186.215.208.4 - - [31/Jul/2026:14:36:15 -0300] "GET /wp-includes/css/dist/block-library/style.min.css?ver=7.0.2 HTTP/1.1" 200 131189 "https://academy.kohlsolucoes.com.br/cursos/lgpd-aplicada-a-educacao-publica-sonora/" "Mozilla/5.0 (Linux; Android 10; K) AppleWebKit/537.36 (KHTML, like Gecko) Chrome/149.0.0.0 Mobile Safari/537.36"
186.215.208.4 - - [31/Jul/2026:14:36:15 -0300] "GET /wp-content/plugins/tutor/assets/css/tutor-icon.min.css?ver=3.9.13 HTTP/1.1" 200 15482 "https://academy.kohlsolucoes.com.br/cursos/lgpd-aplicada-a-educacao-publica-sonora/" "Mozilla/5.0 (Linux; Android 10; K) AppleWebKit/537.36 (KHTML, like Gecko) Chrome/149.0.0.0 Mobile Safari/537.36"
186.215.208.4 - - [31/Jul/2026:14:36:15 -0300] "GET /wp-content/plugins/tutor-pro/addons/enrollments/assets/css/enroll.css?ver=3.9.13 HTTP/1.1" 200 946 "https://academy.kohlsolucoes.com.br/cursos/lgpd-aplicada-a-educacao-publica-sonora/" "Mozilla/5.0 (Linux; Android 10; K) AppleWebKit/537.36 (KHTML, like Gecko) Chrome/149.0.0.0 Mobile Safari/537.36"
186.215.208.4 - - [31/Jul/2026:14:36:15 -0300] "GET /wp-content/plugins/tutor-pro/assets/lib/codesample/prism.css?ver=3.9.13 HTTP/1.1" 200 2426 "https://academy.kohlsolucoes.com.br/cursos/lgpd-aplicada-a-educacao-publica-sonora/" "Mozilla/5.0 (Linux; Android 10; K) AppleWebKit/537.36 (KHTML, like Gecko) Chrome/149.0.0.0 Mobile Safari/537.36"
186.215.208.4 - - [31/Jul/2026:14:36:15 -0300] "GET /wp-content/plugins/tutor-pro/assets/css/front.css?ver=3.9.13 HTTP/1.1" 200 13812 "https://academy.kohlsolucoes.com.br/cursos/lgpd-aplicada-a-educacao-publica-sonora/" "Mozilla/5.0 (Linux; Android 10; K) AppleWebKit/537.36 (KHTML, like Gecko) Chrome/149.0.0.0 Mobile Safari/537.36"
186.215.208.4 - - [31/Jul/2026:14:36:15 -0300] "GET /wp-content/plugins/tutor/assets/lib/plyr/plyr.css?ver=3.9.13 HTTP/1.1" 200 34987 "https://academy.kohlsolucoes.com.br/cursos/lgpd-aplicada-a-educacao-publica-sonora/" "Mozilla/5.0 (Linux; Android 10; K) AppleWebKit/537.36 (KHTML, like Gecko) Chrome/149.0.0.0 Mobile Safari/537.36"
186.215.208.4 - - [31/Jul/2026:14:36:15 -0300] "GET /wp-content/plugins/tutor/assets/css/tutor-front.min.css?ver=3.9.13 HTTP/1.1" 200 138231 "https://academy.kohlsolucoes.com.br/cursos/lgpd-aplicada-a-educacao-publica-sonora/" "Mozilla/5.0 (Linux; Android 10; K) AppleWebKit/537.36 (KHTML, like Gecko) Chrome/149.0.0.0 Mobile Safari/537.36"
186.215.208.4 - - [31/Jul/2026:14:36:15 -0300] "GET /wp-content/plugins/woocommerce/assets/css/woocommerce-smallscreen.css?ver=10.9.4 HTTP/1.1" 200 8655 "https://academy.kohlsolucoes.com.br/cursos/lgpd-aplicada-a-educacao-publica-sonora/" "Mozilla/5.0 (Linux; Android 10; K) AppleWebKit/537.36 (KHTML, like Gecko) Chrome/149.0.0.0 Mobile Safari/537.36"
186.215.208.4 - - [31/Jul/2026:14:36:15 -0300] "GET /wp-content/themes/edubin/style.css?ver=7.0.2 HTTP/1.1" 200 632 "https://academy.kohlsolucoes.com.br/cursos/lgpd-aplicada-a-educacao-publica-sonora/" "Mozilla/5.0 (Linux; Android 10; K) AppleWebKit/537.36 (KHTML, like Gecko) Chrome/149.0.0.0 Mobile Safari/537.36"
186.215.208.4 - - [31/Jul/2026:14:36:15 -0300] "GET /wp-content/plugins/woocommerce/assets/css/woocommerce-layout.css?ver=10.9.4 HTTP/1.1" 200 19780 "https://academy.kohlsolucoes.com.br/cursos/lgpd-aplicada-a-educacao-publica-sonora/" "Mozilla/5.0 (Linux; Android 10; K) AppleWebKit/537.36 (KHTML, like Gecko) Chrome/149.0.0.0 Mobile Safari/537.36"
186.215.208.4 - - [31/Jul/2026:14:36:15 -0300] "GET /wp-content/plugins/tutor-pro/assets/css/course-details.css?ver=3.9.13 HTTP/1.1" 200 6318 "https://academy.kohlsolucoes.com.br/cursos/lgpd-aplicada-a-educacao-publica-sonora/" "Mozilla/5.0 (Linux; Android 10; K) AppleWebKit/537.36 (KHTML, like Gecko) Chrome/149.0.0.0 Mobile Safari/537.36"
186.215.208.4 - - [31/Jul/2026:14:36:15 -0300] "GET /wp-content/themes/edubin-child/style.css?ver=1.0.3 HTTP/1.1" 200 3154 "https://academy.kohlsolucoes.com.br/cursos/lgpd-aplicada-a-educacao-publica-sonora/" "Mozilla/5.0 (Linux; Android 10; K) AppleWebKit/537.36 (KHTML, like Gecko) Chrome/149.0.0.0 Mobile Safari/537.36"
186.215.208.4 - - [31/Jul/2026:14:36:15 -0300] "GET /wp-content/themes/edubin-child/style.css?ver=7.0.2 HTTP/1.1" 200 3154 "https://academy.kohlsolucoes.com.br/cursos/lgpd-aplicada-a-educacao-publica-sonora/" "Mozilla/5.0 (Linux; Android 10; K) AppleWebKit/537.36 (KHTML, like Gecko) Chrome/149.0.0.0 Mobile Safari/537.36"
186.215.208.4 - - [31/Jul/2026:14:36:15 -0300] "GET /wp-content/plugins/woocommerce/assets/css/woocommerce.css?ver=10.9.4 HTTP/1.1" 200 87398 "https://academy.kohlsolucoes.com.br/cursos/lgpd-aplicada-a-educacao-publica-sonora/" "Mozilla/5.0 (Linux; Android 10; K) AppleWebKit/537.36 (KHTML, like Gecko) Chrome/149.0.0.0 Mobile Safari/537.36"
186.215.208.4 - - [31/Jul/2026:14:36:15 -0300] "GET /wp-content/themes/edubin/assets/css/login-popup.css?ver=1.0.3 HTTP/1.1" 200 9786 "https://academy.kohlsolucoes.com.br/cursos/lgpd-aplicada-a-educacao-publica-sonora/" "Mozilla/5.0 (Linux; Android 10; K) AppleWebKit/537.36 (KHTML, like Gecko) Chrome/149.0.0.0 Mobile Safari/537.36"
186.215.208.4 - - [31/Jul/2026:14:36:15 -0300] "GET /wp-content/plugins/tutor/assets/css/tutor.min.css?ver=3.9.13 HTTP/1.1" 200 284365 "https://academy.kohlsolucoes.com.br/cursos/lgpd-aplicada-a-educacao-publica-sonora/" "Mozilla/5.0 (Linux; Android 10; K) AppleWebKit/537.36 (KHTML, like Gecko) Chrome/149.0.0.0 Mobile Safari/537.36"
186.215.208.4 - - [31/Jul/2026:14:36:15 -0300] "GET /wp-content/themes/edubin/assets/css/header.css?ver=1.0.3 HTTP/1.1" 200 52736 "https://academy.kohlsolucoes.com.br/cursos/lgpd-aplicada-a-educacao-publica-sonora/" "Mozilla/5.0 (Linux; Android 10; K) AppleWebKit/537.36 (KHTML, like Gecko) Chrome/149.0.0.0 Mobile Safari/537.36"
186.215.208.4 - - [31/Jul/2026:14:36:15 -0300] "GET /wp-includes/js/jquery/jquery-migrate.min.js?ver=3.4.1 HTTP/1.1" 200 13577 "https://academy.kohlsolucoes.com.br/cursos/lgpd-aplicada-a-educacao-publica-sonora/" "Mozilla/5.0 (Linux; Android 10; K) AppleWebKit/537.36 (KHTML, like Gecko) Chrome/149.0.0.0 Mobile Safari/537.36"
186.215.208.4 - - [31/Jul/2026:14:36:15 -0300] "GET /wp-content/themes/edubin/assets/fonts/flaticon_edubin.css?ver=1.0.3 HTTP/1.1" 200 4099 "https://academy.kohlsolucoes.com.br/cursos/lgpd-aplicada-a-educacao-publica-sonora/" "Mozilla/5.0 (Linux; Android 10; K) AppleWebKit/537.36 (KHTML, like Gecko) Chrome/149.0.0.0 Mobile Safari/537.36"
186.215.208.4 - - [31/Jul/2026:14:36:15 -0300] "GET /wp-content/themes/edubin/assets/css/main.css?ver=1.0.3 HTTP/1.1" 200 103366 "https://academy.kohlsolucoes.com.br/cursos/lgpd-aplicada-a-educacao-publica-sonora/" "Mozilla/5.0 (Linux; Android 10; K) AppleWebKit/537.36 (KHTML, like Gecko) Chrome/149.0.0.0 Mobile Safari/537.36"
186.215.208.4 - - [31/Jul/2026:14:36:15 -0300] "GET /wp-content/themes/edubin/assets/css/page-title.css?ver=1.0.3 HTTP/1.1" 200 9921 "https://academy.kohlsolucoes.com.br/cursos/lgpd-aplicada-a-educacao-publica-sonora/" "Mozilla/5.0 (Linux; Android 10; K) AppleWebKit/537.36 (KHTML, like Gecko) Chrome/149.0.0.0 Mobile Safari/537.36"
186.215.208.4 - - [31/Jul/2026:14:36:15 -0300] "GET /wp-content/themes/edubin/assets/css/global-courses.css?ver=1.0.3 HTTP/1.1" 200 55904 "https://academy.kohlsolucoes.com.br/cursos/lgpd-aplicada-a-educacao-publica-sonora/" "Mozilla/5.0 (Linux; Android 10; K) AppleWebKit/537.36 (KHTML, like Gecko) Chrome/149.0.0.0 Mobile Safari/537.36"
186.215.208.4 - - [31/Jul/2026:14:36:15 -0300] "GET /wp-content/themes/edubin/assets/css/woocommerce.css?ver=1.0.3 HTTP/1.1" 200 88937 "https://academy.kohlsolucoes.com.br/cursos/lgpd-aplicada-a-educacao-publica-sonora/" "Mozilla/5.0 (Linux; Android 10; K) AppleWebKit/537.36 (KHTML, like Gecko) Chrome/149.0.0.0 Mobile Safari/537.36"
186.215.208.4 - - [31/Jul/2026:14:36:15 -0300] "GET /wp-content/themes/edubin/assets/css/footer.css?ver=1.0.3 HTTP/1.1" 200 7927 "https://academy.kohlsolucoes.com.br/cursos/lgpd-aplicada-a-educacao-publica-sonora/" "Mozilla/5.0 (Linux; Android 10; K) AppleWebKit/537.36 (KHTML, like Gecko) Chrome/149.0.0.0 Mobile Safari/537.36"
186.215.208.4 - - [31/Jul/2026:14:36:15 -0300] "GET /wp-includes/js/jquery/jquery.min.js?ver=3.7.1 HTTP/1.1" 200 87553 "https://academy.kohlsolucoes.com.br/cursos/lgpd-aplicada-a-educacao-publica-sonora/" "Mozilla/5.0 (Linux; Android 10; K) AppleWebKit/537.36 (KHTML, like Gecko) Chrome/149.0.0.0 Mobile Safari/537.36"
186.215.208.4 - - [31/Jul/2026:14:36:15 -0300] "GET /wp-content/themes/edubin/assets/css/tutor.css?ver=1.0.3 HTTP/1.1" 200 14122 "https://academy.kohlsolucoes.com.br/cursos/lgpd-aplicada-a-educacao-publica-sonora/" "Mozilla/5.0 (Linux; Android 10; K) AppleWebKit/537.36 (KHTML, like Gecko) Chrome/149.0.0.0 Mobile Safari/537.36"
186.215.208.4 - - [31/Jul/2026:14:36:15 -0300] "GET /wp-content/plugins/woocommerce/assets/client/blocks/wc-blocks.css?ver=wc-10.9.4 HTTP/1.1" 200 14006 "https://academy.kohlsolucoes.com.br/cursos/lgpd-aplicada-a-educacao-publica-sonora/" "Mozilla/5.0 (Linux; Android 10; K) AppleWebKit/537.36 (KHTML, like Gecko) Chrome/149.0.0.0 Mobile Safari/537.36"
186.215.208.4 - - [31/Jul/2026:14:36:15 -0300] "GET /wp-content/uploads/2026/02/logo-kohl-solucoes.png HTTP/1.1" 200 11897 "https://academy.kohlsolucoes.com.br/cursos/lgpd-aplicada-a-educacao-publica-sonora/" "Mozilla/5.0 (Linux; Android 10; K) AppleWebKit/537.36 (KHTML, like Gecko) Chrome/149.0.0.0 Mobile Safari/537.36"
186.215.208.4 - - [31/Jul/2026:14:36:15 -0300] "GET /wp-content/themes/edubin/assets/css/search.css?ver=1.0.3 HTTP/1.1" 200 5461 "https://academy.kohlsolucoes.com.br/cursos/lgpd-aplicada-a-educacao-publica-sonora/" "Mozilla/5.0 (Linux; Android 10; K) AppleWebKit/537.36 (KHTML, like Gecko) Chrome/149.0.0.0 Mobile Safari/537.36"
186.215.208.4 - - [31/Jul/2026:14:36:15 -0300] "GET /wp-content/themes/edubin/assets/css/social-share.css?ver=1.0.3 HTTP/1.1" 200 3945 "https://academy.kohlsolucoes.com.br/cursos/lgpd-aplicada-a-educacao-publica-sonora/" "Mozilla/5.0 (Linux; Android 10; K) AppleWebKit/537.36 (KHTML, like Gecko) Chrome/149.0.0.0 Mobile Safari/537.36"
186.215.208.4 - - [31/Jul/2026:14:36:15 -0300] "GET /wp-content/plugins/fluentform/assets/js/fluent-forms-elementor-widget.js?ver=6.2.8 HTTP/1.1" 200 751 "https://academy.kohlsolucoes.com.br/cursos/lgpd-aplicada-a-educacao-publica-sonora/" "Mozilla/5.0 (Linux; Android 10; K) AppleWebKit/537.36 (KHTML, like Gecko) Chrome/149.0.0.0 Mobile Safari/537.36"
186.215.208.4 - - [31/Jul/2026:14:36:15 -0300] "GET /wp-content/plugins/edubin-core/assets/js/edubin-active.js?ver=9.5.16 HTTP/1.1" 200 43564 "https://academy.kohlsolucoes.com.br/cursos/lgpd-aplicada-a-educacao-publica-sonora/" "Mozilla/5.0 (Linux; Android 10; K) AppleWebKit/537.36 (KHTML, like Gecko) Chrome/149.0.0.0 Mobile Safari/537.36"
186.215.208.4 - - [31/Jul/2026:14:36:15 -0300] "GET /wp-includes/js/dist/hooks.min.js?ver=7496969728ca0f95732d HTTP/1.1" 200 5050 "https://academy.kohlsolucoes.com.br/cursos/lgpd-aplicada-a-educacao-publica-sonora/" "Mozilla/5.0 (Linux; Android 10; K) AppleWebKit/537.36 (KHTML, like Gecko) Chrome/149.0.0.0 Mobile Safari/537.36"
186.215.208.4 - - [31/Jul/2026:14:36:16 -0300] "GET /wp-includes/js/dist/i18n.min.js?ver=781d11515ad3d91786ec HTTP/1.1" 200 5732 "https://academy.kohlsolucoes.com.br/cursos/lgpd-aplicada-a-educacao-publica-sonora/" "Mozilla/5.0 (Linux; Android 10; K) AppleWebKit/537.36 (KHTML, like Gecko) Chrome/149.0.0.0 Mobile Safari/537.36"
186.215.208.4 - - [31/Jul/2026:14:36:16 -0300] "GET /wp-includes/js/dist/vendor/react.min.js?ver=18.3.1.1 HTTP/1.1" 200 10751 "https://academy.kohlsolucoes.com.br/cursos/lgpd-aplicada-a-educacao-publica-sonora/" "Mozilla/5.0 (Linux; Android 10; K) AppleWebKit/537.36 (KHTML, like Gecko) Chrome/149.0.0.0 Mobile Safari/537.36"
186.215.208.4 - - [31/Jul/2026:14:36:16 -0300] "GET /wp-includes/js/dist/vendor/react-dom.min.js?ver=18.3.1.1 HTTP/1.1" 200 131835 "https://academy.kohlsolucoes.com.br/cursos/lgpd-aplicada-a-educacao-publica-sonora/" "Mozilla/5.0 (Linux; Android 10; K) AppleWebKit/537.36 (KHTML, like Gecko) Chrome/149.0.0.0 Mobile Safari/537.36"
186.215.208.4 - - [31/Jul/2026:14:36:16 -0300] "GET /wp-includes/js/dist/escape-html.min.js?ver=3f093e5cca67aa0f8b56 HTTP/1.1" 200 1091 "https://academy.kohlsolucoes.com.br/cursos/lgpd-aplicada-a-educacao-publica-sonora/" "Mozilla/5.0 (Linux; Android 10; K) AppleWebKit/537.36 (KHTML, like Gecko) Chrome/149.0.0.0 Mobile Safari/537.36"
186.215.208.4 - - [31/Jul/2026:14:36:16 -0300] "GET /wp-includes/js/quicktags.min.js?ver=7.0.2 HTTP/1.1" 200 11132 "https://academy.kohlsolucoes.com.br/cursos/lgpd-aplicada-a-educacao-publica-sonora/" "Mozilla/5.0 (Linux; Android 10; K) AppleWebKit/537.36 (KHTML, like Gecko) Chrome/149.0.0.0 Mobile Safari/537.36"
186.215.208.4 - - [31/Jul/2026:14:36:16 -0300] "GET /wp-includes/js/dist/element.min.js?ver=15ba804677f72a8db97b HTTP/1.1" 200 12458 "https://academy.kohlsolucoes.com.br/cursos/lgpd-aplicada-a-educacao-publica-sonora/" "Mozilla/5.0 (Linux; Android 10; K) AppleWebKit/537.36 (KHTML, like Gecko) Chrome/149.0.0.0 Mobile Safari/537.36"
186.215.208.4 - - [31/Jul/2026:14:36:16 -0300] "GET /wp-includes/js/jquery/ui/mouse.min.js?ver=1.13.3 HTTP/1.1" 200 3428 "https://academy.kohlsolucoes.com.br/cursos/lgpd-aplicada-a-educacao-publica-sonora/" "Mozilla/5.0 (Linux; Android 10; K) AppleWebKit/537.36 (KHTML, like Gecko) Chrome/149.0.0.0 Mobile Safari/537.36"
186.215.208.4 - - [31/Jul/2026:14:36:16 -0300] "GET /wp-content/fonts/heebo/NGS6v5_NC0k9P9H2TbE.woff2 HTTP/1.1" 200 30116 "https://academy.kohlsolucoes.com.br/cursos/lgpd-aplicada-a-educacao-publica-sonora/" "Mozilla/5.0 (Linux; Android 10; K) AppleWebKit/537.36 (KHTML, like Gecko) Chrome/149.0.0.0 Mobile Safari/537.36"
186.215.208.4 - - [31/Jul/2026:14:36:16 -0300] "GET /wp-content/plugins/tutor/assets/js/tutor.js?ver=3.9.13 HTTP/1.1" 200 122651 "https://academy.kohlsolucoes.com.br/cursos/lgpd-aplicada-a-educacao-publica-sonora/" "Mozilla/5.0 (Linux; Android 10; K) AppleWebKit/537.36 (KHTML, like Gecko) Chrome/149.0.0.0 Mobile Safari/537.36"
186.215.208.4 - - [31/Jul/2026:14:36:16 -0300] "GET /wp-includes/js/jquery/ui/core.min.js?ver=1.13.3 HTTP/1.1" 200 21464 "https://academy.kohlsolucoes.com.br/cursos/lgpd-aplicada-a-educacao-publica-sonora/" "Mozilla/5.0 (Linux; Android 10; K) AppleWebKit/537.36 (KHTML, like Gecko) Chrome/149.0.0.0 Mobile Safari/537.36"
186.215.208.4 - - [31/Jul/2026:14:36:16 -0300] "GET /wp-content/themes/edubin//assets/images/header.jpg HTTP/1.1" 200 139670 "https://academy.kohlsolucoes.com.br/cursos/lgpd-aplicada-a-educacao-publica-sonora/" "Mozilla/5.0 (Linux; Android 10; K) AppleWebKit/537.36 (KHTML, like Gecko) Chrome/149.0.0.0 Mobile Safari/537.36"
186.215.208.4 - - [31/Jul/2026:14:36:16 -0300] "GET /wp-content/plugins/tutor/assets/fonts/tutor-v2.woff HTTP/1.1" 200 11320 "https://academy.kohlsolucoes.com.br/wp-content/plugins/tutor/assets/css/tutor-icon.min.css?ver=3.9.13" "Mozilla/5.0 (Linux; Android 10; K) AppleWebKit/537.36 (KHTML, like Gecko) Chrome/149.0.0.0 Mobile Safari/537.36"
186.215.208.4 - - [31/Jul/2026:14:36:16 -0300] "GET /wp-includes/js/jquery/ui/sortable.min.js?ver=1.13.3 HTTP/1.1" 200 25504 "https://academy.kohlsolucoes.com.br/cursos/lgpd-aplicada-a-educacao-publica-sonora/" "Mozilla/5.0 (Linux; Android 10; K) AppleWebKit/537.36 (KHTML, like Gecko) Chrome/149.0.0.0 Mobile Safari/537.36"
138.0.134.191 - - [31/Jul/2026:14:36:16 -0300] "POST /wp-admin/admin-ajax.php HTTP/1.1" 200 1 "https://academy.kohlsolucoes.com.br/cursos/lgpd-aplicada-a-educacao-publica-sonora/" "Mozilla/5.0 (Linux; Android 10; K) AppleWebKit/537.36 (KHTML, like Gecko) Chrome/150.0.0.0 Mobile Safari/537.36"
186.215.208.4 - - [31/Jul/2026:14:36:16 -0300] "GET /wp-includes/js/jquery/jquery.ui.touch-punch.js?ver=0.2.2 HTTP/1.1" 200 1179 "https://academy.kohlsolucoes.com.br/cursos/lgpd-aplicada-a-educacao-publica-sonora/" "Mozilla/5.0 (Linux; Android 10; K) AppleWebKit/537.36 (KHTML, like Gecko) Chrome/149.0.0.0 Mobile Safari/537.36"
186.215.208.4 - - [31/Jul/2026:14:36:16 -0300] "GET /wp-content/plugins/tutor/assets/lib/plyr/plyr.polyfilled.min.js?ver=3.9.13 HTTP/1.1" 200 117382 "https://academy.kohlsolucoes.com.br/cursos/lgpd-aplicada-a-educacao-publica-sonora/" "Mozilla/5.0 (Linux; Android 10; K) AppleWebKit/537.36 (KHTML, like Gecko) Chrome/149.0.0.0 Mobile Safari/537.36"
186.215.208.4 - - [31/Jul/2026:14:36:16 -0300] "GET /wp-content/plugins/tutor/assets/lib/SocialShare/SocialShare.min.js?ver=3.9.13 HTTP/1.1" 200 2471 "https://academy.kohlsolucoes.com.br/cursos/lgpd-aplicada-a-educacao-publica-sonora/" "Mozilla/5.0 (Linux; Android 10; K) AppleWebKit/537.36 (KHTML, like Gecko) Chrome/149.0.0.0 Mobile Safari/537.36"
186.215.208.4 - - [31/Jul/2026:14:36:16 -0300] "GET /wp-includes/js/dist/vendor/moment.min.js?ver=2.30.1 HTTP/1.1" 200 58812 "https://academy.kohlsolucoes.com.br/cursos/lgpd-aplicada-a-educacao-publica-sonora/" "Mozilla/5.0 (Linux; Android 10; K) AppleWebKit/537.36 (KHTML, like Gecko) Chrome/149.0.0.0 Mobile Safari/537.36"
186.215.208.4 - - [31/Jul/2026:14:36:16 -0300] "GET /wp-content/plugins/tutor/assets/js/tutor-front.js?ver=3.9.13 HTTP/1.1" 200 95381 "https://academy.kohlsolucoes.com.br/cursos/lgpd-aplicada-a-educacao-publica-sonora/" "Mozilla/5.0 (Linux; Android 10; K) AppleWebKit/537.36 (KHTML, like Gecko) Chrome/149.0.0.0 Mobile Safari/537.36"
186.215.208.4 - - [31/Jul/2026:14:36:16 -0300] "GET /wp-includes/js/dist/deprecated.min.js?ver=990e85f234fee8f7d446 HTTP/1.1" 200 1315 "https://academy.kohlsolucoes.com.br/cursos/lgpd-aplicada-a-educacao-publica-sonora/" "Mozilla/5.0 (Linux; Android 10; K) AppleWebKit/537.36 (KHTML, like Gecko) Chrome/149.0.0.0 Mobile Safari/537.36"
186.215.208.4 - - [31/Jul/2026:14:36:16 -0300] "GET /wp-includes/js/dist/date.min.js?ver=c9f8e7dd3232716f34e9 HTTP/1.1" 200 144608 "https://academy.kohlsolucoes.com.br/cursos/lgpd-aplicada-a-educacao-publica-sonora/" "Mozilla/5.0 (Linux; Android 10; K) AppleWebKit/537.36 (KHTML, like Gecko) Chrome/149.0.0.0 Mobile Safari/537.36"
186.215.208.4 - - [31/Jul/2026:14:36:16 -0300] "GET /wp-content/plugins/tutor/assets/fonts/tutor.woff HTTP/1.1" 200 189472 "https://academy.kohlsolucoes.com.br/wp-content/plugins/tutor/assets/css/tutor-icon.min.css?ver=3.9.13" "Mozilla/5.0 (Linux; Android 10; K) AppleWebKit/537.36 (KHTML, like Gecko) Chrome/149.0.0.0 Mobile Safari/537.36"
186.215.208.4 - - [31/Jul/2026:14:36:16 -0300] "GET /wp-includes/js/jquery/ui/datepicker.min.js?ver=1.13.3 HTTP/1.1" 200 36748 "https://academy.kohlsolucoes.com.br/cursos/lgpd-aplicada-a-educacao-publica-sonora/" "Mozilla/5.0 (Linux; Android 10; K) AppleWebKit/537.36 (KHTML, like Gecko) Chrome/149.0.0.0 Mobile Safari/537.36"
186.215.208.4 - - [31/Jul/2026:14:36:16 -0300] "GET /wp-content/plugins/tutor-pro/assets/lib/tinymce/code.plugin.min.js?ver=3.9.13 HTTP/1.1" 200 1020 "https://academy.kohlsolucoes.com.br/cursos/lgpd-aplicada-a-educacao-publica-sonora/" "Mozilla/5.0 (Linux; Android 10; K) AppleWebKit/537.36 (KHTML, like Gecko) Chrome/149.0.0.0 Mobile Safari/537.36"
186.215.208.4 - - [31/Jul/2026:14:36:16 -0300] "GET /wp-content/plugins/tutor-pro/assets/lib/prism/prism.min.js?ver=3.9.13 HTTP/1.1" 200 48815 "https://academy.kohlsolucoes.com.br/cursos/lgpd-aplicada-a-educacao-publica-sonora/" "Mozilla/5.0 (Linux; Android 10; K) AppleWebKit/537.36 (KHTML, like Gecko) Chrome/149.0.0.0 Mobile Safari/537.36"
186.215.208.4 - - [31/Jul/2026:14:36:16 -0300] "GET /wp-content/plugins/tutor-pro/assets/lib/codesample/prism.min.js?ver=3.9.13 HTTP/1.1" 200 43267 "https://academy.kohlsolucoes.com.br/cursos/lgpd-aplicada-a-educacao-publica-sonora/" "Mozilla/5.0 (Linux; Android 10; K) AppleWebKit/537.36 (KHTML, like Gecko) Chrome/149.0.0.0 Mobile Safari/537.36"
186.215.208.4 - - [31/Jul/2026:14:36:16 -0300] "GET /wp-content/plugins/tutor-pro/assets/lib/prism/script.js?ver=3.9.13 HTTP/1.1" 200 635 "https://academy.kohlsolucoes.com.br/cursos/lgpd-aplicada-a-educacao-publica-sonora/" "Mozilla/5.0 (Linux; Android 10; K) AppleWebKit/537.36 (KHTML, like Gecko) Chrome/149.0.0.0 Mobile Safari/537.36"
186.215.208.4 - - [31/Jul/2026:14:36:17 -0300] "GET /wp-content/plugins/tutor-pro/assets/js/front.js?ver=3.9.13 HTTP/1.1" 200 93831 "https://academy.kohlsolucoes.com.br/cursos/lgpd-aplicada-a-educacao-publica-sonora/" "Mozilla/5.0 (Linux; Android 10; K) AppleWebKit/537.36 (KHTML, like Gecko) Chrome/149.0.0.0 Mobile Safari/537.36"
186.215.208.4 - - [31/Jul/2026:14:36:17 -0300] "GET /wp-content/themes/edubin/assets/js/edubin-mouse-move-animation.js?ver=1.0.3 HTTP/1.1" 200 17272 "https://academy.kohlsolucoes.com.br/cursos/lgpd-aplicada-a-educacao-publica-sonora/" "Mozilla/5.0 (Linux; Android 10; K) AppleWebKit/537.36 (KHTML, like Gecko) Chrome/149.0.0.0 Mobile Safari/537.36"
186.215.208.4 - - [31/Jul/2026:14:36:16 -0300] "GET /wp-includes/js/tinymce/tinymce.min.js?ver=3.9.13 HTTP/1.1" 200 365570 "https://academy.kohlsolucoes.com.br/cursos/lgpd-aplicada-a-educacao-publica-sonora/" "Mozilla/5.0 (Linux; Android 10; K) AppleWebKit/537.36 (KHTML, like Gecko) Chrome/149.0.0.0 Mobile Safari/537.36"
186.215.208.4 - - [31/Jul/2026:14:36:17 -0300] "GET /wp-content/themes/edubin/assets/js/sal.min.js?ver=1.0.3 HTTP/1.1" 200 3025 "https://academy.kohlsolucoes.com.br/cursos/lgpd-aplicada-a-educacao-publica-sonora/" "Mozilla/5.0 (Linux; Android 10; K) AppleWebKit/537.36 (KHTML, like Gecko) Chrome/149.0.0.0 Mobile Safari/537.36"
186.215.208.4 - - [31/Jul/2026:14:36:17 -0300] "GET /wp-content/themes/edubin/assets/js/navigation.js?ver=1.0.3 HTTP/1.1" 200 2967 "https://academy.kohlsolucoes.com.br/cursos/lgpd-aplicada-a-educacao-publica-sonora/" "Mozilla/5.0 (Linux; Android 10; K) AppleWebKit/537.36 (KHTML, like Gecko) Chrome/149.0.0.0 Mobile Safari/537.36"
186.215.208.4 - - [31/Jul/2026:14:36:17 -0300] "GET /wp-content/themes/edubin/assets/js/back-to-top.js?ver=1.0.3 HTTP/1.1" 200 898 "https://academy.kohlsolucoes.com.br/cursos/lgpd-aplicada-a-educacao-publica-sonora/" "Mozilla/5.0 (Linux; Android 10; K) AppleWebKit/537.36 (KHTML, like Gecko) Chrome/149.0.0.0 Mobile Safari/537.36"
186.215.208.4 - - [31/Jul/2026:14:36:17 -0300] "GET /wp-content/themes/edubin/assets/js/headroom.min.js?ver=1.0.3 HTTP/1.1" 200 4569 "https://academy.kohlsolucoes.com.br/cursos/lgpd-aplicada-a-educacao-publica-sonora/" "Mozilla/5.0 (Linux; Android 10; K) AppleWebKit/537.36 (KHTML, like Gecko) Chrome/149.0.0.0 Mobile Safari/537.36"
186.215.208.4 - - [31/Jul/2026:14:36:17 -0300] "GET /wp-content/themes/edubin/assets/js/youtube-popup.js?ver=1.0.3 HTTP/1.1" 200 2885 "https://academy.kohlsolucoes.com.br/cursos/lgpd-aplicada-a-educacao-publica-sonora/" "Mozilla/5.0 (Linux; Android 10; K) AppleWebKit/537.36 (KHTML, like Gecko) Chrome/149.0.0.0 Mobile Safari/537.36"
186.215.208.4 - - [31/Jul/2026:14:36:17 -0300] "GET /wp-content/themes/edubin/assets/js/init.js?ver=1.0.3 HTTP/1.1" 200 11820 "https://academy.kohlsolucoes.com.br/cursos/lgpd-aplicada-a-educacao-publica-sonora/" "Mozilla/5.0 (Linux; Android 10; K) AppleWebKit/537.36 (KHTML, like Gecko) Chrome/149.0.0.0 Mobile Safari/537.36"
186.215.208.4 - - [31/Jul/2026:14:36:17 -0300] "GET /wp-content/plugins/woocommerce/assets/js/sourcebuster/sourcebuster.min.js?ver=10.9.4 HTTP/1.1" 200 15315 "https://academy.kohlsolucoes.com.br/cursos/lgpd-aplicada-a-educacao-publica-sonora/" "Mozilla/5.0 (Linux; Android 10; K) AppleWebKit/537.36 (KHTML, like Gecko) Chrome/149.0.0.0 Mobile Safari/537.36"
186.215.208.4 - - [31/Jul/2026:14:36:17 -0300] "GET /wp-content/plugins/woocommerce/assets/js/frontend/order-attribution.min.js?ver=10.9.4 HTTP/1.1" 200 2439 "https://academy.kohlsolucoes.com.br/cursos/lgpd-aplicada-a-educacao-publica-sonora/" "Mozilla/5.0 (Linux; Android 10; K) AppleWebKit/537.36 (KHTML, like Gecko) Chrome/149.0.0.0 Mobile Safari/537.36"
186.215.208.4 - - [31/Jul/2026:14:36:17 -0300] "GET /wp-content/plugins/woocommerce/assets/js/jquery-blockui/jquery.blockUI.min.js?ver=2.7.0-wc.10.9.4 HTTP/1.1" 200 9636 "https://academy.kohlsolucoes.com.br/cursos/lgpd-aplicada-a-educacao-publica-sonora/" "Mozilla/5.0 (Linux; Android 10; K) AppleWebKit/537.36 (KHTML, like Gecko) Chrome/149.0.0.0 Mobile Safari/537.36"
186.215.208.4 - - [31/Jul/2026:14:36:17 -0300] "GET /wp-content/plugins/woocommerce/assets/js/frontend/add-to-cart.min.js?ver=10.9.4 HTTP/1.1" 200 4350 "https://academy.kohlsolucoes.com.br/cursos/lgpd-aplicada-a-educacao-publica-sonora/" "Mozilla/5.0 (Linux; Android 10; K) AppleWebKit/537.36 (KHTML, like Gecko) Chrome/149.0.0.0 Mobile Safari/537.36"
186.215.208.4 - - [31/Jul/2026:14:36:17 -0300] "GET /wp-content/plugins/woocommerce/assets/js/js-cookie/js.cookie.min.js?ver=2.1.4-wc.10.9.4 HTTP/1.1" 200 1720 "https://academy.kohlsolucoes.com.br/cursos/lgpd-aplicada-a-educacao-publica-sonora/" "Mozilla/5.0 (Linux; Android 10; K) AppleWebKit/537.36 (KHTML, like Gecko) Chrome/149.0.0.0 Mobile Safari/537.36"
186.215.208.4 - - [31/Jul/2026:14:36:17 -0300] "GET /wp-content/plugins/woocommerce/assets/js/frontend/woocommerce.min.js?ver=10.9.4 HTTP/1.1" 200 4270 "https://academy.kohlsolucoes.com.br/cursos/lgpd-aplicada-a-educacao-publica-sonora/" "Mozilla/5.0 (Linux; Android 10; K) AppleWebKit/537.36 (KHTML, like Gecko) Chrome/149.0.0.0 Mobile Safari/537.36"
186.215.208.4 - - [31/Jul/2026:14:36:17 -0300] "GET /wp-content/themes/edubin/assets/fonts/flaticon_edubin.woff2?3a6c14212907e1cbaf6aebe6e0c247e7 HTTP/1.1" 200 10852 "https://academy.kohlsolucoes.com.br/wp-content/themes/edubin/assets/fonts/flaticon_edubin.css?ver=1.0.3" "Mozilla/5.0 (Linux; Android 10; K) AppleWebKit/537.36 (KHTML, like Gecko) Chrome/149.0.0.0 Mobile Safari/537.36"
186.215.208.4 - - [31/Jul/2026:14:36:18 -0300] "GET /wp-includes/js/wp-emoji-release.min.js?ver=7.0.2 HTTP/1.1" 200 22752 "https://academy.kohlsolucoes.com.br/cursos/lgpd-aplicada-a-educacao-publica-sonora/" "Mozilla/5.0 (Linux; Android 10; K) AppleWebKit/537.36 (KHTML, like Gecko) Chrome/149.0.0.0 Mobile Safari/537.36"
170.238.251.110 - - [31/Jul/2026:14:36:19 -0300] "POST /wp-admin/admin-ajax.php HTTP/1.1" 200 - "https://academy.kohlsolucoes.com.br/cursos/lgpd-aplicada-a-educacao-publica-sonora/atividade/aula-03-lgpd-aplicada-ao-dia-a-dia-2/" "Mozilla/5.0 (iPhone; CPU iPhone OS 18_7 like Mac OS X) AppleWebKit/605.1.15 (KHTML, like Gecko) Version/27.0 Mobile/15E148 Safari/604.1"
186.215.208.4 - - [31/Jul/2026:14:36:20 -0300] "POST /wp-admin/admin-ajax.php HTTP/1.1" 200 1 "https://academy.kohlsolucoes.com.br/cursos/lgpd-aplicada-a-educacao-publica-sonora/" "Mozilla/5.0 (Linux; Android 10; K) AppleWebKit/537.36 (KHTML, like Gecko) Chrome/149.0.0.0 Mobile Safari/537.36"
186.215.208.4 - - [31/Jul/2026:14:36:23 -0300] "GET /wp-content/uploads/2026/02/cropped-favicon-kohl-32x32.png HTTP/1.1" 304 - "https://academy.kohlsolucoes.com.br/cursos/lgpd-aplicada-a-educacao-publica-sonora/" "Mozilla/5.0 (Linux; Android 10; K) AppleWebKit/537.36 (KHTML, like Gecko) Chrome/149.0.0.0 Mobile Safari/537.36"
170.238.251.110 - - [31/Jul/2026:14:36:29 -0300] "POST /wp-admin/admin-ajax.php HTTP/1.1" 200 - "https://academy.kohlsolucoes.com.br/cursos/lgpd-aplicada-a-educacao-publica-sonora/atividade/aula-03-lgpd-aplicada-ao-dia-a-dia-2/" "Mozilla/5.0 (iPhone; CPU iPhone OS 18_7 like Mac OS X) AppleWebKit/605.1.15 (KHTML, like Gecko) Version/27.0 Mobile/15E148 Safari/604.1"
138.0.134.191 - - [31/Jul/2026:14:36:37 -0300] "GET /cursos/curso-pago-teste-experiencia/ HTTP/1.1" 200 163176 "https://academy.kohlsolucoes.com.br/cursos/lgpd-aplicada-a-educacao-publica-sonora/" "Mozilla/5.0 (Linux; Android 10; K) AppleWebKit/537.36 (KHTML, like Gecko) Chrome/150.0.0.0 Mobile Safari/537.36"
170.238.251.110 - - [31/Jul/2026:14:36:40 -0300] "POST /wp-admin/admin-ajax.php HTTP/1.1" 200 - "https://academy.kohlsolucoes.com.br/cursos/lgpd-aplicada-a-educacao-publica-sonora/atividade/aula-03-lgpd-aplicada-ao-dia-a-dia-2/" "Mozilla/5.0 (iPhone; CPU iPhone OS 18_7 like Mac OS X) AppleWebKit/605.1.15 (KHTML, like Gecko) Version/27.0 Mobile/15E148 Safari/604.1"
129.121.49.162 - - [31/Jul/2026:14:36:50 -0300] "POST /wp-cron.php?doing_wp_cron=1785519410.2307279109954833984375 HTTP/1.1" 200 - "-" "WordPress/7.0.2; https://academy.kohlsolucoes.com.br"
170.238.251.110 - - [31/Jul/2026:14:36:50 -0300] "POST /wp-admin/admin-ajax.php HTTP/1.1" 200 - "https://academy.kohlsolucoes.com.br/cursos/lgpd-aplicada-a-educacao-publica-sonora/atividade/aula-03-lgpd-aplicada-ao-dia-a-dia-2/" "Mozilla/5.0 (iPhone; CPU iPhone OS 18_7 like Mac OS X) AppleWebKit/605.1.15 (KHTML, like Gecko) Version/27.0 Mobile/15E148 Safari/604.1"
170.238.251.110 - - [31/Jul/2026:14:37:00 -0300] "POST /wp-admin/admin-ajax.php HTTP/1.1" 200 - "https://academy.kohlsolucoes.com.br/cursos/lgpd-aplicada-a-educacao-publica-sonora/atividade/aula-03-lgpd-aplicada-ao-dia-a-dia-2/" "Mozilla/5.0 (iPhone; CPU iPhone OS 18_7 like Mac OS X) AppleWebKit/605.1.15 (KHTML, like Gecko) Version/27.0 Mobile/15E148 Safari/604.1"
129.121.49.162 - - [31/Jul/2026:14:37:10 -0300] "POST /wp-cron.php?doing_wp_cron=1785519430.2352929115295410156250 HTTP/1.1" 200 - "-" "WordPress/7.0.2; https://academy.kohlsolucoes.com.br"
170.238.251.110 - - [31/Jul/2026:14:37:10 -0300] "POST /wp-admin/admin-ajax.php HTTP/1.1" 200 - "https://academy.kohlsolucoes.com.br/cursos/lgpd-aplicada-a-educacao-publica-sonora/atividade/aula-03-lgpd-aplicada-ao-dia-a-dia-2/" "Mozilla/5.0 (iPhone; CPU iPhone OS 18_7 like Mac OS X) AppleWebKit/605.1.15 (KHTML, like Gecko) Version/27.0 Mobile/15E148 Safari/604.1"
129.121.49.162 - - [31/Jul/2026:14:37:10 -0300] "POST /wp-cron.php?doing_wp_cron=1785519430.5893270969390869140625 HTTP/1.1" 200 - "-" "WordPress/7.0.2; https://academy.kohlsolucoes.com.br"
138.0.134.191 - - [31/Jul/2026:14:37:09 -0300] "POST /wp-admin/admin-ajax.php HTTP/1.1" 200 1 "https://academy.kohlsolucoes.com.br/cursos/lgpd-aplicada-a-educacao-publica-sonora/" "Mozilla/5.0 (Linux; Android 10; K) AppleWebKit/537.36 (KHTML, like Gecko) Chrome/150.0.0.0 Mobile Safari/537.36"
138.0.134.191 - - [31/Jul/2026:14:37:13 -0300] "GET /cursos/ HTTP/1.1" 200 153377 "https://academy.kohlsolucoes.com.br/cursos/lgpd-aplicada-a-educacao-publica-sonora/" "Mozilla/5.0 (Linux; Android 10; K) AppleWebKit/537.36 (KHTML, like Gecko) Chrome/150.0.0.0 Mobile Safari/537.36"
138.0.134.191 - - [31/Jul/2026:14:37:13 -0300] "GET /wp-content/themes/edubin/assets/css/post.css?ver=1.0.3 HTTP/1.1" 304 - "https://academy.kohlsolucoes.com.br/cursos/" "Mozilla/5.0 (Linux; Android 10; K) AppleWebKit/537.36 (KHTML, like Gecko) Chrome/150.0.0.0 Mobile Safari/537.36"
138.0.134.191 - - [31/Jul/2026:14:37:14 -0300] "GET /cursos/curso-pago-teste-experiencia/ HTTP/1.1" 200 163176 "https://academy.kohlsolucoes.com.br/cursos/" "Mozilla/5.0 (Linux; Android 10; K) AppleWebKit/537.36 (KHTML, like Gecko) Chrome/150.0.0.0 Mobile Safari/537.36"
129.121.49.162 - - [31/Jul/2026:14:37:09 -0300] "POST /wp-admin/admin-ajax.php?action=as_async_request_queue_runner&nonce=1eeaf908fe HTTP/1.1" 200 - "-" "WordPress/7.0.2; https://academy.kohlsolucoes.com.br"
170.238.251.110 - - [31/Jul/2026:14:37:20 -0300] "POST /wp-admin/admin-ajax.php HTTP/1.1" 200 - "https://academy.kohlsolucoes.com.br/cursos/lgpd-aplicada-a-educacao-publica-sonora/atividade/aula-03-lgpd-aplicada-ao-dia-a-dia-2/" "Mozilla/5.0 (iPhone; CPU iPhone OS 18_7 like Mac OS X) AppleWebKit/605.1.15 (KHTML, like Gecko) Version/27.0 Mobile/15E148 Safari/604.1"
138.0.134.191 - - [31/Jul/2026:14:37:23 -0300] "POST /wp-admin/admin-ajax.php HTTP/1.1" 200 1 "https://academy.kohlsolucoes.com.br/cursos/lgpd-aplicada-a-educacao-publica-sonora/" "Mozilla/5.0 (Linux; Android 10; K) AppleWebKit/537.36 (KHTML, like Gecko) Chrome/150.0.0.0 Mobile Safari/537.36"
138.0.134.191 - - [31/Jul/2026:14:37:23 -0300] "POST /wp-admin/admin-ajax.php HTTP/1.1" 200 1 "https://academy.kohlsolucoes.com.br/cursos/lgpd-aplicada-a-educacao-publica-sonora/" "Mozilla/5.0 (Linux; Android 10; K) AppleWebKit/537.36 (KHTML, like Gecko) Chrome/150.0.0.0 Mobile Safari/537.36"
170.238.251.110 - - [31/Jul/2026:14:37:30 -0300] "POST /wp-admin/admin-ajax.php HTTP/1.1" 200 - "https://academy.kohlsolucoes.com.br/cursos/lgpd-aplicada-a-educacao-publica-sonora/atividade/aula-03-lgpd-aplicada-ao-dia-a-dia-2/" "Mozilla/5.0 (iPhone; CPU iPhone OS 18_7 like Mac OS X) AppleWebKit/605.1.15 (KHTML, like Gecko) Version/27.0 Mobile/15E148 Safari/604.1"
170.238.251.110 - - [31/Jul/2026:14:37:40 -0300] "POST /wp-admin/admin-ajax.php HTTP/1.1" 200 - "https://academy.kohlsolucoes.com.br/cursos/lgpd-aplicada-a-educacao-publica-sonora/atividade/aula-03-lgpd-aplicada-ao-dia-a-dia-2/" "Mozilla/5.0 (iPhone; CPU iPhone OS 18_7 like Mac OS X) AppleWebKit/605.1.15 (KHTML, like Gecko) Version/27.0 Mobile/15E148 Safari/604.1"
170.238.251.110 - - [31/Jul/2026:14:37:50 -0300] "POST /wp-admin/admin-ajax.php HTTP/1.1" 200 - "https://academy.kohlsolucoes.com.br/cursos/lgpd-aplicada-a-educacao-publica-sonora/atividade/aula-03-lgpd-aplicada-ao-dia-a-dia-2/" "Mozilla/5.0 (iPhone; CPU iPhone OS 18_7 like Mac OS X) AppleWebKit/605.1.15 (KHTML, like Gecko) Version/27.0 Mobile/15E148 Safari/604.1"
170.238.251.110 - - [31/Jul/2026:14:38:00 -0300] "POST /wp-admin/admin-ajax.php HTTP/1.1" 200 - "https://academy.kohlsolucoes.com.br/cursos/lgpd-aplicada-a-educacao-publica-sonora/atividade/aula-03-lgpd-aplicada-ao-dia-a-dia-2/" "Mozilla/5.0 (iPhone; CPU iPhone OS 18_7 like Mac OS X) AppleWebKit/605.1.15 (KHTML, like Gecko) Version/27.0 Mobile/15E148 Safari/604.1"
138.0.134.191 - - [31/Jul/2026:14:38:02 -0300] "GET /cursos/lgpd-aplicada-a-educacao-publica-sonora/ HTTP/1.1" 200 169217 "-" "Mozilla/5.0 (Linux; Android 10; K) AppleWebKit/537.36 (KHTML, like Gecko) Chrome/150.0.0.0 Mobile Safari/537.36"
138.0.134.191 - - [31/Jul/2026:14:38:04 -0300] "POST /wp-admin/admin-ajax.php HTTP/1.1" 200 1 "https://academy.kohlsolucoes.com.br/cursos/lgpd-aplicada-a-educacao-publica-sonora/" "Mozilla/5.0 (Linux; Android 10; K) AppleWebKit/537.36 (KHTML, like Gecko) Chrome/150.0.0.0 Mobile Safari/537.36"
129.121.49.162 - - [31/Jul/2026:14:38:11 -0300] "POST /wp-cron.php?doing_wp_cron=1785519491.3608140945434570312500 HTTP/1.1" 200 - "-" "WordPress/7.0.2; https://academy.kohlsolucoes.com.br"
170.238.251.110 - - [31/Jul/2026:14:38:10 -0300] "POST /wp-admin/admin-ajax.php HTTP/1.1" 200 - "https://academy.kohlsolucoes.com.br/cursos/lgpd-aplicada-a-educacao-publica-sonora/atividade/aula-03-lgpd-aplicada-ao-dia-a-dia-2/" "Mozilla/5.0 (iPhone; CPU iPhone OS 18_7 like Mac OS X) AppleWebKit/605.1.15 (KHTML, like Gecko) Version/27.0 Mobile/15E148 Safari/604.1"
129.121.49.162 - - [31/Jul/2026:14:38:10 -0300] "POST /wp-admin/admin-ajax.php?action=as_async_request_queue_runner&nonce=46a390d479 HTTP/1.1" 200 - "-" "WordPress/7.0.2; https://academy.kohlsolucoes.com.br"
170.238.251.110 - - [31/Jul/2026:14:38:20 -0300] "POST /wp-admin/admin-ajax.php HTTP/1.1" 200 - "https://academy.kohlsolucoes.com.br/cursos/lgpd-aplicada-a-educacao-publica-sonora/atividade/aula-03-lgpd-aplicada-ao-dia-a-dia-2/" "Mozilla/5.0 (iPhone; CPU iPhone OS 18_7 like Mac OS X) AppleWebKit/605.1.15 (KHTML, like Gecko) Version/27.0 Mobile/15E148 Safari/604.1"
170.238.251.110 - - [31/Jul/2026:14:38:30 -0300] "POST /wp-admin/admin-ajax.php HTTP/1.1" 200 - "https://academy.kohlsolucoes.com.br/cursos/lgpd-aplicada-a-educacao-publica-sonora/atividade/aula-03-lgpd-aplicada-ao-dia-a-dia-2/" "Mozilla/5.0 (iPhone; CPU iPhone OS 18_7 like Mac OS X) AppleWebKit/605.1.15 (KHTML, like Gecko) Version/27.0 Mobile/15E148 Safari/604.1"
170.238.251.110 - - [31/Jul/2026:14:38:40 -0300] "POST /wp-admin/admin-ajax.php HTTP/1.1" 200 - "https://academy.kohlsolucoes.com.br/cursos/lgpd-aplicada-a-educacao-publica-sonora/atividade/aula-03-lgpd-aplicada-ao-dia-a-dia-2/" "Mozilla/5.0 (iPhone; CPU iPhone OS 18_7 like Mac OS X) AppleWebKit/605.1.15 (KHTML, like Gecko) Version/27.0 Mobile/15E148 Safari/604.1"
170.238.251.110 - - [31/Jul/2026:14:38:50 -0300] "POST /wp-admin/admin-ajax.php HTTP/1.1" 200 - "https://academy.kohlsolucoes.com.br/cursos/lgpd-aplicada-a-educacao-publica-sonora/atividade/aula-03-lgpd-aplicada-ao-dia-a-dia-2/" "Mozilla/5.0 (iPhone; CPU iPhone OS 18_7 like Mac OS X) AppleWebKit/605.1.15 (KHTML, like Gecko) Version/27.0 Mobile/15E148 Safari/604.1"
138.0.134.191 - - [31/Jul/2026:14:38:52 -0300] "GET / HTTP/1.1" 200 177305 "https://academy.kohlsolucoes.com.br/cursos/lgpd-aplicada-a-educacao-publica-sonora/" "Mozilla/5.0 (Linux; Android 10; K) AppleWebKit/537.36 (KHTML, like Gecko) Chrome/150.0.0.0 Mobile Safari/537.36"
138.0.134.191 - - [31/Jul/2026:14:38:52 -0300] "GET /wp-content/plugins/elementor/assets/css/frontend.min.css?ver=4.2.0 HTTP/1.1" 304 - "https://academy.kohlsolucoes.com.br/" "Mozilla/5.0 (Linux; Android 10; K) AppleWebKit/537.36 (KHTML, like Gecko) Chrome/150.0.0.0 Mobile Safari/537.36"
138.0.134.191 - - [31/Jul/2026:14:38:52 -0300] "GET /wp-content/plugins/edubin-core/assets/css/widget/title.css?ver=9.5.16 HTTP/1.1" 304 - "https://academy.kohlsolucoes.com.br/" "Mozilla/5.0 (Linux; Android 10; K) AppleWebKit/537.36 (KHTML, like Gecko) Chrome/150.0.0.0 Mobile Safari/537.36"
138.0.134.191 - - [31/Jul/2026:14:38:52 -0300] "GET /wp-content/plugins/edubin-core/assets/css/swiper-bundle.min.css?ver=9.5.16 HTTP/1.1" 304 - "https://academy.kohlsolucoes.com.br/" "Mozilla/5.0 (Linux; Android 10; K) AppleWebKit/537.36 (KHTML, like Gecko) Chrome/150.0.0.0 Mobile Safari/537.36"
138.0.134.191 - - [31/Jul/2026:14:38:52 -0300] "GET /wp-content/plugins/edubin-core/assets/css/widget/infobox.css?ver=9.5.16 HTTP/1.1" 304 - "https://academy.kohlsolucoes.com.br/" "Mozilla/5.0 (Linux; Android 10; K) AppleWebKit/537.36 (KHTML, like Gecko) Chrome/150.0.0.0 Mobile Safari/537.36"
138.0.134.191 - - [31/Jul/2026:14:38:52 -0300] "GET /wp-content/plugins/edubin-core/assets/css/widget/animation.css?ver=1.0.3 HTTP/1.1" 304 - "https://academy.kohlsolucoes.com.br/" "Mozilla/5.0 (Linux; Android 10; K) AppleWebKit/537.36 (KHTML, like Gecko) Chrome/150.0.0.0 Mobile Safari/537.36"
138.0.134.191 - - [31/Jul/2026:14:38:52 -0300] "GET /wp-content/uploads/elementor/css/post-84.css?ver=1785095733 HTTP/1.1" 304 - "https://academy.kohlsolucoes.com.br/" "Mozilla/5.0 (Linux; Android 10; K) AppleWebKit/537.36 (KHTML, like Gecko) Chrome/150.0.0.0 Mobile Safari/537.36"
138.0.134.191 - - [31/Jul/2026:14:38:52 -0300] "GET /wp-content/plugins/elementor/assets/css/widget-image-box.min.css?ver=4.2.0 HTTP/1.1" 304 - "https://academy.kohlsolucoes.com.br/" "Mozilla/5.0 (Linux; Android 10; K) AppleWebKit/537.36 (KHTML, like Gecko) Chrome/150.0.0.0 Mobile Safari/537.36"
138.0.134.191 - - [31/Jul/2026:14:38:52 -0300] "GET /wp-content/plugins/edubin-core/assets/css/widget/isotope.css?ver=9.5.16 HTTP/1.1" 304 - "https://academy.kohlsolucoes.com.br/" "Mozilla/5.0 (Linux; Android 10; K) AppleWebKit/537.36 (KHTML, like Gecko) Chrome/150.0.0.0 Mobile Safari/537.36"
138.0.134.191 - - [31/Jul/2026:14:38:52 -0300] "GET /wp-content/uploads/elementor/css/post-30.css?ver=1785095733 HTTP/1.1" 304 - "https://academy.kohlsolucoes.com.br/" "Mozilla/5.0 (Linux; Android 10; K) AppleWebKit/537.36 (KHTML, like Gecko) Chrome/150.0.0.0 Mobile Safari/537.36"
138.0.134.191 - - [31/Jul/2026:14:38:52 -0300] "GET /wp-content/plugins/elementor/assets/css/widget-image.min.css?ver=4.2.0 HTTP/1.1" 304 - "https://academy.kohlsolucoes.com.br/" "Mozilla/5.0 (Linux; Android 10; K) AppleWebKit/537.36 (KHTML, like Gecko) Chrome/150.0.0.0 Mobile Safari/537.36"
138.0.134.191 - - [31/Jul/2026:14:38:52 -0300] "GET /wp-content/uploads/elementor/css/base-desktop.css?ver=6a66663600f5c HTTP/1.1" 304 - "https://academy.kohlsolucoes.com.br/" "Mozilla/5.0 (Linux; Android 10; K) AppleWebKit/537.36 (KHTML, like Gecko) Chrome/150.0.0.0 Mobile Safari/537.36"
138.0.134.191 - - [31/Jul/2026:14:38:52 -0300] "GET /wp-content/uploads/2026/05/EDUBIN0605.png HTTP/1.1" 304 - "https://academy.kohlsolucoes.com.br/" "Mozilla/5.0 (Linux; Android 10; K) AppleWebKit/537.36 (KHTML, like Gecko) Chrome/150.0.0.0 Mobile Safari/537.36"
138.0.134.191 - - [31/Jul/2026:14:38:52 -0300] "GET /wp-content/uploads/2026/05/EDUBIN0603.png HTTP/1.1" 304 - "https://academy.kohlsolucoes.com.br/" "Mozilla/5.0 (Linux; Android 10; K) AppleWebKit/537.36 (KHTML, like Gecko) Chrome/150.0.0.0 Mobile Safari/537.36"
138.0.134.191 - - [31/Jul/2026:14:38:52 -0300] "GET /wp-content/uploads/2026/05/EDUBIN0602.png HTTP/1.1" 304 - "https://academy.kohlsolucoes.com.br/" "Mozilla/5.0 (Linux; Android 10; K) AppleWebKit/537.36 (KHTML, like Gecko) Chrome/150.0.0.0 Mobile Safari/537.36"
138.0.134.191 - - [31/Jul/2026:14:38:52 -0300] "GET /wp-content/plugins/edubin-core/assets/js/tilt.jquery.min.js?ver=9.5.16 HTTP/1.1" 304 - "https://academy.kohlsolucoes.com.br/" "Mozilla/5.0 (Linux; Android 10; K) AppleWebKit/537.36 (KHTML, like Gecko) Chrome/150.0.0.0 Mobile Safari/537.36"
138.0.134.191 - - [31/Jul/2026:14:38:52 -0300] "GET /wp-content/plugins/edubin-core/assets/js/edubin-animation.min.js?ver=9.5.16 HTTP/1.1" 304 - "https://academy.kohlsolucoes.com.br/" "Mozilla/5.0 (Linux; Android 10; K) AppleWebKit/537.36 (KHTML, like Gecko) Chrome/150.0.0.0 Mobile Safari/537.36"
138.0.134.191 - - [31/Jul/2026:14:38:52 -0300] "GET /wp-content/plugins/elementor/assets/js/webpack.runtime.min.js?ver=4.2.0 HTTP/1.1" 304 - "https://academy.kohlsolucoes.com.br/" "Mozilla/5.0 (Linux; Android 10; K) AppleWebKit/537.36 (KHTML, like Gecko) Chrome/150.0.0.0 Mobile Safari/537.36"
138.0.134.191 - - [31/Jul/2026:14:38:52 -0300] "GET /wp-content/plugins/edubin-core/assets/js/isotope.min.js?ver=1.0.3 HTTP/1.1" 304 - "https://academy.kohlsolucoes.com.br/" "Mozilla/5.0 (Linux; Android 10; K) AppleWebKit/537.36 (KHTML, like Gecko) Chrome/150.0.0.0 Mobile Safari/537.36"
138.0.134.191 - - [31/Jul/2026:14:38:52 -0300] "GET /wp-content/plugins/elementor-pro/assets/js/frontend.min.js?ver=4.2.0 HTTP/1.1" 304 - "https://academy.kohlsolucoes.com.br/" "Mozilla/5.0 (Linux; Android 10; K) AppleWebKit/537.36 (KHTML, like Gecko) Chrome/150.0.0.0 Mobile Safari/537.36"
138.0.134.191 - - [31/Jul/2026:14:38:52 -0300] "GET /wp-content/plugins/elementor/assets/js/frontend.min.js?ver=4.2.0 HTTP/1.1" 304 - "https://academy.kohlsolucoes.com.br/" "Mozilla/5.0 (Linux; Android 10; K) AppleWebKit/537.36 (KHTML, like Gecko) Chrome/150.0.0.0 Mobile Safari/537.36"
138.0.134.191 - - [31/Jul/2026:14:38:52 -0300] "GET /wp-content/plugins/elementor-pro/assets/js/webpack-pro.runtime.min.js?ver=4.2.0 HTTP/1.1" 304 - "https://academy.kohlsolucoes.com.br/" "Mozilla/5.0 (Linux; Android 10; K) AppleWebKit/537.36 (KHTML, like Gecko) Chrome/150.0.0.0 Mobile Safari/537.36"
138.0.134.191 - - [31/Jul/2026:14:38:52 -0300] "GET /wp-content/plugins/edubin-core/assets/js/swiper-bundle.min.js?ver=1.0.3 HTTP/1.1" 304 - "https://academy.kohlsolucoes.com.br/" "Mozilla/5.0 (Linux; Android 10; K) AppleWebKit/537.36 (KHTML, like Gecko) Chrome/150.0.0.0 Mobile Safari/537.36"
138.0.134.191 - - [31/Jul/2026:14:38:52 -0300] "GET /wp-content/plugins/elementor/assets/js/frontend-modules.min.js?ver=4.2.0 HTTP/1.1" 304 - "https://academy.kohlsolucoes.com.br/" "Mozilla/5.0 (Linux; Android 10; K) AppleWebKit/537.36 (KHTML, like Gecko) Chrome/150.0.0.0 Mobile Safari/537.36"
138.0.134.191 - - [31/Jul/2026:14:38:52 -0300] "GET /wp-content/uploads/2026/05/EDUBIN0587.png HTTP/1.1" 304 - "https://academy.kohlsolucoes.com.br/" "Mozilla/5.0 (Linux; Android 10; K) AppleWebKit/537.36 (KHTML, like Gecko) Chrome/150.0.0.0 Mobile Safari/537.36"
138.0.134.191 - - [31/Jul/2026:14:38:52 -0300] "GET /wp-content/plugins/elementor-pro/assets/js/elements-handlers.min.js?ver=4.2.0 HTTP/1.1" 304 - "https://academy.kohlsolucoes.com.br/" "Mozilla/5.0 (Linux; Android 10; K) AppleWebKit/537.36 (KHTML, like Gecko) Chrome/150.0.0.0 Mobile Safari/537.36"
138.0.134.191 - - [31/Jul/2026:14:38:52 -0300] "GET /wp-content/uploads/2026/05/EDUBIN0601.jpg HTTP/1.1" 304 - "https://academy.kohlsolucoes.com.br/" "Mozilla/5.0 (Linux; Android 10; K) AppleWebKit/537.36 (KHTML, like Gecko) Chrome/150.0.0.0 Mobile Safari/537.36"
138.0.134.191 - - [31/Jul/2026:14:38:52 -0300] "GET /wp-content/uploads/2026/05/academy.png HTTP/1.1" 304 - "https://academy.kohlsolucoes.com.br/" "Mozilla/5.0 (Linux; Android 10; K) AppleWebKit/537.36 (KHTML, like Gecko) Chrome/150.0.0.0 Mobile Safari/537.36"
138.0.134.191 - - [31/Jul/2026:14:38:52 -0300] "GET /wp-content/uploads/2026/05/EDUBIN0521.png HTTP/1.1" 304 - "https://academy.kohlsolucoes.com.br/" "Mozilla/5.0 (Linux; Android 10; K) AppleWebKit/537.36 (KHTML, like Gecko) Chrome/150.0.0.0 Mobile Safari/537.36"
138.0.134.191 - - [31/Jul/2026:14:38:52 -0300] "GET /wp-content/uploads/2026/05/EDUBIN0519.png HTTP/1.1" 304 - "https://academy.kohlsolucoes.com.br/" "Mozilla/5.0 (Linux; Android 10; K) AppleWebKit/537.36 (KHTML, like Gecko) Chrome/150.0.0.0 Mobile Safari/537.36"
138.0.134.191 - - [31/Jul/2026:14:38:52 -0300] "GET /wp-content/uploads/2026/05/EDUBIN0520.png HTTP/1.1" 304 - "https://academy.kohlsolucoes.com.br/" "Mozilla/5.0 (Linux; Android 10; K) AppleWebKit/537.36 (KHTML, like Gecko) Chrome/150.0.0.0 Mobile Safari/537.36"
138.0.134.191 - - [31/Jul/2026:14:38:52 -0300] "GET /wp-content/plugins/elementor/assets/js/shared-frontend-handlers.03caa53373b56d3bab67.bundle.min.js HTTP/1.1" 304 - "https://academy.kohlsolucoes.com.br/" "Mozilla/5.0 (Linux; Android 10; K) AppleWebKit/537.36 (KHTML, like Gecko) Chrome/150.0.0.0 Mobile Safari/537.36"
138.0.134.191 - - [31/Jul/2026:14:38:52 -0300] "GET /wp-content/plugins/elementor/assets/js/text-editor.45609661e409413f1cef.bundle.min.js HTTP/1.1" 304 - "https://academy.kohlsolucoes.com.br/" "Mozilla/5.0 (Linux; Android 10; K) AppleWebKit/537.36 (KHTML, like Gecko) Chrome/150.0.0.0 Mobile Safari/537.36"
138.0.134.191 - - [31/Jul/2026:14:38:54 -0300] "GET /painel HTTP/1.1" 301 - "https://academy.kohlsolucoes.com.br/" "Mozilla/5.0 (Linux; Android 10; K) AppleWebKit/537.36 (KHTML, like Gecko) Chrome/150.0.0.0 Mobile Safari/537.36"
138.0.134.191 - - [31/Jul/2026:14:38:54 -0300] "GET /painel/ HTTP/1.1" 200 226903 "https://academy.kohlsolucoes.com.br/" "Mozilla/5.0 (Linux; Android 10; K) AppleWebKit/537.36 (KHTML, like Gecko) Chrome/150.0.0.0 Mobile Safari/537.36"
138.0.134.191 - - [31/Jul/2026:14:38:55 -0300] "GET /wp-includes/css/buttons.min.css?ver=7.0.2 HTTP/1.1" 304 - "https://academy.kohlsolucoes.com.br/painel/" "Mozilla/5.0 (Linux; Android 10; K) AppleWebKit/537.36 (KHTML, like Gecko) Chrome/150.0.0.0 Mobile Safari/537.36"
138.0.134.191 - - [31/Jul/2026:14:38:55 -0300] "GET /wp-includes/css/dashicons.min.css?ver=7.0.2 HTTP/1.1" 304 - "https://academy.kohlsolucoes.com.br/painel/" "Mozilla/5.0 (Linux; Android 10; K) AppleWebKit/537.36 (KHTML, like Gecko) Chrome/150.0.0.0 Mobile Safari/537.36"
