192.178.11.98 - - [31/Jul/2026:11:17:12 -0300] "GET /wp-content/themes/edubin/assets/css/main.css?ver=1.0.3 HTTP/1.1" 200 103366 "https://academy.kohlsolucoes.com.br/" "Mozilla/5.0 (Linux; Android 10; K) AppleWebKit/537.36 (KHTML, like Gecko) Chrome/138.0.0.0 Mobile Safari/537.36 (compatible; Google-Read-Aloud; +https://support.google.com/webmasters/answer/1061943)"
192.178.11.98 - - [31/Jul/2026:11:17:12 -0300] "GET /wp-content/themes/edubin/assets/css/header.css?ver=1.0.3 HTTP/1.1" 200 52736 "https://academy.kohlsolucoes.com.br/" "Mozilla/5.0 (Linux; Android 10; K) AppleWebKit/537.36 (KHTML, like Gecko) Chrome/138.0.0.0 Mobile Safari/537.36 (compatible; Google-Read-Aloud; +https://support.google.com/webmasters/answer/1061943)"
192.178.11.98 - - [31/Jul/2026:11:17:12 -0300] "GET /wp-content/themes/edubin-child/style.css?ver=7.0.2 HTTP/1.1" 200 3154 "https://academy.kohlsolucoes.com.br/" "Mozilla/5.0 (Linux; Android 10; K) AppleWebKit/537.36 (KHTML, like Gecko) Chrome/138.0.0.0 Mobile Safari/537.36 (compatible; Google-Read-Aloud; +https://support.google.com/webmasters/answer/1061943)"
192.178.11.101 - - [31/Jul/2026:11:17:12 -0300] "GET /wp-content/plugins/tutor/assets/css/tutor-front.min.css?ver=3.9.13 HTTP/1.1" 200 138231 "https://academy.kohlsolucoes.com.br/" "Mozilla/5.0 (Linux; Android 10; K) AppleWebKit/537.36 (KHTML, like Gecko) Chrome/138.0.0.0 Mobile Safari/537.36 (compatible; Google-Read-Aloud; +https://support.google.com/webmasters/answer/1061943)"
192.178.11.99 - - [31/Jul/2026:11:17:12 -0300] "GET /wp-content/plugins/elementor/assets/css/widget-image.min.css?ver=4.2.0 HTTP/1.1" 200 214 "https://academy.kohlsolucoes.com.br/" "Mozilla/5.0 (Linux; Android 10; K) AppleWebKit/537.36 (KHTML, like Gecko) Chrome/138.0.0.0 Mobile Safari/537.36 (compatible; Google-Read-Aloud; +https://support.google.com/webmasters/answer/1061943)"
192.178.11.101 - - [31/Jul/2026:11:17:12 -0300] "GET /wp-content/themes/edubin/assets/css/footer.css?ver=1.0.3 HTTP/1.1" 200 7927 "https://academy.kohlsolucoes.com.br/" "Mozilla/5.0 (Linux; Android 10; K) AppleWebKit/537.36 (KHTML, like Gecko) Chrome/138.0.0.0 Mobile Safari/537.36 (compatible; Google-Read-Aloud; +https://support.google.com/webmasters/answer/1061943)"
192.178.11.103 - - [31/Jul/2026:11:17:12 -0300] "GET /wp-content/themes/edubin-child/style.css?ver=1.0.3 HTTP/1.1" 200 3154 "https://academy.kohlsolucoes.com.br/" "Mozilla/5.0 (Linux; Android 10; K) AppleWebKit/537.36 (KHTML, like Gecko) Chrome/138.0.0.0 Mobile Safari/537.36 (compatible; Google-Read-Aloud; +https://support.google.com/webmasters/answer/1061943)"
192.178.11.103 - - [31/Jul/2026:11:17:12 -0300] "GET /wp-content/themes/edubin/assets/fonts/flaticon_edubin.css?ver=1.0.3 HTTP/1.1" 304 - "https://academy.kohlsolucoes.com.br/" "Mozilla/5.0 (Linux; Android 10; K) AppleWebKit/537.36 (KHTML, like Gecko) Chrome/138.0.0.0 Mobile Safari/537.36 (compatible; Google-Read-Aloud; +https://support.google.com/webmasters/answer/1061943)"
192.178.11.100 - - [31/Jul/2026:11:17:12 -0300] "GET /wp-content/plugins/tutor/assets/css/tutor.min.css?ver=3.9.13 HTTP/1.1" 304 - "https://academy.kohlsolucoes.com.br/" "Mozilla/5.0 (Linux; Android 10; K) AppleWebKit/537.36 (KHTML, like Gecko) Chrome/138.0.0.0 Mobile Safari/537.36 (compatible; Google-Read-Aloud; +https://support.google.com/webmasters/answer/1061943)"
192.178.11.101 - - [31/Jul/2026:11:17:12 -0300] "GET /wp-content/uploads/elementor/css/post-84.css?ver=1785095733 HTTP/1.1" 200 1231 "https://academy.kohlsolucoes.com.br/" "Mozilla/5.0 (Linux; Android 10; K) AppleWebKit/537.36 (KHTML, like Gecko) Chrome/138.0.0.0 Mobile Safari/537.36 (compatible; Google-Read-Aloud; +https://support.google.com/webmasters/answer/1061943)"
192.178.11.101 - - [31/Jul/2026:11:17:12 -0300] "GET /wp-content/plugins/tutor-pro/assets/lib/codesample/prism.css?ver=3.9.13 HTTP/1.1" 200 2426 "https://academy.kohlsolucoes.com.br/" "Mozilla/5.0 (Linux; Android 10; K) AppleWebKit/537.36 (KHTML, like Gecko) Chrome/138.0.0.0 Mobile Safari/537.36 (compatible; Google-Read-Aloud; +https://support.google.com/webmasters/answer/1061943)"
192.178.11.102 - - [31/Jul/2026:11:17:12 -0300] "GET /wp-content/plugins/edubin-core/assets/css/widget/isotope.css?ver=9.5.16 HTTP/1.1" 200 2730 "https://academy.kohlsolucoes.com.br/" "Mozilla/5.0 (Linux; Android 10; K) AppleWebKit/537.36 (KHTML, like Gecko) Chrome/138.0.0.0 Mobile Safari/537.36 (compatible; Google-Read-Aloud; +https://support.google.com/webmasters/answer/1061943)"
192.178.11.101 - - [31/Jul/2026:11:17:12 -0300] "GET /wp-content/plugins/woocommerce/assets/client/blocks/wc-blocks.css?ver=wc-10.9.4 HTTP/1.1" 200 14006 "https://academy.kohlsolucoes.com.br/" "Mozilla/5.0 (Linux; Android 10; K) AppleWebKit/537.36 (KHTML, like Gecko) Chrome/138.0.0.0 Mobile Safari/537.36 (compatible; Google-Read-Aloud; +https://support.google.com/webmasters/answer/1061943)"
192.178.11.100 - - [31/Jul/2026:11:17:12 -0300] "GET /wp-content/plugins/elementor/assets/css/frontend.min.css?ver=4.2.0 HTTP/1.1" 200 54666 "https://academy.kohlsolucoes.com.br/" "Mozilla/5.0 (Linux; Android 10; K) AppleWebKit/537.36 (KHTML, like Gecko) Chrome/138.0.0.0 Mobile Safari/537.36 (compatible; Google-Read-Aloud; +https://support.google.com/webmasters/answer/1061943)"
192.178.11.103 - - [31/Jul/2026:11:17:12 -0300] "GET /wp-content/uploads/elementor/css/base-desktop.css?ver=6a66663600f5c HTTP/1.1" 200 5422 "https://academy.kohlsolucoes.com.br/" "Mozilla/5.0 (Linux; Android 10; K) AppleWebKit/537.36 (KHTML, like Gecko) Chrome/138.0.0.0 Mobile Safari/537.36 (compatible; Google-Read-Aloud; +https://support.google.com/webmasters/answer/1061943)"
192.178.11.101 - - [31/Jul/2026:11:17:12 -0300] "GET /wp-content/plugins/woocommerce/assets/css/woocommerce-smallscreen.css?ver=10.9.4 HTTP/1.1" 200 8655 "https://academy.kohlsolucoes.com.br/" "Mozilla/5.0 (Linux; Android 10; K) AppleWebKit/537.36 (KHTML, like Gecko) Chrome/138.0.0.0 Mobile Safari/537.36 (compatible; Google-Read-Aloud; +https://support.google.com/webmasters/answer/1061943)"
192.178.11.100 - - [31/Jul/2026:11:17:12 -0300] "GET /wp-includes/js/jquery/jquery.min.js?ver=3.7.1 HTTP/1.1" 200 87553 "https://academy.kohlsolucoes.com.br/" "Mozilla/5.0 (Linux; Android 10; K) AppleWebKit/537.36 (KHTML, like Gecko) Chrome/138.0.0.0 Mobile Safari/537.36 (compatible; Google-Read-Aloud; +https://support.google.com/webmasters/answer/1061943)"
192.178.11.98 - - [31/Jul/2026:11:17:12 -0300] "GET /wp-content/themes/edubin/assets/css/global-courses.css?ver=1.0.3 HTTP/1.1" 200 55904 "https://academy.kohlsolucoes.com.br/" "Mozilla/5.0 (Linux; Android 10; K) AppleWebKit/537.36 (KHTML, like Gecko) Chrome/138.0.0.0 Mobile Safari/537.36 (compatible; Google-Read-Aloud; +https://support.google.com/webmasters/answer/1061943)"
192.178.11.103 - - [31/Jul/2026:11:17:12 -0300] "GET /wp-content/plugins/elementor/assets/css/widget-image-box.min.css?ver=4.2.0 HTTP/1.1" 200 1657 "https://academy.kohlsolucoes.com.br/" "Mozilla/5.0 (Linux; Android 10; K) AppleWebKit/537.36 (KHTML, like Gecko) Chrome/138.0.0.0 Mobile Safari/537.36 (compatible; Google-Read-Aloud; +https://support.google.com/webmasters/answer/1061943)"
192.178.11.98 - - [31/Jul/2026:11:17:12 -0300] "GET /wp-content/themes/edubin/assets/css/login-popup.css?ver=1.0.3 HTTP/1.1" 304 - "https://academy.kohlsolucoes.com.br/" "Mozilla/5.0 (Linux; Android 10; K) AppleWebKit/537.36 (KHTML, like Gecko) Chrome/138.0.0.0 Mobile Safari/537.36 (compatible; Google-Read-Aloud; +https://support.google.com/webmasters/answer/1061943)"
192.178.11.100 - - [31/Jul/2026:11:17:12 -0300] "GET /wp-content/plugins/fluentform/assets/js/fluent-forms-elementor-widget.js?ver=6.2.8 HTTP/1.1" 200 751 "https://academy.kohlsolucoes.com.br/" "Mozilla/5.0 (Linux; Android 10; K) AppleWebKit/537.36 (KHTML, like Gecko) Chrome/138.0.0.0 Mobile Safari/537.36 (compatible; Google-Read-Aloud; +https://support.google.com/webmasters/answer/1061943)"
192.178.11.103 - - [31/Jul/2026:11:17:12 -0300] "GET /wp-content/themes/edubin/assets/css/search.css?ver=1.0.3 HTTP/1.1" 304 - "https://academy.kohlsolucoes.com.br/" "Mozilla/5.0 (Linux; Android 10; K) AppleWebKit/537.36 (KHTML, like Gecko) Chrome/138.0.0.0 Mobile Safari/537.36 (compatible; Google-Read-Aloud; +https://support.google.com/webmasters/answer/1061943)"
192.178.11.102 - - [31/Jul/2026:11:17:12 -0300] "GET /wp-includes/js/jquery/jquery-migrate.min.js?ver=3.4.1 HTTP/1.1" 200 13577 "https://academy.kohlsolucoes.com.br/" "Mozilla/5.0 (Linux; Android 10; K) AppleWebKit/537.36 (KHTML, like Gecko) Chrome/138.0.0.0 Mobile Safari/537.36 (compatible; Google-Read-Aloud; +https://support.google.com/webmasters/answer/1061943)"
192.178.11.100 - - [31/Jul/2026:11:17:12 -0300] "GET /wp-content/plugins/tutor-pro/assets/css/front.css?ver=3.9.13 HTTP/1.1" 304 - "https://academy.kohlsolucoes.com.br/" "Mozilla/5.0 (Linux; Android 10; K) AppleWebKit/537.36 (KHTML, like Gecko) Chrome/138.0.0.0 Mobile Safari/537.36 (compatible; Google-Read-Aloud; +https://support.google.com/webmasters/answer/1061943)"
192.178.11.101 - - [31/Jul/2026:11:17:12 -0300] "GET /wp-content/plugins/edubin-core/assets/css/widget/infobox.css?ver=9.5.16 HTTP/1.1" 200 1049 "https://academy.kohlsolucoes.com.br/" "Mozilla/5.0 (Linux; Android 10; K) AppleWebKit/537.36 (KHTML, like Gecko) Chrome/138.0.0.0 Mobile Safari/537.36 (compatible; Google-Read-Aloud; +https://support.google.com/webmasters/answer/1061943)"
192.178.11.103 - - [31/Jul/2026:11:17:12 -0300] "GET /wp-content/plugins/tutor/assets/css/tutor-icon.min.css?ver=3.9.13 HTTP/1.1" 200 15482 "https://academy.kohlsolucoes.com.br/" "Mozilla/5.0 (Linux; Android 10; K) AppleWebKit/537.36 (KHTML, like Gecko) Chrome/138.0.0.0 Mobile Safari/537.36 (compatible; Google-Read-Aloud; +https://support.google.com/webmasters/answer/1061943)"
192.178.11.99 - - [31/Jul/2026:11:17:12 -0300] "GET /wp-content/plugins/woocommerce/assets/css/woocommerce.css?ver=10.9.4 HTTP/1.1" 200 87398 "https://academy.kohlsolucoes.com.br/" "Mozilla/5.0 (Linux; Android 10; K) AppleWebKit/537.36 (KHTML, like Gecko) Chrome/138.0.0.0 Mobile Safari/537.36 (compatible; Google-Read-Aloud; +https://support.google.com/webmasters/answer/1061943)"
192.178.11.103 - - [31/Jul/2026:11:17:12 -0300] "GET /wp-content/themes/edubin/assets/css/page-title.css?ver=1.0.3 HTTP/1.1" 200 9921 "https://academy.kohlsolucoes.com.br/" "Mozilla/5.0 (Linux; Android 10; K) AppleWebKit/537.36 (KHTML, like Gecko) Chrome/138.0.0.0 Mobile Safari/537.36 (compatible; Google-Read-Aloud; +https://support.google.com/webmasters/answer/1061943)"
192.178.11.102 - - [31/Jul/2026:11:17:12 -0300] "GET /wp-content/fonts/heebo/NGS6v5_NC0k9P9H2TbE.woff2 HTTP/1.1" 200 30116 "https://academy.kohlsolucoes.com.br/" "Mozilla/5.0 (Linux; Android 10; K) AppleWebKit/537.36 (KHTML, like Gecko) Chrome/138.0.0.0 Mobile Safari/537.36 (compatible; Google-Read-Aloud; +https://support.google.com/webmasters/answer/1061943)"
192.178.11.103 - - [31/Jul/2026:11:17:12 -0300] "GET /wp-content/plugins/edubin-core/assets/js/edubin-active.js?ver=9.5.16 HTTP/1.1" 200 43564 "https://academy.kohlsolucoes.com.br/" "Mozilla/5.0 (Linux; Android 10; K) AppleWebKit/537.36 (KHTML, like Gecko) Chrome/138.0.0.0 Mobile Safari/537.36 (compatible; Google-Read-Aloud; +https://support.google.com/webmasters/answer/1061943)"
192.178.11.99 - - [31/Jul/2026:11:17:12 -0300] "GET /wp-includes/js/dist/hooks.min.js?ver=7496969728ca0f95732d HTTP/1.1" 200 5050 "https://academy.kohlsolucoes.com.br/" "Mozilla/5.0 (Linux; Android 10; K) AppleWebKit/537.36 (KHTML, like Gecko) Chrome/138.0.0.0 Mobile Safari/537.36 (compatible; Google-Read-Aloud; +https://support.google.com/webmasters/answer/1061943)"
192.178.11.99 - - [31/Jul/2026:11:17:13 -0300] "GET /wp-content/plugins/edubin-core/assets/css/swiper-bundle.min.css?ver=9.5.16 HTTP/1.1" 200 18454 "https://academy.kohlsolucoes.com.br/" "Mozilla/5.0 (Linux; Android 10; K) AppleWebKit/537.36 (KHTML, like Gecko) Chrome/138.0.0.0 Mobile Safari/537.36 (compatible; Google-Read-Aloud; +https://support.google.com/webmasters/answer/1061943)"
192.178.11.102 - - [31/Jul/2026:11:17:13 -0300] "GET /wp-content/themes/edubin/style.css?ver=7.0.2 HTTP/1.1" 304 - "https://academy.kohlsolucoes.com.br/" "Mozilla/5.0 (Linux; Android 10; K) AppleWebKit/537.36 (KHTML, like Gecko) Chrome/138.0.0.0 Mobile Safari/537.36 (compatible; Google-Read-Aloud; +https://support.google.com/webmasters/answer/1061943)"
192.178.11.101 - - [31/Jul/2026:11:17:13 -0300] "GET /wp-includes/js/dist/i18n.min.js?ver=781d11515ad3d91786ec HTTP/1.1" 200 5732 "https://academy.kohlsolucoes.com.br/" "Mozilla/5.0 (Linux; Android 10; K) AppleWebKit/537.36 (KHTML, like Gecko) Chrome/138.0.0.0 Mobile Safari/537.36 (compatible; Google-Read-Aloud; +https://support.google.com/webmasters/answer/1061943)"
192.178.11.99 - - [31/Jul/2026:11:17:13 -0300] "GET /wp-includes/js/dist/vendor/react.min.js?ver=18.3.1.1 HTTP/1.1" 304 - "https://academy.kohlsolucoes.com.br/" "Mozilla/5.0 (Linux; Android 10; K) AppleWebKit/537.36 (KHTML, like Gecko) Chrome/138.0.0.0 Mobile Safari/537.36 (compatible; Google-Read-Aloud; +https://support.google.com/webmasters/answer/1061943)"
192.178.11.101 - - [31/Jul/2026:11:17:13 -0300] "GET /wp-includes/js/dist/vendor/react-dom.min.js?ver=18.3.1.1 HTTP/1.1" 304 - "https://academy.kohlsolucoes.com.br/" "Mozilla/5.0 (Linux; Android 10; K) AppleWebKit/537.36 (KHTML, like Gecko) Chrome/138.0.0.0 Mobile Safari/537.36 (compatible; Google-Read-Aloud; +https://support.google.com/webmasters/answer/1061943)"
192.178.11.103 - - [31/Jul/2026:11:17:13 -0300] "GET /wp-content/plugins/tutor/assets/js/tutor.js?ver=3.9.13 HTTP/1.1" 304 - "https://academy.kohlsolucoes.com.br/" "Mozilla/5.0 (Linux; Android 10; K) AppleWebKit/537.36 (KHTML, like Gecko) Chrome/138.0.0.0 Mobile Safari/537.36 (compatible; Google-Read-Aloud; +https://support.google.com/webmasters/answer/1061943)"
192.178.11.100 - - [31/Jul/2026:11:17:13 -0300] "GET /wp-includes/js/jquery/ui/mouse.min.js?ver=1.13.3 HTTP/1.1" 200 3428 "https://academy.kohlsolucoes.com.br/" "Mozilla/5.0 (Linux; Android 10; K) AppleWebKit/537.36 (KHTML, like Gecko) Chrome/138.0.0.0 Mobile Safari/537.36 (compatible; Google-Read-Aloud; +https://support.google.com/webmasters/answer/1061943)"
192.178.11.103 - - [31/Jul/2026:11:17:13 -0300] "GET /wp-content/plugins/woocommerce/assets/js/jquery-blockui/jquery.blockUI.min.js?ver=2.7.0-wc.10.9.4 HTTP/1.1" 200 9636 "https://academy.kohlsolucoes.com.br/" "Mozilla/5.0 (Linux; Android 10; K) AppleWebKit/537.36 (KHTML, like Gecko) Chrome/138.0.0.0 Mobile Safari/537.36 (compatible; Google-Read-Aloud; +https://support.google.com/webmasters/answer/1061943)"
192.178.11.102 - - [31/Jul/2026:11:17:13 -0300] "GET /wp-content/plugins/tutor-pro/assets/lib/prism/prism.min.js?ver=3.9.13 HTTP/1.1" 304 - "https://academy.kohlsolucoes.com.br/" "Mozilla/5.0 (Linux; Android 10; K) AppleWebKit/537.36 (KHTML, like Gecko) Chrome/138.0.0.0 Mobile Safari/537.36 (compatible; Google-Read-Aloud; +https://support.google.com/webmasters/answer/1061943)"
192.178.11.101 - - [31/Jul/2026:11:17:13 -0300] "GET /wp-content/themes/edubin/assets/js/youtube-popup.js?ver=1.0.3 HTTP/1.1" 200 2885 "https://academy.kohlsolucoes.com.br/" "Mozilla/5.0 (Linux; Android 10; K) AppleWebKit/537.36 (KHTML, like Gecko) Chrome/138.0.0.0 Mobile Safari/537.36 (compatible; Google-Read-Aloud; +https://support.google.com/webmasters/answer/1061943)"
192.178.11.101 - - [31/Jul/2026:11:17:13 -0300] "GET /wp-content/plugins/woocommerce/assets/js/js-cookie/js.cookie.min.js?ver=2.1.4-wc.10.9.4 HTTP/1.1" 200 1720 "https://academy.kohlsolucoes.com.br/" "Mozilla/5.0 (Linux; Android 10; K) AppleWebKit/537.36 (KHTML, like Gecko) Chrome/138.0.0.0 Mobile Safari/537.36 (compatible; Google-Read-Aloud; +https://support.google.com/webmasters/answer/1061943)"
192.178.11.100 - - [31/Jul/2026:11:17:13 -0300] "GET /wp-includes/js/dist/vendor/moment.min.js?ver=2.30.1 HTTP/1.1" 304 - "https://academy.kohlsolucoes.com.br/" "Mozilla/5.0 (Linux; Android 10; K) AppleWebKit/537.36 (KHTML, like Gecko) Chrome/138.0.0.0 Mobile Safari/537.36 (compatible; Google-Read-Aloud; +https://support.google.com/webmasters/answer/1061943)"
192.178.11.102 - - [31/Jul/2026:11:17:13 -0300] "GET /wp-includes/js/dist/escape-html.min.js?ver=3f093e5cca67aa0f8b56 HTTP/1.1" 200 1091 "https://academy.kohlsolucoes.com.br/" "Mozilla/5.0 (Linux; Android 10; K) AppleWebKit/537.36 (KHTML, like Gecko) Chrome/138.0.0.0 Mobile Safari/537.36 (compatible; Google-Read-Aloud; +https://support.google.com/webmasters/answer/1061943)"
192.178.11.100 - - [31/Jul/2026:11:17:13 -0300] "GET /wp-content/themes/edubin/assets/js/back-to-top.js?ver=1.0.3 HTTP/1.1" 200 898 "https://academy.kohlsolucoes.com.br/" "Mozilla/5.0 (Linux; Android 10; K) AppleWebKit/537.36 (KHTML, like Gecko) Chrome/138.0.0.0 Mobile Safari/537.36 (compatible; Google-Read-Aloud; +https://support.google.com/webmasters/answer/1061943)"
192.178.11.102 - - [31/Jul/2026:11:17:13 -0300] "GET /wp-includes/js/jquery/jquery.ui.touch-punch.js?ver=0.2.2 HTTP/1.1" 200 1179 "https://academy.kohlsolucoes.com.br/" "Mozilla/5.0 (Linux; Android 10; K) AppleWebKit/537.36 (KHTML, like Gecko) Chrome/138.0.0.0 Mobile Safari/537.36 (compatible; Google-Read-Aloud; +https://support.google.com/webmasters/answer/1061943)"
192.178.11.103 - - [31/Jul/2026:11:17:13 -0300] "GET /wp-content/themes/edubin/assets/js/sal.min.js?ver=1.0.3 HTTP/1.1" 200 3025 "https://academy.kohlsolucoes.com.br/" "Mozilla/5.0 (Linux; Android 10; K) AppleWebKit/537.36 (KHTML, like Gecko) Chrome/138.0.0.0 Mobile Safari/537.36 (compatible; Google-Read-Aloud; +https://support.google.com/webmasters/answer/1061943)"
192.178.11.99 - - [31/Jul/2026:11:17:13 -0300] "GET /wp-content/plugins/elementor/assets/js/webpack.runtime.min.js?ver=4.2.0 HTTP/1.1" 200 5819 "https://academy.kohlsolucoes.com.br/" "Mozilla/5.0 (Linux; Android 10; K) AppleWebKit/537.36 (KHTML, like Gecko) Chrome/138.0.0.0 Mobile Safari/537.36 (compatible; Google-Read-Aloud; +https://support.google.com/webmasters/answer/1061943)"
192.178.11.103 - - [31/Jul/2026:11:17:13 -0300] "GET /wp-content/plugins/edubin-core/assets/js/isotope.min.js?ver=1.0.3 HTTP/1.1" 200 41041 "https://academy.kohlsolucoes.com.br/" "Mozilla/5.0 (Linux; Android 10; K) AppleWebKit/537.36 (KHTML, like Gecko) Chrome/138.0.0.0 Mobile Safari/537.36 (compatible; Google-Read-Aloud; +https://support.google.com/webmasters/answer/1061943)"
192.178.11.98 - - [31/Jul/2026:11:17:13 -0300] "GET /wp-includes/js/jquery/ui/sortable.min.js?ver=1.13.3 HTTP/1.1" 200 25504 "https://academy.kohlsolucoes.com.br/" "Mozilla/5.0 (Linux; Android 10; K) AppleWebKit/537.36 (KHTML, like Gecko) Chrome/138.0.0.0 Mobile Safari/537.36 (compatible; Google-Read-Aloud; +https://support.google.com/webmasters/answer/1061943)"
192.178.11.102 - - [31/Jul/2026:11:17:13 -0300] "GET /wp-includes/js/quicktags.min.js?ver=7.0.2 HTTP/1.1" 304 - "https://academy.kohlsolucoes.com.br/" "Mozilla/5.0 (Linux; Android 10; K) AppleWebKit/537.36 (KHTML, like Gecko) Chrome/138.0.0.0 Mobile Safari/537.36 (compatible; Google-Read-Aloud; +https://support.google.com/webmasters/answer/1061943)"
192.178.11.100 - - [31/Jul/2026:11:17:13 -0300] "GET /wp-content/plugins/tutor-pro/assets/js/front.js?ver=3.9.13 HTTP/1.1" 200 93831 "https://academy.kohlsolucoes.com.br/" "Mozilla/5.0 (Linux; Android 10; K) AppleWebKit/537.36 (KHTML, like Gecko) Chrome/138.0.0.0 Mobile Safari/537.36 (compatible; Google-Read-Aloud; +https://support.google.com/webmasters/answer/1061943)"
192.178.11.99 - - [31/Jul/2026:11:17:13 -0300] "GET /wp-includes/js/dist/element.min.js?ver=15ba804677f72a8db97b HTTP/1.1" 200 12458 "https://academy.kohlsolucoes.com.br/" "Mozilla/5.0 (Linux; Android 10; K) AppleWebKit/537.36 (KHTML, like Gecko) Chrome/138.0.0.0 Mobile Safari/537.36 (compatible; Google-Read-Aloud; +https://support.google.com/webmasters/answer/1061943)"
192.178.11.102 - - [31/Jul/2026:11:17:13 -0300] "GET /wp-includes/js/jquery/ui/datepicker.min.js?ver=1.13.3 HTTP/1.1" 200 36748 "https://academy.kohlsolucoes.com.br/" "Mozilla/5.0 (Linux; Android 10; K) AppleWebKit/537.36 (KHTML, like Gecko) Chrome/138.0.0.0 Mobile Safari/537.36 (compatible; Google-Read-Aloud; +https://support.google.com/webmasters/answer/1061943)"
192.178.11.100 - - [31/Jul/2026:11:17:13 -0300] "GET /wp-content/plugins/elementor-pro/assets/js/elements-handlers.min.js?ver=4.2.0 HTTP/1.1" 200 43922 "https://academy.kohlsolucoes.com.br/" "Mozilla/5.0 (Linux; Android 10; K) AppleWebKit/537.36 (KHTML, like Gecko) Chrome/138.0.0.0 Mobile Safari/537.36 (compatible; Google-Read-Aloud; +https://support.google.com/webmasters/answer/1061943)"
192.178.11.101 - - [31/Jul/2026:11:17:13 -0300] "GET /wp-content/themes/edubin/assets/js/edubin-mouse-move-animation.js?ver=1.0.3 HTTP/1.1" 200 17272 "https://academy.kohlsolucoes.com.br/" "Mozilla/5.0 (Linux; Android 10; K) AppleWebKit/537.36 (KHTML, like Gecko) Chrome/138.0.0.0 Mobile Safari/537.36 (compatible; Google-Read-Aloud; +https://support.google.com/webmasters/answer/1061943)"
192.178.11.101 - - [31/Jul/2026:11:17:13 -0300] "GET /wp-content/plugins/elementor/assets/js/frontend.min.js?ver=4.2.0 HTTP/1.1" 200 32098 "https://academy.kohlsolucoes.com.br/" "Mozilla/5.0 (Linux; Android 10; K) AppleWebKit/537.36 (KHTML, like Gecko) Chrome/138.0.0.0 Mobile Safari/537.36 (compatible; Google-Read-Aloud; +https://support.google.com/webmasters/answer/1061943)"
192.178.11.102 - - [31/Jul/2026:11:17:13 -0300] "GET /wp-includes/js/dist/deprecated.min.js?ver=990e85f234fee8f7d446 HTTP/1.1" 200 1315 "https://academy.kohlsolucoes.com.br/" "Mozilla/5.0 (Linux; Android 10; K) AppleWebKit/537.36 (KHTML, like Gecko) Chrome/138.0.0.0 Mobile Safari/537.36 (compatible; Google-Read-Aloud; +https://support.google.com/webmasters/answer/1061943)"
192.178.11.99 - - [31/Jul/2026:11:17:13 -0300] "GET /wp-content/themes/edubin/assets/js/navigation.js?ver=1.0.3 HTTP/1.1" 200 2967 "https://academy.kohlsolucoes.com.br/" "Mozilla/5.0 (Linux; Android 10; K) AppleWebKit/537.36 (KHTML, like Gecko) Chrome/138.0.0.0 Mobile Safari/537.36 (compatible; Google-Read-Aloud; +https://support.google.com/webmasters/answer/1061943)"
192.178.11.98 - - [31/Jul/2026:11:17:13 -0300] "GET /wp-content/plugins/tutor/assets/lib/SocialShare/SocialShare.min.js?ver=3.9.13 HTTP/1.1" 200 2471 "https://academy.kohlsolucoes.com.br/" "Mozilla/5.0 (Linux; Android 10; K) AppleWebKit/537.36 (KHTML, like Gecko) Chrome/138.0.0.0 Mobile Safari/537.36 (compatible; Google-Read-Aloud; +https://support.google.com/webmasters/answer/1061943)"
192.178.11.98 - - [31/Jul/2026:11:17:13 -0300] "GET /wp-content/themes/edubin/assets/js/init.js?ver=1.0.3 HTTP/1.1" 200 11820 "https://academy.kohlsolucoes.com.br/" "Mozilla/5.0 (Linux; Android 10; K) AppleWebKit/537.36 (KHTML, like Gecko) Chrome/138.0.0.0 Mobile Safari/537.36 (compatible; Google-Read-Aloud; +https://support.google.com/webmasters/answer/1061943)"
192.178.11.102 - - [31/Jul/2026:11:17:13 -0300] "GET /wp-content/plugins/tutor-pro/assets/lib/prism/script.js?ver=3.9.13 HTTP/1.1" 200 635 "https://academy.kohlsolucoes.com.br/" "Mozilla/5.0 (Linux; Android 10; K) AppleWebKit/537.36 (KHTML, like Gecko) Chrome/138.0.0.0 Mobile Safari/537.36 (compatible; Google-Read-Aloud; +https://support.google.com/webmasters/answer/1061943)"
192.178.11.101 - - [31/Jul/2026:11:17:13 -0300] "GET /wp-content/plugins/edubin-core/assets/js/tilt.jquery.min.js?ver=9.5.16 HTTP/1.1" 200 5640 "https://academy.kohlsolucoes.com.br/" "Mozilla/5.0 (Linux; Android 10; K) AppleWebKit/537.36 (KHTML, like Gecko) Chrome/138.0.0.0 Mobile Safari/537.36 (compatible; Google-Read-Aloud; +https://support.google.com/webmasters/answer/1061943)"
192.178.11.98 - - [31/Jul/2026:11:17:13 -0300] "GET /wp-content/plugins/woocommerce/assets/js/sourcebuster/sourcebuster.min.js?ver=10.9.4 HTTP/1.1" 200 15315 "https://academy.kohlsolucoes.com.br/" "Mozilla/5.0 (Linux; Android 10; K) AppleWebKit/537.36 (KHTML, like Gecko) Chrome/138.0.0.0 Mobile Safari/537.36 (compatible; Google-Read-Aloud; +https://support.google.com/webmasters/answer/1061943)"
192.178.11.103 - - [31/Jul/2026:11:17:13 -0300] "GET /wp-content/plugins/woocommerce/assets/js/frontend/add-to-cart.min.js?ver=10.9.4 HTTP/1.1" 200 4350 "https://academy.kohlsolucoes.com.br/" "Mozilla/5.0 (Linux; Android 10; K) AppleWebKit/537.36 (KHTML, like Gecko) Chrome/138.0.0.0 Mobile Safari/537.36 (compatible; Google-Read-Aloud; +https://support.google.com/webmasters/answer/1061943)"
192.178.11.101 - - [31/Jul/2026:11:17:13 -0300] "GET /wp-content/themes/edubin/assets/js/headroom.min.js?ver=1.0.3 HTTP/1.1" 200 4569 "https://academy.kohlsolucoes.com.br/" "Mozilla/5.0 (Linux; Android 10; K) AppleWebKit/537.36 (KHTML, like Gecko) Chrome/138.0.0.0 Mobile Safari/537.36 (compatible; Google-Read-Aloud; +https://support.google.com/webmasters/answer/1061943)"
192.178.11.103 - - [31/Jul/2026:11:17:13 -0300] "GET /wp-content/plugins/elementor-pro/assets/js/frontend.min.js?ver=4.2.0 HTTP/1.1" 200 23939 "https://academy.kohlsolucoes.com.br/" "Mozilla/5.0 (Linux; Android 10; K) AppleWebKit/537.36 (KHTML, like Gecko) Chrome/138.0.0.0 Mobile Safari/537.36 (compatible; Google-Read-Aloud; +https://support.google.com/webmasters/answer/1061943)"
192.178.11.102 - - [31/Jul/2026:11:17:13 -0300] "GET /wp-content/plugins/elementor/assets/js/frontend-modules.min.js?ver=4.2.0 HTTP/1.1" 200 50602 "https://academy.kohlsolucoes.com.br/" "Mozilla/5.0 (Linux; Android 10; K) AppleWebKit/537.36 (KHTML, like Gecko) Chrome/138.0.0.0 Mobile Safari/537.36 (compatible; Google-Read-Aloud; +https://support.google.com/webmasters/answer/1061943)"
192.178.11.98 - - [31/Jul/2026:11:17:13 -0300] "GET /wp-content/plugins/elementor-pro/assets/js/webpack-pro.runtime.min.js?ver=4.2.0 HTTP/1.1" 200 6242 "https://academy.kohlsolucoes.com.br/" "Mozilla/5.0 (Linux; Android 10; K) AppleWebKit/537.36 (KHTML, like Gecko) Chrome/138.0.0.0 Mobile Safari/537.36 (compatible; Google-Read-Aloud; +https://support.google.com/webmasters/answer/1061943)"
192.178.11.102 - - [31/Jul/2026:11:17:13 -0300] "GET /wp-content/plugins/woocommerce/assets/js/frontend/woocommerce.min.js?ver=10.9.4 HTTP/1.1" 200 4270 "https://academy.kohlsolucoes.com.br/" "Mozilla/5.0 (Linux; Android 10; K) AppleWebKit/537.36 (KHTML, like Gecko) Chrome/138.0.0.0 Mobile Safari/537.36 (compatible; Google-Read-Aloud; +https://support.google.com/webmasters/answer/1061943)"
192.178.11.102 - - [31/Jul/2026:11:17:13 -0300] "GET /wp-content/themes/edubin/assets/fonts/flaticon_edubin.woff2?3a6c14212907e1cbaf6aebe6e0c247e7 HTTP/1.1" 200 10852 "https://academy.kohlsolucoes.com.br/wp-content/themes/edubin/assets/fonts/flaticon_edubin.css?ver=1.0.3" "Mozilla/5.0 (Linux; Android 10; K) AppleWebKit/537.36 (KHTML, like Gecko) Chrome/138.0.0.0 Mobile Safari/537.36 (compatible; Google-Read-Aloud; +https://support.google.com/webmasters/answer/1061943)"
192.178.11.102 - - [31/Jul/2026:11:17:13 -0300] "GET /wp-content/plugins/tutor/assets/fonts/tutor-v2.woff HTTP/1.1" 200 11320 "https://academy.kohlsolucoes.com.br/wp-content/plugins/tutor/assets/css/tutor-icon.min.css?ver=3.9.13" "Mozilla/5.0 (Linux; Android 10; K) AppleWebKit/537.36 (KHTML, like Gecko) Chrome/138.0.0.0 Mobile Safari/537.36 (compatible; Google-Read-Aloud; +https://support.google.com/webmasters/answer/1061943)"
192.178.11.102 - - [31/Jul/2026:11:17:13 -0300] "GET /wp-content/plugins/edubin-core/assets/js/edubin-animation.min.js?ver=9.5.16 HTTP/1.1" 200 26961 "https://academy.kohlsolucoes.com.br/" "Mozilla/5.0 (Linux; Android 10; K) AppleWebKit/537.36 (KHTML, like Gecko) Chrome/138.0.0.0 Mobile Safari/537.36 (compatible; Google-Read-Aloud; +https://support.google.com/webmasters/answer/1061943)"
192.178.11.103 - - [31/Jul/2026:11:17:13 -0300] "GET /wp-includes/js/jquery/ui/core.min.js?ver=1.13.3 HTTP/1.1" 200 21464 "https://academy.kohlsolucoes.com.br/" "Mozilla/5.0 (Linux; Android 10; K) AppleWebKit/537.36 (KHTML, like Gecko) Chrome/138.0.0.0 Mobile Safari/537.36 (compatible; Google-Read-Aloud; +https://support.google.com/webmasters/answer/1061943)"
192.178.11.101 - - [31/Jul/2026:11:17:13 -0300] "GET /wp-includes/js/dist/date.min.js?ver=c9f8e7dd3232716f34e9 HTTP/1.1" 200 144608 "https://academy.kohlsolucoes.com.br/" "Mozilla/5.0 (Linux; Android 10; K) AppleWebKit/537.36 (KHTML, like Gecko) Chrome/138.0.0.0 Mobile Safari/537.36 (compatible; Google-Read-Aloud; +https://support.google.com/webmasters/answer/1061943)"
192.178.11.101 - - [31/Jul/2026:11:17:13 -0300] "GET /wp-content/plugins/edubin-core/assets/js/swiper-bundle.min.js?ver=1.0.3 HTTP/1.1" 200 154597 "https://academy.kohlsolucoes.com.br/" "Mozilla/5.0 (Linux; Android 10; K) AppleWebKit/537.36 (KHTML, like Gecko) Chrome/138.0.0.0 Mobile Safari/537.36 (compatible; Google-Read-Aloud; +https://support.google.com/webmasters/answer/1061943)"
192.178.11.99 - - [31/Jul/2026:11:17:13 -0300] "GET /wp-content/plugins/woocommerce/assets/js/frontend/order-attribution.min.js?ver=10.9.4 HTTP/1.1" 304 - "https://academy.kohlsolucoes.com.br/" "Mozilla/5.0 (Linux; Android 10; K) AppleWebKit/537.36 (KHTML, like Gecko) Chrome/138.0.0.0 Mobile Safari/537.36 (compatible; Google-Read-Aloud; +https://support.google.com/webmasters/answer/1061943)"
192.178.11.98 - - [31/Jul/2026:11:17:13 -0300] "GET /wp-content/plugins/tutor/assets/js/tutor-front.js?ver=3.9.13 HTTP/1.1" 304 - "https://academy.kohlsolucoes.com.br/" "Mozilla/5.0 (Linux; Android 10; K) AppleWebKit/537.36 (KHTML, like Gecko) Chrome/138.0.0.0 Mobile Safari/537.36 (compatible; Google-Read-Aloud; +https://support.google.com/webmasters/answer/1061943)"
192.178.11.98 - - [31/Jul/2026:11:17:14 -0300] "GET /wp-content/plugins/tutor/assets/fonts/tutor.woff HTTP/1.1" 200 189472 "https://academy.kohlsolucoes.com.br/wp-content/plugins/tutor/assets/css/tutor-icon.min.css?ver=3.9.13" "Mozilla/5.0 (Linux; Android 10; K) AppleWebKit/537.36 (KHTML, like Gecko) Chrome/138.0.0.0 Mobile Safari/537.36 (compatible; Google-Read-Aloud; +https://support.google.com/webmasters/answer/1061943)"
138.0.134.182 - - [31/Jul/2026:11:17:14 -0300] "GET /cursos/curso-pago-teste-experiencia/ HTTP/1.1" 200 163176 "https://academy.kohlsolucoes.com.br/" "Mozilla/5.0 (Linux; Android 10; K) AppleWebKit/537.36 (KHTML, like Gecko) Chrome/151.0.0.0 Mobile Safari/537.36"
192.178.11.102 - - [31/Jul/2026:11:17:15 -0300] "GET /wp-content/plugins/elementor/assets/js/shared-frontend-handlers.03caa53373b56d3bab67.bundle.min.js HTTP/1.1" 200 8481 "https://academy.kohlsolucoes.com.br/" "Mozilla/5.0 (Linux; Android 10; K) AppleWebKit/537.36 (KHTML, like Gecko) Chrome/138.0.0.0 Mobile Safari/537.36 (compatible; Google-Read-Aloud; +https://support.google.com/webmasters/answer/1061943)"
192.178.11.103 - - [31/Jul/2026:11:17:15 -0300] "GET /wp-content/plugins/elementor/assets/js/text-editor.45609661e409413f1cef.bundle.min.js HTTP/1.1" 200 1348 "https://academy.kohlsolucoes.com.br/" "Mozilla/5.0 (Linux; Android 10; K) AppleWebKit/537.36 (KHTML, like Gecko) Chrome/138.0.0.0 Mobile Safari/537.36 (compatible; Google-Read-Aloud; +https://support.google.com/webmasters/answer/1061943)"
138.0.134.182 - - [31/Jul/2026:11:17:19 -0300] "GET /painel HTTP/1.1" 301 - "https://academy.kohlsolucoes.com.br/" "Mozilla/5.0 (Linux; Android 10; K) AppleWebKit/537.36 (KHTML, like Gecko) Chrome/151.0.0.0 Mobile Safari/537.36"
138.0.134.182 - - [31/Jul/2026:11:17:19 -0300] "GET /painel/ HTTP/1.1" 200 226903 "https://academy.kohlsolucoes.com.br/" "Mozilla/5.0 (Linux; Android 10; K) AppleWebKit/537.36 (KHTML, like Gecko) Chrome/151.0.0.0 Mobile Safari/537.36"
138.0.134.182 - - [31/Jul/2026:11:17:19 -0300] "GET /wp-content/plugins/tutor/assets/css/tutor-frontend-dashboard.min.css?ver=3.9.13 HTTP/1.1" 304 - "https://academy.kohlsolucoes.com.br/painel/" "Mozilla/5.0 (Linux; Android 10; K) AppleWebKit/537.36 (KHTML, like Gecko) Chrome/151.0.0.0 Mobile Safari/537.36"
138.0.134.182 - - [31/Jul/2026:11:17:39 -0300] "POST /painel/ HTTP/1.1" 302 - "https://academy.kohlsolucoes.com.br/painel/" "Mozilla/5.0 (Linux; Android 10; K) AppleWebKit/537.36 (KHTML, like Gecko) Chrome/151.0.0.0 Mobile Safari/537.36"
138.0.134.182 - - [31/Jul/2026:11:17:39 -0300] "GET /painel/ HTTP/1.1" 200 233085 "https://academy.kohlsolucoes.com.br/painel/" "Mozilla/5.0 (Linux; Android 10; K) AppleWebKit/537.36 (KHTML, like Gecko) Chrome/151.0.0.0 Mobile Safari/537.36"
189.85.81.132 - - [31/Jul/2026:11:17:41 -0300] "GET /painel/ HTTP/1.1" 200 226903 "-" "Mozilla/5.0 (Linux; Android 10; K) AppleWebKit/537.36 (KHTML, like Gecko) Chrome/150.0.0.0 Mobile Safari/537.36"
138.0.134.182 - - [31/Jul/2026:11:18:01 -0300] "GET /painel/my-profile HTTP/1.1" 301 - "https://academy.kohlsolucoes.com.br/painel/" "Mozilla/5.0 (Linux; Android 10; K) AppleWebKit/537.36 (KHTML, like Gecko) Chrome/151.0.0.0 Mobile Safari/537.36"
138.0.134.182 - - [31/Jul/2026:11:18:02 -0300] "GET /painel/my-profile/ HTTP/1.1" 200 235241 "https://academy.kohlsolucoes.com.br/painel/" "Mozilla/5.0 (Linux; Android 10; K) AppleWebKit/537.36 (KHTML, like Gecko) Chrome/151.0.0.0 Mobile Safari/537.36"
138.0.134.182 - - [31/Jul/2026:11:18:02 -0300] "GET /wp-content/plugins/tutor-pro/addons/auth/assets/js/change-email.js?ver=3.9.13 HTTP/1.1" 304 - "https://academy.kohlsolucoes.com.br/painel/my-profile/" "Mozilla/5.0 (Linux; Android 10; K) AppleWebKit/537.36 (KHTML, like Gecko) Chrome/151.0.0.0 Mobile Safari/537.36"
138.0.134.182 - - [31/Jul/2026:11:18:06 -0300] "GET /painel/ HTTP/1.1" 200 233085 "https://academy.kohlsolucoes.com.br/painel/" "Mozilla/5.0 (Linux; Android 10; K) AppleWebKit/537.36 (KHTML, like Gecko) Chrome/151.0.0.0 Mobile Safari/537.36"
129.121.49.162 - - [31/Jul/2026:11:18:43 -0300] "POST /wp-cron.php?doing_wp_cron=1785507523.2510468959808349609375 HTTP/1.1" 200 - "-" "WordPress/7.0.2; https://academy.kohlsolucoes.com.br"
138.0.134.182 - - [31/Jul/2026:11:18:41 -0300] "GET /painel/enrolled-courses HTTP/1.1" 301 - "https://academy.kohlsolucoes.com.br/painel/" "Mozilla/5.0 (Linux; Android 10; K) AppleWebKit/537.36 (KHTML, like Gecko) Chrome/151.0.0.0 Mobile Safari/537.36"
138.0.134.182 - - [31/Jul/2026:11:18:43 -0300] "GET /painel/enrolled-courses/ HTTP/1.1" 200 232809 "https://academy.kohlsolucoes.com.br/painel/" "Mozilla/5.0 (Linux; Android 10; K) AppleWebKit/537.36 (KHTML, like Gecko) Chrome/151.0.0.0 Mobile Safari/537.36"
138.0.134.182 - - [31/Jul/2026:11:18:50 -0300] "GET /painel/enrolled-courses/active-courses HTTP/1.1" 301 - "https://academy.kohlsolucoes.com.br/painel/enrolled-courses/" "Mozilla/5.0 (Linux; Android 10; K) AppleWebKit/537.36 (KHTML, like Gecko) Chrome/151.0.0.0 Mobile Safari/537.36"
138.0.134.182 - - [31/Jul/2026:11:18:50 -0300] "GET /painel/enrolled-courses/active-courses/ HTTP/1.1" 200 232803 "https://academy.kohlsolucoes.com.br/painel/enrolled-courses/" "Mozilla/5.0 (Linux; Android 10; K) AppleWebKit/537.36 (KHTML, like Gecko) Chrome/151.0.0.0 Mobile Safari/537.36"
138.0.134.182 - - [31/Jul/2026:11:18:54 -0300] "GET /painel/enrolled-courses/completed-courses HTTP/1.1" 301 - "https://academy.kohlsolucoes.com.br/painel/enrolled-courses/active-courses/" "Mozilla/5.0 (Linux; Android 10; K) AppleWebKit/537.36 (KHTML, like Gecko) Chrome/151.0.0.0 Mobile Safari/537.36"
138.0.134.182 - - [31/Jul/2026:11:18:54 -0300] "GET /painel/enrolled-courses/completed-courses/ HTTP/1.1" 200 232808 "https://academy.kohlsolucoes.com.br/painel/enrolled-courses/active-courses/" "Mozilla/5.0 (Linux; Android 10; K) AppleWebKit/537.36 (KHTML, like Gecko) Chrome/151.0.0.0 Mobile Safari/537.36"
138.0.134.182 - - [31/Jul/2026:11:18:59 -0300] "GET /painel/enrolled-courses/completed-courses HTTP/1.1" 301 - "https://academy.kohlsolucoes.com.br/painel/enrolled-courses/completed-courses/" "Mozilla/5.0 (Linux; Android 10; K) AppleWebKit/537.36 (KHTML, like Gecko) Chrome/151.0.0.0 Mobile Safari/537.36"
138.0.134.182 - - [31/Jul/2026:11:18:59 -0300] "GET /painel/enrolled-courses/completed-courses/ HTTP/1.1" 200 232808 "https://academy.kohlsolucoes.com.br/painel/enrolled-courses/completed-courses/" "Mozilla/5.0 (Linux; Android 10; K) AppleWebKit/537.36 (KHTML, like Gecko) Chrome/151.0.0.0 Mobile Safari/537.36"
138.0.134.182 - - [31/Jul/2026:11:19:06 -0300] "GET /painel/enrolled-courses/completed-courses HTTP/1.1" 301 - "https://academy.kohlsolucoes.com.br/painel/enrolled-courses/completed-courses/" "Mozilla/5.0 (Linux; Android 10; K) AppleWebKit/537.36 (KHTML, like Gecko) Chrome/151.0.0.0 Mobile Safari/537.36"
129.121.49.162 - - [31/Jul/2026:11:19:07 -0300] "POST /wp-cron.php?doing_wp_cron=1785507547.3622679710388183593750 HTTP/1.1" 200 - "-" "WordPress/7.0.2; https://academy.kohlsolucoes.com.br"
138.0.134.182 - - [31/Jul/2026:11:19:07 -0300] "GET /painel/enrolled-courses/completed-courses/ HTTP/1.1" 200 232808 "https://academy.kohlsolucoes.com.br/painel/enrolled-courses/completed-courses/" "Mozilla/5.0 (Linux; Android 10; K) AppleWebKit/537.36 (KHTML, like Gecko) Chrome/151.0.0.0 Mobile Safari/537.36"
138.0.134.182 - - [31/Jul/2026:11:19:17 -0300] "GET /painel/enrolled-courses HTTP/1.1" 301 - "https://academy.kohlsolucoes.com.br/painel/enrolled-courses/completed-courses/" "Mozilla/5.0 (Linux; Android 10; K) AppleWebKit/537.36 (KHTML, like Gecko) Chrome/151.0.0.0 Mobile Safari/537.36"
138.0.134.182 - - [31/Jul/2026:11:19:17 -0300] "GET /painel/enrolled-courses/ HTTP/1.1" 200 232809 "https://academy.kohlsolucoes.com.br/painel/enrolled-courses/completed-courses/" "Mozilla/5.0 (Linux; Android 10; K) AppleWebKit/537.36 (KHTML, like Gecko) Chrome/151.0.0.0 Mobile Safari/537.36"
138.0.134.182 - - [31/Jul/2026:11:19:21 -0300] "GET /painel/enrolled-courses/completed-courses HTTP/1.1" 301 - "https://academy.kohlsolucoes.com.br/painel/enrolled-courses/" "Mozilla/5.0 (Linux; Android 10; K) AppleWebKit/537.36 (KHTML, like Gecko) Chrome/151.0.0.0 Mobile Safari/537.36"
138.0.134.182 - - [31/Jul/2026:11:19:21 -0300] "GET /painel/enrolled-courses/completed-courses/ HTTP/1.1" 200 232808 "https://academy.kohlsolucoes.com.br/painel/enrolled-courses/" "Mozilla/5.0 (Linux; Android 10; K) AppleWebKit/537.36 (KHTML, like Gecko) Chrome/151.0.0.0 Mobile Safari/537.36"
138.0.134.182 - - [31/Jul/2026:11:19:24 -0300] "GET /painel/ HTTP/1.1" 200 233085 "https://academy.kohlsolucoes.com.br/painel/enrolled-courses/completed-courses/" "Mozilla/5.0 (Linux; Android 10; K) AppleWebKit/537.36 (KHTML, like Gecko) Chrome/151.0.0.0 Mobile Safari/537.36"
129.121.49.162 - - [31/Jul/2026:11:19:34 -0300] "POST /wp-cron.php?doing_wp_cron=1785507574.8939950466156005859375 HTTP/1.1" 200 - "-" "WordPress/7.0.2; https://academy.kohlsolucoes.com.br"
138.0.134.182 - - [31/Jul/2026:11:19:34 -0300] "GET /painel/enrolled-courses HTTP/1.1" 301 - "https://academy.kohlsolucoes.com.br/painel/" "Mozilla/5.0 (Linux; Android 10; K) AppleWebKit/537.36 (KHTML, like Gecko) Chrome/151.0.0.0 Mobile Safari/537.36"
138.0.134.182 - - [31/Jul/2026:11:19:35 -0300] "GET /painel/enrolled-courses/ HTTP/1.1" 200 232809 "https://academy.kohlsolucoes.com.br/painel/" "Mozilla/5.0 (Linux; Android 10; K) AppleWebKit/537.36 (KHTML, like Gecko) Chrome/151.0.0.0 Mobile Safari/537.36"
138.0.134.182 - - [31/Jul/2026:11:19:38 -0300] "GET /painel/enrolled-courses/completed-courses HTTP/1.1" 301 - "https://academy.kohlsolucoes.com.br/painel/enrolled-courses/" "Mozilla/5.0 (Linux; Android 10; K) AppleWebKit/537.36 (KHTML, like Gecko) Chrome/151.0.0.0 Mobile Safari/537.36"
138.0.134.182 - - [31/Jul/2026:11:19:38 -0300] "GET /painel/enrolled-courses/completed-courses/ HTTP/1.1" 200 232808 "https://academy.kohlsolucoes.com.br/painel/enrolled-courses/" "Mozilla/5.0 (Linux; Android 10; K) AppleWebKit/537.36 (KHTML, like Gecko) Chrome/151.0.0.0 Mobile Safari/537.36"
138.0.134.182 - - [31/Jul/2026:11:19:40 -0300] "GET /painel/my-quiz-attempts/ HTTP/1.1" 200 235520 "https://academy.kohlsolucoes.com.br/painel/enrolled-courses/completed-courses/" "Mozilla/5.0 (Linux; Android 10; K) AppleWebKit/537.36 (KHTML, like Gecko) Chrome/151.0.0.0 Mobile Safari/537.36"
138.0.134.182 - - [31/Jul/2026:11:19:43 -0300] "GET /painel/ HTTP/1.1" 200 233085 "https://academy.kohlsolucoes.com.br/painel/my-quiz-attempts/" "Mozilla/5.0 (Linux; Android 10; K) AppleWebKit/537.36 (KHTML, like Gecko) Chrome/151.0.0.0 Mobile Safari/537.36"
138.0.134.182 - - [31/Jul/2026:11:19:58 -0300] "GET /painel/enrolled-courses HTTP/1.1" 301 - "https://academy.kohlsolucoes.com.br/painel/" "Mozilla/5.0 (Linux; Android 10; K) AppleWebKit/537.36 (KHTML, like Gecko) Chrome/151.0.0.0 Mobile Safari/537.36"
138.0.134.182 - - [31/Jul/2026:11:19:58 -0300] "GET /painel/enrolled-courses/ HTTP/1.1" 200 232809 "https://academy.kohlsolucoes.com.br/painel/" "Mozilla/5.0 (Linux; Android 10; K) AppleWebKit/537.36 (KHTML, like Gecko) Chrome/151.0.0.0 Mobile Safari/537.36"
138.0.134.182 - - [31/Jul/2026:11:20:01 -0300] "GET /painel/enrolled-courses/completed-courses HTTP/1.1" 301 - "https://academy.kohlsolucoes.com.br/painel/enrolled-courses/" "Mozilla/5.0 (Linux; Android 10; K) AppleWebKit/537.36 (KHTML, like Gecko) Chrome/151.0.0.0 Mobile Safari/537.36"
138.0.134.182 - - [31/Jul/2026:11:20:01 -0300] "GET /painel/enrolled-courses/completed-courses/ HTTP/1.1" 200 232808 "https://academy.kohlsolucoes.com.br/painel/enrolled-courses/" "Mozilla/5.0 (Linux; Android 10; K) AppleWebKit/537.36 (KHTML, like Gecko) Chrome/151.0.0.0 Mobile Safari/537.36"
129.121.49.162 - - [31/Jul/2026:11:20:13 -0300] "POST /wp-cron.php?doing_wp_cron=1785507613.3578999042510986328125 HTTP/1.1" 200 - "-" "WordPress/7.0.2; https://academy.kohlsolucoes.com.br"
138.0.134.182 - - [31/Jul/2026:11:20:13 -0300] "GET /painel/enrolled-courses/completed-courses/ HTTP/1.1" 200 232808 "https://academy.kohlsolucoes.com.br/painel/enrolled-courses/" "Mozilla/5.0 (Linux; Android 10; K) AppleWebKit/537.36 (KHTML, like Gecko) Chrome/151.0.0.0 Mobile Safari/537.36"
138.0.134.182 - - [31/Jul/2026:11:20:15 -0300] "GET / HTTP/1.1" 200 174220 "https://academy.kohlsolucoes.com.br/painel/enrolled-courses/completed-courses/" "Mozilla/5.0 (Linux; Android 10; K) AppleWebKit/537.36 (KHTML, like Gecko) Chrome/151.0.0.0 Mobile Safari/537.36"
138.0.134.182 - - [31/Jul/2026:11:20:26 -0300] "GET /painel/enrolled-courses/completed-courses/ HTTP/1.1" 200 232808 "https://academy.kohlsolucoes.com.br/painel/enrolled-courses/" "Mozilla/5.0 (Linux; Android 10; K) AppleWebKit/537.36 (KHTML, like Gecko) Chrome/151.0.0.0 Mobile Safari/537.36"
138.0.134.182 - - [31/Jul/2026:11:20:32 -0300] "GET /painel/ HTTP/1.1" 200 233085 "https://academy.kohlsolucoes.com.br/painel/enrolled-courses/completed-courses/" "Mozilla/5.0 (Linux; Android 10; K) AppleWebKit/537.36 (KHTML, like Gecko) Chrome/151.0.0.0 Mobile Safari/537.36"
138.0.134.182 - - [31/Jul/2026:11:20:36 -0300] "GET /painel/my-quiz-attempts/ HTTP/1.1" 200 235520 "https://academy.kohlsolucoes.com.br/painel/" "Mozilla/5.0 (Linux; Android 10; K) AppleWebKit/537.36 (KHTML, like Gecko) Chrome/151.0.0.0 Mobile Safari/537.36"
138.0.134.182 - - [31/Jul/2026:11:20:38 -0300] "GET /painel/ HTTP/1.1" 200 233085 "https://academy.kohlsolucoes.com.br/painel/enrolled-courses/completed-courses/" "Mozilla/5.0 (Linux; Android 10; K) AppleWebKit/537.36 (KHTML, like Gecko) Chrome/151.0.0.0 Mobile Safari/537.36"
129.121.49.162 - - [31/Jul/2026:11:33:43 -0300] "POST /wp-cron.php?doing_wp_cron=1785508423.5960249900817871093750 HTTP/1.1" 200 - "-" "WordPress/7.0.2; https://academy.kohlsolucoes.com.br"
170.238.251.110 - - [31/Jul/2026:11:33:41 -0300] "GET /cursos/lgpd-aplicada-a-educacao-publica-sonora/atividade/aula-01-conceitos-importantes-4/ HTTP/1.1" 200 152999 "https://academy.kohlsolucoes.com.br/cursos/lgpd-aplicada-a-educacao-publica-sonora/" "Mozilla/5.0 (iPhone; CPU iPhone OS 18_7 like Mac OS X) AppleWebKit/605.1.15 (KHTML, like Gecko) Version/26.5.2 Mobile/15E148 Safari/604.1"
170.238.251.110 - - [31/Jul/2026:11:33:52 -0300] "POST /cursos/lgpd-aplicada-a-educacao-publica-sonora/atividade/aula-01-conceitos-importantes-4/ HTTP/1.1" 302 - "https://academy.kohlsolucoes.com.br/cursos/lgpd-aplicada-a-educacao-publica-sonora/atividade/aula-01-conceitos-importantes-4/" "Mozilla/5.0 (iPhone; CPU iPhone OS 18_7 like Mac OS X) AppleWebKit/605.1.15 (KHTML, like Gecko) Version/26.5.2 Mobile/15E148 Safari/604.1"
170.238.251.110 - - [31/Jul/2026:11:33:52 -0300] "GET /cursos/lgpd-aplicada-a-educacao-publica-sonora/atividade/aula-01-conceitos-importantes-4/ HTTP/1.1" 200 190031 "https://academy.kohlsolucoes.com.br/cursos/lgpd-aplicada-a-educacao-publica-sonora/atividade/aula-01-conceitos-importantes-4/" "Mozilla/5.0 (iPhone; CPU iPhone OS 18_7 like Mac OS X) AppleWebKit/605.1.15 (KHTML, like Gecko) Version/26.5.2 Mobile/15E148 Safari/604.1"
170.238.251.110 - - [31/Jul/2026:11:33:57 -0300] "POST /wp-admin/admin-ajax.php HTTP/1.1" 200 - "https://academy.kohlsolucoes.com.br/cursos/lgpd-aplicada-a-educacao-publica-sonora/atividade/aula-01-conceitos-importantes-4/" "Mozilla/5.0 (iPhone; CPU iPhone OS 18_7 like Mac OS X) AppleWebKit/605.1.15 (KHTML, like Gecko) Version/26.5.2 Mobile/15E148 Safari/604.1"
129.121.49.162 - - [31/Jul/2026:11:34:09 -0300] "POST /wp-cron.php?doing_wp_cron=1785508449.9074618816375732421875 HTTP/1.1" 200 - "-" "WordPress/7.0.2; https://academy.kohlsolucoes.com.br"
170.238.251.110 - - [31/Jul/2026:11:34:09 -0300] "POST /wp-admin/admin-ajax.php HTTP/1.1" 200 - "https://academy.kohlsolucoes.com.br/cursos/lgpd-aplicada-a-educacao-publica-sonora/atividade/aula-01-conceitos-importantes-4/" "Mozilla/5.0 (iPhone; CPU iPhone OS 18_7 like Mac OS X) AppleWebKit/605.1.15 (KHTML, like Gecko) Version/26.5.2 Mobile/15E148 Safari/604.1"
170.238.251.110 - - [31/Jul/2026:11:34:19 -0300] "POST /wp-admin/admin-ajax.php HTTP/1.1" 200 - "https://academy.kohlsolucoes.com.br/cursos/lgpd-aplicada-a-educacao-publica-sonora/atividade/aula-01-conceitos-importantes-4/" "Mozilla/5.0 (iPhone; CPU iPhone OS 18_7 like Mac OS X) AppleWebKit/605.1.15 (KHTML, like Gecko) Version/26.5.2 Mobile/15E148 Safari/604.1"
129.121.49.162 - - [31/Jul/2026:11:34:29 -0300] "POST /wp-cron.php?doing_wp_cron=1785508469.8916640281677246093750 HTTP/1.1" 200 - "-" "WordPress/7.0.2; https://academy.kohlsolucoes.com.br"
170.238.251.110 - - [31/Jul/2026:11:34:29 -0300] "POST /wp-admin/admin-ajax.php HTTP/1.1" 200 - "https://academy.kohlsolucoes.com.br/cursos/lgpd-aplicada-a-educacao-publica-sonora/atividade/aula-01-conceitos-importantes-4/" "Mozilla/5.0 (iPhone; CPU iPhone OS 18_7 like Mac OS X) AppleWebKit/605.1.15 (KHTML, like Gecko) Version/26.5.2 Mobile/15E148 Safari/604.1"
170.238.251.110 - - [31/Jul/2026:11:34:39 -0300] "POST /wp-admin/admin-ajax.php HTTP/1.1" 200 - "https://academy.kohlsolucoes.com.br/cursos/lgpd-aplicada-a-educacao-publica-sonora/atividade/aula-01-conceitos-importantes-4/" "Mozilla/5.0 (iPhone; CPU iPhone OS 18_7 like Mac OS X) AppleWebKit/605.1.15 (KHTML, like Gecko) Version/26.5.2 Mobile/15E148 Safari/604.1"
170.238.251.110 - - [31/Jul/2026:11:34:49 -0300] "POST /wp-admin/admin-ajax.php HTTP/1.1" 200 - "https://academy.kohlsolucoes.com.br/cursos/lgpd-aplicada-a-educacao-publica-sonora/atividade/aula-01-conceitos-importantes-4/" "Mozilla/5.0 (iPhone; CPU iPhone OS 18_7 like Mac OS X) AppleWebKit/605.1.15 (KHTML, like Gecko) Version/26.5.2 Mobile/15E148 Safari/604.1"
170.238.251.110 - - [31/Jul/2026:11:34:59 -0300] "POST /wp-admin/admin-ajax.php HTTP/1.1" 200 - "https://academy.kohlsolucoes.com.br/cursos/lgpd-aplicada-a-educacao-publica-sonora/atividade/aula-01-conceitos-importantes-4/" "Mozilla/5.0 (iPhone; CPU iPhone OS 18_7 like Mac OS X) AppleWebKit/605.1.15 (KHTML, like Gecko) Version/26.5.2 Mobile/15E148 Safari/604.1"
129.121.49.162 - - [31/Jul/2026:11:34:59 -0300] "POST /wp-admin/admin-ajax.php?action=as_async_request_queue_runner&nonce=762e4c98d8 HTTP/1.1" 200 - "-" "WordPress/7.0.2; https://academy.kohlsolucoes.com.br"
129.121.49.162 - - [31/Jul/2026:11:35:09 -0300] "POST /wp-cron.php?doing_wp_cron=1785508509.9423570632934570312500 HTTP/1.1" 200 - "-" "WordPress/7.0.2; https://academy.kohlsolucoes.com.br"
170.238.251.110 - - [31/Jul/2026:11:35:09 -0300] "POST /wp-admin/admin-ajax.php HTTP/1.1" 200 - "https://academy.kohlsolucoes.com.br/cursos/lgpd-aplicada-a-educacao-publica-sonora/atividade/aula-01-conceitos-importantes-4/" "Mozilla/5.0 (iPhone; CPU iPhone OS 18_7 like Mac OS X) AppleWebKit/605.1.15 (KHTML, like Gecko) Version/26.5.2 Mobile/15E148 Safari/604.1"
170.238.251.110 - - [31/Jul/2026:11:35:19 -0300] "POST /wp-admin/admin-ajax.php HTTP/1.1" 200 - "https://academy.kohlsolucoes.com.br/cursos/lgpd-aplicada-a-educacao-publica-sonora/atividade/aula-01-conceitos-importantes-4/" "Mozilla/5.0 (iPhone; CPU iPhone OS 18_7 like Mac OS X) AppleWebKit/605.1.15 (KHTML, like Gecko) Version/26.5.2 Mobile/15E148 Safari/604.1"
170.238.251.110 - - [31/Jul/2026:11:35:29 -0300] "POST /wp-admin/admin-ajax.php HTTP/1.1" 200 - "https://academy.kohlsolucoes.com.br/cursos/lgpd-aplicada-a-educacao-publica-sonora/atividade/aula-01-conceitos-importantes-4/" "Mozilla/5.0 (iPhone; CPU iPhone OS 18_7 like Mac OS X) AppleWebKit/605.1.15 (KHTML, like Gecko) Version/26.5.2 Mobile/15E148 Safari/604.1"
170.238.251.110 - - [31/Jul/2026:11:35:39 -0300] "POST /wp-admin/admin-ajax.php HTTP/1.1" 200 - "https://academy.kohlsolucoes.com.br/cursos/lgpd-aplicada-a-educacao-publica-sonora/atividade/aula-01-conceitos-importantes-4/" "Mozilla/5.0 (iPhone; CPU iPhone OS 18_7 like Mac OS X) AppleWebKit/605.1.15 (KHTML, like Gecko) Version/26.5.2 Mobile/15E148 Safari/604.1"
170.238.251.110 - - [31/Jul/2026:11:35:49 -0300] "POST /wp-admin/admin-ajax.php HTTP/1.1" 200 - "https://academy.kohlsolucoes.com.br/cursos/lgpd-aplicada-a-educacao-publica-sonora/atividade/aula-01-conceitos-importantes-4/" "Mozilla/5.0 (iPhone; CPU iPhone OS 18_7 like Mac OS X) AppleWebKit/605.1.15 (KHTML, like Gecko) Version/26.5.2 Mobile/15E148 Safari/604.1"
