170.238.251.25 - - [31/Jul/2026:10:09:19 -0300] "POST /wp-admin/admin-ajax.php HTTP/1.1" 200 - "https://academy.kohlsolucoes.com.br/cursos/lgpd-aplicada-a-educacao-publica-sonora/atividade/aula-04-penalizacoes-e-fiscalizacao-2/" "Mozilla/5.0 (iPhone; CPU iPhone OS 18_7 like Mac OS X) AppleWebKit/605.1.15 (KHTML, like Gecko) Version/26.5.2 Mobile/15E148 Safari/604.1"
129.121.49.162 - - [31/Jul/2026:10:09:30 -0300] "POST /wp-cron.php?doing_wp_cron=1785503370.0596470832824707031250 HTTP/1.1" 200 - "-" "WordPress/7.0.2; https://academy.kohlsolucoes.com.br"
170.238.251.25 - - [31/Jul/2026:10:09:29 -0300] "POST /wp-admin/admin-ajax.php HTTP/1.1" 200 - "https://academy.kohlsolucoes.com.br/cursos/lgpd-aplicada-a-educacao-publica-sonora/atividade/aula-04-penalizacoes-e-fiscalizacao-2/" "Mozilla/5.0 (iPhone; CPU iPhone OS 18_7 like Mac OS X) AppleWebKit/605.1.15 (KHTML, like Gecko) Version/26.5.2 Mobile/15E148 Safari/604.1"
170.238.251.25 - - [31/Jul/2026:10:09:39 -0300] "POST /wp-admin/admin-ajax.php HTTP/1.1" 200 - "https://academy.kohlsolucoes.com.br/cursos/lgpd-aplicada-a-educacao-publica-sonora/atividade/aula-04-penalizacoes-e-fiscalizacao-2/" "Mozilla/5.0 (iPhone; CPU iPhone OS 18_7 like Mac OS X) AppleWebKit/605.1.15 (KHTML, like Gecko) Version/26.5.2 Mobile/15E148 Safari/604.1"
170.238.251.25 - - [31/Jul/2026:10:09:49 -0300] "POST /wp-admin/admin-ajax.php HTTP/1.1" 200 - "https://academy.kohlsolucoes.com.br/cursos/lgpd-aplicada-a-educacao-publica-sonora/atividade/aula-04-penalizacoes-e-fiscalizacao-2/" "Mozilla/5.0 (iPhone; CPU iPhone OS 18_7 like Mac OS X) AppleWebKit/605.1.15 (KHTML, like Gecko) Version/26.5.2 Mobile/15E148 Safari/604.1"
170.238.251.25 - - [31/Jul/2026:10:09:59 -0300] "POST /wp-admin/admin-ajax.php HTTP/1.1" 200 - "https://academy.kohlsolucoes.com.br/cursos/lgpd-aplicada-a-educacao-publica-sonora/atividade/aula-04-penalizacoes-e-fiscalizacao-2/" "Mozilla/5.0 (iPhone; CPU iPhone OS 18_7 like Mac OS X) AppleWebKit/605.1.15 (KHTML, like Gecko) Version/26.5.2 Mobile/15E148 Safari/604.1"
129.121.49.162 - - [31/Jul/2026:10:10:10 -0300] "POST /wp-cron.php?doing_wp_cron=1785503410.0783898830413818359375 HTTP/1.1" 200 - "-" "WordPress/7.0.2; https://academy.kohlsolucoes.com.br"
170.238.251.25 - - [31/Jul/2026:10:10:09 -0300] "POST /wp-admin/admin-ajax.php HTTP/1.1" 200 - "https://academy.kohlsolucoes.com.br/cursos/lgpd-aplicada-a-educacao-publica-sonora/atividade/aula-04-penalizacoes-e-fiscalizacao-2/" "Mozilla/5.0 (iPhone; CPU iPhone OS 18_7 like Mac OS X) AppleWebKit/605.1.15 (KHTML, like Gecko) Version/26.5.2 Mobile/15E148 Safari/604.1"
170.238.251.25 - - [31/Jul/2026:10:10:19 -0300] "POST /wp-admin/admin-ajax.php HTTP/1.1" 200 - "https://academy.kohlsolucoes.com.br/cursos/lgpd-aplicada-a-educacao-publica-sonora/atividade/aula-04-penalizacoes-e-fiscalizacao-2/" "Mozilla/5.0 (iPhone; CPU iPhone OS 18_7 like Mac OS X) AppleWebKit/605.1.15 (KHTML, like Gecko) Version/26.5.2 Mobile/15E148 Safari/604.1"
170.238.251.25 - - [31/Jul/2026:10:10:29 -0300] "POST /wp-admin/admin-ajax.php HTTP/1.1" 200 - "https://academy.kohlsolucoes.com.br/cursos/lgpd-aplicada-a-educacao-publica-sonora/atividade/aula-04-penalizacoes-e-fiscalizacao-2/" "Mozilla/5.0 (iPhone; CPU iPhone OS 18_7 like Mac OS X) AppleWebKit/605.1.15 (KHTML, like Gecko) Version/26.5.2 Mobile/15E148 Safari/604.1"
170.238.251.25 - - [31/Jul/2026:10:10:39 -0300] "POST /wp-admin/admin-ajax.php HTTP/1.1" 200 - "https://academy.kohlsolucoes.com.br/cursos/lgpd-aplicada-a-educacao-publica-sonora/atividade/aula-04-penalizacoes-e-fiscalizacao-2/" "Mozilla/5.0 (iPhone; CPU iPhone OS 18_7 like Mac OS X) AppleWebKit/605.1.15 (KHTML, like Gecko) Version/26.5.2 Mobile/15E148 Safari/604.1"
170.238.251.25 - - [31/Jul/2026:10:10:49 -0300] "POST /wp-admin/admin-ajax.php HTTP/1.1" 200 - "https://academy.kohlsolucoes.com.br/cursos/lgpd-aplicada-a-educacao-publica-sonora/atividade/aula-04-penalizacoes-e-fiscalizacao-2/" "Mozilla/5.0 (iPhone; CPU iPhone OS 18_7 like Mac OS X) AppleWebKit/605.1.15 (KHTML, like Gecko) Version/26.5.2 Mobile/15E148 Safari/604.1"
170.238.251.25 - - [31/Jul/2026:10:10:59 -0300] "POST /wp-admin/admin-ajax.php HTTP/1.1" 200 - "https://academy.kohlsolucoes.com.br/cursos/lgpd-aplicada-a-educacao-publica-sonora/atividade/aula-04-penalizacoes-e-fiscalizacao-2/" "Mozilla/5.0 (iPhone; CPU iPhone OS 18_7 like Mac OS X) AppleWebKit/605.1.15 (KHTML, like Gecko) Version/26.5.2 Mobile/15E148 Safari/604.1"
129.121.49.162 - - [31/Jul/2026:10:11:10 -0300] "POST /wp-cron.php?doing_wp_cron=1785503470.1174519062042236328125 HTTP/1.1" 200 - "-" "WordPress/7.0.2; https://academy.kohlsolucoes.com.br"
170.238.251.25 - - [31/Jul/2026:10:11:09 -0300] "POST /wp-admin/admin-ajax.php HTTP/1.1" 200 - "https://academy.kohlsolucoes.com.br/cursos/lgpd-aplicada-a-educacao-publica-sonora/atividade/aula-04-penalizacoes-e-fiscalizacao-2/" "Mozilla/5.0 (iPhone; CPU iPhone OS 18_7 like Mac OS X) AppleWebKit/605.1.15 (KHTML, like Gecko) Version/26.5.2 Mobile/15E148 Safari/604.1"
136.108.94.78 - - [31/Jul/2026:10:11:19 -0300] "GET / HTTP/1.1" 200 177305 "http://academy.kohlsolucoes.com.br" "Mozilla/5.0 (compatible; CMS-Checker/1.0; +https://example.com)"
170.238.251.25 - - [31/Jul/2026:10:11:19 -0300] "POST /wp-admin/admin-ajax.php HTTP/1.1" 200 - "https://academy.kohlsolucoes.com.br/cursos/lgpd-aplicada-a-educacao-publica-sonora/atividade/aula-04-penalizacoes-e-fiscalizacao-2/" "Mozilla/5.0 (iPhone; CPU iPhone OS 18_7 like Mac OS X) AppleWebKit/605.1.15 (KHTML, like Gecko) Version/26.5.2 Mobile/15E148 Safari/604.1"
170.238.251.25 - - [31/Jul/2026:10:11:29 -0300] "POST /wp-admin/admin-ajax.php HTTP/1.1" 200 - "https://academy.kohlsolucoes.com.br/cursos/lgpd-aplicada-a-educacao-publica-sonora/atividade/aula-04-penalizacoes-e-fiscalizacao-2/" "Mozilla/5.0 (iPhone; CPU iPhone OS 18_7 like Mac OS X) AppleWebKit/605.1.15 (KHTML, like Gecko) Version/26.5.2 Mobile/15E148 Safari/604.1"
170.238.251.25 - - [31/Jul/2026:10:11:39 -0300] "POST /wp-admin/admin-ajax.php HTTP/1.1" 200 - "https://academy.kohlsolucoes.com.br/cursos/lgpd-aplicada-a-educacao-publica-sonora/atividade/aula-04-penalizacoes-e-fiscalizacao-2/" "Mozilla/5.0 (iPhone; CPU iPhone OS 18_7 like Mac OS X) AppleWebKit/605.1.15 (KHTML, like Gecko) Version/26.5.2 Mobile/15E148 Safari/604.1"
170.238.251.25 - - [31/Jul/2026:10:11:49 -0300] "POST /wp-admin/admin-ajax.php HTTP/1.1" 200 - "https://academy.kohlsolucoes.com.br/cursos/lgpd-aplicada-a-educacao-publica-sonora/atividade/aula-04-penalizacoes-e-fiscalizacao-2/" "Mozilla/5.0 (iPhone; CPU iPhone OS 18_7 like Mac OS X) AppleWebKit/605.1.15 (KHTML, like Gecko) Version/26.5.2 Mobile/15E148 Safari/604.1"
170.238.251.25 - - [31/Jul/2026:10:11:59 -0300] "POST /wp-admin/admin-ajax.php HTTP/1.1" 200 - "https://academy.kohlsolucoes.com.br/cursos/lgpd-aplicada-a-educacao-publica-sonora/atividade/aula-04-penalizacoes-e-fiscalizacao-2/" "Mozilla/5.0 (iPhone; CPU iPhone OS 18_7 like Mac OS X) AppleWebKit/605.1.15 (KHTML, like Gecko) Version/26.5.2 Mobile/15E148 Safari/604.1"
129.121.49.162 - - [31/Jul/2026:10:12:10 -0300] "POST /wp-cron.php?doing_wp_cron=1785503530.1246500015258789062500 HTTP/1.1" 200 - "-" "WordPress/7.0.2; https://academy.kohlsolucoes.com.br"
170.238.251.25 - - [31/Jul/2026:10:12:09 -0300] "POST /wp-admin/admin-ajax.php HTTP/1.1" 200 - "https://academy.kohlsolucoes.com.br/cursos/lgpd-aplicada-a-educacao-publica-sonora/atividade/aula-04-penalizacoes-e-fiscalizacao-2/" "Mozilla/5.0 (iPhone; CPU iPhone OS 18_7 like Mac OS X) AppleWebKit/605.1.15 (KHTML, like Gecko) Version/26.5.2 Mobile/15E148 Safari/604.1"
170.238.251.25 - - [31/Jul/2026:10:12:19 -0300] "POST /wp-admin/admin-ajax.php HTTP/1.1" 200 - "https://academy.kohlsolucoes.com.br/cursos/lgpd-aplicada-a-educacao-publica-sonora/atividade/aula-04-penalizacoes-e-fiscalizacao-2/" "Mozilla/5.0 (iPhone; CPU iPhone OS 18_7 like Mac OS X) AppleWebKit/605.1.15 (KHTML, like Gecko) Version/26.5.2 Mobile/15E148 Safari/604.1"
170.238.251.25 - - [31/Jul/2026:10:12:29 -0300] "POST /wp-admin/admin-ajax.php HTTP/1.1" 200 - "https://academy.kohlsolucoes.com.br/cursos/lgpd-aplicada-a-educacao-publica-sonora/atividade/aula-04-penalizacoes-e-fiscalizacao-2/" "Mozilla/5.0 (iPhone; CPU iPhone OS 18_7 like Mac OS X) AppleWebKit/605.1.15 (KHTML, like Gecko) Version/26.5.2 Mobile/15E148 Safari/604.1"
170.238.251.25 - - [31/Jul/2026:10:12:39 -0300] "POST /wp-admin/admin-ajax.php HTTP/1.1" 200 - "https://academy.kohlsolucoes.com.br/cursos/lgpd-aplicada-a-educacao-publica-sonora/atividade/aula-04-penalizacoes-e-fiscalizacao-2/" "Mozilla/5.0 (iPhone; CPU iPhone OS 18_7 like Mac OS X) AppleWebKit/605.1.15 (KHTML, like Gecko) Version/26.5.2 Mobile/15E148 Safari/604.1"
170.238.251.25 - - [31/Jul/2026:10:12:49 -0300] "POST /wp-admin/admin-ajax.php HTTP/1.1" 200 - "https://academy.kohlsolucoes.com.br/cursos/lgpd-aplicada-a-educacao-publica-sonora/atividade/aula-04-penalizacoes-e-fiscalizacao-2/" "Mozilla/5.0 (iPhone; CPU iPhone OS 18_7 like Mac OS X) AppleWebKit/605.1.15 (KHTML, like Gecko) Version/26.5.2 Mobile/15E148 Safari/604.1"
170.238.251.25 - - [31/Jul/2026:10:12:59 -0300] "POST /wp-admin/admin-ajax.php HTTP/1.1" 200 - "https://academy.kohlsolucoes.com.br/cursos/lgpd-aplicada-a-educacao-publica-sonora/atividade/aula-04-penalizacoes-e-fiscalizacao-2/" "Mozilla/5.0 (iPhone; CPU iPhone OS 18_7 like Mac OS X) AppleWebKit/605.1.15 (KHTML, like Gecko) Version/26.5.2 Mobile/15E148 Safari/604.1"
129.121.49.162 - - [31/Jul/2026:10:13:10 -0300] "POST /wp-cron.php?doing_wp_cron=1785503590.1967809200286865234375 HTTP/1.1" 200 - "-" "WordPress/7.0.2; https://academy.kohlsolucoes.com.br"
170.238.251.25 - - [31/Jul/2026:10:13:09 -0300] "POST /wp-admin/admin-ajax.php HTTP/1.1" 200 - "https://academy.kohlsolucoes.com.br/cursos/lgpd-aplicada-a-educacao-publica-sonora/atividade/aula-04-penalizacoes-e-fiscalizacao-2/" "Mozilla/5.0 (iPhone; CPU iPhone OS 18_7 like Mac OS X) AppleWebKit/605.1.15 (KHTML, like Gecko) Version/26.5.2 Mobile/15E148 Safari/604.1"
170.238.251.25 - - [31/Jul/2026:10:13:19 -0300] "POST /wp-admin/admin-ajax.php HTTP/1.1" 200 - "https://academy.kohlsolucoes.com.br/cursos/lgpd-aplicada-a-educacao-publica-sonora/atividade/aula-04-penalizacoes-e-fiscalizacao-2/" "Mozilla/5.0 (iPhone; CPU iPhone OS 18_7 like Mac OS X) AppleWebKit/605.1.15 (KHTML, like Gecko) Version/26.5.2 Mobile/15E148 Safari/604.1"
170.238.251.25 - - [31/Jul/2026:10:13:29 -0300] "POST /wp-admin/admin-ajax.php HTTP/1.1" 200 - "https://academy.kohlsolucoes.com.br/cursos/lgpd-aplicada-a-educacao-publica-sonora/atividade/aula-04-penalizacoes-e-fiscalizacao-2/" "Mozilla/5.0 (iPhone; CPU iPhone OS 18_7 like Mac OS X) AppleWebKit/605.1.15 (KHTML, like Gecko) Version/26.5.2 Mobile/15E148 Safari/604.1"
170.238.251.25 - - [31/Jul/2026:10:13:39 -0300] "POST /wp-admin/admin-ajax.php HTTP/1.1" 200 - "https://academy.kohlsolucoes.com.br/cursos/lgpd-aplicada-a-educacao-publica-sonora/atividade/aula-04-penalizacoes-e-fiscalizacao-2/" "Mozilla/5.0 (iPhone; CPU iPhone OS 18_7 like Mac OS X) AppleWebKit/605.1.15 (KHTML, like Gecko) Version/26.5.2 Mobile/15E148 Safari/604.1"
170.238.251.25 - - [31/Jul/2026:10:13:49 -0300] "POST /wp-admin/admin-ajax.php HTTP/1.1" 200 - "https://academy.kohlsolucoes.com.br/cursos/lgpd-aplicada-a-educacao-publica-sonora/atividade/aula-04-penalizacoes-e-fiscalizacao-2/" "Mozilla/5.0 (iPhone; CPU iPhone OS 18_7 like Mac OS X) AppleWebKit/605.1.15 (KHTML, like Gecko) Version/26.5.2 Mobile/15E148 Safari/604.1"
170.238.251.25 - - [31/Jul/2026:10:14:00 -0300] "POST /wp-admin/admin-ajax.php HTTP/1.1" 200 - "https://academy.kohlsolucoes.com.br/cursos/lgpd-aplicada-a-educacao-publica-sonora/atividade/aula-04-penalizacoes-e-fiscalizacao-2/" "Mozilla/5.0 (iPhone; CPU iPhone OS 18_7 like Mac OS X) AppleWebKit/605.1.15 (KHTML, like Gecko) Version/26.5.2 Mobile/15E148 Safari/604.1"
129.121.49.162 - - [31/Jul/2026:10:14:10 -0300] "POST /wp-cron.php?doing_wp_cron=1785503650.2264010906219482421875 HTTP/1.1" 200 - "-" "WordPress/7.0.2; https://academy.kohlsolucoes.com.br"
170.238.251.25 - - [31/Jul/2026:10:14:10 -0300] "POST /wp-admin/admin-ajax.php HTTP/1.1" 200 - "https://academy.kohlsolucoes.com.br/cursos/lgpd-aplicada-a-educacao-publica-sonora/atividade/aula-04-penalizacoes-e-fiscalizacao-2/" "Mozilla/5.0 (iPhone; CPU iPhone OS 18_7 like Mac OS X) AppleWebKit/605.1.15 (KHTML, like Gecko) Version/26.5.2 Mobile/15E148 Safari/604.1"
170.238.251.25 - - [31/Jul/2026:10:14:20 -0300] "POST /wp-admin/admin-ajax.php HTTP/1.1" 200 - "https://academy.kohlsolucoes.com.br/cursos/lgpd-aplicada-a-educacao-publica-sonora/atividade/aula-04-penalizacoes-e-fiscalizacao-2/" "Mozilla/5.0 (iPhone; CPU iPhone OS 18_7 like Mac OS X) AppleWebKit/605.1.15 (KHTML, like Gecko) Version/26.5.2 Mobile/15E148 Safari/604.1"
129.121.49.162 - - [31/Jul/2026:10:14:30 -0300] "POST /wp-cron.php?doing_wp_cron=1785503670.2186300754547119140625 HTTP/1.1" 200 - "-" "WordPress/7.0.2; https://academy.kohlsolucoes.com.br"
170.238.251.25 - - [31/Jul/2026:10:14:30 -0300] "POST /wp-admin/admin-ajax.php HTTP/1.1" 200 - "https://academy.kohlsolucoes.com.br/cursos/lgpd-aplicada-a-educacao-publica-sonora/atividade/aula-04-penalizacoes-e-fiscalizacao-2/" "Mozilla/5.0 (iPhone; CPU iPhone OS 18_7 like Mac OS X) AppleWebKit/605.1.15 (KHTML, like Gecko) Version/26.5.2 Mobile/15E148 Safari/604.1"
170.238.251.25 - - [31/Jul/2026:10:14:40 -0300] "POST /wp-admin/admin-ajax.php HTTP/1.1" 200 - "https://academy.kohlsolucoes.com.br/cursos/lgpd-aplicada-a-educacao-publica-sonora/atividade/aula-04-penalizacoes-e-fiscalizacao-2/" "Mozilla/5.0 (iPhone; CPU iPhone OS 18_7 like Mac OS X) AppleWebKit/605.1.15 (KHTML, like Gecko) Version/26.5.2 Mobile/15E148 Safari/604.1"
170.238.251.25 - - [31/Jul/2026:10:14:50 -0300] "POST /wp-admin/admin-ajax.php HTTP/1.1" 200 - "https://academy.kohlsolucoes.com.br/cursos/lgpd-aplicada-a-educacao-publica-sonora/atividade/aula-04-penalizacoes-e-fiscalizacao-2/" "Mozilla/5.0 (iPhone; CPU iPhone OS 18_7 like Mac OS X) AppleWebKit/605.1.15 (KHTML, like Gecko) Version/26.5.2 Mobile/15E148 Safari/604.1"
170.238.251.25 - - [31/Jul/2026:10:15:00 -0300] "POST /wp-admin/admin-ajax.php HTTP/1.1" 200 - "https://academy.kohlsolucoes.com.br/cursos/lgpd-aplicada-a-educacao-publica-sonora/atividade/aula-04-penalizacoes-e-fiscalizacao-2/" "Mozilla/5.0 (iPhone; CPU iPhone OS 18_7 like Mac OS X) AppleWebKit/605.1.15 (KHTML, like Gecko) Version/26.5.2 Mobile/15E148 Safari/604.1"
129.121.49.162 - - [31/Jul/2026:10:15:07 -0300] "POST /wp-cron.php?doing_wp_cron=1785503707.3848841190338134765625 HTTP/1.1" 200 - "-" "WordPress/7.0.2; https://academy.kohlsolucoes.com.br"
191.37.93.121 - - [31/Jul/2026:10:15:07 -0300] "GET /wp-admin/ HTTP/1.1" 302 - "-" "Mozilla/5.0 (Windows NT 10.0; Win64; x64) AppleWebKit/537.36 (KHTML, like Gecko) Chrome/139.0.0.0 Safari/537.36"
191.37.93.121 - - [31/Jul/2026:10:15:07 -0300] "GET /wp-admin/ HTTP/1.1" 302 - "-" "Mozilla/5.0 (Windows NT 10.0; Win64; x64) AppleWebKit/537.36 (KHTML, like Gecko) Chrome/139.0.0.0 Safari/537.36"
191.37.93.121 - - [31/Jul/2026:10:15:07 -0300] "GET /favicon.ico HTTP/1.1" 302 - "https://academy.kohlsolucoes.com.br/wp-login.php?redirect_to=https%3A%2F%2Facademy.kohlsolucoes.com.br%2Fwp-admin%2F&reauth=1" "Mozilla/5.0 (Windows NT 10.0; Win64; x64) AppleWebKit/537.36 (KHTML, like Gecko) Chrome/139.0.0.0 Safari/537.36"
191.37.93.121 - - [31/Jul/2026:10:15:08 -0300] "GET /wp-content/uploads/2026/02/cropped-favicon-kohl-32x32.png HTTP/1.1" 304 - "https://academy.kohlsolucoes.com.br/wp-login.php?redirect_to=https%3A%2F%2Facademy.kohlsolucoes.com.br%2Fwp-admin%2F&reauth=1" "Mozilla/5.0 (Windows NT 10.0; Win64; x64) AppleWebKit/537.36 (KHTML, like Gecko) Chrome/139.0.0.0 Safari/537.36"
191.37.93.121 - - [31/Jul/2026:10:15:09 -0300] "GET /wp-includes/js/jquery/jquery-migrate.min.js?ver=3.4.1 HTTP/1.1" 304 - "https://academy.kohlsolucoes.com.br/wp-login.php?redirect_to=https%3A%2F%2Facademy.kohlsolucoes.com.br%2Fwp-admin%2F&reauth=1" "Mozilla/5.0 (Windows NT 10.0; Win64; x64) AppleWebKit/537.36 (KHTML, like Gecko) Chrome/139.0.0.0 Safari/537.36"
191.37.93.121 - - [31/Jul/2026:10:15:09 -0300] "GET /wp-includes/css/dist/base-styles/admin-schemes.min.css?ver=7.0.2 HTTP/1.1" 304 - "https://academy.kohlsolucoes.com.br/wp-login.php?redirect_to=https%3A%2F%2Facademy.kohlsolucoes.com.br%2Fwp-admin%2F&reauth=1" "Mozilla/5.0 (Windows NT 10.0; Win64; x64) AppleWebKit/537.36 (KHTML, like Gecko) Chrome/139.0.0.0 Safari/537.36"
191.37.93.121 - - [31/Jul/2026:10:15:09 -0300] "GET /wp-includes/css/dashicons.min.css?ver=7.0.2 HTTP/1.1" 304 - "https://academy.kohlsolucoes.com.br/wp-login.php?redirect_to=https%3A%2F%2Facademy.kohlsolucoes.com.br%2Fwp-admin%2F&reauth=1" "Mozilla/5.0 (Windows NT 10.0; Win64; x64) AppleWebKit/537.36 (KHTML, like Gecko) Chrome/139.0.0.0 Safari/537.36"
191.37.93.121 - - [31/Jul/2026:10:15:09 -0300] "GET /wp-includes/css/buttons.min.css?ver=7.0.2 HTTP/1.1" 304 - "https://academy.kohlsolucoes.com.br/wp-login.php?redirect_to=https%3A%2F%2Facademy.kohlsolucoes.com.br%2Fwp-admin%2F&reauth=1" "Mozilla/5.0 (Windows NT 10.0; Win64; x64) AppleWebKit/537.36 (KHTML, like Gecko) Chrome/139.0.0.0 Safari/537.36"
191.37.93.121 - - [31/Jul/2026:10:15:09 -0300] "GET /wp-content/plugins/wordfence/modules/login-security/js/login.1778685035.js?ver=1.1.16 HTTP/1.1" 304 - "https://academy.kohlsolucoes.com.br/wp-login.php?redirect_to=https%3A%2F%2Facademy.kohlsolucoes.com.br%2Fwp-admin%2F&reauth=1" "Mozilla/5.0 (Windows NT 10.0; Win64; x64) AppleWebKit/537.36 (KHTML, like Gecko) Chrome/139.0.0.0 Safari/537.36"
191.37.93.121 - - [31/Jul/2026:10:15:09 -0300] "GET /wp-admin/css/login.min.css?ver=7.0.2 HTTP/1.1" 304 - "https://academy.kohlsolucoes.com.br/wp-login.php?redirect_to=https%3A%2F%2Facademy.kohlsolucoes.com.br%2Fwp-admin%2F&reauth=1" "Mozilla/5.0 (Windows NT 10.0; Win64; x64) AppleWebKit/537.36 (KHTML, like Gecko) Chrome/139.0.0.0 Safari/537.36"
191.37.93.121 - - [31/Jul/2026:10:15:09 -0300] "GET /wp-admin/css/forms.min.css?ver=7.0.2 HTTP/1.1" 304 - "https://academy.kohlsolucoes.com.br/wp-login.php?redirect_to=https%3A%2F%2Facademy.kohlsolucoes.com.br%2Fwp-admin%2F&reauth=1" "Mozilla/5.0 (Windows NT 10.0; Win64; x64) AppleWebKit/537.36 (KHTML, like Gecko) Chrome/139.0.0.0 Safari/537.36"
191.37.93.121 - - [31/Jul/2026:10:15:09 -0300] "GET /wp-admin/css/l10n.min.css?ver=7.0.2 HTTP/1.1" 304 - "https://academy.kohlsolucoes.com.br/wp-login.php?redirect_to=https%3A%2F%2Facademy.kohlsolucoes.com.br%2Fwp-admin%2F&reauth=1" "Mozilla/5.0 (Windows NT 10.0; Win64; x64) AppleWebKit/537.36 (KHTML, like Gecko) Chrome/139.0.0.0 Safari/537.36"
191.37.93.121 - - [31/Jul/2026:10:15:09 -0300] "GET /wp-includes/js/jquery/jquery.min.js?ver=3.7.1 HTTP/1.1" 304 - "https://academy.kohlsolucoes.com.br/wp-login.php?redirect_to=https%3A%2F%2Facademy.kohlsolucoes.com.br%2Fwp-admin%2F&reauth=1" "Mozilla/5.0 (Windows NT 10.0; Win64; x64) AppleWebKit/537.36 (KHTML, like Gecko) Chrome/139.0.0.0 Safari/537.36"
191.37.93.121 - - [31/Jul/2026:10:15:09 -0300] "GET /wp-content/plugins/tutor-pro/assets/css/front.css?ver=3.9.13 HTTP/1.1" 304 - "https://academy.kohlsolucoes.com.br/wp-login.php?redirect_to=https%3A%2F%2Facademy.kohlsolucoes.com.br%2Fwp-admin%2F&reauth=1" "Mozilla/5.0 (Windows NT 10.0; Win64; x64) AppleWebKit/537.36 (KHTML, like Gecko) Chrome/139.0.0.0 Safari/537.36"
191.37.93.121 - - [31/Jul/2026:10:15:09 -0300] "GET /wp-content/plugins/tutor-pro/assets/lib/codesample/prism.css?ver=3.9.13 HTTP/1.1" 304 - "https://academy.kohlsolucoes.com.br/wp-login.php?redirect_to=https%3A%2F%2Facademy.kohlsolucoes.com.br%2Fwp-admin%2F&reauth=1" "Mozilla/5.0 (Windows NT 10.0; Win64; x64) AppleWebKit/537.36 (KHTML, like Gecko) Chrome/139.0.0.0 Safari/537.36"
191.37.93.121 - - [31/Jul/2026:10:15:09 -0300] "GET /wp-content/plugins/wordfence/modules/login-security/css/login.1778685035.css?ver=1.1.16 HTTP/1.1" 304 - "https://academy.kohlsolucoes.com.br/wp-login.php?redirect_to=https%3A%2F%2Facademy.kohlsolucoes.com.br%2Fwp-admin%2F&reauth=1" "Mozilla/5.0 (Windows NT 10.0; Win64; x64) AppleWebKit/537.36 (KHTML, like Gecko) Chrome/139.0.0.0 Safari/537.36"
191.37.93.121 - - [31/Jul/2026:10:15:09 -0300] "GET /wp-admin/images/wordpress-logo-gray.svg?ver=20260303 HTTP/1.1" 304 - "https://academy.kohlsolucoes.com.br/wp-admin/css/login.min.css?ver=7.0.2" "Mozilla/5.0 (Windows NT 10.0; Win64; x64) AppleWebKit/537.36 (KHTML, like Gecko) Chrome/139.0.0.0 Safari/537.36"
170.238.251.25 - - [31/Jul/2026:10:15:10 -0300] "POST /wp-admin/admin-ajax.php HTTP/1.1" 200 - "https://academy.kohlsolucoes.com.br/cursos/lgpd-aplicada-a-educacao-publica-sonora/atividade/aula-04-penalizacoes-e-fiscalizacao-2/" "Mozilla/5.0 (iPhone; CPU iPhone OS 18_7 like Mac OS X) AppleWebKit/605.1.15 (KHTML, like Gecko) Version/26.5.2 Mobile/15E148 Safari/604.1"
191.37.93.121 - - [31/Jul/2026:10:15:09 -0300] "GET /wp-login.php?redirect_to=https%3A%2F%2Facademy.kohlsolucoes.com.br%2Fwp-admin%2F&reauth=1 HTTP/1.1" 200 14458 "-" "Mozilla/5.0 (Windows NT 10.0; Win64; x64) AppleWebKit/537.36 (KHTML, like Gecko) Chrome/139.0.0.0 Safari/537.36"
191.37.93.121 - - [31/Jul/2026:10:15:10 -0300] "GET /wp-content/plugins/tutor-pro/assets/js/front.js?ver=3.9.13 HTTP/1.1" 304 - "https://academy.kohlsolucoes.com.br/wp-login.php?redirect_to=https%3A%2F%2Facademy.kohlsolucoes.com.br%2Fwp-admin%2F&reauth=1" "Mozilla/5.0 (Windows NT 10.0; Win64; x64) AppleWebKit/537.36 (KHTML, like Gecko) Chrome/139.0.0.0 Safari/537.36"
191.37.93.121 - - [31/Jul/2026:10:15:10 -0300] "GET /wp-includes/js/clipboard.min.js?ver=2.0.11 HTTP/1.1" 304 - "https://academy.kohlsolucoes.com.br/wp-login.php?redirect_to=https%3A%2F%2Facademy.kohlsolucoes.com.br%2Fwp-admin%2F&reauth=1" "Mozilla/5.0 (Windows NT 10.0; Win64; x64) AppleWebKit/537.36 (KHTML, like Gecko) Chrome/139.0.0.0 Safari/537.36"
191.37.93.121 - - [31/Jul/2026:10:15:10 -0300] "GET /wp-admin/js/password-strength-meter.min.js?ver=7.0.2 HTTP/1.1" 304 - "https://academy.kohlsolucoes.com.br/wp-login.php?redirect_to=https%3A%2F%2Facademy.kohlsolucoes.com.br%2Fwp-admin%2F&reauth=1" "Mozilla/5.0 (Windows NT 10.0; Win64; x64) AppleWebKit/537.36 (KHTML, like Gecko) Chrome/139.0.0.0 Safari/537.36"
191.37.93.121 - - [31/Jul/2026:10:15:10 -0300] "GET /wp-includes/js/dist/i18n.min.js?ver=781d11515ad3d91786ec HTTP/1.1" 304 - "https://academy.kohlsolucoes.com.br/wp-login.php?redirect_to=https%3A%2F%2Facademy.kohlsolucoes.com.br%2Fwp-admin%2F&reauth=1" "Mozilla/5.0 (Windows NT 10.0; Win64; x64) AppleWebKit/537.36 (KHTML, like Gecko) Chrome/139.0.0.0 Safari/537.36"
191.37.93.121 - - [31/Jul/2026:10:15:10 -0300] "GET /wp-content/plugins/tutor-pro/assets/lib/prism/prism.min.js?ver=3.9.13 HTTP/1.1" 304 - "https://academy.kohlsolucoes.com.br/wp-login.php?redirect_to=https%3A%2F%2Facademy.kohlsolucoes.com.br%2Fwp-admin%2F&reauth=1" "Mozilla/5.0 (Windows NT 10.0; Win64; x64) AppleWebKit/537.36 (KHTML, like Gecko) Chrome/139.0.0.0 Safari/537.36"
191.37.93.121 - - [31/Jul/2026:10:15:10 -0300] "GET /wp-includes/js/underscore.min.js?ver=1.13.8 HTTP/1.1" 304 - "https://academy.kohlsolucoes.com.br/wp-login.php?redirect_to=https%3A%2F%2Facademy.kohlsolucoes.com.br%2Fwp-admin%2F&reauth=1" "Mozilla/5.0 (Windows NT 10.0; Win64; x64) AppleWebKit/537.36 (KHTML, like Gecko) Chrome/139.0.0.0 Safari/537.36"
191.37.93.121 - - [31/Jul/2026:10:15:10 -0300] "GET /wp-includes/js/dist/hooks.min.js?ver=7496969728ca0f95732d HTTP/1.1" 304 - "https://academy.kohlsolucoes.com.br/wp-login.php?redirect_to=https%3A%2F%2Facademy.kohlsolucoes.com.br%2Fwp-admin%2F&reauth=1" "Mozilla/5.0 (Windows NT 10.0; Win64; x64) AppleWebKit/537.36 (KHTML, like Gecko) Chrome/139.0.0.0 Safari/537.36"
191.37.93.121 - - [31/Jul/2026:10:15:10 -0300] "GET /wp-includes/js/wp-util.min.js?ver=7.0.2 HTTP/1.1" 304 - "https://academy.kohlsolucoes.com.br/wp-login.php?redirect_to=https%3A%2F%2Facademy.kohlsolucoes.com.br%2Fwp-admin%2F&reauth=1" "Mozilla/5.0 (Windows NT 10.0; Win64; x64) AppleWebKit/537.36 (KHTML, like Gecko) Chrome/139.0.0.0 Safari/537.36"
191.37.93.121 - - [31/Jul/2026:10:15:10 -0300] "GET /wp-includes/js/zxcvbn-async.min.js?ver=1.0 HTTP/1.1" 304 - "https://academy.kohlsolucoes.com.br/wp-login.php?redirect_to=https%3A%2F%2Facademy.kohlsolucoes.com.br%2Fwp-admin%2F&reauth=1" "Mozilla/5.0 (Windows NT 10.0; Win64; x64) AppleWebKit/537.36 (KHTML, like Gecko) Chrome/139.0.0.0 Safari/537.36"
191.37.93.121 - - [31/Jul/2026:10:15:10 -0300] "GET /wp-content/plugins/tutor-pro/assets/lib/prism/script.js?ver=3.9.13 HTTP/1.1" 304 - "https://academy.kohlsolucoes.com.br/wp-login.php?redirect_to=https%3A%2F%2Facademy.kohlsolucoes.com.br%2Fwp-admin%2F&reauth=1" "Mozilla/5.0 (Windows NT 10.0; Win64; x64) AppleWebKit/537.36 (KHTML, like Gecko) Chrome/139.0.0.0 Safari/537.36"
191.37.93.121 - - [31/Jul/2026:10:15:10 -0300] "GET /wp-includes/js/dist/dom-ready.min.js?ver=a06281ae5cf5500e9317 HTTP/1.1" 304 - "https://academy.kohlsolucoes.com.br/wp-login.php?redirect_to=https%3A%2F%2Facademy.kohlsolucoes.com.br%2Fwp-admin%2F&reauth=1" "Mozilla/5.0 (Windows NT 10.0; Win64; x64) AppleWebKit/537.36 (KHTML, like Gecko) Chrome/139.0.0.0 Safari/537.36"
191.37.93.121 - - [31/Jul/2026:10:15:10 -0300] "GET /wp-includes/js/dist/a11y.min.js?ver=af934e5259bc51b8718e HTTP/1.1" 304 - "https://academy.kohlsolucoes.com.br/wp-login.php?redirect_to=https%3A%2F%2Facademy.kohlsolucoes.com.br%2Fwp-admin%2F&reauth=1" "Mozilla/5.0 (Windows NT 10.0; Win64; x64) AppleWebKit/537.36 (KHTML, like Gecko) Chrome/139.0.0.0 Safari/537.36"
191.37.93.121 - - [31/Jul/2026:10:15:10 -0300] "GET /wp-admin/js/user-profile.min.js?ver=7.0.2 HTTP/1.1" 304 - "https://academy.kohlsolucoes.com.br/wp-login.php?redirect_to=https%3A%2F%2Facademy.kohlsolucoes.com.br%2Fwp-admin%2F&reauth=1" "Mozilla/5.0 (Windows NT 10.0; Win64; x64) AppleWebKit/537.36 (KHTML, like Gecko) Chrome/139.0.0.0 Safari/537.36"
191.37.93.121 - - [31/Jul/2026:10:15:10 -0300] "GET /wp-includes/js/zxcvbn.min.js HTTP/1.1" 304 - "https://academy.kohlsolucoes.com.br/wp-login.php?redirect_to=https%3A%2F%2Facademy.kohlsolucoes.com.br%2Fwp-admin%2F&reauth=1" "Mozilla/5.0 (Windows NT 10.0; Win64; x64) AppleWebKit/537.36 (KHTML, like Gecko) Chrome/139.0.0.0 Safari/537.36"
191.37.93.121 - - [31/Jul/2026:10:15:12 -0300] "POST /wp-admin/admin-ajax.php HTTP/1.1" 200 38 "https://academy.kohlsolucoes.com.br/wp-login.php?redirect_to=https%3A%2F%2Facademy.kohlsolucoes.com.br%2Fwp-admin%2F&reauth=1" "Mozilla/5.0 (Windows NT 10.0; Win64; x64) AppleWebKit/537.36 (KHTML, like Gecko) Chrome/139.0.0.0 Safari/537.36"
170.238.251.25 - - [31/Jul/2026:10:15:20 -0300] "POST /wp-admin/admin-ajax.php HTTP/1.1" 200 - "https://academy.kohlsolucoes.com.br/cursos/lgpd-aplicada-a-educacao-publica-sonora/atividade/aula-04-penalizacoes-e-fiscalizacao-2/" "Mozilla/5.0 (iPhone; CPU iPhone OS 18_7 like Mac OS X) AppleWebKit/605.1.15 (KHTML, like Gecko) Version/26.5.2 Mobile/15E148 Safari/604.1"
191.37.93.121 - - [31/Jul/2026:10:15:24 -0300] "POST /wp-login.php HTTP/1.1" 302 - "https://academy.kohlsolucoes.com.br/wp-login.php?redirect_to=https%3A%2F%2Facademy.kohlsolucoes.com.br%2Fwp-admin%2F&reauth=1" "Mozilla/5.0 (Windows NT 10.0; Win64; x64) AppleWebKit/537.36 (KHTML, like Gecko) Chrome/139.0.0.0 Safari/537.36"
170.238.251.25 - - [31/Jul/2026:10:15:30 -0300] "POST /wp-admin/admin-ajax.php HTTP/1.1" 200 - "https://academy.kohlsolucoes.com.br/cursos/lgpd-aplicada-a-educacao-publica-sonora/atividade/aula-04-penalizacoes-e-fiscalizacao-2/" "Mozilla/5.0 (iPhone; CPU iPhone OS 18_7 like Mac OS X) AppleWebKit/605.1.15 (KHTML, like Gecko) Version/26.5.2 Mobile/15E148 Safari/604.1"
191.37.93.121 - - [31/Jul/2026:10:15:25 -0300] "GET /wp-admin/ HTTP/1.1" 200 766493 "https://academy.kohlsolucoes.com.br/wp-login.php?redirect_to=https%3A%2F%2Facademy.kohlsolucoes.com.br%2Fwp-admin%2F&reauth=1" "Mozilla/5.0 (Windows NT 10.0; Win64; x64) AppleWebKit/537.36 (KHTML, like Gecko) Chrome/139.0.0.0 Safari/537.36"
191.37.93.121 - - [31/Jul/2026:10:15:31 -0300] "GET /wp-content/plugins/wordfence/css/wf-font-awesome.1778685035.css?ver=8.2.2 HTTP/1.1" 304 - "https://academy.kohlsolucoes.com.br/wp-admin/" "Mozilla/5.0 (Windows NT 10.0; Win64; x64) AppleWebKit/537.36 (KHTML, like Gecko) Chrome/139.0.0.0 Safari/537.36"
191.37.93.121 - - [31/Jul/2026:10:15:31 -0300] "GET /wp-content/plugins/wpcode-premium/build/admin-bar.css?ver=c95624a69c80301272a0 HTTP/1.1" 304 - "https://academy.kohlsolucoes.com.br/wp-admin/" "Mozilla/5.0 (Windows NT 10.0; Win64; x64) AppleWebKit/537.36 (KHTML, like Gecko) Chrome/139.0.0.0 Safari/537.36"
191.37.93.121 - - [31/Jul/2026:10:15:31 -0300] "GET /wp-content/plugins/wordfence/css/wf-global.1778685035.css?ver=8.2.2 HTTP/1.1" 304 - "https://academy.kohlsolucoes.com.br/wp-admin/" "Mozilla/5.0 (Windows NT 10.0; Win64; x64) AppleWebKit/537.36 (KHTML, like Gecko) Chrome/139.0.0.0 Safari/537.36"
191.37.93.121 - - [31/Jul/2026:10:15:31 -0300] "GET /wp-content/plugins/wordfence/css/activity-report-widget.1778685035.css?ver=8.2.2 HTTP/1.1" 304 - "https://academy.kohlsolucoes.com.br/wp-admin/" "Mozilla/5.0 (Windows NT 10.0; Win64; x64) AppleWebKit/537.36 (KHTML, like Gecko) Chrome/139.0.0.0 Safari/537.36"
191.37.93.121 - - [31/Jul/2026:10:15:31 -0300] "GET /wp-admin/css/colors/modern/colors.min.css?ver=7.0.2 HTTP/1.1" 304 - "https://academy.kohlsolucoes.com.br/wp-admin/" "Mozilla/5.0 (Windows NT 10.0; Win64; x64) AppleWebKit/537.36 (KHTML, like Gecko) Chrome/139.0.0.0 Safari/537.36"
191.37.93.121 - - [31/Jul/2026:10:15:31 -0300] "GET /wp-content/plugins/tutor/assets/css/tutor-icon.min.css?ver=3.9.13 HTTP/1.1" 304 - "https://academy.kohlsolucoes.com.br/wp-admin/" "Mozilla/5.0 (Windows NT 10.0; Win64; x64) AppleWebKit/537.36 (KHTML, like Gecko) Chrome/139.0.0.0 Safari/537.36"
191.37.93.121 - - [31/Jul/2026:10:15:31 -0300] "GET /wp-content/plugins/simple-history/css/simple-history-insights-sidebar.css?ver=5.29.0 HTTP/1.1" 304 - "https://academy.kohlsolucoes.com.br/wp-admin/" "Mozilla/5.0 (Windows NT 10.0; Win64; x64) AppleWebKit/537.36 (KHTML, like Gecko) Chrome/139.0.0.0 Safari/537.36"
191.37.93.121 - - [31/Jul/2026:10:15:31 -0300] "GET /wp-content/plugins/simple-history/css/styles.css?ver=5.29.0 HTTP/1.1" 304 - "https://academy.kohlsolucoes.com.br/wp-admin/" "Mozilla/5.0 (Windows NT 10.0; Win64; x64) AppleWebKit/537.36 (KHTML, like Gecko) Chrome/139.0.0.0 Safari/537.36"
191.37.93.121 - - [31/Jul/2026:10:15:31 -0300] "GET /wp-includes/js/thickbox/thickbox.css?ver=7.0.2 HTTP/1.1" 304 - "https://academy.kohlsolucoes.com.br/wp-admin/" "Mozilla/5.0 (Windows NT 10.0; Win64; x64) AppleWebKit/537.36 (KHTML, like Gecko) Chrome/139.0.0.0 Safari/537.36"
191.37.93.121 - - [31/Jul/2026:10:15:31 -0300] "GET /wp-content/plugins/simple-history/css/icons.css?ver=5.29.0 HTTP/1.1" 304 - "https://academy.kohlsolucoes.com.br/wp-admin/" "Mozilla/5.0 (Windows NT 10.0; Win64; x64) AppleWebKit/537.36 (KHTML, like Gecko) Chrome/139.0.0.0 Safari/537.36"
191.37.93.121 - - [31/Jul/2026:10:15:31 -0300] "GET /wp-content/plugins/simple-history/css/utility-classes.css?ver=5.29.0 HTTP/1.1" 304 - "https://academy.kohlsolucoes.com.br/wp-admin/" "Mozilla/5.0 (Windows NT 10.0; Win64; x64) AppleWebKit/537.36 (KHTML, like Gecko) Chrome/139.0.0.0 Safari/537.36"
191.37.93.121 - - [31/Jul/2026:10:15:31 -0300] "GET /wp-content/plugins/tutor/assets/css/tutor.min.css?ver=3.9.13 HTTP/1.1" 304 - "https://academy.kohlsolucoes.com.br/wp-admin/" "Mozilla/5.0 (Windows NT 10.0; Win64; x64) AppleWebKit/537.36 (KHTML, like Gecko) Chrome/139.0.0.0 Safari/537.36"
191.37.93.121 - - [31/Jul/2026:10:15:31 -0300] "GET /wp-content/plugins/tutor/assets/lib/select2/select2.min.css?ver=3.9.13 HTTP/1.1" 304 - "https://academy.kohlsolucoes.com.br/wp-admin/" "Mozilla/5.0 (Windows NT 10.0; Win64; x64) AppleWebKit/537.36 (KHTML, like Gecko) Chrome/139.0.0.0 Safari/537.36"
191.37.93.121 - - [31/Jul/2026:10:15:31 -0300] "GET /wp-content/plugins/simple-history/css/simple-history-stats.css?ver=5.29.0 HTTP/1.1" 304 - "https://academy.kohlsolucoes.com.br/wp-admin/" "Mozilla/5.0 (Windows NT 10.0; Win64; x64) AppleWebKit/537.36 (KHTML, like Gecko) Chrome/139.0.0.0 Safari/537.36"
191.37.93.121 - - [31/Jul/2026:10:15:31 -0300] "GET /wp-content/plugins/wordfence/css/wordfenceBox.1778685035.css?ver=8.2.2 HTTP/1.1" 304 - "https://academy.kohlsolucoes.com.br/wp-admin/" "Mozilla/5.0 (Windows NT 10.0; Win64; x64) AppleWebKit/537.36 (KHTML, like Gecko) Chrome/139.0.0.0 Safari/537.36"
191.37.93.121 - - [31/Jul/2026:10:15:31 -0300] "GET /wp-includes/js/mediaelement/wp-mediaelement.min.css?ver=7.0.2 HTTP/1.1" 304 - "https://academy.kohlsolucoes.com.br/wp-admin/" "Mozilla/5.0 (Windows NT 10.0; Win64; x64) AppleWebKit/537.36 (KHTML, like Gecko) Chrome/139.0.0.0 Safari/537.36"
191.37.93.121 - - [31/Jul/2026:10:15:31 -0300] "GET /wp-content/plugins/tutor/assets/css/tutor-admin.min.css?ver=3.9.13 HTTP/1.1" 304 - "https://academy.kohlsolucoes.com.br/wp-admin/" "Mozilla/5.0 (Windows NT 10.0; Win64; x64) AppleWebKit/537.36 (KHTML, like Gecko) Chrome/139.0.0.0 Safari/537.36"
191.37.93.121 - - [31/Jul/2026:10:15:31 -0300] "GET /wp-includes/js/mediaelement/mediaelementplayer-legacy.min.css?ver=4.2.17 HTTP/1.1" 304 - "https://academy.kohlsolucoes.com.br/wp-admin/" "Mozilla/5.0 (Windows NT 10.0; Win64; x64) AppleWebKit/537.36 (KHTML, like Gecko) Chrome/139.0.0.0 Safari/537.36"
191.37.93.121 - - [31/Jul/2026:10:15:31 -0300] "GET /wp-content/plugins/elementor/vendor/elementor/wp-one-package/assets/build/common.css?ver=1.0.66 HTTP/1.1" 304 - "https://academy.kohlsolucoes.com.br/wp-admin/" "Mozilla/5.0 (Windows NT 10.0; Win64; x64) AppleWebKit/537.36 (KHTML, like Gecko) Chrome/139.0.0.0 Safari/537.36"
191.37.93.121 - - [31/Jul/2026:10:15:31 -0300] "GET /wp-content/plugins/tutor-pro/assets/css/admin.css?ver=3.9.13 HTTP/1.1" 304 - "https://academy.kohlsolucoes.com.br/wp-admin/" "Mozilla/5.0 (Windows NT 10.0; Win64; x64) AppleWebKit/537.36 (KHTML, like Gecko) Chrome/139.0.0.0 Safari/537.36"
191.37.93.121 - - [31/Jul/2026:10:15:31 -0300] "GET /wp-content/plugins/wordfence/css/license/response-global.1778685035.css?ver=8.2.2 HTTP/1.1" 304 - "https://academy.kohlsolucoes.com.br/wp-admin/" "Mozilla/5.0 (Windows NT 10.0; Win64; x64) AppleWebKit/537.36 (KHTML, like Gecko) Chrome/139.0.0.0 Safari/537.36"
191.37.93.121 - - [31/Jul/2026:10:15:31 -0300] "GET /wp-content/plugins/elementor/vendor/elementor/wp-one-package/assets/build/manage-dashboard-widget.css?ver=1.0.66 HTTP/1.1" 304 - "https://academy.kohlsolucoes.com.br/wp-admin/" "Mozilla/5.0 (Windows NT 10.0; Win64; x64) AppleWebKit/537.36 (KHTML, like Gecko) Chrome/139.0.0.0 Safari/537.36"
191.37.93.121 - - [31/Jul/2026:10:15:31 -0300] "GET /wp-content/plugins/wordfence/css/wf-adminbar.1778685035.css?ver=8.2.2 HTTP/1.1" 304 - "https://academy.kohlsolucoes.com.br/wp-admin/" "Mozilla/5.0 (Windows NT 10.0; Win64; x64) AppleWebKit/537.36 (KHTML, like Gecko) Chrome/139.0.0.0 Safari/537.36"
191.37.93.121 - - [31/Jul/2026:10:15:31 -0300] "GET /wp-includes/js/imgareaselect/imgareaselect.css?ver=0.9.8 HTTP/1.1" 304 - "https://academy.kohlsolucoes.com.br/wp-admin/" "Mozilla/5.0 (Windows NT 10.0; Win64; x64) AppleWebKit/537.36 (KHTML, like Gecko) Chrome/139.0.0.0 Safari/537.36"
191.37.93.121 - - [31/Jul/2026:10:15:31 -0300] "GET /wp-content/plugins/wp-mail-smtp-pro/assets/css/admin-bar.min.css?ver=4.8.0 HTTP/1.1" 304 - "https://academy.kohlsolucoes.com.br/wp-admin/" "Mozilla/5.0 (Windows NT 10.0; Win64; x64) AppleWebKit/537.36 (KHTML, like Gecko) Chrome/139.0.0.0 Safari/537.36"
191.37.93.121 - - [31/Jul/2026:10:15:31 -0300] "GET /wp-content/plugins/wordfence/modules/login-security/css/admin-global.1778685035.css?ver=1.1.16 HTTP/1.1" 304 - "https://academy.kohlsolucoes.com.br/wp-admin/" "Mozilla/5.0 (Windows NT 10.0; Win64; x64) AppleWebKit/537.36 (KHTML, like Gecko) Chrome/139.0.0.0 Safari/537.36"
191.37.93.121 - - [31/Jul/2026:10:15:31 -0300] "GET /wp-content/plugins/edubin-core/inc/cmb2-tabs/css/tabs.css?ver=1.0.4 HTTP/1.1" 304 - "https://academy.kohlsolucoes.com.br/wp-admin/" "Mozilla/5.0 (Windows NT 10.0; Win64; x64) AppleWebKit/537.36 (KHTML, like Gecko) Chrome/139.0.0.0 Safari/537.36"
191.37.93.121 - - [31/Jul/2026:10:15:31 -0300] "GET /wp-content/themes/edubin//admin/assets/css/admin.css?ver=1.0.3 HTTP/1.1" 304 - "https://academy.kohlsolucoes.com.br/wp-admin/" "Mozilla/5.0 (Windows NT 10.0; Win64; x64) AppleWebKit/537.36 (KHTML, like Gecko) Chrome/139.0.0.0 Safari/537.36"
191.37.93.121 - - [31/Jul/2026:10:15:31 -0300] "GET /wp-content/plugins/woocommerce/assets/css/menu.css?ver=10.9.4 HTTP/1.1" 304 - "https://academy.kohlsolucoes.com.br/wp-admin/" "Mozilla/5.0 (Windows NT 10.0; Win64; x64) AppleWebKit/537.36 (KHTML, like Gecko) Chrome/139.0.0.0 Safari/537.36"
191.37.93.121 - - [31/Jul/2026:10:15:31 -0300] "GET /wp-content/plugins/elementor-pro/assets/css/admin.min.css?ver=4.2.0 HTTP/1.1" 304 - "https://academy.kohlsolucoes.com.br/wp-admin/" "Mozilla/5.0 (Windows NT 10.0; Win64; x64) AppleWebKit/537.36 (KHTML, like Gecko) Chrome/139.0.0.0 Safari/537.36"
191.37.93.121 - - [31/Jul/2026:10:15:31 -0300] "GET /wp-content/plugins/woocommerce/assets/css/dashboard.css?ver=10.9.4 HTTP/1.1" 304 - "https://academy.kohlsolucoes.com.br/wp-admin/" "Mozilla/5.0 (Windows NT 10.0; Win64; x64) AppleWebKit/537.36 (KHTML, like Gecko) Chrome/139.0.0.0 Safari/537.36"
191.37.93.121 - - [31/Jul/2026:10:15:31 -0300] "GET /wp-content/plugins/woocommerce-mercadopago/assets/css/admin/mp-admin-notices.min.css?ver=8.9.0 HTTP/1.1" 304 - "https://academy.kohlsolucoes.com.br/wp-admin/" "Mozilla/5.0 (Windows NT 10.0; Win64; x64) AppleWebKit/537.36 (KHTML, like Gecko) Chrome/139.0.0.0 Safari/537.36"
191.37.93.121 - - [31/Jul/2026:10:15:31 -0300] "GET /wp-content/plugins/elementor/assets/css/modules/editor-one/admin-menu.min.css?ver=4.2.0 HTTP/1.1" 304 - "https://academy.kohlsolucoes.com.br/wp-admin/" "Mozilla/5.0 (Windows NT 10.0; Win64; x64) AppleWebKit/537.36 (KHTML, like Gecko) Chrome/139.0.0.0 Safari/537.36"
191.37.93.121 - - [31/Jul/2026:10:15:31 -0300] "GET /wp-content/plugins/elementor/assets/css/theme-light.min.css?ver=4.2.0 HTTP/1.1" 304 - "https://academy.kohlsolucoes.com.br/wp-admin/" "Mozilla/5.0 (Windows NT 10.0; Win64; x64) AppleWebKit/537.36 (KHTML, like Gecko) Chrome/139.0.0.0 Safari/537.36"
191.37.93.121 - - [31/Jul/2026:10:15:31 -0300] "GET /wp-content/plugins/elementor/assets/lib/eicons/css/elementor-icons.min.css?ver=5.50.0 HTTP/1.1" 304 - "https://academy.kohlsolucoes.com.br/wp-admin/" "Mozilla/5.0 (Windows NT 10.0; Win64; x64) AppleWebKit/537.36 (KHTML, like Gecko) Chrome/139.0.0.0 Safari/537.36"
191.37.93.121 - - [31/Jul/2026:10:15:31 -0300] "GET /wp-content/plugins/wordfence/js/wfglobal.1778685035.js?ver=8.2.2 HTTP/1.1" 304 - "https://academy.kohlsolucoes.com.br/wp-admin/" "Mozilla/5.0 (Windows NT 10.0; Win64; x64) AppleWebKit/537.36 (KHTML, like Gecko) Chrome/139.0.0.0 Safari/537.36"
191.37.93.121 - - [31/Jul/2026:10:15:31 -0300] "GET /wp-content/plugins/woocommerce-mercadopago/assets/css/public/mp-vars.min.css?ver=8.9.0 HTTP/1.1" 304 - "https://academy.kohlsolucoes.com.br/wp-admin/" "Mozilla/5.0 (Windows NT 10.0; Win64; x64) AppleWebKit/537.36 (KHTML, like Gecko) Chrome/139.0.0.0 Safari/537.36"
191.37.93.121 - - [31/Jul/2026:10:15:31 -0300] "GET /wp-content/plugins/elementor/assets/css/admin.min.css?ver=4.2.0 HTTP/1.1" 304 - "https://academy.kohlsolucoes.com.br/wp-admin/" "Mozilla/5.0 (Windows NT 10.0; Win64; x64) AppleWebKit/537.36 (KHTML, like Gecko) Chrome/139.0.0.0 Safari/537.36"
191.37.93.121 - - [31/Jul/2026:10:15:31 -0300] "GET /wp-content/plugins/simple-history/build/index-admin-bar.css?ver=1f932d77584a6968f22d HTTP/1.1" 304 - "https://academy.kohlsolucoes.com.br/wp-admin/" "Mozilla/5.0 (Windows NT 10.0; Win64; x64) AppleWebKit/537.36 (KHTML, like Gecko) Chrome/139.0.0.0 Safari/537.36"
191.37.93.121 - - [31/Jul/2026:10:15:31 -0300] "GET /wp-content/plugins/woocommerce/assets/css/brands-admin.css?ver=10.9.4 HTTP/1.1" 304 - "https://academy.kohlsolucoes.com.br/wp-admin/" "Mozilla/5.0 (Windows NT 10.0; Win64; x64) AppleWebKit/537.36 (KHTML, like Gecko) Chrome/139.0.0.0 Safari/537.36"
191.37.93.121 - - [31/Jul/2026:10:15:31 -0300] "GET /wp-content/plugins/elementor/assets/css/common.min.css?ver=4.2.0 HTTP/1.1" 304 - "https://academy.kohlsolucoes.com.br/wp-admin/" "Mozilla/5.0 (Windows NT 10.0; Win64; x64) AppleWebKit/537.36 (KHTML, like Gecko) Chrome/139.0.0.0 Safari/537.36"
191.37.93.121 - - [31/Jul/2026:10:15:31 -0300] "GET /wp-content/plugins/wordfence/js/wfi18n.1778685035.js?ver=8.2.2 HTTP/1.1" 304 - "https://academy.kohlsolucoes.com.br/wp-admin/" "Mozilla/5.0 (Windows NT 10.0; Win64; x64) AppleWebKit/537.36 (KHTML, like Gecko) Chrome/139.0.0.0 Safari/537.36"
191.37.93.121 - - [31/Jul/2026:10:15:31 -0300] "GET /wp-content/plugins/wordfence/js/wfpopover.1778685035.js?ver=8.2.2 HTTP/1.1" 304 - "https://academy.kohlsolucoes.com.br/wp-admin/" "Mozilla/5.0 (Windows NT 10.0; Win64; x64) AppleWebKit/537.36 (KHTML, like Gecko) Chrome/139.0.0.0 Safari/537.36"
191.37.93.121 - - [31/Jul/2026:10:15:31 -0300] "GET /wp-content/themes/edubin//admin/assets/js/edubin-unloack.js?ver=1.0.0 HTTP/1.1" 304 - "https://academy.kohlsolucoes.com.br/wp-admin/" "Mozilla/5.0 (Windows NT 10.0; Win64; x64) AppleWebKit/537.36 (KHTML, like Gecko) Chrome/139.0.0.0 Safari/537.36"
191.37.93.121 - - [31/Jul/2026:10:15:31 -0300] "GET /wp-content/plugins/wordfence/js/admin.ajaxWatcher.1778685035.js?ver=8.2.2 HTTP/1.1" 304 - "https://academy.kohlsolucoes.com.br/wp-admin/" "Mozilla/5.0 (Windows NT 10.0; Win64; x64) AppleWebKit/537.36 (KHTML, like Gecko) Chrome/139.0.0.0 Safari/537.36"
191.37.93.121 - - [31/Jul/2026:10:15:31 -0300] "GET /wp-content/plugins/wordfence/js/wfdashboard.1778685035.js?ver=8.2.2 HTTP/1.1" 304 - "https://academy.kohlsolucoes.com.br/wp-admin/" "Mozilla/5.0 (Windows NT 10.0; Win64; x64) AppleWebKit/537.36 (KHTML, like Gecko) Chrome/139.0.0.0 Safari/537.36"
191.37.93.121 - - [31/Jul/2026:10:15:31 -0300] "GET /wp-content/themes/edubin//assets/images/fav.svg HTTP/1.1" 304 - "https://academy.kohlsolucoes.com.br/wp-admin/" "Mozilla/5.0 (Windows NT 10.0; Win64; x64) AppleWebKit/537.36 (KHTML, like Gecko) Chrome/139.0.0.0 Safari/537.36"
191.37.93.121 - - [31/Jul/2026:10:15:31 -0300] "GET /wp-content/plugins/wp-mail-smtp-pro/assets/css/dashboard-widget.min.css?ver=4.8.0 HTTP/1.1" 304 - "https://academy.kohlsolucoes.com.br/wp-admin/" "Mozilla/5.0 (Windows NT 10.0; Win64; x64) AppleWebKit/537.36 (KHTML, like Gecko) Chrome/139.0.0.0 Safari/537.36"
191.37.93.121 - - [31/Jul/2026:10:15:31 -0300] "GET /wp-content/plugins/maintenance/img/icon-small.png HTTP/1.1" 304 - "https://academy.kohlsolucoes.com.br/wp-admin/" "Mozilla/5.0 (Windows NT 10.0; Win64; x64) AppleWebKit/537.36 (KHTML, like Gecko) Chrome/139.0.0.0 Safari/537.36"
191.37.93.121 - - [31/Jul/2026:10:15:31 -0300] "GET /wp-content/plugins/simple-history/css/variables.css HTTP/1.1" 304 - "https://academy.kohlsolucoes.com.br/wp-content/plugins/simple-history/css/styles.css?ver=5.29.0" "Mozilla/5.0 (Windows NT 10.0; Win64; x64) AppleWebKit/537.36 (KHTML, like Gecko) Chrome/139.0.0.0 Safari/537.36"
191.37.93.121 - - [31/Jul/2026:10:15:31 -0300] "GET /wp-content/plugins/woocommerce/assets/images/dashboard-widget-setup.png HTTP/1.1" 304 - "https://academy.kohlsolucoes.com.br/wp-admin/" "Mozilla/5.0 (Windows NT 10.0; Win64; x64) AppleWebKit/537.36 (KHTML, like Gecko) Chrome/139.0.0.0 Safari/537.36"
191.37.93.121 - - [31/Jul/2026:10:15:31 -0300] "GET /wp-content/plugins/maintenance//img/icon-transparent.png HTTP/1.1" 304 - "https://academy.kohlsolucoes.com.br/wp-admin/" "Mozilla/5.0 (Windows NT 10.0; Win64; x64) AppleWebKit/537.36 (KHTML, like Gecko) Chrome/139.0.0.0 Safari/537.36"
191.37.93.121 - - [31/Jul/2026:10:15:31 -0300] "GET /wp-includes/css/editor.min.css?ver=7.0.2 HTTP/1.1" 304 - "https://academy.kohlsolucoes.com.br/wp-admin/" "Mozilla/5.0 (Windows NT 10.0; Win64; x64) AppleWebKit/537.36 (KHTML, like Gecko) Chrome/139.0.0.0 Safari/537.36"
191.37.93.121 - - [31/Jul/2026:10:15:31 -0300] "GET /wp-content/plugins/wp-mail-smtp-pro/assets/images/dash-widget/smtp/total.svg HTTP/1.1" 304 - "https://academy.kohlsolucoes.com.br/wp-admin/" "Mozilla/5.0 (Windows NT 10.0; Win64; x64) AppleWebKit/537.36 (KHTML, like Gecko) Chrome/139.0.0.0 Safari/537.36"
191.37.93.121 - - [31/Jul/2026:10:15:31 -0300] "GET /wp-content/plugins/woocommerce/assets/css/dashboard-setup.css?ver=10.9.4 HTTP/1.1" 304 - "https://academy.kohlsolucoes.com.br/wp-admin/" "Mozilla/5.0 (Windows NT 10.0; Win64; x64) AppleWebKit/537.36 (KHTML, like Gecko) Chrome/139.0.0.0 Safari/537.36"
191.37.93.121 - - [31/Jul/2026:10:15:31 -0300] "GET /wp-includes/js/jquery/ui/checkboxradio.min.js?ver=1.13.3 HTTP/1.1" 304 - "https://academy.kohlsolucoes.com.br/wp-admin/" "Mozilla/5.0 (Windows NT 10.0; Win64; x64) AppleWebKit/537.36 (KHTML, like Gecko) Chrome/139.0.0.0 Safari/537.36"
191.37.93.121 - - [31/Jul/2026:10:15:31 -0300] "GET /wp-includes/js/jquery/ui/dialog.min.js?ver=1.13.3 HTTP/1.1" 304 - "https://academy.kohlsolucoes.com.br/wp-admin/" "Mozilla/5.0 (Windows NT 10.0; Win64; x64) AppleWebKit/537.36 (KHTML, like Gecko) Chrome/139.0.0.0 Safari/537.36"
191.37.93.121 - - [31/Jul/2026:10:15:31 -0300] "GET /wp-admin/js/site-health.min.js?ver=7.0.2 HTTP/1.1" 304 - "https://academy.kohlsolucoes.com.br/wp-admin/" "Mozilla/5.0 (Windows NT 10.0; Win64; x64) AppleWebKit/537.36 (KHTML, like Gecko) Chrome/139.0.0.0 Safari/537.36"
191.37.93.121 - - [31/Jul/2026:10:15:31 -0300] "GET /wp-admin/js/common.min.js?ver=7.0.2 HTTP/1.1" 304 - "https://academy.kohlsolucoes.com.br/wp-admin/" "Mozilla/5.0 (Windows NT 10.0; Win64; x64) AppleWebKit/537.36 (KHTML, like Gecko) Chrome/139.0.0.0 Safari/537.36"
191.37.93.121 - - [31/Jul/2026:10:15:31 -0300] "GET /wp-includes/js/hoverintent-js.min.js?ver=2.2.1 HTTP/1.1" 304 - "https://academy.kohlsolucoes.com.br/wp-admin/" "Mozilla/5.0 (Windows NT 10.0; Win64; x64) AppleWebKit/537.36 (KHTML, like Gecko) Chrome/139.0.0.0 Safari/537.36"
191.37.93.121 - - [31/Jul/2026:10:15:31 -0300] "GET /wp-content/plugins/wpcode-premium/build/admin-bar.js?ver=c95624a69c80301272a0 HTTP/1.1" 304 - "https://academy.kohlsolucoes.com.br/wp-admin/" "Mozilla/5.0 (Windows NT 10.0; Win64; x64) AppleWebKit/537.36 (KHTML, like Gecko) Chrome/139.0.0.0 Safari/537.36"
191.37.93.121 - - [31/Jul/2026:10:15:31 -0300] "GET /wp-includes/js/jquery/ui/mouse.min.js?ver=1.13.3 HTTP/1.1" 304 - "https://academy.kohlsolucoes.com.br/wp-admin/" "Mozilla/5.0 (Windows NT 10.0; Win64; x64) AppleWebKit/537.36 (KHTML, like Gecko) Chrome/139.0.0.0 Safari/537.36"
191.37.93.121 - - [31/Jul/2026:10:15:31 -0300] "GET /wp-includes/js/jquery/ui/core.min.js?ver=1.13.3 HTTP/1.1" 304 - "https://academy.kohlsolucoes.com.br/wp-admin/" "Mozilla/5.0 (Windows NT 10.0; Win64; x64) AppleWebKit/537.36 (KHTML, like Gecko) Chrome/139.0.0.0 Safari/537.36"
191.37.93.121 - - [31/Jul/2026:10:15:31 -0300] "GET /wp-includes/js/backbone.min.js?ver=1.6.1 HTTP/1.1" 304 - "https://academy.kohlsolucoes.com.br/wp-admin/" "Mozilla/5.0 (Windows NT 10.0; Win64; x64) AppleWebKit/537.36 (KHTML, like Gecko) Chrome/139.0.0.0 Safari/537.36"
191.37.93.121 - - [31/Jul/2026:10:15:31 -0300] "GET /wp-includes/js/admin-bar.min.js?ver=7.0.2 HTTP/1.1" 304 - "https://academy.kohlsolucoes.com.br/wp-admin/" "Mozilla/5.0 (Windows NT 10.0; Win64; x64) AppleWebKit/537.36 (KHTML, like Gecko) Chrome/139.0.0.0 Safari/537.36"
191.37.93.121 - - [31/Jul/2026:10:15:31 -0300] "GET /wp-includes/js/jquery/ui/draggable.min.js?ver=1.13.3 HTTP/1.1" 304 - "https://academy.kohlsolucoes.com.br/wp-admin/" "Mozilla/5.0 (Windows NT 10.0; Win64; x64) AppleWebKit/537.36 (KHTML, like Gecko) Chrome/139.0.0.0 Safari/537.36"
191.37.93.121 - - [31/Jul/2026:10:15:31 -0300] "GET /wp-includes/js/jquery/ui/controlgroup.min.js?ver=1.13.3 HTTP/1.1" 304 - "https://academy.kohlsolucoes.com.br/wp-admin/" "Mozilla/5.0 (Windows NT 10.0; Win64; x64) AppleWebKit/537.36 (KHTML, like Gecko) Chrome/139.0.0.0 Safari/537.36"
191.37.93.121 - - [31/Jul/2026:10:15:31 -0300] "GET /wp-admin/js/edit-comments.min.js?ver=7.0.2 HTTP/1.1" 304 - "https://academy.kohlsolucoes.com.br/wp-admin/" "Mozilla/5.0 (Windows NT 10.0; Win64; x64) AppleWebKit/537.36 (KHTML, like Gecko) Chrome/139.0.0.0 Safari/537.36"
191.37.93.121 - - [31/Jul/2026:10:15:31 -0300] "GET /wp-includes/js/wp-pointer.min.js?ver=7.0.2 HTTP/1.1" 304 - "https://academy.kohlsolucoes.com.br/wp-admin/" "Mozilla/5.0 (Windows NT 10.0; Win64; x64) AppleWebKit/537.36 (KHTML, like Gecko) Chrome/139.0.0.0 Safari/537.36"
191.37.93.121 - - [31/Jul/2026:10:15:31 -0300] "GET /wp-includes/js/jquery/ui/resizable.min.js?ver=1.13.3 HTTP/1.1" 304 - "https://academy.kohlsolucoes.com.br/wp-admin/" "Mozilla/5.0 (Windows NT 10.0; Win64; x64) AppleWebKit/537.36 (KHTML, like Gecko) Chrome/139.0.0.0 Safari/537.36"
191.37.93.121 - - [31/Jul/2026:10:15:31 -0300] "GET /wp-includes/js/api-request.min.js?ver=7.0.2 HTTP/1.1" 304 - "https://academy.kohlsolucoes.com.br/wp-admin/" "Mozilla/5.0 (Windows NT 10.0; Win64; x64) AppleWebKit/537.36 (KHTML, like Gecko) Chrome/139.0.0.0 Safari/537.36"
191.37.93.121 - - [31/Jul/2026:10:15:31 -0300] "GET /wp-content/plugins/elementor/assets/js/dev-tools.min.js?ver=4.2.0 HTTP/1.1" 304 - "https://academy.kohlsolucoes.com.br/wp-admin/" "Mozilla/5.0 (Windows NT 10.0; Win64; x64) AppleWebKit/537.36 (KHTML, like Gecko) Chrome/139.0.0.0 Safari/537.36"
191.37.93.121 - - [31/Jul/2026:10:15:31 -0300] "GET /wp-includes/js/dist/url.min.js?ver=bb0f766c3d2efe497871 HTTP/1.1" 304 - "https://academy.kohlsolucoes.com.br/wp-admin/" "Mozilla/5.0 (Windows NT 10.0; Win64; x64) AppleWebKit/537.36 (KHTML, like Gecko) Chrome/139.0.0.0 Safari/537.36"
191.37.93.121 - - [31/Jul/2026:10:15:31 -0300] "GET /wp-includes/js/wp-ajax-response.min.js?ver=7.0.2 HTTP/1.1" 304 - "https://academy.kohlsolucoes.com.br/wp-admin/" "Mozilla/5.0 (Windows NT 10.0; Win64; x64) AppleWebKit/537.36 (KHTML, like Gecko) Chrome/139.0.0.0 Safari/537.36"
