191.37.93.121 - - [31/Jul/2026:10:15:51 -0300] "GET /wp-content/plugins/tutor/assets/fonts/tutor.woff HTTP/1.1" 304 - "https://academy.kohlsolucoes.com.br/wp-content/plugins/tutor/assets/css/tutor-icon.min.css?ver=3.9.13" "Mozilla/5.0 (Windows NT 10.0; Win64; x64) AppleWebKit/537.36 (KHTML, like Gecko) Chrome/139.0.0.0 Safari/537.36"
191.37.93.121 - - [31/Jul/2026:10:15:51 -0300] "GET /wp-json/wp/v2/users/me?context=edit&_locale=user HTTP/1.1" 200 7509 "https://academy.kohlsolucoes.com.br/wp-admin/admin.php?page=tutor" "Mozilla/5.0 (Windows NT 10.0; Win64; x64) AppleWebKit/537.36 (KHTML, like Gecko) Chrome/139.0.0.0 Safari/537.36"
191.37.93.121 - - [31/Jul/2026:10:15:51 -0300] "GET /wp-content/plugins/tutor/assets/js/lazy-chunks/tutor-react-datepicker.js?ver=3.9.13 HTTP/1.1" 304 - "https://academy.kohlsolucoes.com.br/wp-admin/admin.php?page=tutor" "Mozilla/5.0 (Windows NT 10.0; Win64; x64) AppleWebKit/537.36 (KHTML, like Gecko) Chrome/139.0.0.0 Safari/537.36"
191.37.93.121 - - [31/Jul/2026:10:15:54 -0300] "GET /wp-content/plugins/tutor-pro/addons/tutor-report/assets/css/analytics.css?ver=3.9.13 HTTP/1.1" 200 7206 "https://academy.kohlsolucoes.com.br/wp-admin/admin.php?page=tutor_report" "Mozilla/5.0 (Windows NT 10.0; Win64; x64) AppleWebKit/537.36 (KHTML, like Gecko) Chrome/139.0.0.0 Safari/537.36"
191.37.93.121 - - [31/Jul/2026:10:15:54 -0300] "GET /wp-content/plugins/tutor-pro/addons/tutor-report/assets/css/report.css?ver=3.9.13 HTTP/1.1" 200 330 "https://academy.kohlsolucoes.com.br/wp-admin/admin.php?page=tutor_report" "Mozilla/5.0 (Windows NT 10.0; Win64; x64) AppleWebKit/537.36 (KHTML, like Gecko) Chrome/139.0.0.0 Safari/537.36"
191.37.93.121 - - [31/Jul/2026:10:15:54 -0300] "GET /wp-content/plugins/tutor/assets/images/emptystate.svg HTTP/1.1" 304 - "https://academy.kohlsolucoes.com.br/wp-admin/admin.php?page=tutor_report" "Mozilla/5.0 (Windows NT 10.0; Win64; x64) AppleWebKit/537.36 (KHTML, like Gecko) Chrome/139.0.0.0 Safari/537.36"
129.121.49.162 - - [31/Jul/2026:10:15:54 -0300] "POST /wp-cron.php?doing_wp_cron=1785503754.1485509872436523437500 HTTP/1.1" 200 - "-" "WordPress/7.0.2; https://academy.kohlsolucoes.com.br"
191.37.93.121 - - [31/Jul/2026:10:15:53 -0300] "GET /wp-admin/admin.php?page=tutor_report HTTP/1.1" 200 682555 "https://academy.kohlsolucoes.com.br/wp-admin/admin.php?page=tutor" "Mozilla/5.0 (Windows NT 10.0; Win64; x64) AppleWebKit/537.36 (KHTML, like Gecko) Chrome/139.0.0.0 Safari/537.36"
191.37.93.121 - - [31/Jul/2026:10:15:54 -0300] "GET /wp-content/plugins/tutor-pro/assets/lib/Chart.bundle.min.js?ver=1.0.0 HTTP/1.1" 200 210419 "https://academy.kohlsolucoes.com.br/wp-admin/admin.php?page=tutor_report" "Mozilla/5.0 (Windows NT 10.0; Win64; x64) AppleWebKit/537.36 (KHTML, like Gecko) Chrome/139.0.0.0 Safari/537.36"
191.37.93.121 - - [31/Jul/2026:10:15:54 -0300] "GET /wp-content/plugins/tutor-pro/addons/tutor-report/assets/js/report.js?ver=1.0.0 HTTP/1.1" 200 4262 "https://academy.kohlsolucoes.com.br/wp-admin/admin.php?page=tutor_report" "Mozilla/5.0 (Windows NT 10.0; Win64; x64) AppleWebKit/537.36 (KHTML, like Gecko) Chrome/139.0.0.0 Safari/537.36"
191.37.93.121 - - [31/Jul/2026:10:15:54 -0300] "GET /wp-content/plugins/tutor-pro/addons/tutor-report/assets/js/analytics.js?ver=3.9.13 HTTP/1.1" 200 4366 "https://academy.kohlsolucoes.com.br/wp-admin/admin.php?page=tutor_report" "Mozilla/5.0 (Windows NT 10.0; Win64; x64) AppleWebKit/537.36 (KHTML, like Gecko) Chrome/139.0.0.0 Safari/537.36"
191.37.93.121 - - [31/Jul/2026:10:15:54 -0300] "GET /wp-json/wp/v2/users/me?context=edit&_locale=user HTTP/1.1" 200 7509 "https://academy.kohlsolucoes.com.br/wp-admin/admin.php?page=tutor_report" "Mozilla/5.0 (Windows NT 10.0; Win64; x64) AppleWebKit/537.36 (KHTML, like Gecko) Chrome/139.0.0.0 Safari/537.36"
191.37.93.121 - - [31/Jul/2026:10:15:56 -0300] "GET /wp-admin/admin.php?page=tutor_report&sub_page=courses HTTP/1.1" 200 681489 "https://academy.kohlsolucoes.com.br/wp-admin/admin.php?page=tutor_report" "Mozilla/5.0 (Windows NT 10.0; Win64; x64) AppleWebKit/537.36 (KHTML, like Gecko) Chrome/139.0.0.0 Safari/537.36"
191.37.93.121 - - [31/Jul/2026:10:15:57 -0300] "GET /wp-json/wp/v2/users/me?context=edit&_locale=user HTTP/1.1" 200 7509 "https://academy.kohlsolucoes.com.br/wp-admin/admin.php?page=tutor_report&sub_page=courses" "Mozilla/5.0 (Windows NT 10.0; Win64; x64) AppleWebKit/537.36 (KHTML, like Gecko) Chrome/139.0.0.0 Safari/537.36"
191.37.93.121 - - [31/Jul/2026:10:16:04 -0300] "GET /wp-json/wp/v2/users/me?context=edit&_locale=user HTTP/1.1" 200 7509 "https://academy.kohlsolucoes.com.br/wp-admin/admin.php?page=tutor_report&sub_page=courses&paged=1&category=municipio-de-nova-alvorada-do-sul" "Mozilla/5.0 (Windows NT 10.0; Win64; x64) AppleWebKit/537.36 (KHTML, like Gecko) Chrome/139.0.0.0 Safari/537.36"
191.37.93.121 - - [31/Jul/2026:10:16:03 -0300] "GET /wp-admin/admin.php?page=tutor_report&sub_page=courses&paged=1&category=municipio-de-nova-alvorada-do-sul HTTP/1.1" 200 668548 "https://academy.kohlsolucoes.com.br/wp-admin/admin.php?page=tutor_report&sub_page=courses" "Mozilla/5.0 (Windows NT 10.0; Win64; x64) AppleWebKit/537.36 (KHTML, like Gecko) Chrome/139.0.0.0 Safari/537.36"
129.121.49.162 - - [31/Jul/2026:10:16:10 -0300] "POST /wp-cron.php?doing_wp_cron=1785503770.3866009712219238281250 HTTP/1.1" 200 - "-" "WordPress/7.0.2; https://academy.kohlsolucoes.com.br"
129.121.49.162 - - [31/Jul/2026:10:16:04 -0300] "POST /wp-admin/admin-ajax.php?action=as_async_request_queue_runner&nonce=3f8422d979 HTTP/1.1" 200 - "-" "WordPress/7.0.2; https://academy.kohlsolucoes.com.br"
191.37.93.121 - - [31/Jul/2026:10:16:10 -0300] "GET /wp-admin/admin.php?page=tutor_report&sub_page=courses&course_id=1192 HTTP/1.1" 200 673375 "https://academy.kohlsolucoes.com.br/wp-admin/admin.php?page=tutor_report&sub_page=courses&paged=1&category=municipio-de-nova-alvorada-do-sul" "Mozilla/5.0 (Windows NT 10.0; Win64; x64) AppleWebKit/537.36 (KHTML, like Gecko) Chrome/139.0.0.0 Safari/537.36"
191.37.93.121 - - [31/Jul/2026:10:16:11 -0300] "GET /wp-json/wp/v2/users/me?context=edit&_locale=user HTTP/1.1" 200 7509 "https://academy.kohlsolucoes.com.br/wp-admin/admin.php?page=tutor_report&sub_page=courses&course_id=1192" "Mozilla/5.0 (Windows NT 10.0; Win64; x64) AppleWebKit/537.36 (KHTML, like Gecko) Chrome/139.0.0.0 Safari/537.36"
191.37.93.121 - - [31/Jul/2026:10:16:40 -0300] "GET /wp-admin/admin.php?page=tutor_report&sub_page=courses&paged=1&category=municipio-de-nova-alvorada-do-sul HTTP/1.1" 200 668548 "https://academy.kohlsolucoes.com.br/wp-admin/admin.php?page=tutor_report&sub_page=courses" "Mozilla/5.0 (Windows NT 10.0; Win64; x64) AppleWebKit/537.36 (KHTML, like Gecko) Chrome/139.0.0.0 Safari/537.36"
191.37.93.121 - - [31/Jul/2026:10:16:40 -0300] "GET /wp-json/wp/v2/users/me?context=edit&_locale=user HTTP/1.1" 200 7509 "https://academy.kohlsolucoes.com.br/wp-admin/admin.php?page=tutor_report&sub_page=courses&paged=1&category=municipio-de-nova-alvorada-do-sul" "Mozilla/5.0 (Windows NT 10.0; Win64; x64) AppleWebKit/537.36 (KHTML, like Gecko) Chrome/139.0.0.0 Safari/537.36"
191.37.93.121 - - [31/Jul/2026:10:16:42 -0300] "GET /wp-admin/admin.php?page=tutor_report&sub_page=courses&course_id=1201 HTTP/1.1" 200 706561 "https://academy.kohlsolucoes.com.br/wp-admin/admin.php?page=tutor_report&sub_page=courses&paged=1&category=municipio-de-nova-alvorada-do-sul" "Mozilla/5.0 (Windows NT 10.0; Win64; x64) AppleWebKit/537.36 (KHTML, like Gecko) Chrome/139.0.0.0 Safari/537.36"
191.37.93.121 - - [31/Jul/2026:10:16:43 -0300] "GET /wp-json/wp/v2/users/me?context=edit&_locale=user HTTP/1.1" 200 7509 "https://academy.kohlsolucoes.com.br/wp-admin/admin.php?page=tutor_report&sub_page=courses&course_id=1201" "Mozilla/5.0 (Windows NT 10.0; Win64; x64) AppleWebKit/537.36 (KHTML, like Gecko) Chrome/139.0.0.0 Safari/537.36"
129.121.49.162 - - [31/Jul/2026:10:17:46 -0300] "POST /wp-cron.php?doing_wp_cron=1785503866.5705530643463134765625 HTTP/1.1" 200 - "-" "WordPress/7.0.2; https://academy.kohlsolucoes.com.br"
191.37.93.121 - - [31/Jul/2026:10:17:43 -0300] "POST /wp-admin/admin-ajax.php HTTP/1.1" 200 47 "https://academy.kohlsolucoes.com.br/wp-admin/admin.php?page=tutor_report&sub_page=courses&course_id=1201" "Mozilla/5.0 (Windows NT 10.0; Win64; x64) AppleWebKit/537.36 (KHTML, like Gecko) Chrome/139.0.0.0 Safari/537.36"
129.121.49.162 - - [31/Jul/2026:10:17:45 -0300] "POST /wp-admin/admin-ajax.php?action=as_async_request_queue_runner&nonce=3f8422d979 HTTP/1.1" 200 - "-" "WordPress/7.0.2; https://academy.kohlsolucoes.com.br"
129.121.49.162 - - [31/Jul/2026:10:18:54 -0300] "POST /wp-cron.php?doing_wp_cron=1785503934.8797221183776855468750 HTTP/1.1" 200 - "-" "WordPress/7.0.2; https://academy.kohlsolucoes.com.br"
170.238.251.25 - - [31/Jul/2026:10:18:52 -0300] "GET /cursos/lgpd-aplicada-a-educacao-publica-sonora/atividade/avaliacao-de-conhecimentos-3/ HTTP/1.1" 200 188700 "https://academy.kohlsolucoes.com.br/cursos/lgpd-aplicada-a-educacao-publica-sonora/atividade/material-de-apoio-2/" "Mozilla/5.0 (iPhone; CPU iPhone OS 18_7 like Mac OS X) AppleWebKit/605.1.15 (KHTML, like Gecko) Version/26.5.2 Mobile/15E148 Safari/604.1"
170.238.251.25 - - [31/Jul/2026:10:18:55 -0300] "GET /wp-content/plugins/fluentform/assets/css/fluent-forms-public.css?ver=6.2.8 HTTP/1.1" 304 - "https://academy.kohlsolucoes.com.br/cursos/lgpd-aplicada-a-educacao-publica-sonora/atividade/avaliacao-de-conhecimentos-3/" "Mozilla/5.0 (iPhone; CPU iPhone OS 18_7 like Mac OS X) AppleWebKit/605.1.15 (KHTML, like Gecko) Version/26.5.2 Mobile/15E148 Safari/604.1"
170.238.251.25 - - [31/Jul/2026:10:18:55 -0300] "GET /wp-content/plugins/fluentform/assets/css/fluentform-public-default.css?ver=6.2.8 HTTP/1.1" 304 - "https://academy.kohlsolucoes.com.br/cursos/lgpd-aplicada-a-educacao-publica-sonora/atividade/avaliacao-de-conhecimentos-3/" "Mozilla/5.0 (iPhone; CPU iPhone OS 18_7 like Mac OS X) AppleWebKit/605.1.15 (KHTML, like Gecko) Version/26.5.2 Mobile/15E148 Safari/604.1"
170.238.251.25 - - [31/Jul/2026:10:18:55 -0300] "GET /wp-content/plugins/fluentform/assets/js/form-submission.js?ver=6.2.8 HTTP/1.1" 304 - "https://academy.kohlsolucoes.com.br/cursos/lgpd-aplicada-a-educacao-publica-sonora/atividade/avaliacao-de-conhecimentos-3/" "Mozilla/5.0 (iPhone; CPU iPhone OS 18_7 like Mac OS X) AppleWebKit/605.1.15 (KHTML, like Gecko) Version/26.5.2 Mobile/15E148 Safari/604.1"
170.238.251.25 - - [31/Jul/2026:10:18:55 -0300] "GET /wp-content/plugins/fluentform/assets/js/fluentform-advanced.js?ver=6.2.8 HTTP/1.1" 304 - "https://academy.kohlsolucoes.com.br/cursos/lgpd-aplicada-a-educacao-publica-sonora/atividade/avaliacao-de-conhecimentos-3/" "Mozilla/5.0 (iPhone; CPU iPhone OS 18_7 like Mac OS X) AppleWebKit/605.1.15 (KHTML, like Gecko) Version/26.5.2 Mobile/15E148 Safari/604.1"
170.238.251.25 - - [31/Jul/2026:10:18:55 -0300] "GET /wp-content/plugins/fluentformpro/public/libs/math-expression.min.js?ver=1.2.17 HTTP/1.1" 304 - "https://academy.kohlsolucoes.com.br/cursos/lgpd-aplicada-a-educacao-publica-sonora/atividade/avaliacao-de-conhecimentos-3/" "Mozilla/5.0 (iPhone; CPU iPhone OS 18_7 like Mac OS X) AppleWebKit/605.1.15 (KHTML, like Gecko) Version/26.5.2 Mobile/15E148 Safari/604.1"
129.121.49.162 - - [31/Jul/2026:10:19:09 -0300] "POST /wp-cron.php?doing_wp_cron=1785503949.6415839195251464843750 HTTP/1.1" 200 - "-" "WordPress/7.0.2; https://academy.kohlsolucoes.com.br"
170.238.251.25 - - [31/Jul/2026:10:19:09 -0300] "GET /cursos/lgpd-aplicada-a-educacao-publica-sonora/atividade/material-de-apoio-2/ HTTP/1.1" 200 194163 "https://academy.kohlsolucoes.com.br/cursos/lgpd-aplicada-a-educacao-publica-sonora/atividade/avaliacao-de-conhecimentos-3/" "Mozilla/5.0 (iPhone; CPU iPhone OS 18_7 like Mac OS X) AppleWebKit/605.1.15 (KHTML, like Gecko) Version/26.5.2 Mobile/15E148 Safari/604.1"
129.121.49.162 - - [31/Jul/2026:10:19:43 -0300] "POST /wp-cron.php?doing_wp_cron=1785503983.7140009403228759765625 HTTP/1.1" 200 - "-" "WordPress/7.0.2; https://academy.kohlsolucoes.com.br"
191.37.93.121 - - [31/Jul/2026:10:19:43 -0300] "POST /wp-admin/admin-ajax.php HTTP/1.1" 200 47 "https://academy.kohlsolucoes.com.br/wp-admin/admin.php?page=tutor_report&sub_page=courses&course_id=1201" "Mozilla/5.0 (Windows NT 10.0; Win64; x64) AppleWebKit/537.36 (KHTML, like Gecko) Chrome/139.0.0.0 Safari/537.36"
170.238.251.25 - - [31/Jul/2026:10:19:44 -0300] "GET /cursos/lgpd-aplicada-a-educacao-publica-sonora/atividade/material-de-apoio-2/ HTTP/1.1" 200 194163 "https://academy.kohlsolucoes.com.br/cursos/lgpd-aplicada-a-educacao-publica-sonora/atividade/avaliacao-de-conhecimentos-3/" "Mozilla/5.0 (iPhone; CPU iPhone OS 18_7 like Mac OS X) AppleWebKit/605.1.15 (KHTML, like Gecko) Version/26.5.2 Mobile/15E148 Safari/604.1"
170.238.251.25 - - [31/Jul/2026:10:19:54 -0300] "GET /cursos/lgpd-aplicada-a-educacao-publica-sonora/atividade/avaliacao-de-conhecimentos-3/ HTTP/1.1" 200 188700 "https://academy.kohlsolucoes.com.br/cursos/lgpd-aplicada-a-educacao-publica-sonora/atividade/material-de-apoio-2/" "Mozilla/5.0 (iPhone; CPU iPhone OS 18_7 like Mac OS X) AppleWebKit/605.1.15 (KHTML, like Gecko) Version/26.5.2 Mobile/15E148 Safari/604.1"
170.238.251.25 - - [31/Jul/2026:10:19:58 -0300] "GET /cursos/lgpd-aplicada-a-educacao-publica-sonora/atividade/material-de-apoio-2/ HTTP/1.1" 200 194163 "https://academy.kohlsolucoes.com.br/cursos/lgpd-aplicada-a-educacao-publica-sonora/atividade/avaliacao-de-conhecimentos-3/" "Mozilla/5.0 (iPhone; CPU iPhone OS 18_7 like Mac OS X) AppleWebKit/605.1.15 (KHTML, like Gecko) Version/26.5.2 Mobile/15E148 Safari/604.1"
129.121.49.162 - - [31/Jul/2026:10:21:55 -0300] "POST /wp-cron.php?doing_wp_cron=1785504115.8119919300079345703125 HTTP/1.1" 200 - "-" "WordPress/7.0.2; https://academy.kohlsolucoes.com.br"
2804:18:119:e43:2d43:7dc:83b0:6899 - - [31/Jul/2026:10:21:53 -0300] "GET /cursos/lgpd-aplicada-a-educacao-publica-sonora/atividade/material-de-apoio-2/ HTTP/1.1" 200 194163 "https://academy.kohlsolucoes.com.br/cursos/lgpd-aplicada-a-educacao-publica-sonora/atividade/avaliacao-de-conhecimentos-3/" "Mozilla/5.0 (iPhone; CPU iPhone OS 18_7 like Mac OS X) AppleWebKit/605.1.15 (KHTML, like Gecko) Version/26.5.2 Mobile/15E148 Safari/604.1"
2804:18:119:e43:2d43:7dc:83b0:6899 - - [31/Jul/2026:10:22:01 -0300] "POST /cursos/lgpd-aplicada-a-educacao-publica-sonora/atividade/material-de-apoio-2/ HTTP/1.1" 302 - "https://academy.kohlsolucoes.com.br/cursos/lgpd-aplicada-a-educacao-publica-sonora/atividade/material-de-apoio-2/" "Mozilla/5.0 (iPhone; CPU iPhone OS 18_7 like Mac OS X) AppleWebKit/605.1.15 (KHTML, like Gecko) Version/26.5.2 Mobile/15E148 Safari/604.1"
2804:18:119:e43:2d43:7dc:83b0:6899 - - [31/Jul/2026:10:22:01 -0300] "GET /cursos/lgpd-aplicada-a-educacao-publica-sonora/atividade/avaliacao-de-conhecimentos-3/ HTTP/1.1" 200 232239 "https://academy.kohlsolucoes.com.br/cursos/lgpd-aplicada-a-educacao-publica-sonora/atividade/material-de-apoio-2/" "Mozilla/5.0 (iPhone; CPU iPhone OS 18_7 like Mac OS X) AppleWebKit/605.1.15 (KHTML, like Gecko) Version/26.5.2 Mobile/15E148 Safari/604.1"
129.121.49.162 - - [31/Jul/2026:10:27:36 -0300] "POST /wp-cron.php?doing_wp_cron=1785504456.6409521102905273437500 HTTP/1.1" 200 - "-" "WordPress/7.0.2; https://academy.kohlsolucoes.com.br"
170.238.251.110 - - [31/Jul/2026:10:27:34 -0300] "GET /cursos/lgpd-aplicada-a-educacao-publica-sonora/ HTTP/1.1" 200 169217 "-" "Mozilla/5.0 (iPhone; CPU iPhone OS 18_7 like Mac OS X) AppleWebKit/605.1.15 (KHTML, like Gecko) Version/26.5.2 Mobile/15E148 Safari/604.1"
170.238.251.110 - - [31/Jul/2026:10:27:37 -0300] "GET /wp-content/plugins/fluentform/assets/css/fluent-forms-elementor-widget.css?ver=6.2.8 HTTP/1.1" 304 - "https://academy.kohlsolucoes.com.br/cursos/lgpd-aplicada-a-educacao-publica-sonora/" "Mozilla/5.0 (iPhone; CPU iPhone OS 18_7 like Mac OS X) AppleWebKit/605.1.15 (KHTML, like Gecko) Version/26.5.2 Mobile/15E148 Safari/604.1"
170.238.251.110 - - [31/Jul/2026:10:27:37 -0300] "GET /wp-content/plugins/tutor-pro/assets/css/course-details.css?ver=3.9.13 HTTP/1.1" 304 - "https://academy.kohlsolucoes.com.br/cursos/lgpd-aplicada-a-educacao-publica-sonora/" "Mozilla/5.0 (iPhone; CPU iPhone OS 18_7 like Mac OS X) AppleWebKit/605.1.15 (KHTML, like Gecko) Version/26.5.2 Mobile/15E148 Safari/604.1"
170.238.251.110 - - [31/Jul/2026:10:27:37 -0300] "GET /wp-includes/css/dist/block-library/style.min.css?ver=7.0.2 HTTP/1.1" 304 - "https://academy.kohlsolucoes.com.br/cursos/lgpd-aplicada-a-educacao-publica-sonora/" "Mozilla/5.0 (iPhone; CPU iPhone OS 18_7 like Mac OS X) AppleWebKit/605.1.15 (KHTML, like Gecko) Version/26.5.2 Mobile/15E148 Safari/604.1"
170.238.251.110 - - [31/Jul/2026:10:27:37 -0300] "GET /wp-content/themes/edubin/assets/css/tutor.css?ver=1.0.3 HTTP/1.1" 304 - "https://academy.kohlsolucoes.com.br/cursos/lgpd-aplicada-a-educacao-publica-sonora/" "Mozilla/5.0 (iPhone; CPU iPhone OS 18_7 like Mac OS X) AppleWebKit/605.1.15 (KHTML, like Gecko) Version/26.5.2 Mobile/15E148 Safari/604.1"
170.238.251.110 - - [31/Jul/2026:10:27:37 -0300] "GET /wp-content/plugins/tutor/assets/css/tutor-front.min.css?ver=3.9.13 HTTP/1.1" 304 - "https://academy.kohlsolucoes.com.br/cursos/lgpd-aplicada-a-educacao-publica-sonora/" "Mozilla/5.0 (iPhone; CPU iPhone OS 18_7 like Mac OS X) AppleWebKit/605.1.15 (KHTML, like Gecko) Version/26.5.2 Mobile/15E148 Safari/604.1"
170.238.251.110 - - [31/Jul/2026:10:27:37 -0300] "GET /wp-content/plugins/tutor/assets/lib/plyr/plyr.css?ver=3.9.13 HTTP/1.1" 304 - "https://academy.kohlsolucoes.com.br/cursos/lgpd-aplicada-a-educacao-publica-sonora/" "Mozilla/5.0 (iPhone; CPU iPhone OS 18_7 like Mac OS X) AppleWebKit/605.1.15 (KHTML, like Gecko) Version/26.5.2 Mobile/15E148 Safari/604.1"
170.238.251.110 - - [31/Jul/2026:10:27:37 -0300] "GET /wp-content/plugins/fluentform/assets/js/fluent-forms-elementor-widget.js?ver=6.2.8 HTTP/1.1" 304 - "https://academy.kohlsolucoes.com.br/cursos/lgpd-aplicada-a-educacao-publica-sonora/" "Mozilla/5.0 (iPhone; CPU iPhone OS 18_7 like Mac OS X) AppleWebKit/605.1.15 (KHTML, like Gecko) Version/26.5.2 Mobile/15E148 Safari/604.1"
170.238.251.110 - - [31/Jul/2026:10:27:37 -0300] "GET /wp-content/plugins/woocommerce/assets/css/woocommerce-smallscreen.css?ver=10.9.4 HTTP/1.1" 304 - "https://academy.kohlsolucoes.com.br/cursos/lgpd-aplicada-a-educacao-publica-sonora/" "Mozilla/5.0 (iPhone; CPU iPhone OS 18_7 like Mac OS X) AppleWebKit/605.1.15 (KHTML, like Gecko) Version/26.5.2 Mobile/15E148 Safari/604.1"
170.238.251.110 - - [31/Jul/2026:10:27:37 -0300] "GET /wp-content/plugins/woocommerce/assets/css/woocommerce-layout.css?ver=10.9.4 HTTP/1.1" 304 - "https://academy.kohlsolucoes.com.br/cursos/lgpd-aplicada-a-educacao-publica-sonora/" "Mozilla/5.0 (iPhone; CPU iPhone OS 18_7 like Mac OS X) AppleWebKit/605.1.15 (KHTML, like Gecko) Version/26.5.2 Mobile/15E148 Safari/604.1"
170.238.251.110 - - [31/Jul/2026:10:27:37 -0300] "GET /wp-content/plugins/tutor-pro/addons/enrollments/assets/css/enroll.css?ver=3.9.13 HTTP/1.1" 304 - "https://academy.kohlsolucoes.com.br/cursos/lgpd-aplicada-a-educacao-publica-sonora/" "Mozilla/5.0 (iPhone; CPU iPhone OS 18_7 like Mac OS X) AppleWebKit/605.1.15 (KHTML, like Gecko) Version/26.5.2 Mobile/15E148 Safari/604.1"
170.238.251.110 - - [31/Jul/2026:10:27:37 -0300] "GET /wp-content/themes/edubin-child/style.css?ver=1.0.3 HTTP/1.1" 304 - "https://academy.kohlsolucoes.com.br/cursos/lgpd-aplicada-a-educacao-publica-sonora/" "Mozilla/5.0 (iPhone; CPU iPhone OS 18_7 like Mac OS X) AppleWebKit/605.1.15 (KHTML, like Gecko) Version/26.5.2 Mobile/15E148 Safari/604.1"
170.238.251.110 - - [31/Jul/2026:10:27:37 -0300] "GET /wp-content/themes/edubin/style.css?ver=7.0.2 HTTP/1.1" 304 - "https://academy.kohlsolucoes.com.br/cursos/lgpd-aplicada-a-educacao-publica-sonora/" "Mozilla/5.0 (iPhone; CPU iPhone OS 18_7 like Mac OS X) AppleWebKit/605.1.15 (KHTML, like Gecko) Version/26.5.2 Mobile/15E148 Safari/604.1"
170.238.251.110 - - [31/Jul/2026:10:27:37 -0300] "GET /wp-content/themes/edubin/assets/css/search.css?ver=1.0.3 HTTP/1.1" 304 - "https://academy.kohlsolucoes.com.br/cursos/lgpd-aplicada-a-educacao-publica-sonora/" "Mozilla/5.0 (iPhone; CPU iPhone OS 18_7 like Mac OS X) AppleWebKit/605.1.15 (KHTML, like Gecko) Version/26.5.2 Mobile/15E148 Safari/604.1"
170.238.251.110 - - [31/Jul/2026:10:27:37 -0300] "GET /wp-content/plugins/woocommerce/assets/css/woocommerce.css?ver=10.9.4 HTTP/1.1" 304 - "https://academy.kohlsolucoes.com.br/cursos/lgpd-aplicada-a-educacao-publica-sonora/" "Mozilla/5.0 (iPhone; CPU iPhone OS 18_7 like Mac OS X) AppleWebKit/605.1.15 (KHTML, like Gecko) Version/26.5.2 Mobile/15E148 Safari/604.1"
170.238.251.110 - - [31/Jul/2026:10:27:37 -0300] "GET /wp-content/plugins/woocommerce/assets/js/frontend/woocommerce.min.js?ver=10.9.4 HTTP/1.1" 304 - "https://academy.kohlsolucoes.com.br/cursos/lgpd-aplicada-a-educacao-publica-sonora/" "Mozilla/5.0 (iPhone; CPU iPhone OS 18_7 like Mac OS X) AppleWebKit/605.1.15 (KHTML, like Gecko) Version/26.5.2 Mobile/15E148 Safari/604.1"
170.238.251.110 - - [31/Jul/2026:10:27:37 -0300] "GET /wp-content/plugins/woocommerce/assets/js/jquery-blockui/jquery.blockUI.min.js?ver=2.7.0-wc.10.9.4 HTTP/1.1" 304 - "https://academy.kohlsolucoes.com.br/cursos/lgpd-aplicada-a-educacao-publica-sonora/" "Mozilla/5.0 (iPhone; CPU iPhone OS 18_7 like Mac OS X) AppleWebKit/605.1.15 (KHTML, like Gecko) Version/26.5.2 Mobile/15E148 Safari/604.1"
170.238.251.110 - - [31/Jul/2026:10:27:37 -0300] "GET /wp-content/plugins/woocommerce/assets/client/blocks/wc-blocks.css?ver=wc-10.9.4 HTTP/1.1" 304 - "https://academy.kohlsolucoes.com.br/cursos/lgpd-aplicada-a-educacao-publica-sonora/" "Mozilla/5.0 (iPhone; CPU iPhone OS 18_7 like Mac OS X) AppleWebKit/605.1.15 (KHTML, like Gecko) Version/26.5.2 Mobile/15E148 Safari/604.1"
170.238.251.110 - - [31/Jul/2026:10:27:37 -0300] "GET /wp-content/themes/edubin/assets/css/login-popup.css?ver=1.0.3 HTTP/1.1" 304 - "https://academy.kohlsolucoes.com.br/cursos/lgpd-aplicada-a-educacao-publica-sonora/" "Mozilla/5.0 (iPhone; CPU iPhone OS 18_7 like Mac OS X) AppleWebKit/605.1.15 (KHTML, like Gecko) Version/26.5.2 Mobile/15E148 Safari/604.1"
170.238.251.110 - - [31/Jul/2026:10:27:37 -0300] "GET /wp-content/themes/edubin/assets/css/woocommerce.css?ver=1.0.3 HTTP/1.1" 304 - "https://academy.kohlsolucoes.com.br/cursos/lgpd-aplicada-a-educacao-publica-sonora/" "Mozilla/5.0 (iPhone; CPU iPhone OS 18_7 like Mac OS X) AppleWebKit/605.1.15 (KHTML, like Gecko) Version/26.5.2 Mobile/15E148 Safari/604.1"
170.238.251.110 - - [31/Jul/2026:10:27:37 -0300] "GET /wp-content/themes/edubin/assets/css/main.css?ver=1.0.3 HTTP/1.1" 304 - "https://academy.kohlsolucoes.com.br/cursos/lgpd-aplicada-a-educacao-publica-sonora/" "Mozilla/5.0 (iPhone; CPU iPhone OS 18_7 like Mac OS X) AppleWebKit/605.1.15 (KHTML, like Gecko) Version/26.5.2 Mobile/15E148 Safari/604.1"
170.238.251.110 - - [31/Jul/2026:10:27:37 -0300] "GET /wp-content/themes/edubin/assets/css/footer.css?ver=1.0.3 HTTP/1.1" 304 - "https://academy.kohlsolucoes.com.br/cursos/lgpd-aplicada-a-educacao-publica-sonora/" "Mozilla/5.0 (iPhone; CPU iPhone OS 18_7 like Mac OS X) AppleWebKit/605.1.15 (KHTML, like Gecko) Version/26.5.2 Mobile/15E148 Safari/604.1"
170.238.251.110 - - [31/Jul/2026:10:27:37 -0300] "GET /wp-content/themes/edubin/assets/css/header.css?ver=1.0.3 HTTP/1.1" 304 - "https://academy.kohlsolucoes.com.br/cursos/lgpd-aplicada-a-educacao-publica-sonora/" "Mozilla/5.0 (iPhone; CPU iPhone OS 18_7 like Mac OS X) AppleWebKit/605.1.15 (KHTML, like Gecko) Version/26.5.2 Mobile/15E148 Safari/604.1"
170.238.251.110 - - [31/Jul/2026:10:27:37 -0300] "GET /wp-content/themes/edubin/assets/css/page-title.css?ver=1.0.3 HTTP/1.1" 304 - "https://academy.kohlsolucoes.com.br/cursos/lgpd-aplicada-a-educacao-publica-sonora/" "Mozilla/5.0 (iPhone; CPU iPhone OS 18_7 like Mac OS X) AppleWebKit/605.1.15 (KHTML, like Gecko) Version/26.5.2 Mobile/15E148 Safari/604.1"
170.238.251.110 - - [31/Jul/2026:10:27:37 -0300] "GET /wp-content/themes/edubin-child/style.css?ver=7.0.2 HTTP/1.1" 304 - "https://academy.kohlsolucoes.com.br/cursos/lgpd-aplicada-a-educacao-publica-sonora/" "Mozilla/5.0 (iPhone; CPU iPhone OS 18_7 like Mac OS X) AppleWebKit/605.1.15 (KHTML, like Gecko) Version/26.5.2 Mobile/15E148 Safari/604.1"
170.238.251.110 - - [31/Jul/2026:10:27:37 -0300] "GET /wp-content/themes/edubin/assets/css/global-courses.css?ver=1.0.3 HTTP/1.1" 304 - "https://academy.kohlsolucoes.com.br/cursos/lgpd-aplicada-a-educacao-publica-sonora/" "Mozilla/5.0 (iPhone; CPU iPhone OS 18_7 like Mac OS X) AppleWebKit/605.1.15 (KHTML, like Gecko) Version/26.5.2 Mobile/15E148 Safari/604.1"
170.238.251.110 - - [31/Jul/2026:10:27:37 -0300] "GET /wp-content/plugins/woocommerce/assets/js/js-cookie/js.cookie.min.js?ver=2.1.4-wc.10.9.4 HTTP/1.1" 304 - "https://academy.kohlsolucoes.com.br/cursos/lgpd-aplicada-a-educacao-publica-sonora/" "Mozilla/5.0 (iPhone; CPU iPhone OS 18_7 like Mac OS X) AppleWebKit/605.1.15 (KHTML, like Gecko) Version/26.5.2 Mobile/15E148 Safari/604.1"
170.238.251.110 - - [31/Jul/2026:10:27:37 -0300] "GET /wp-content/plugins/woocommerce/assets/js/frontend/add-to-cart.min.js?ver=10.9.4 HTTP/1.1" 304 - "https://academy.kohlsolucoes.com.br/cursos/lgpd-aplicada-a-educacao-publica-sonora/" "Mozilla/5.0 (iPhone; CPU iPhone OS 18_7 like Mac OS X) AppleWebKit/605.1.15 (KHTML, like Gecko) Version/26.5.2 Mobile/15E148 Safari/604.1"
170.238.251.110 - - [31/Jul/2026:10:27:37 -0300] "GET /wp-content/themes/edubin/assets/fonts/flaticon_edubin.css?ver=1.0.3 HTTP/1.1" 304 - "https://academy.kohlsolucoes.com.br/cursos/lgpd-aplicada-a-educacao-publica-sonora/" "Mozilla/5.0 (iPhone; CPU iPhone OS 18_7 like Mac OS X) AppleWebKit/605.1.15 (KHTML, like Gecko) Version/26.5.2 Mobile/15E148 Safari/604.1"
170.238.251.110 - - [31/Jul/2026:10:27:37 -0300] "GET /wp-content/plugins/tutor/assets/lib/SocialShare/SocialShare.min.js?ver=3.9.13 HTTP/1.1" 304 - "https://academy.kohlsolucoes.com.br/cursos/lgpd-aplicada-a-educacao-publica-sonora/" "Mozilla/5.0 (iPhone; CPU iPhone OS 18_7 like Mac OS X) AppleWebKit/605.1.15 (KHTML, like Gecko) Version/26.5.2 Mobile/15E148 Safari/604.1"
170.238.251.110 - - [31/Jul/2026:10:27:37 -0300] "GET /wp-content/plugins/edubin-core/assets/js/edubin-active.js?ver=9.5.16 HTTP/1.1" 304 - "https://academy.kohlsolucoes.com.br/cursos/lgpd-aplicada-a-educacao-publica-sonora/" "Mozilla/5.0 (iPhone; CPU iPhone OS 18_7 like Mac OS X) AppleWebKit/605.1.15 (KHTML, like Gecko) Version/26.5.2 Mobile/15E148 Safari/604.1"
170.238.251.110 - - [31/Jul/2026:10:27:37 -0300] "GET /wp-content/themes/edubin/assets/css/social-share.css?ver=1.0.3 HTTP/1.1" 304 - "https://academy.kohlsolucoes.com.br/cursos/lgpd-aplicada-a-educacao-publica-sonora/" "Mozilla/5.0 (iPhone; CPU iPhone OS 18_7 like Mac OS X) AppleWebKit/605.1.15 (KHTML, like Gecko) Version/26.5.2 Mobile/15E148 Safari/604.1"
170.238.251.110 - - [31/Jul/2026:10:27:37 -0300] "GET /wp-content/plugins/tutor/assets/lib/plyr/plyr.polyfilled.min.js?ver=3.9.13 HTTP/1.1" 304 - "https://academy.kohlsolucoes.com.br/cursos/lgpd-aplicada-a-educacao-publica-sonora/" "Mozilla/5.0 (iPhone; CPU iPhone OS 18_7 like Mac OS X) AppleWebKit/605.1.15 (KHTML, like Gecko) Version/26.5.2 Mobile/15E148 Safari/604.1"
170.238.251.110 - - [31/Jul/2026:10:27:37 -0300] "GET /wp-includes/js/tinymce/tinymce.min.js?ver=3.9.13 HTTP/1.1" 304 - "https://academy.kohlsolucoes.com.br/cursos/lgpd-aplicada-a-educacao-publica-sonora/" "Mozilla/5.0 (iPhone; CPU iPhone OS 18_7 like Mac OS X) AppleWebKit/605.1.15 (KHTML, like Gecko) Version/26.5.2 Mobile/15E148 Safari/604.1"
170.238.251.110 - - [31/Jul/2026:10:27:37 -0300] "GET /wp-content/plugins/tutor/assets/js/tutor-front.js?ver=3.9.13 HTTP/1.1" 304 - "https://academy.kohlsolucoes.com.br/cursos/lgpd-aplicada-a-educacao-publica-sonora/" "Mozilla/5.0 (iPhone; CPU iPhone OS 18_7 like Mac OS X) AppleWebKit/605.1.15 (KHTML, like Gecko) Version/26.5.2 Mobile/15E148 Safari/604.1"
170.238.251.110 - - [31/Jul/2026:10:27:37 -0300] "GET /wp-content/plugins/tutor-pro/assets/lib/codesample/prism.min.js?ver=3.9.13 HTTP/1.1" 304 - "https://academy.kohlsolucoes.com.br/cursos/lgpd-aplicada-a-educacao-publica-sonora/" "Mozilla/5.0 (iPhone; CPU iPhone OS 18_7 like Mac OS X) AppleWebKit/605.1.15 (KHTML, like Gecko) Version/26.5.2 Mobile/15E148 Safari/604.1"
170.238.251.110 - - [31/Jul/2026:10:27:37 -0300] "GET /wp-content/themes/edubin/assets/js/sal.min.js?ver=1.0.3 HTTP/1.1" 304 - "https://academy.kohlsolucoes.com.br/cursos/lgpd-aplicada-a-educacao-publica-sonora/" "Mozilla/5.0 (iPhone; CPU iPhone OS 18_7 like Mac OS X) AppleWebKit/605.1.15 (KHTML, like Gecko) Version/26.5.2 Mobile/15E148 Safari/604.1"
170.238.251.110 - - [31/Jul/2026:10:27:37 -0300] "GET /wp-content/themes/edubin/assets/js/edubin-mouse-move-animation.js?ver=1.0.3 HTTP/1.1" 304 - "https://academy.kohlsolucoes.com.br/cursos/lgpd-aplicada-a-educacao-publica-sonora/" "Mozilla/5.0 (iPhone; CPU iPhone OS 18_7 like Mac OS X) AppleWebKit/605.1.15 (KHTML, like Gecko) Version/26.5.2 Mobile/15E148 Safari/604.1"
170.238.251.110 - - [31/Jul/2026:10:27:37 -0300] "GET /wp-content/themes/edubin/assets/js/headroom.min.js?ver=1.0.3 HTTP/1.1" 304 - "https://academy.kohlsolucoes.com.br/cursos/lgpd-aplicada-a-educacao-publica-sonora/" "Mozilla/5.0 (iPhone; CPU iPhone OS 18_7 like Mac OS X) AppleWebKit/605.1.15 (KHTML, like Gecko) Version/26.5.2 Mobile/15E148 Safari/604.1"
170.238.251.110 - - [31/Jul/2026:10:27:37 -0300] "GET /wp-content/themes/edubin/assets/js/init.js?ver=1.0.3 HTTP/1.1" 304 - "https://academy.kohlsolucoes.com.br/cursos/lgpd-aplicada-a-educacao-publica-sonora/" "Mozilla/5.0 (iPhone; CPU iPhone OS 18_7 like Mac OS X) AppleWebKit/605.1.15 (KHTML, like Gecko) Version/26.5.2 Mobile/15E148 Safari/604.1"
170.238.251.110 - - [31/Jul/2026:10:27:37 -0300] "GET /wp-content/plugins/woocommerce/assets/js/sourcebuster/sourcebuster.min.js?ver=10.9.4 HTTP/1.1" 304 - "https://academy.kohlsolucoes.com.br/cursos/lgpd-aplicada-a-educacao-publica-sonora/" "Mozilla/5.0 (iPhone; CPU iPhone OS 18_7 like Mac OS X) AppleWebKit/605.1.15 (KHTML, like Gecko) Version/26.5.2 Mobile/15E148 Safari/604.1"
170.238.251.110 - - [31/Jul/2026:10:27:37 -0300] "GET /wp-content/themes/edubin/assets/js/back-to-top.js?ver=1.0.3 HTTP/1.1" 304 - "https://academy.kohlsolucoes.com.br/cursos/lgpd-aplicada-a-educacao-publica-sonora/" "Mozilla/5.0 (iPhone; CPU iPhone OS 18_7 like Mac OS X) AppleWebKit/605.1.15 (KHTML, like Gecko) Version/26.5.2 Mobile/15E148 Safari/604.1"
170.238.251.110 - - [31/Jul/2026:10:27:37 -0300] "GET /wp-content/themes/edubin/assets/js/navigation.js?ver=1.0.3 HTTP/1.1" 304 - "https://academy.kohlsolucoes.com.br/cursos/lgpd-aplicada-a-educacao-publica-sonora/" "Mozilla/5.0 (iPhone; CPU iPhone OS 18_7 like Mac OS X) AppleWebKit/605.1.15 (KHTML, like Gecko) Version/26.5.2 Mobile/15E148 Safari/604.1"
170.238.251.110 - - [31/Jul/2026:10:27:37 -0300] "GET /wp-content/plugins/tutor-pro/assets/lib/tinymce/code.plugin.min.js?ver=3.9.13 HTTP/1.1" 304 - "https://academy.kohlsolucoes.com.br/cursos/lgpd-aplicada-a-educacao-publica-sonora/" "Mozilla/5.0 (iPhone; CPU iPhone OS 18_7 like Mac OS X) AppleWebKit/605.1.15 (KHTML, like Gecko) Version/26.5.2 Mobile/15E148 Safari/604.1"
170.238.251.110 - - [31/Jul/2026:10:27:37 -0300] "GET /wp-content/plugins/woocommerce/assets/js/frontend/order-attribution.min.js?ver=10.9.4 HTTP/1.1" 304 - "https://academy.kohlsolucoes.com.br/cursos/lgpd-aplicada-a-educacao-publica-sonora/" "Mozilla/5.0 (iPhone; CPU iPhone OS 18_7 like Mac OS X) AppleWebKit/605.1.15 (KHTML, like Gecko) Version/26.5.2 Mobile/15E148 Safari/604.1"
170.238.251.110 - - [31/Jul/2026:10:27:37 -0300] "GET /wp-content/themes/edubin/assets/js/youtube-popup.js?ver=1.0.3 HTTP/1.1" 304 - "https://academy.kohlsolucoes.com.br/cursos/lgpd-aplicada-a-educacao-publica-sonora/" "Mozilla/5.0 (iPhone; CPU iPhone OS 18_7 like Mac OS X) AppleWebKit/605.1.15 (KHTML, like Gecko) Version/26.5.2 Mobile/15E148 Safari/604.1"
170.238.251.110 - - [31/Jul/2026:10:27:37 -0300] "GET /wp-content/fonts/heebo/NGS6v5_NC0k9P9H2TbE.woff2 HTTP/1.1" 304 - "https://academy.kohlsolucoes.com.br/cursos/lgpd-aplicada-a-educacao-publica-sonora/" "Mozilla/5.0 (iPhone; CPU iPhone OS 18_7 like Mac OS X) AppleWebKit/605.1.15 (KHTML, like Gecko) Version/26.5.2 Mobile/15E148 Safari/604.1"
170.238.251.110 - - [31/Jul/2026:10:27:37 -0300] "GET /wp-content/themes/edubin//assets/images/header.jpg HTTP/1.1" 304 - "https://academy.kohlsolucoes.com.br/cursos/lgpd-aplicada-a-educacao-publica-sonora/" "Mozilla/5.0 (iPhone; CPU iPhone OS 18_7 like Mac OS X) AppleWebKit/605.1.15 (KHTML, like Gecko) Version/26.5.2 Mobile/15E148 Safari/604.1"
170.238.251.110 - - [31/Jul/2026:10:27:37 -0300] "GET /wp-content/plugins/tutor/assets/fonts/tutor-v2.woff HTTP/1.1" 304 - "https://academy.kohlsolucoes.com.br/cursos/lgpd-aplicada-a-educacao-publica-sonora/" "Mozilla/5.0 (iPhone; CPU iPhone OS 18_7 like Mac OS X) AppleWebKit/605.1.15 (KHTML, like Gecko) Version/26.5.2 Mobile/15E148 Safari/604.1"
170.238.251.110 - - [31/Jul/2026:10:27:37 -0300] "GET /wp-content/themes/edubin/assets/fonts/flaticon_edubin.woff2?3a6c14212907e1cbaf6aebe6e0c247e7 HTTP/1.1" 304 - "https://academy.kohlsolucoes.com.br/cursos/lgpd-aplicada-a-educacao-publica-sonora/" "Mozilla/5.0 (iPhone; CPU iPhone OS 18_7 like Mac OS X) AppleWebKit/605.1.15 (KHTML, like Gecko) Version/26.5.2 Mobile/15E148 Safari/604.1"
170.238.251.110 - - [31/Jul/2026:10:27:37 -0300] "GET /wp-content/plugins/tutor/assets/fonts/tutor.woff HTTP/1.1" 304 - "https://academy.kohlsolucoes.com.br/cursos/lgpd-aplicada-a-educacao-publica-sonora/" "Mozilla/5.0 (iPhone; CPU iPhone OS 18_7 like Mac OS X) AppleWebKit/605.1.15 (KHTML, like Gecko) Version/26.5.2 Mobile/15E148 Safari/604.1"
170.238.251.110 - - [31/Jul/2026:10:27:39 -0300] "POST /wp-admin/admin-ajax.php HTTP/1.1" 200 1 "https://academy.kohlsolucoes.com.br/cursos/lgpd-aplicada-a-educacao-publica-sonora/" "Mozilla/5.0 (iPhone; CPU iPhone OS 18_7 like Mac OS X) AppleWebKit/605.1.15 (KHTML, like Gecko) Version/26.5.2 Mobile/15E148 Safari/604.1"
2804:18:119:e43:2d43:7dc:83b0:6899 - - [31/Jul/2026:10:27:51 -0300] "POST /wp-admin/admin-ajax.php?t=1785504471185 HTTP/1.1" 200 285 "https://academy.kohlsolucoes.com.br/cursos/lgpd-aplicada-a-educacao-publica-sonora/atividade/avaliacao-de-conhecimentos-3/" "Mozilla/5.0 (iPhone; CPU iPhone OS 18_7 like Mac OS X) AppleWebKit/605.1.15 (KHTML, like Gecko) Version/26.5.2 Mobile/15E148 Safari/604.1"
170.238.251.110 - - [31/Jul/2026:10:27:54 -0300] "GET / HTTP/1.1" 200 177305 "https://academy.kohlsolucoes.com.br/cursos/lgpd-aplicada-a-educacao-publica-sonora/" "Mozilla/5.0 (iPhone; CPU iPhone OS 18_7 like Mac OS X) AppleWebKit/605.1.15 (KHTML, like Gecko) Version/26.5.2 Mobile/15E148 Safari/604.1"
170.238.251.110 - - [31/Jul/2026:10:27:54 -0300] "GET /wp-content/uploads/2026/05/EDUBIN0602.png HTTP/1.1" 304 - "https://academy.kohlsolucoes.com.br/" "Mozilla/5.0 (iPhone; CPU iPhone OS 18_7 like Mac OS X) AppleWebKit/605.1.15 (KHTML, like Gecko) Version/26.5.2 Mobile/15E148 Safari/604.1"
170.238.251.110 - - [31/Jul/2026:10:27:54 -0300] "GET /wp-content/plugins/elementor/assets/css/widget-image-box.min.css?ver=4.2.0 HTTP/1.1" 304 - "https://academy.kohlsolucoes.com.br/" "Mozilla/5.0 (iPhone; CPU iPhone OS 18_7 like Mac OS X) AppleWebKit/605.1.15 (KHTML, like Gecko) Version/26.5.2 Mobile/15E148 Safari/604.1"
170.238.251.110 - - [31/Jul/2026:10:27:54 -0300] "GET /wp-content/uploads/2026/05/EDUBIN0587.png HTTP/1.1" 304 - "https://academy.kohlsolucoes.com.br/" "Mozilla/5.0 (iPhone; CPU iPhone OS 18_7 like Mac OS X) AppleWebKit/605.1.15 (KHTML, like Gecko) Version/26.5.2 Mobile/15E148 Safari/604.1"
170.238.251.110 - - [31/Jul/2026:10:27:54 -0300] "GET /wp-content/uploads/elementor/css/post-84.css?ver=1785095733 HTTP/1.1" 304 - "https://academy.kohlsolucoes.com.br/" "Mozilla/5.0 (iPhone; CPU iPhone OS 18_7 like Mac OS X) AppleWebKit/605.1.15 (KHTML, like Gecko) Version/26.5.2 Mobile/15E148 Safari/604.1"
170.238.251.110 - - [31/Jul/2026:10:27:54 -0300] "GET /wp-content/plugins/edubin-core/assets/css/swiper-bundle.min.css?ver=9.5.16 HTTP/1.1" 304 - "https://academy.kohlsolucoes.com.br/" "Mozilla/5.0 (iPhone; CPU iPhone OS 18_7 like Mac OS X) AppleWebKit/605.1.15 (KHTML, like Gecko) Version/26.5.2 Mobile/15E148 Safari/604.1"
170.238.251.110 - - [31/Jul/2026:10:27:54 -0300] "GET /wp-content/uploads/elementor/css/base-desktop.css?ver=6a66663600f5c HTTP/1.1" 304 - "https://academy.kohlsolucoes.com.br/" "Mozilla/5.0 (iPhone; CPU iPhone OS 18_7 like Mac OS X) AppleWebKit/605.1.15 (KHTML, like Gecko) Version/26.5.2 Mobile/15E148 Safari/604.1"
170.238.251.110 - - [31/Jul/2026:10:27:54 -0300] "GET /wp-content/plugins/elementor/assets/css/widget-image.min.css?ver=4.2.0 HTTP/1.1" 304 - "https://academy.kohlsolucoes.com.br/" "Mozilla/5.0 (iPhone; CPU iPhone OS 18_7 like Mac OS X) AppleWebKit/605.1.15 (KHTML, like Gecko) Version/26.5.2 Mobile/15E148 Safari/604.1"
170.238.251.110 - - [31/Jul/2026:10:27:54 -0300] "GET /wp-content/plugins/elementor/assets/js/frontend.min.js?ver=4.2.0 HTTP/1.1" 304 - "https://academy.kohlsolucoes.com.br/" "Mozilla/5.0 (iPhone; CPU iPhone OS 18_7 like Mac OS X) AppleWebKit/605.1.15 (KHTML, like Gecko) Version/26.5.2 Mobile/15E148 Safari/604.1"
170.238.251.110 - - [31/Jul/2026:10:27:54 -0300] "GET /wp-content/plugins/edubin-core/assets/css/widget/infobox.css?ver=9.5.16 HTTP/1.1" 304 - "https://academy.kohlsolucoes.com.br/" "Mozilla/5.0 (iPhone; CPU iPhone OS 18_7 like Mac OS X) AppleWebKit/605.1.15 (KHTML, like Gecko) Version/26.5.2 Mobile/15E148 Safari/604.1"
170.238.251.110 - - [31/Jul/2026:10:27:54 -0300] "GET /wp-content/plugins/elementor-pro/assets/js/frontend.min.js?ver=4.2.0 HTTP/1.1" 304 - "https://academy.kohlsolucoes.com.br/" "Mozilla/5.0 (iPhone; CPU iPhone OS 18_7 like Mac OS X) AppleWebKit/605.1.15 (KHTML, like Gecko) Version/26.5.2 Mobile/15E148 Safari/604.1"
170.238.251.110 - - [31/Jul/2026:10:27:54 -0300] "GET /wp-content/plugins/edubin-core/assets/css/widget/title.css?ver=9.5.16 HTTP/1.1" 304 - "https://academy.kohlsolucoes.com.br/" "Mozilla/5.0 (iPhone; CPU iPhone OS 18_7 like Mac OS X) AppleWebKit/605.1.15 (KHTML, like Gecko) Version/26.5.2 Mobile/15E148 Safari/604.1"
170.238.251.110 - - [31/Jul/2026:10:27:54 -0300] "GET /wp-content/plugins/edubin-core/assets/css/widget/animation.css?ver=1.0.3 HTTP/1.1" 304 - "https://academy.kohlsolucoes.com.br/" "Mozilla/5.0 (iPhone; CPU iPhone OS 18_7 like Mac OS X) AppleWebKit/605.1.15 (KHTML, like Gecko) Version/26.5.2 Mobile/15E148 Safari/604.1"
170.238.251.110 - - [31/Jul/2026:10:27:54 -0300] "GET /wp-content/plugins/edubin-core/assets/css/widget/isotope.css?ver=9.5.16 HTTP/1.1" 304 - "https://academy.kohlsolucoes.com.br/" "Mozilla/5.0 (iPhone; CPU iPhone OS 18_7 like Mac OS X) AppleWebKit/605.1.15 (KHTML, like Gecko) Version/26.5.2 Mobile/15E148 Safari/604.1"
170.238.251.110 - - [31/Jul/2026:10:27:54 -0300] "GET /wp-content/plugins/edubin-core/assets/js/swiper-bundle.min.js?ver=1.0.3 HTTP/1.1" 304 - "https://academy.kohlsolucoes.com.br/" "Mozilla/5.0 (iPhone; CPU iPhone OS 18_7 like Mac OS X) AppleWebKit/605.1.15 (KHTML, like Gecko) Version/26.5.2 Mobile/15E148 Safari/604.1"
170.238.251.110 - - [31/Jul/2026:10:27:54 -0300] "GET /wp-content/plugins/edubin-core/assets/js/edubin-animation.min.js?ver=9.5.16 HTTP/1.1" 304 - "https://academy.kohlsolucoes.com.br/" "Mozilla/5.0 (iPhone; CPU iPhone OS 18_7 like Mac OS X) AppleWebKit/605.1.15 (KHTML, like Gecko) Version/26.5.2 Mobile/15E148 Safari/604.1"
170.238.251.110 - - [31/Jul/2026:10:27:54 -0300] "GET /wp-content/plugins/elementor-pro/assets/js/webpack-pro.runtime.min.js?ver=4.2.0 HTTP/1.1" 304 - "https://academy.kohlsolucoes.com.br/" "Mozilla/5.0 (iPhone; CPU iPhone OS 18_7 like Mac OS X) AppleWebKit/605.1.15 (KHTML, like Gecko) Version/26.5.2 Mobile/15E148 Safari/604.1"
170.238.251.110 - - [31/Jul/2026:10:27:54 -0300] "GET /wp-content/plugins/elementor-pro/assets/js/elements-handlers.min.js?ver=4.2.0 HTTP/1.1" 304 - "https://academy.kohlsolucoes.com.br/" "Mozilla/5.0 (iPhone; CPU iPhone OS 18_7 like Mac OS X) AppleWebKit/605.1.15 (KHTML, like Gecko) Version/26.5.2 Mobile/15E148 Safari/604.1"
170.238.251.110 - - [31/Jul/2026:10:27:54 -0300] "GET /wp-content/plugins/edubin-core/assets/js/tilt.jquery.min.js?ver=9.5.16 HTTP/1.1" 304 - "https://academy.kohlsolucoes.com.br/" "Mozilla/5.0 (iPhone; CPU iPhone OS 18_7 like Mac OS X) AppleWebKit/605.1.15 (KHTML, like Gecko) Version/26.5.2 Mobile/15E148 Safari/604.1"
170.238.251.110 - - [31/Jul/2026:10:27:54 -0300] "GET /wp-content/plugins/edubin-core/assets/js/isotope.min.js?ver=1.0.3 HTTP/1.1" 304 - "https://academy.kohlsolucoes.com.br/" "Mozilla/5.0 (iPhone; CPU iPhone OS 18_7 like Mac OS X) AppleWebKit/605.1.15 (KHTML, like Gecko) Version/26.5.2 Mobile/15E148 Safari/604.1"
170.238.251.110 - - [31/Jul/2026:10:27:54 -0300] "GET /wp-content/uploads/2026/05/EDUBIN0605.png HTTP/1.1" 304 - "https://academy.kohlsolucoes.com.br/" "Mozilla/5.0 (iPhone; CPU iPhone OS 18_7 like Mac OS X) AppleWebKit/605.1.15 (KHTML, like Gecko) Version/26.5.2 Mobile/15E148 Safari/604.1"
170.238.251.110 - - [31/Jul/2026:10:27:54 -0300] "GET /wp-content/plugins/elementor/assets/css/frontend.min.css?ver=4.2.0 HTTP/1.1" 304 - "https://academy.kohlsolucoes.com.br/" "Mozilla/5.0 (iPhone; CPU iPhone OS 18_7 like Mac OS X) AppleWebKit/605.1.15 (KHTML, like Gecko) Version/26.5.2 Mobile/15E148 Safari/604.1"
170.238.251.110 - - [31/Jul/2026:10:27:54 -0300] "GET /wp-content/uploads/2026/05/academy.png HTTP/1.1" 304 - "https://academy.kohlsolucoes.com.br/" "Mozilla/5.0 (iPhone; CPU iPhone OS 18_7 like Mac OS X) AppleWebKit/605.1.15 (KHTML, like Gecko) Version/26.5.2 Mobile/15E148 Safari/604.1"
170.238.251.110 - - [31/Jul/2026:10:27:54 -0300] "GET /wp-content/uploads/elementor/css/post-30.css?ver=1785095733 HTTP/1.1" 304 - "https://academy.kohlsolucoes.com.br/" "Mozilla/5.0 (iPhone; CPU iPhone OS 18_7 like Mac OS X) AppleWebKit/605.1.15 (KHTML, like Gecko) Version/26.5.2 Mobile/15E148 Safari/604.1"
170.238.251.110 - - [31/Jul/2026:10:27:54 -0300] "GET /wp-content/plugins/elementor/assets/js/webpack.runtime.min.js?ver=4.2.0 HTTP/1.1" 304 - "https://academy.kohlsolucoes.com.br/" "Mozilla/5.0 (iPhone; CPU iPhone OS 18_7 like Mac OS X) AppleWebKit/605.1.15 (KHTML, like Gecko) Version/26.5.2 Mobile/15E148 Safari/604.1"
170.238.251.110 - - [31/Jul/2026:10:27:54 -0300] "GET /wp-content/plugins/elementor/assets/js/frontend-modules.min.js?ver=4.2.0 HTTP/1.1" 304 - "https://academy.kohlsolucoes.com.br/" "Mozilla/5.0 (iPhone; CPU iPhone OS 18_7 like Mac OS X) AppleWebKit/605.1.15 (KHTML, like Gecko) Version/26.5.2 Mobile/15E148 Safari/604.1"
170.238.251.110 - - [31/Jul/2026:10:27:54 -0300] "GET /wp-content/uploads/2026/05/EDUBIN0603.png HTTP/1.1" 304 - "https://academy.kohlsolucoes.com.br/" "Mozilla/5.0 (iPhone; CPU iPhone OS 18_7 like Mac OS X) AppleWebKit/605.1.15 (KHTML, like Gecko) Version/26.5.2 Mobile/15E148 Safari/604.1"
170.238.251.110 - - [31/Jul/2026:10:27:54 -0300] "GET /wp-content/uploads/2026/05/EDUBIN0601.jpg HTTP/1.1" 304 - "https://academy.kohlsolucoes.com.br/" "Mozilla/5.0 (iPhone; CPU iPhone OS 18_7 like Mac OS X) AppleWebKit/605.1.15 (KHTML, like Gecko) Version/26.5.2 Mobile/15E148 Safari/604.1"
170.238.251.110 - - [31/Jul/2026:10:27:54 -0300] "GET /wp-content/uploads/2026/05/EDUBIN0521.png HTTP/1.1" 304 - "https://academy.kohlsolucoes.com.br/" "Mozilla/5.0 (iPhone; CPU iPhone OS 18_7 like Mac OS X) AppleWebKit/605.1.15 (KHTML, like Gecko) Version/26.5.2 Mobile/15E148 Safari/604.1"
170.238.251.110 - - [31/Jul/2026:10:27:54 -0300] "GET /wp-content/plugins/elementor/assets/js/text-editor.45609661e409413f1cef.bundle.min.js HTTP/1.1" 304 - "https://academy.kohlsolucoes.com.br/" "Mozilla/5.0 (iPhone; CPU iPhone OS 18_7 like Mac OS X) AppleWebKit/605.1.15 (KHTML, like Gecko) Version/26.5.2 Mobile/15E148 Safari/604.1"
170.238.251.110 - - [31/Jul/2026:10:27:54 -0300] "GET /wp-content/plugins/elementor/assets/js/shared-frontend-handlers.03caa53373b56d3bab67.bundle.min.js HTTP/1.1" 304 - "https://academy.kohlsolucoes.com.br/" "Mozilla/5.0 (iPhone; CPU iPhone OS 18_7 like Mac OS X) AppleWebKit/605.1.15 (KHTML, like Gecko) Version/26.5.2 Mobile/15E148 Safari/604.1"
129.121.49.162 - - [31/Jul/2026:10:28:07 -0300] "POST /wp-cron.php?doing_wp_cron=1785504487.0086300373077392578125 HTTP/1.1" 200 - "-" "WordPress/7.0.2; https://academy.kohlsolucoes.com.br"
170.238.251.110 - - [31/Jul/2026:10:28:06 -0300] "POST /cursos/lgpd-aplicada-a-educacao-publica-sonora/ HTTP/1.1" 302 - "https://academy.kohlsolucoes.com.br/cursos/lgpd-aplicada-a-educacao-publica-sonora/" "Mozilla/5.0 (iPhone; CPU iPhone OS 18_7 like Mac OS X) AppleWebKit/605.1.15 (KHTML, like Gecko) Version/26.5.2 Mobile/15E148 Safari/604.1"
170.238.251.110 - - [31/Jul/2026:10:28:07 -0300] "GET /cursos/lgpd-aplicada-a-educacao-publica-sonora/ HTTP/1.1" 200 189960 "https://academy.kohlsolucoes.com.br/cursos/lgpd-aplicada-a-educacao-publica-sonora/" "Mozilla/5.0 (iPhone; CPU iPhone OS 18_7 like Mac OS X) AppleWebKit/605.1.15 (KHTML, like Gecko) Version/26.5.2 Mobile/15E148 Safari/604.1"
170.238.251.110 - - [31/Jul/2026:10:28:07 -0300] "GET /wp-includes/js/utils.min.js?ver=7.0.2 HTTP/1.1" 304 - "https://academy.kohlsolucoes.com.br/cursos/lgpd-aplicada-a-educacao-publica-sonora/" "Mozilla/5.0 (iPhone; CPU iPhone OS 18_7 like Mac OS X) AppleWebKit/605.1.15 (KHTML, like Gecko) Version/26.5.2 Mobile/15E148 Safari/604.1"
170.238.251.110 - - [31/Jul/2026:10:28:07 -0300] "GET /wp-admin/js/editor.min.js?ver=7.0.2 HTTP/1.1" 304 - "https://academy.kohlsolucoes.com.br/cursos/lgpd-aplicada-a-educacao-publica-sonora/" "Mozilla/5.0 (iPhone; CPU iPhone OS 18_7 like Mac OS X) AppleWebKit/605.1.15 (KHTML, like Gecko) Version/26.5.2 Mobile/15E148 Safari/604.1"
170.238.251.110 - - [31/Jul/2026:10:28:07 -0300] "GET /wp-includes/js/hoverIntent.min.js?ver=1.10.2 HTTP/1.1" 304 - "https://academy.kohlsolucoes.com.br/cursos/lgpd-aplicada-a-educacao-publica-sonora/" "Mozilla/5.0 (iPhone; CPU iPhone OS 18_7 like Mac OS X) AppleWebKit/605.1.15 (KHTML, like Gecko) Version/26.5.2 Mobile/15E148 Safari/604.1"
170.238.251.110 - - [31/Jul/2026:10:28:07 -0300] "GET /wp-includes/js/tinymce/tinymce.min.js?ver=49110-20250317 HTTP/1.1" 304 - "https://academy.kohlsolucoes.com.br/cursos/lgpd-aplicada-a-educacao-publica-sonora/" "Mozilla/5.0 (iPhone; CPU iPhone OS 18_7 like Mac OS X) AppleWebKit/605.1.15 (KHTML, like Gecko) Version/26.5.2 Mobile/15E148 Safari/604.1"
170.238.251.110 - - [31/Jul/2026:10:28:07 -0300] "GET /wp-includes/js/tinymce/plugins/compat3x/plugin.min.js?ver=49110-20250317 HTTP/1.1" 304 - "https://academy.kohlsolucoes.com.br/cursos/lgpd-aplicada-a-educacao-publica-sonora/" "Mozilla/5.0 (iPhone; CPU iPhone OS 18_7 like Mac OS X) AppleWebKit/605.1.15 (KHTML, like Gecko) Version/26.5.2 Mobile/15E148 Safari/604.1"
170.238.251.110 - - [31/Jul/2026:10:28:08 -0300] "POST /wp-admin/admin-ajax.php HTTP/1.1" 200 52 "https://academy.kohlsolucoes.com.br/cursos/lgpd-aplicada-a-educacao-publica-sonora/" "Mozilla/5.0 (iPhone; CPU iPhone OS 18_7 like Mac OS X) AppleWebKit/605.1.15 (KHTML, like Gecko) Version/26.5.2 Mobile/15E148 Safari/604.1"
2804:18:119:e43:2d43:7dc:83b0:6899 - - [31/Jul/2026:10:28:09 -0300] "GET /cursos/lgpd-aplicada-a-educacao-publica-sonora/atividade/tire-suas-duvidas-3/ HTTP/1.1" 200 187875 "https://academy.kohlsolucoes.com.br/cursos/lgpd-aplicada-a-educacao-publica-sonora/atividade/avaliacao-de-conhecimentos-3/" "Mozilla/5.0 (iPhone; CPU iPhone OS 18_7 like Mac OS X) AppleWebKit/605.1.15 (KHTML, like Gecko) Version/26.5.2 Mobile/15E148 Safari/604.1"
2804:18:119:e43:2d43:7dc:83b0:6899 - - [31/Jul/2026:10:28:11 -0300] "GET /cursos/lgpd-aplicada-a-educacao-publica-sonora/atividade/avaliacao-de-conhecimentos-3/ HTTP/1.1" 200 232239 "https://academy.kohlsolucoes.com.br/cursos/lgpd-aplicada-a-educacao-publica-sonora/atividade/tire-suas-duvidas-3/" "Mozilla/5.0 (iPhone; CPU iPhone OS 18_7 like Mac OS X) AppleWebKit/605.1.15 (KHTML, like Gecko) Version/26.5.2 Mobile/15E148 Safari/604.1"
170.238.251.110 - - [31/Jul/2026:10:28:11 -0300] "GET /cursos/lgpd-aplicada-a-educacao-publica-sonora/atividade/aula-01-conceitos-importantes-4/ HTTP/1.1" 200 190034 "https://academy.kohlsolucoes.com.br/cursos/lgpd-aplicada-a-educacao-publica-sonora/" "Mozilla/5.0 (iPhone; CPU iPhone OS 18_7 like Mac OS X) AppleWebKit/605.1.15 (KHTML, like Gecko) Version/26.5.2 Mobile/15E148 Safari/604.1"
170.238.251.110 - - [31/Jul/2026:10:28:11 -0300] "GET /wp-includes/js/comment-reply.min.js?ver=7.0.2 HTTP/1.1" 304 - "https://academy.kohlsolucoes.com.br/cursos/lgpd-aplicada-a-educacao-publica-sonora/atividade/aula-01-conceitos-importantes-4/" "Mozilla/5.0 (iPhone; CPU iPhone OS 18_7 like Mac OS X) AppleWebKit/605.1.15 (KHTML, like Gecko) Version/26.5.2 Mobile/15E148 Safari/604.1"
170.238.251.110 - - [31/Jul/2026:10:28:11 -0300] "GET /wp-content/plugins/tutor-pro/assets/js/lesson-notes.js?ver=3.9.13 HTTP/1.1" 304 - "https://academy.kohlsolucoes.com.br/cursos/lgpd-aplicada-a-educacao-publica-sonora/atividade/aula-01-conceitos-importantes-4/" "Mozilla/5.0 (iPhone; CPU iPhone OS 18_7 like Mac OS X) AppleWebKit/605.1.15 (KHTML, like Gecko) Version/26.5.2 Mobile/15E148 Safari/604.1"
170.238.251.110 - - [31/Jul/2026:10:28:11 -0300] "GET /wp-content/themes/edubin/assets/css/comments.css?ver=1.0.3 HTTP/1.1" 304 - "https://academy.kohlsolucoes.com.br/cursos/lgpd-aplicada-a-educacao-publica-sonora/atividade/aula-01-conceitos-importantes-4/" "Mozilla/5.0 (iPhone; CPU iPhone OS 18_7 like Mac OS X) AppleWebKit/605.1.15 (KHTML, like Gecko) Version/26.5.2 Mobile/15E148 Safari/604.1"
