138.0.134.191 - - [31/Jul/2026:15:15:03 -0300] "POST /wp-admin/admin-ajax.php HTTP/1.1" 200 - "https://academy.kohlsolucoes.com.br/cursos/lgpd-aplicada-a-educacao-publica-sonora/atividade/aula-01-conceitos-importantes-4/" "Mozilla/5.0 (Linux; Android 10; K) AppleWebKit/537.36 (KHTML, like Gecko) Chrome/150.0.0.0 Mobile Safari/537.36"
170.238.251.110 - - [31/Jul/2026:15:15:03 -0300] "POST /wp-admin/admin-ajax.php HTTP/1.1" 200 - "https://academy.kohlsolucoes.com.br/cursos/lgpd-aplicada-a-educacao-publica-sonora/atividade/aula-04-penalizacoes-e-fiscalizacao-2/" "Mozilla/5.0 (iPhone; CPU iPhone OS 18_7 like Mac OS X) AppleWebKit/605.1.15 (KHTML, like Gecko) Version/27.0 Mobile/15E148 Safari/604.1"
2804:36b4:9040:7800:947:3612:4450:f025 - - [31/Jul/2026:15:15:05 -0300] "GET /wp-content/uploads/tutor-certificates/Ljh41twiD7-c99e58d8ffc29846.jpg HTTP/1.1" 404 154783 "https://academy.kohlsolucoes.com.br/tutor-certificate/?cert_hash=c99e58d8ffc29846" "Mozilla/5.0 (Linux; Android 10; K) AppleWebKit/537.36 (KHTML, like Gecko) Chrome/149.0.0.0 Mobile Safari/537.36 OPR/100.0.0.0"
2804:36b4:9040:7800:947:3612:4450:f025 - - [31/Jul/2026:15:15:05 -0300] "GET /wp-content/uploads/tutor-certificates/QE69lVJgUp-c99e58d8ffc29846.jpg HTTP/1.1" 404 154783 "https://academy.kohlsolucoes.com.br/tutor-certificate/?cert_hash=c99e58d8ffc29846" "Mozilla/5.0 (Linux; Android 10; K) AppleWebKit/537.36 (KHTML, like Gecko) Chrome/149.0.0.0 Mobile Safari/537.36 OPR/100.0.0.0"
2804:36b4:9040:7800:947:3612:4450:f025 - - [31/Jul/2026:15:15:05 -0300] "GET /wp-content/uploads/tutor-certificates/p75CWefxRB-c99e58d8ffc29846.jpg HTTP/1.1" 404 154783 "https://academy.kohlsolucoes.com.br/tutor-certificate/?cert_hash=c99e58d8ffc29846" "Mozilla/5.0 (Linux; Android 10; K) AppleWebKit/537.36 (KHTML, like Gecko) Chrome/149.0.0.0 Mobile Safari/537.36 OPR/100.0.0.0"
138.0.134.191 - - [31/Jul/2026:15:15:13 -0300] "POST /wp-admin/admin-ajax.php HTTP/1.1" 200 - "https://academy.kohlsolucoes.com.br/cursos/lgpd-aplicada-a-educacao-publica-sonora/atividade/aula-01-conceitos-importantes-4/" "Mozilla/5.0 (Linux; Android 10; K) AppleWebKit/537.36 (KHTML, like Gecko) Chrome/150.0.0.0 Mobile Safari/537.36"
170.238.251.110 - - [31/Jul/2026:15:15:13 -0300] "POST /wp-admin/admin-ajax.php HTTP/1.1" 200 - "https://academy.kohlsolucoes.com.br/cursos/lgpd-aplicada-a-educacao-publica-sonora/atividade/aula-04-penalizacoes-e-fiscalizacao-2/" "Mozilla/5.0 (iPhone; CPU iPhone OS 18_7 like Mac OS X) AppleWebKit/605.1.15 (KHTML, like Gecko) Version/27.0 Mobile/15E148 Safari/604.1"
129.121.49.162 - - [31/Jul/2026:15:15:23 -0300] "POST /wp-cron.php?doing_wp_cron=1785521723.7689480781555175781250 HTTP/1.1" 200 - "-" "WordPress/7.0.2; https://academy.kohlsolucoes.com.br"
170.238.251.110 - - [31/Jul/2026:15:15:23 -0300] "POST /wp-admin/admin-ajax.php HTTP/1.1" 200 - "https://academy.kohlsolucoes.com.br/cursos/lgpd-aplicada-a-educacao-publica-sonora/atividade/aula-04-penalizacoes-e-fiscalizacao-2/" "Mozilla/5.0 (iPhone; CPU iPhone OS 18_7 like Mac OS X) AppleWebKit/605.1.15 (KHTML, like Gecko) Version/27.0 Mobile/15E148 Safari/604.1"
129.121.49.162 - - [31/Jul/2026:15:15:24 -0300] "POST /wp-cron.php?doing_wp_cron=1785521724.6538329124450683593750 HTTP/1.1" 200 - "-" "WordPress/7.0.2; https://academy.kohlsolucoes.com.br"
138.0.134.191 - - [31/Jul/2026:15:15:23 -0300] "POST /wp-admin/admin-ajax.php HTTP/1.1" 200 - "https://academy.kohlsolucoes.com.br/cursos/lgpd-aplicada-a-educacao-publica-sonora/atividade/aula-01-conceitos-importantes-4/" "Mozilla/5.0 (Linux; Android 10; K) AppleWebKit/537.36 (KHTML, like Gecko) Chrome/150.0.0.0 Mobile Safari/537.36"
129.121.49.162 - - [31/Jul/2026:15:15:23 -0300] "POST /wp-admin/admin-ajax.php?action=as_async_request_queue_runner&nonce=525c9d9a39 HTTP/1.1" 200 - "-" "WordPress/7.0.2; https://academy.kohlsolucoes.com.br"
138.0.134.191 - - [31/Jul/2026:15:15:33 -0300] "POST /wp-admin/admin-ajax.php HTTP/1.1" 200 - "https://academy.kohlsolucoes.com.br/cursos/lgpd-aplicada-a-educacao-publica-sonora/atividade/aula-01-conceitos-importantes-4/" "Mozilla/5.0 (Linux; Android 10; K) AppleWebKit/537.36 (KHTML, like Gecko) Chrome/150.0.0.0 Mobile Safari/537.36"
170.238.251.110 - - [31/Jul/2026:15:15:33 -0300] "POST /wp-admin/admin-ajax.php HTTP/1.1" 200 - "https://academy.kohlsolucoes.com.br/cursos/lgpd-aplicada-a-educacao-publica-sonora/atividade/aula-04-penalizacoes-e-fiscalizacao-2/" "Mozilla/5.0 (iPhone; CPU iPhone OS 18_7 like Mac OS X) AppleWebKit/605.1.15 (KHTML, like Gecko) Version/27.0 Mobile/15E148 Safari/604.1"
138.0.134.191 - - [31/Jul/2026:15:15:43 -0300] "POST /wp-admin/admin-ajax.php HTTP/1.1" 200 - "https://academy.kohlsolucoes.com.br/cursos/lgpd-aplicada-a-educacao-publica-sonora/atividade/aula-01-conceitos-importantes-4/" "Mozilla/5.0 (Linux; Android 10; K) AppleWebKit/537.36 (KHTML, like Gecko) Chrome/150.0.0.0 Mobile Safari/537.36"
170.238.251.110 - - [31/Jul/2026:15:15:43 -0300] "POST /wp-admin/admin-ajax.php HTTP/1.1" 200 - "https://academy.kohlsolucoes.com.br/cursos/lgpd-aplicada-a-educacao-publica-sonora/atividade/aula-04-penalizacoes-e-fiscalizacao-2/" "Mozilla/5.0 (iPhone; CPU iPhone OS 18_7 like Mac OS X) AppleWebKit/605.1.15 (KHTML, like Gecko) Version/27.0 Mobile/15E148 Safari/604.1"
129.121.49.162 - - [31/Jul/2026:15:15:53 -0300] "POST /wp-cron.php?doing_wp_cron=1785521753.6636230945587158203125 HTTP/1.1" 200 - "-" "WordPress/7.0.2; https://academy.kohlsolucoes.com.br"
138.0.134.191 - - [31/Jul/2026:15:15:53 -0300] "POST /wp-admin/admin-ajax.php HTTP/1.1" 200 - "https://academy.kohlsolucoes.com.br/cursos/lgpd-aplicada-a-educacao-publica-sonora/atividade/aula-01-conceitos-importantes-4/" "Mozilla/5.0 (Linux; Android 10; K) AppleWebKit/537.36 (KHTML, like Gecko) Chrome/150.0.0.0 Mobile Safari/537.36"
170.238.251.110 - - [31/Jul/2026:15:15:53 -0300] "POST /wp-admin/admin-ajax.php HTTP/1.1" 200 - "https://academy.kohlsolucoes.com.br/cursos/lgpd-aplicada-a-educacao-publica-sonora/atividade/aula-04-penalizacoes-e-fiscalizacao-2/" "Mozilla/5.0 (iPhone; CPU iPhone OS 18_7 like Mac OS X) AppleWebKit/605.1.15 (KHTML, like Gecko) Version/27.0 Mobile/15E148 Safari/604.1"
138.0.134.191 - - [31/Jul/2026:15:16:03 -0300] "POST /wp-admin/admin-ajax.php HTTP/1.1" 200 - "https://academy.kohlsolucoes.com.br/cursos/lgpd-aplicada-a-educacao-publica-sonora/atividade/aula-01-conceitos-importantes-4/" "Mozilla/5.0 (Linux; Android 10; K) AppleWebKit/537.36 (KHTML, like Gecko) Chrome/150.0.0.0 Mobile Safari/537.36"
170.238.251.110 - - [31/Jul/2026:15:16:03 -0300] "POST /wp-admin/admin-ajax.php HTTP/1.1" 200 - "https://academy.kohlsolucoes.com.br/cursos/lgpd-aplicada-a-educacao-publica-sonora/atividade/aula-04-penalizacoes-e-fiscalizacao-2/" "Mozilla/5.0 (iPhone; CPU iPhone OS 18_7 like Mac OS X) AppleWebKit/605.1.15 (KHTML, like Gecko) Version/27.0 Mobile/15E148 Safari/604.1"
129.121.49.162 - - [31/Jul/2026:15:16:13 -0300] "POST /wp-cron.php?doing_wp_cron=1785521773.6497869491577148437500 HTTP/1.1" 200 - "-" "WordPress/7.0.2; https://academy.kohlsolucoes.com.br"
138.0.134.191 - - [31/Jul/2026:15:16:13 -0300] "POST /wp-admin/admin-ajax.php HTTP/1.1" 200 - "https://academy.kohlsolucoes.com.br/cursos/lgpd-aplicada-a-educacao-publica-sonora/atividade/aula-01-conceitos-importantes-4/" "Mozilla/5.0 (Linux; Android 10; K) AppleWebKit/537.36 (KHTML, like Gecko) Chrome/150.0.0.0 Mobile Safari/537.36"
170.238.251.110 - - [31/Jul/2026:15:16:13 -0300] "POST /wp-admin/admin-ajax.php HTTP/1.1" 200 - "https://academy.kohlsolucoes.com.br/cursos/lgpd-aplicada-a-educacao-publica-sonora/atividade/aula-04-penalizacoes-e-fiscalizacao-2/" "Mozilla/5.0 (iPhone; CPU iPhone OS 18_7 like Mac OS X) AppleWebKit/605.1.15 (KHTML, like Gecko) Version/27.0 Mobile/15E148 Safari/604.1"
138.0.134.191 - - [31/Jul/2026:15:16:23 -0300] "POST /wp-admin/admin-ajax.php HTTP/1.1" 200 - "https://academy.kohlsolucoes.com.br/cursos/lgpd-aplicada-a-educacao-publica-sonora/atividade/aula-01-conceitos-importantes-4/" "Mozilla/5.0 (Linux; Android 10; K) AppleWebKit/537.36 (KHTML, like Gecko) Chrome/150.0.0.0 Mobile Safari/537.36"
170.238.251.110 - - [31/Jul/2026:15:16:23 -0300] "POST /wp-admin/admin-ajax.php HTTP/1.1" 200 - "https://academy.kohlsolucoes.com.br/cursos/lgpd-aplicada-a-educacao-publica-sonora/atividade/aula-04-penalizacoes-e-fiscalizacao-2/" "Mozilla/5.0 (iPhone; CPU iPhone OS 18_7 like Mac OS X) AppleWebKit/605.1.15 (KHTML, like Gecko) Version/27.0 Mobile/15E148 Safari/604.1"
170.238.251.110 - - [31/Jul/2026:15:16:33 -0300] "POST /wp-admin/admin-ajax.php HTTP/1.1" 200 - "https://academy.kohlsolucoes.com.br/cursos/lgpd-aplicada-a-educacao-publica-sonora/atividade/aula-04-penalizacoes-e-fiscalizacao-2/" "Mozilla/5.0 (iPhone; CPU iPhone OS 18_7 like Mac OS X) AppleWebKit/605.1.15 (KHTML, like Gecko) Version/27.0 Mobile/15E148 Safari/604.1"
138.0.134.191 - - [31/Jul/2026:15:16:33 -0300] "POST /wp-admin/admin-ajax.php HTTP/1.1" 200 - "https://academy.kohlsolucoes.com.br/cursos/lgpd-aplicada-a-educacao-publica-sonora/atividade/aula-01-conceitos-importantes-4/" "Mozilla/5.0 (Linux; Android 10; K) AppleWebKit/537.36 (KHTML, like Gecko) Chrome/150.0.0.0 Mobile Safari/537.36"
129.121.49.162 - - [31/Jul/2026:15:16:33 -0300] "POST /wp-admin/admin-ajax.php?action=as_async_request_queue_runner&nonce=525c9d9a39 HTTP/1.1" 200 - "-" "WordPress/7.0.2; https://academy.kohlsolucoes.com.br"
138.0.134.191 - - [31/Jul/2026:15:16:43 -0300] "POST /wp-admin/admin-ajax.php HTTP/1.1" 200 - "https://academy.kohlsolucoes.com.br/cursos/lgpd-aplicada-a-educacao-publica-sonora/atividade/aula-01-conceitos-importantes-4/" "Mozilla/5.0 (Linux; Android 10; K) AppleWebKit/537.36 (KHTML, like Gecko) Chrome/150.0.0.0 Mobile Safari/537.36"
170.238.251.110 - - [31/Jul/2026:15:16:43 -0300] "POST /wp-admin/admin-ajax.php HTTP/1.1" 200 - "https://academy.kohlsolucoes.com.br/cursos/lgpd-aplicada-a-educacao-publica-sonora/atividade/aula-04-penalizacoes-e-fiscalizacao-2/" "Mozilla/5.0 (iPhone; CPU iPhone OS 18_7 like Mac OS X) AppleWebKit/605.1.15 (KHTML, like Gecko) Version/27.0 Mobile/15E148 Safari/604.1"
138.0.134.191 - - [31/Jul/2026:15:16:53 -0300] "POST /wp-admin/admin-ajax.php HTTP/1.1" 200 - "https://academy.kohlsolucoes.com.br/cursos/lgpd-aplicada-a-educacao-publica-sonora/atividade/aula-01-conceitos-importantes-4/" "Mozilla/5.0 (Linux; Android 10; K) AppleWebKit/537.36 (KHTML, like Gecko) Chrome/150.0.0.0 Mobile Safari/537.36"
170.238.251.110 - - [31/Jul/2026:15:16:53 -0300] "POST /wp-admin/admin-ajax.php HTTP/1.1" 200 - "https://academy.kohlsolucoes.com.br/cursos/lgpd-aplicada-a-educacao-publica-sonora/atividade/aula-04-penalizacoes-e-fiscalizacao-2/" "Mozilla/5.0 (iPhone; CPU iPhone OS 18_7 like Mac OS X) AppleWebKit/605.1.15 (KHTML, like Gecko) Version/27.0 Mobile/15E148 Safari/604.1"
138.0.134.191 - - [31/Jul/2026:15:17:03 -0300] "POST /wp-admin/admin-ajax.php HTTP/1.1" 200 - "https://academy.kohlsolucoes.com.br/cursos/lgpd-aplicada-a-educacao-publica-sonora/atividade/aula-01-conceitos-importantes-4/" "Mozilla/5.0 (Linux; Android 10; K) AppleWebKit/537.36 (KHTML, like Gecko) Chrome/150.0.0.0 Mobile Safari/537.36"
170.238.251.110 - - [31/Jul/2026:15:17:03 -0300] "POST /wp-admin/admin-ajax.php HTTP/1.1" 200 - "https://academy.kohlsolucoes.com.br/cursos/lgpd-aplicada-a-educacao-publica-sonora/atividade/aula-04-penalizacoes-e-fiscalizacao-2/" "Mozilla/5.0 (iPhone; CPU iPhone OS 18_7 like Mac OS X) AppleWebKit/605.1.15 (KHTML, like Gecko) Version/27.0 Mobile/15E148 Safari/604.1"
170.238.251.110 - - [31/Jul/2026:15:17:06 -0300] "POST /wp-admin/admin-ajax.php HTTP/1.1" 200 159 "https://academy.kohlsolucoes.com.br/cursos/lgpd-aplicada-a-educacao-publica-sonora/atividade/aula-04-penalizacoes-e-fiscalizacao-2/" "Mozilla/5.0 (iPhone; CPU iPhone OS 18_7 like Mac OS X) AppleWebKit/605.1.15 (KHTML, like Gecko) Version/27.0 Mobile/15E148 Safari/604.1"
170.238.251.110 - - [31/Jul/2026:15:17:06 -0300] "POST /wp-admin/admin-ajax.php HTTP/1.1" 200 - "https://academy.kohlsolucoes.com.br/cursos/lgpd-aplicada-a-educacao-publica-sonora/atividade/aula-04-penalizacoes-e-fiscalizacao-2/" "Mozilla/5.0 (iPhone; CPU iPhone OS 18_7 like Mac OS X) AppleWebKit/605.1.15 (KHTML, like Gecko) Version/27.0 Mobile/15E148 Safari/604.1"
129.121.49.162 - - [31/Jul/2026:15:17:06 -0300] "POST /wp-cron.php?doing_wp_cron=1785521826.2292020320892333984375 HTTP/1.1" 200 - "-" "WordPress/7.0.2; https://academy.kohlsolucoes.com.br"
170.238.251.110 - - [31/Jul/2026:15:17:06 -0300] "POST /wp-admin/admin-ajax.php HTTP/1.1" 200 - "https://academy.kohlsolucoes.com.br/cursos/lgpd-aplicada-a-educacao-publica-sonora/atividade/aula-04-penalizacoes-e-fiscalizacao-2/" "Mozilla/5.0 (iPhone; CPU iPhone OS 18_7 like Mac OS X) AppleWebKit/605.1.15 (KHTML, like Gecko) Version/27.0 Mobile/15E148 Safari/604.1"
170.238.251.110 - - [31/Jul/2026:15:17:06 -0300] "GET /cursos/lgpd-aplicada-a-educacao-publica-sonora/atividade/material-de-apoio-2/ HTTP/1.1" 200 194145 "https://academy.kohlsolucoes.com.br/cursos/lgpd-aplicada-a-educacao-publica-sonora/atividade/aula-04-penalizacoes-e-fiscalizacao-2/" "Mozilla/5.0 (iPhone; CPU iPhone OS 18_7 like Mac OS X) AppleWebKit/605.1.15 (KHTML, like Gecko) Version/27.0 Mobile/15E148 Safari/604.1"
129.121.49.162 - - [31/Jul/2026:15:17:13 -0300] "POST /wp-cron.php?doing_wp_cron=1785521833.6772999763488769531250 HTTP/1.1" 200 - "-" "WordPress/7.0.2; https://academy.kohlsolucoes.com.br"
138.0.134.191 - - [31/Jul/2026:15:17:13 -0300] "POST /wp-admin/admin-ajax.php HTTP/1.1" 200 - "https://academy.kohlsolucoes.com.br/cursos/lgpd-aplicada-a-educacao-publica-sonora/atividade/aula-01-conceitos-importantes-4/" "Mozilla/5.0 (Linux; Android 10; K) AppleWebKit/537.36 (KHTML, like Gecko) Chrome/150.0.0.0 Mobile Safari/537.36"
138.0.134.191 - - [31/Jul/2026:15:17:23 -0300] "POST /wp-admin/admin-ajax.php HTTP/1.1" 200 - "https://academy.kohlsolucoes.com.br/cursos/lgpd-aplicada-a-educacao-publica-sonora/atividade/aula-01-conceitos-importantes-4/" "Mozilla/5.0 (Linux; Android 10; K) AppleWebKit/537.36 (KHTML, like Gecko) Chrome/150.0.0.0 Mobile Safari/537.36"
138.0.134.191 - - [31/Jul/2026:15:17:33 -0300] "POST /wp-admin/admin-ajax.php HTTP/1.1" 200 - "https://academy.kohlsolucoes.com.br/cursos/lgpd-aplicada-a-educacao-publica-sonora/atividade/aula-01-conceitos-importantes-4/" "Mozilla/5.0 (Linux; Android 10; K) AppleWebKit/537.36 (KHTML, like Gecko) Chrome/150.0.0.0 Mobile Safari/537.36"
138.0.134.191 - - [31/Jul/2026:15:17:43 -0300] "POST /wp-admin/admin-ajax.php HTTP/1.1" 200 - "https://academy.kohlsolucoes.com.br/cursos/lgpd-aplicada-a-educacao-publica-sonora/atividade/aula-01-conceitos-importantes-4/" "Mozilla/5.0 (Linux; Android 10; K) AppleWebKit/537.36 (KHTML, like Gecko) Chrome/150.0.0.0 Mobile Safari/537.36"
129.121.49.162 - - [31/Jul/2026:15:17:43 -0300] "POST /wp-admin/admin-ajax.php?action=as_async_request_queue_runner&nonce=525c9d9a39 HTTP/1.1" 200 - "-" "WordPress/7.0.2; https://academy.kohlsolucoes.com.br"
138.0.134.191 - - [31/Jul/2026:15:17:53 -0300] "POST /wp-admin/admin-ajax.php HTTP/1.1" 200 - "https://academy.kohlsolucoes.com.br/cursos/lgpd-aplicada-a-educacao-publica-sonora/atividade/aula-01-conceitos-importantes-4/" "Mozilla/5.0 (Linux; Android 10; K) AppleWebKit/537.36 (KHTML, like Gecko) Chrome/150.0.0.0 Mobile Safari/537.36"
138.0.134.191 - - [31/Jul/2026:15:18:03 -0300] "POST /wp-admin/admin-ajax.php HTTP/1.1" 200 - "https://academy.kohlsolucoes.com.br/cursos/lgpd-aplicada-a-educacao-publica-sonora/atividade/aula-01-conceitos-importantes-4/" "Mozilla/5.0 (Linux; Android 10; K) AppleWebKit/537.36 (KHTML, like Gecko) Chrome/150.0.0.0 Mobile Safari/537.36"
129.121.49.162 - - [31/Jul/2026:15:18:13 -0300] "POST /wp-cron.php?doing_wp_cron=1785521893.6350290775299072265625 HTTP/1.1" 200 - "-" "WordPress/7.0.2; https://academy.kohlsolucoes.com.br"
138.0.134.191 - - [31/Jul/2026:15:18:13 -0300] "POST /wp-admin/admin-ajax.php HTTP/1.1" 200 - "https://academy.kohlsolucoes.com.br/cursos/lgpd-aplicada-a-educacao-publica-sonora/atividade/aula-01-conceitos-importantes-4/" "Mozilla/5.0 (Linux; Android 10; K) AppleWebKit/537.36 (KHTML, like Gecko) Chrome/150.0.0.0 Mobile Safari/537.36"
138.0.134.191 - - [31/Jul/2026:15:18:23 -0300] "POST /wp-admin/admin-ajax.php HTTP/1.1" 200 - "https://academy.kohlsolucoes.com.br/cursos/lgpd-aplicada-a-educacao-publica-sonora/atividade/aula-01-conceitos-importantes-4/" "Mozilla/5.0 (Linux; Android 10; K) AppleWebKit/537.36 (KHTML, like Gecko) Chrome/150.0.0.0 Mobile Safari/537.36"
138.0.134.191 - - [31/Jul/2026:15:18:33 -0300] "POST /wp-admin/admin-ajax.php HTTP/1.1" 200 - "https://academy.kohlsolucoes.com.br/cursos/lgpd-aplicada-a-educacao-publica-sonora/atividade/aula-01-conceitos-importantes-4/" "Mozilla/5.0 (Linux; Android 10; K) AppleWebKit/537.36 (KHTML, like Gecko) Chrome/150.0.0.0 Mobile Safari/537.36"
138.0.134.191 - - [31/Jul/2026:15:18:43 -0300] "POST /wp-admin/admin-ajax.php HTTP/1.1" 200 - "https://academy.kohlsolucoes.com.br/cursos/lgpd-aplicada-a-educacao-publica-sonora/atividade/aula-01-conceitos-importantes-4/" "Mozilla/5.0 (Linux; Android 10; K) AppleWebKit/537.36 (KHTML, like Gecko) Chrome/150.0.0.0 Mobile Safari/537.36"
138.0.134.191 - - [31/Jul/2026:15:18:53 -0300] "POST /wp-admin/admin-ajax.php HTTP/1.1" 200 - "https://academy.kohlsolucoes.com.br/cursos/lgpd-aplicada-a-educacao-publica-sonora/atividade/aula-01-conceitos-importantes-4/" "Mozilla/5.0 (Linux; Android 10; K) AppleWebKit/537.36 (KHTML, like Gecko) Chrome/150.0.0.0 Mobile Safari/537.36"
129.121.49.162 - - [31/Jul/2026:15:18:53 -0300] "POST /wp-admin/admin-ajax.php?action=as_async_request_queue_runner&nonce=525c9d9a39 HTTP/1.1" 200 - "-" "WordPress/7.0.2; https://academy.kohlsolucoes.com.br"
138.0.134.191 - - [31/Jul/2026:15:19:03 -0300] "POST /wp-admin/admin-ajax.php HTTP/1.1" 200 - "https://academy.kohlsolucoes.com.br/cursos/lgpd-aplicada-a-educacao-publica-sonora/atividade/aula-01-conceitos-importantes-4/" "Mozilla/5.0 (Linux; Android 10; K) AppleWebKit/537.36 (KHTML, like Gecko) Chrome/150.0.0.0 Mobile Safari/537.36"
129.121.49.162 - - [31/Jul/2026:15:19:13 -0300] "POST /wp-cron.php?doing_wp_cron=1785521953.6436529159545898437500 HTTP/1.1" 200 - "-" "WordPress/7.0.2; https://academy.kohlsolucoes.com.br"
138.0.134.191 - - [31/Jul/2026:15:19:13 -0300] "POST /wp-admin/admin-ajax.php HTTP/1.1" 200 - "https://academy.kohlsolucoes.com.br/cursos/lgpd-aplicada-a-educacao-publica-sonora/atividade/aula-01-conceitos-importantes-4/" "Mozilla/5.0 (Linux; Android 10; K) AppleWebKit/537.36 (KHTML, like Gecko) Chrome/150.0.0.0 Mobile Safari/537.36"
138.0.134.191 - - [31/Jul/2026:15:19:23 -0300] "POST /wp-admin/admin-ajax.php HTTP/1.1" 200 - "https://academy.kohlsolucoes.com.br/cursos/lgpd-aplicada-a-educacao-publica-sonora/atividade/aula-01-conceitos-importantes-4/" "Mozilla/5.0 (Linux; Android 10; K) AppleWebKit/537.36 (KHTML, like Gecko) Chrome/150.0.0.0 Mobile Safari/537.36"
129.121.49.162 - - [31/Jul/2026:15:19:33 -0300] "POST /wp-cron.php?doing_wp_cron=1785521973.6845541000366210937500 HTTP/1.1" 200 - "-" "WordPress/7.0.2; https://academy.kohlsolucoes.com.br"
138.0.134.191 - - [31/Jul/2026:15:19:33 -0300] "POST /wp-admin/admin-ajax.php HTTP/1.1" 200 - "https://academy.kohlsolucoes.com.br/cursos/lgpd-aplicada-a-educacao-publica-sonora/atividade/aula-01-conceitos-importantes-4/" "Mozilla/5.0 (Linux; Android 10; K) AppleWebKit/537.36 (KHTML, like Gecko) Chrome/150.0.0.0 Mobile Safari/537.36"
138.0.134.191 - - [31/Jul/2026:15:19:43 -0300] "POST /wp-admin/admin-ajax.php HTTP/1.1" 200 - "https://academy.kohlsolucoes.com.br/cursos/lgpd-aplicada-a-educacao-publica-sonora/atividade/aula-01-conceitos-importantes-4/" "Mozilla/5.0 (Linux; Android 10; K) AppleWebKit/537.36 (KHTML, like Gecko) Chrome/150.0.0.0 Mobile Safari/537.36"
138.0.134.191 - - [31/Jul/2026:15:19:53 -0300] "POST /wp-admin/admin-ajax.php HTTP/1.1" 200 - "https://academy.kohlsolucoes.com.br/cursos/lgpd-aplicada-a-educacao-publica-sonora/atividade/aula-01-conceitos-importantes-4/" "Mozilla/5.0 (Linux; Android 10; K) AppleWebKit/537.36 (KHTML, like Gecko) Chrome/150.0.0.0 Mobile Safari/537.36"
138.0.134.191 - - [31/Jul/2026:15:20:03 -0300] "POST /wp-admin/admin-ajax.php HTTP/1.1" 200 - "https://academy.kohlsolucoes.com.br/cursos/lgpd-aplicada-a-educacao-publica-sonora/atividade/aula-01-conceitos-importantes-4/" "Mozilla/5.0 (Linux; Android 10; K) AppleWebKit/537.36 (KHTML, like Gecko) Chrome/150.0.0.0 Mobile Safari/537.36"
129.121.49.162 - - [31/Jul/2026:15:20:08 -0300] "POST /wp-cron.php?doing_wp_cron=1785522008.9381570816040039062500 HTTP/1.1" 200 - "-" "WordPress/7.0.2; https://academy.kohlsolucoes.com.br"
129.121.49.162 - - [31/Jul/2026:15:20:03 -0300] "POST /wp-admin/admin-ajax.php?action=as_async_request_queue_runner&nonce=525c9d9a39 HTTP/1.1" 200 - "-" "WordPress/7.0.2; https://academy.kohlsolucoes.com.br"
138.0.134.191 - - [31/Jul/2026:15:20:13 -0300] "POST /wp-admin/admin-ajax.php HTTP/1.1" 200 - "https://academy.kohlsolucoes.com.br/cursos/lgpd-aplicada-a-educacao-publica-sonora/atividade/aula-01-conceitos-importantes-4/" "Mozilla/5.0 (Linux; Android 10; K) AppleWebKit/537.36 (KHTML, like Gecko) Chrome/150.0.0.0 Mobile Safari/537.36"
138.0.134.191 - - [31/Jul/2026:15:20:14 -0300] "POST /wp-admin/admin-ajax.php HTTP/1.1" 200 189 "https://academy.kohlsolucoes.com.br/cursos/lgpd-aplicada-a-educacao-publica-sonora/atividade/aula-01-conceitos-importantes-4/" "Mozilla/5.0 (Linux; Android 10; K) AppleWebKit/537.36 (KHTML, like Gecko) Chrome/150.0.0.0 Mobile Safari/537.36"
138.0.134.191 - - [31/Jul/2026:15:20:14 -0300] "POST /wp-admin/admin-ajax.php HTTP/1.1" 200 - "https://academy.kohlsolucoes.com.br/cursos/lgpd-aplicada-a-educacao-publica-sonora/atividade/aula-01-conceitos-importantes-4/" "Mozilla/5.0 (Linux; Android 10; K) AppleWebKit/537.36 (KHTML, like Gecko) Chrome/150.0.0.0 Mobile Safari/537.36"
138.0.134.191 - - [31/Jul/2026:15:20:14 -0300] "POST /wp-admin/admin-ajax.php HTTP/1.1" 200 - "https://academy.kohlsolucoes.com.br/cursos/lgpd-aplicada-a-educacao-publica-sonora/atividade/aula-01-conceitos-importantes-4/" "Mozilla/5.0 (Linux; Android 10; K) AppleWebKit/537.36 (KHTML, like Gecko) Chrome/150.0.0.0 Mobile Safari/537.36"
138.0.134.191 - - [31/Jul/2026:15:20:15 -0300] "GET /cursos/lgpd-aplicada-a-educacao-publica-sonora/atividade/aula-02-principios-e-bases-legais-de-tratamento-3/ HTTP/1.1" 200 199491 "https://academy.kohlsolucoes.com.br/cursos/lgpd-aplicada-a-educacao-publica-sonora/atividade/aula-01-conceitos-importantes-4/" "Mozilla/5.0 (Linux; Android 10; K) AppleWebKit/537.36 (KHTML, like Gecko) Chrome/150.0.0.0 Mobile Safari/537.36"
138.0.134.191 - - [31/Jul/2026:15:20:17 -0300] "POST /wp-admin/admin-ajax.php HTTP/1.1" 200 - "https://academy.kohlsolucoes.com.br/cursos/lgpd-aplicada-a-educacao-publica-sonora/atividade/aula-02-principios-e-bases-legais-de-tratamento-3/" "Mozilla/5.0 (Linux; Android 10; K) AppleWebKit/537.36 (KHTML, like Gecko) Chrome/150.0.0.0 Mobile Safari/537.36"
129.121.49.162 - - [31/Jul/2026:15:25:05 -0300] "POST /wp-cron.php?doing_wp_cron=1785522305.2790679931640625000000 HTTP/1.1" 200 - "-" "WordPress/7.0.2; https://academy.kohlsolucoes.com.br"
170.238.251.110 - - [31/Jul/2026:15:25:03 -0300] "POST /cursos/lgpd-aplicada-a-educacao-publica-sonora/atividade/material-de-apoio-2/ HTTP/1.1" 302 - "https://academy.kohlsolucoes.com.br/cursos/lgpd-aplicada-a-educacao-publica-sonora/atividade/material-de-apoio-2/" "Mozilla/5.0 (iPhone; CPU iPhone OS 18_7 like Mac OS X) AppleWebKit/605.1.15 (KHTML, like Gecko) Version/27.0 Mobile/15E148 Safari/604.1"
170.238.251.110 - - [31/Jul/2026:15:25:05 -0300] "GET /cursos/lgpd-aplicada-a-educacao-publica-sonora/atividade/avaliacao-de-conhecimentos-3/ HTTP/1.1" 200 232217 "https://academy.kohlsolucoes.com.br/cursos/lgpd-aplicada-a-educacao-publica-sonora/atividade/material-de-apoio-2/" "Mozilla/5.0 (iPhone; CPU iPhone OS 18_7 like Mac OS X) AppleWebKit/605.1.15 (KHTML, like Gecko) Version/27.0 Mobile/15E148 Safari/604.1"
170.238.251.110 - - [31/Jul/2026:15:25:06 -0300] "GET /wp-content/plugins/fluentform/assets/css/fluentform-public-default.css?ver=6.2.8 HTTP/1.1" 304 - "https://academy.kohlsolucoes.com.br/cursos/lgpd-aplicada-a-educacao-publica-sonora/atividade/avaliacao-de-conhecimentos-3/" "Mozilla/5.0 (iPhone; CPU iPhone OS 18_7 like Mac OS X) AppleWebKit/605.1.15 (KHTML, like Gecko) Version/27.0 Mobile/15E148 Safari/604.1"
170.238.251.110 - - [31/Jul/2026:15:25:06 -0300] "GET /wp-content/plugins/fluentform/assets/css/fluent-forms-public.css?ver=6.2.8 HTTP/1.1" 304 - "https://academy.kohlsolucoes.com.br/cursos/lgpd-aplicada-a-educacao-publica-sonora/atividade/avaliacao-de-conhecimentos-3/" "Mozilla/5.0 (iPhone; CPU iPhone OS 18_7 like Mac OS X) AppleWebKit/605.1.15 (KHTML, like Gecko) Version/27.0 Mobile/15E148 Safari/604.1"
170.238.251.110 - - [31/Jul/2026:15:25:06 -0300] "GET /wp-content/plugins/fluentform/assets/js/form-submission.js?ver=6.2.8 HTTP/1.1" 304 - "https://academy.kohlsolucoes.com.br/cursos/lgpd-aplicada-a-educacao-publica-sonora/atividade/avaliacao-de-conhecimentos-3/" "Mozilla/5.0 (iPhone; CPU iPhone OS 18_7 like Mac OS X) AppleWebKit/605.1.15 (KHTML, like Gecko) Version/27.0 Mobile/15E148 Safari/604.1"
170.238.251.110 - - [31/Jul/2026:15:25:06 -0300] "GET /wp-content/plugins/fluentformpro/public/libs/math-expression.min.js?ver=1.2.17 HTTP/1.1" 304 - "https://academy.kohlsolucoes.com.br/cursos/lgpd-aplicada-a-educacao-publica-sonora/atividade/avaliacao-de-conhecimentos-3/" "Mozilla/5.0 (iPhone; CPU iPhone OS 18_7 like Mac OS X) AppleWebKit/605.1.15 (KHTML, like Gecko) Version/27.0 Mobile/15E148 Safari/604.1"
170.238.251.110 - - [31/Jul/2026:15:25:06 -0300] "GET /wp-content/plugins/fluentform/assets/js/fluentform-advanced.js?ver=6.2.8 HTTP/1.1" 304 - "https://academy.kohlsolucoes.com.br/cursos/lgpd-aplicada-a-educacao-publica-sonora/atividade/avaliacao-de-conhecimentos-3/" "Mozilla/5.0 (iPhone; CPU iPhone OS 18_7 like Mac OS X) AppleWebKit/605.1.15 (KHTML, like Gecko) Version/27.0 Mobile/15E148 Safari/604.1"
129.121.49.162 - - [31/Jul/2026:15:25:31 -0300] "POST /wp-cron.php?doing_wp_cron=1785522331.1173839569091796875000 HTTP/1.1" 200 - "-" "WordPress/7.0.2; https://academy.kohlsolucoes.com.br"
138.0.134.191 - - [31/Jul/2026:15:25:30 -0300] "GET /cursos/lgpd-aplicada-a-educacao-publica-sonora/atividade/aula-02-principios-e-bases-legais-de-tratamento-3/ HTTP/1.1" 200 199487 "https://academy.kohlsolucoes.com.br/cursos/lgpd-aplicada-a-educacao-publica-sonora/atividade/aula-01-conceitos-importantes-4/" "Mozilla/5.0 (Linux; Android 10; K) AppleWebKit/537.36 (KHTML, like Gecko) Chrome/150.0.0.0 Mobile Safari/537.36"
138.0.134.191 - - [31/Jul/2026:15:25:34 -0300] "POST /wp-admin/admin-ajax.php HTTP/1.1" 200 - "https://academy.kohlsolucoes.com.br/cursos/lgpd-aplicada-a-educacao-publica-sonora/atividade/aula-02-principios-e-bases-legais-de-tratamento-3/" "Mozilla/5.0 (Linux; Android 10; K) AppleWebKit/537.36 (KHTML, like Gecko) Chrome/150.0.0.0 Mobile Safari/537.36"
129.121.49.162 - - [31/Jul/2026:15:26:16 -0300] "POST /wp-cron.php?doing_wp_cron=1785522376.0722589492797851562500 HTTP/1.1" 200 - "-" "WordPress/7.0.2; https://academy.kohlsolucoes.com.br"
40.77.167.70 - - [31/Jul/2026:15:26:13 -0300] "GET /painel/ HTTP/1.1" 200 226904 "-" "Mozilla/5.0 AppleWebKit/537.36 (KHTML, like Gecko; compatible; bingbot/2.0; +http://www.bing.com/bingbot.htm) Chrome/116.0.1938.76 Safari/537.36"
129.121.49.162 - - [31/Jul/2026:15:27:18 -0300] "POST /wp-cron.php?doing_wp_cron=1785522438.4665861129760742187500 HTTP/1.1" 200 - "-" "WordPress/7.0.2; https://academy.kohlsolucoes.com.br"
170.238.251.110 - - [31/Jul/2026:15:27:15 -0300] "POST /wp-admin/admin-ajax.php?t=1785522435155 HTTP/1.1" 200 276 "https://academy.kohlsolucoes.com.br/cursos/lgpd-aplicada-a-educacao-publica-sonora/atividade/avaliacao-de-conhecimentos-3/" "Mozilla/5.0 (iPhone; CPU iPhone OS 18_7 like Mac OS X) AppleWebKit/605.1.15 (KHTML, like Gecko) Version/27.0 Mobile/15E148 Safari/604.1"
170.238.251.110 - - [31/Jul/2026:15:27:22 -0300] "POST /cursos/lgpd-aplicada-a-educacao-publica-sonora/atividade/avaliacao-de-conhecimentos-3/ HTTP/1.1" 302 - "https://academy.kohlsolucoes.com.br/cursos/lgpd-aplicada-a-educacao-publica-sonora/atividade/avaliacao-de-conhecimentos-3/" "Mozilla/5.0 (iPhone; CPU iPhone OS 18_7 like Mac OS X) AppleWebKit/605.1.15 (KHTML, like Gecko) Version/27.0 Mobile/15E148 Safari/604.1"
129.121.49.162 - - [31/Jul/2026:15:27:17 -0300] "POST /wp-admin/admin-ajax.php?action=as_async_request_queue_runner&nonce=46a390d479 HTTP/1.1" 200 - "-" "WordPress/7.0.2; https://academy.kohlsolucoes.com.br"
170.238.251.110 - - [31/Jul/2026:15:27:22 -0300] "GET /cursos/lgpd-aplicada-a-educacao-publica-sonora/atividade/tire-suas-duvidas-3/ HTTP/1.1" 200 203039 "https://academy.kohlsolucoes.com.br/cursos/lgpd-aplicada-a-educacao-publica-sonora/atividade/avaliacao-de-conhecimentos-3/" "Mozilla/5.0 (iPhone; CPU iPhone OS 18_7 like Mac OS X) AppleWebKit/605.1.15 (KHTML, like Gecko) Version/27.0 Mobile/15E148 Safari/604.1"
170.238.251.110 - - [31/Jul/2026:15:27:28 -0300] "POST /cursos/lgpd-aplicada-a-educacao-publica-sonora/atividade/tire-suas-duvidas-3/ HTTP/1.1" 302 - "https://academy.kohlsolucoes.com.br/cursos/lgpd-aplicada-a-educacao-publica-sonora/atividade/tire-suas-duvidas-3/" "Mozilla/5.0 (iPhone; CPU iPhone OS 18_7 like Mac OS X) AppleWebKit/605.1.15 (KHTML, like Gecko) Version/27.0 Mobile/15E148 Safari/604.1"
170.238.251.110 - - [31/Jul/2026:15:27:28 -0300] "GET /cursos/lgpd-aplicada-a-educacao-publica-sonora/atividade/tire-suas-duvidas-3/ HTTP/1.1" 302 109040 "https://academy.kohlsolucoes.com.br/cursos/lgpd-aplicada-a-educacao-publica-sonora/atividade/tire-suas-duvidas-3/" "Mozilla/5.0 (iPhone; CPU iPhone OS 18_7 like Mac OS X) AppleWebKit/605.1.15 (KHTML, like Gecko) Version/27.0 Mobile/15E148 Safari/604.1"
170.238.251.110 - - [31/Jul/2026:15:27:29 -0300] "GET /cursos/lgpd-aplicada-a-educacao-publica-sonora/ HTTP/1.1" 200 189652 "https://academy.kohlsolucoes.com.br/cursos/lgpd-aplicada-a-educacao-publica-sonora/atividade/tire-suas-duvidas-3/" "Mozilla/5.0 (iPhone; CPU iPhone OS 18_7 like Mac OS X) AppleWebKit/605.1.15 (KHTML, like Gecko) Version/27.0 Mobile/15E148 Safari/604.1"
170.238.251.110 - - [31/Jul/2026:15:27:30 -0300] "POST /wp-admin/admin-ajax.php HTTP/1.1" 200 52 "https://academy.kohlsolucoes.com.br/cursos/lgpd-aplicada-a-educacao-publica-sonora/" "Mozilla/5.0 (iPhone; CPU iPhone OS 18_7 like Mac OS X) AppleWebKit/605.1.15 (KHTML, like Gecko) Version/27.0 Mobile/15E148 Safari/604.1"
170.238.251.110 - - [31/Jul/2026:15:27:35 -0300] "GET /tutor-certificate?cert_hash=1fbc40b73fbf0f97®enerate=1 HTTP/1.1" 301 - "https://academy.kohlsolucoes.com.br/cursos/lgpd-aplicada-a-educacao-publica-sonora/" "Mozilla/5.0 (iPhone; CPU iPhone OS 18_7 like Mac OS X) AppleWebKit/605.1.15 (KHTML, like Gecko) Version/27.0 Mobile/15E148 Safari/604.1"
170.238.251.110 - - [31/Jul/2026:15:27:35 -0300] "GET /tutor-certificate/?cert_hash=1fbc40b73fbf0f97®enerate=1 HTTP/1.1" 200 154503 "https://academy.kohlsolucoes.com.br/cursos/lgpd-aplicada-a-educacao-publica-sonora/" "Mozilla/5.0 (iPhone; CPU iPhone OS 18_7 like Mac OS X) AppleWebKit/605.1.15 (KHTML, like Gecko) Version/27.0 Mobile/15E148 Safari/604.1"
170.238.251.110 - - [31/Jul/2026:15:27:36 -0300] "GET /wp-admin/images/loading.gif HTTP/1.1" 304 - "https://academy.kohlsolucoes.com.br/tutor-certificate/?cert_hash=1fbc40b73fbf0f97®enerate=1" "Mozilla/5.0 (iPhone; CPU iPhone OS 18_7 like Mac OS X) AppleWebKit/605.1.15 (KHTML, like Gecko) Version/27.0 Mobile/15E148 Safari/604.1"
170.238.251.110 - - [31/Jul/2026:15:27:36 -0300] "GET /wp-content/plugins/academy-insights/assets/js/certificate-events.js?ver=1.1.1 HTTP/1.1" 304 - "https://academy.kohlsolucoes.com.br/tutor-certificate/?cert_hash=1fbc40b73fbf0f97®enerate=1" "Mozilla/5.0 (iPhone; CPU iPhone OS 18_7 like Mac OS X) AppleWebKit/605.1.15 (KHTML, like Gecko) Version/27.0 Mobile/15E148 Safari/604.1"
170.238.251.110 - - [31/Jul/2026:15:27:36 -0300] "GET /wp-content/plugins/tutor-pro/addons/tutor-certificate/assets/js/html-to-image.js?ver=3.9.13 HTTP/1.1" 304 - "https://academy.kohlsolucoes.com.br/tutor-certificate/?cert_hash=1fbc40b73fbf0f97®enerate=1" "Mozilla/5.0 (iPhone; CPU iPhone OS 18_7 like Mac OS X) AppleWebKit/605.1.15 (KHTML, like Gecko) Version/27.0 Mobile/15E148 Safari/604.1"
170.238.251.110 - - [31/Jul/2026:15:27:36 -0300] "GET /wp-content/plugins/tutor-pro/assets/lib/jspdf/jspdf.umd.min.js?ver=3.9.13 HTTP/1.1" 304 - "https://academy.kohlsolucoes.com.br/tutor-certificate/?cert_hash=1fbc40b73fbf0f97®enerate=1" "Mozilla/5.0 (iPhone; CPU iPhone OS 18_7 like Mac OS X) AppleWebKit/605.1.15 (KHTML, like Gecko) Version/27.0 Mobile/15E148 Safari/604.1"
170.238.251.110 - - [31/Jul/2026:15:27:36 -0300] "GET /wp-content/plugins/tutor-pro/addons/tutor-certificate/assets/css/certificate-page.css HTTP/1.1" 304 - "https://academy.kohlsolucoes.com.br/tutor-certificate/?cert_hash=1fbc40b73fbf0f97®enerate=1" "Mozilla/5.0 (iPhone; CPU iPhone OS 18_7 like Mac OS X) AppleWebKit/605.1.15 (KHTML, like Gecko) Version/27.0 Mobile/15E148 Safari/604.1"
170.238.251.110 - - [31/Jul/2026:15:27:36 -0300] "GET /wp-content/plugins/tutor-pro/assets/lib/html2canvas/html2canvas.min.js?ver=3.9.13 HTTP/1.1" 304 - "https://academy.kohlsolucoes.com.br/tutor-certificate/?cert_hash=1fbc40b73fbf0f97®enerate=1" "Mozilla/5.0 (iPhone; CPU iPhone OS 18_7 like Mac OS X) AppleWebKit/605.1.15 (KHTML, like Gecko) Version/27.0 Mobile/15E148 Safari/604.1"
170.238.251.110 - - [31/Jul/2026:15:27:36 -0300] "POST /wp-admin/admin-ajax.php HTTP/1.1" 200 196 "https://academy.kohlsolucoes.com.br/tutor-certificate/?cert_hash=1fbc40b73fbf0f97®enerate=1" "Mozilla/5.0 (iPhone; CPU iPhone OS 18_7 like Mac OS X) AppleWebKit/605.1.15 (KHTML, like Gecko) Version/27.0 Mobile/15E148 Safari/604.1"
170.238.251.110 - - [31/Jul/2026:15:27:36 -0300] "GET /?action=tutor_certificate_builder&post=470&cert_hash=1fbc40b73fbf0f97&course_id=461&orientation=landscape HTTP/1.1" 200 82789 "https://academy.kohlsolucoes.com.br/tutor-certificate/?cert_hash=1fbc40b73fbf0f97®enerate=1" "Mozilla/5.0 (iPhone; CPU iPhone OS 18_7 like Mac OS X) AppleWebKit/605.1.15 (KHTML, like Gecko) Version/27.0 Mobile/15E148 Safari/604.1"
170.238.251.110 - - [31/Jul/2026:15:27:37 -0300] "GET /wp-includes/css/wp-auth-check.min.css?ver=7.0.2 HTTP/1.1" 304 - "https://academy.kohlsolucoes.com.br/?action=tutor_certificate_builder&post=470&cert_hash=1fbc40b73fbf0f97&course_id=461&orientation=landscape" "Mozilla/5.0 (iPhone; CPU iPhone OS 18_7 like Mac OS X) AppleWebKit/605.1.15 (KHTML, like Gecko) Version/27.0 Mobile/15E148 Safari/604.1"
170.238.251.110 - - [31/Jul/2026:15:27:37 -0300] "GET /wp-admin/css/common.css?ver=1.3.1 HTTP/1.1" 304 - "https://academy.kohlsolucoes.com.br/?action=tutor_certificate_builder&post=470&cert_hash=1fbc40b73fbf0f97&course_id=461&orientation=landscape" "Mozilla/5.0 (iPhone; CPU iPhone OS 18_7 like Mac OS X) AppleWebKit/605.1.15 (KHTML, like Gecko) Version/27.0 Mobile/15E148 Safari/604.1"
170.238.251.110 - - [31/Jul/2026:15:27:37 -0300] "GET /wp-content/plugins/tutor-lms-certificate-builder/assets/editor/dist/main.min.css?ver=1.3.1 HTTP/1.1" 304 - "https://academy.kohlsolucoes.com.br/?action=tutor_certificate_builder&post=470&cert_hash=1fbc40b73fbf0f97&course_id=461&orientation=landscape" "Mozilla/5.0 (iPhone; CPU iPhone OS 18_7 like Mac OS X) AppleWebKit/605.1.15 (KHTML, like Gecko) Version/27.0 Mobile/15E148 Safari/604.1"
170.238.251.110 - - [31/Jul/2026:15:27:37 -0300] "GET /wp-content/plugins/tutor-lms-certificate-builder/assets/editor/dist/main.min.js?ver=1.3.1 HTTP/1.1" 304 - "https://academy.kohlsolucoes.com.br/?action=tutor_certificate_builder&post=470&cert_hash=1fbc40b73fbf0f97&course_id=461&orientation=landscape" "Mozilla/5.0 (iPhone; CPU iPhone OS 18_7 like Mac OS X) AppleWebKit/605.1.15 (KHTML, like Gecko) Version/27.0 Mobile/15E148 Safari/604.1"
170.238.251.110 - - [31/Jul/2026:15:27:37 -0300] "GET /wp-includes/js/heartbeat.min.js?ver=7.0.2 HTTP/1.1" 304 - "https://academy.kohlsolucoes.com.br/?action=tutor_certificate_builder&post=470&cert_hash=1fbc40b73fbf0f97&course_id=461&orientation=landscape" "Mozilla/5.0 (iPhone; CPU iPhone OS 18_7 like Mac OS X) AppleWebKit/605.1.15 (KHTML, like Gecko) Version/27.0 Mobile/15E148 Safari/604.1"
170.238.251.110 - - [31/Jul/2026:15:27:37 -0300] "GET /wp-includes/js/wp-auth-check.min.js?ver=7.0.2 HTTP/1.1" 304 - "https://academy.kohlsolucoes.com.br/?action=tutor_certificate_builder&post=470&cert_hash=1fbc40b73fbf0f97&course_id=461&orientation=landscape" "Mozilla/5.0 (iPhone; CPU iPhone OS 18_7 like Mac OS X) AppleWebKit/605.1.15 (KHTML, like Gecko) Version/27.0 Mobile/15E148 Safari/604.1"
170.238.251.110 - - [31/Jul/2026:15:27:37 -0300] "POST /wp-admin/admin-ajax.php HTTP/1.1" 200 15179 "-" "Mozilla/5.0 (iPhone; CPU iPhone OS 18_7 like Mac OS X) AppleWebKit/605.1.15 (KHTML, like Gecko) Version/27.0 Mobile/15E148 Safari/604.1"
170.238.251.110 - - [31/Jul/2026:15:27:37 -0300] "GET /wp-content/uploads/2026/05/assinatura.png HTTP/1.1" 304 - "https://academy.kohlsolucoes.com.br/?action=tutor_certificate_builder&post=470&cert_hash=1fbc40b73fbf0f97&course_id=461&orientation=landscape" "Mozilla/5.0 (iPhone; CPU iPhone OS 18_7 like Mac OS X) AppleWebKit/605.1.15 (KHTML, like Gecko) Version/27.0 Mobile/15E148 Safari/604.1"
170.238.251.110 - - [31/Jul/2026:15:27:37 -0300] "GET /wp-content/uploads/2026/05/LOGO-2026.png HTTP/1.1" 304 - "https://academy.kohlsolucoes.com.br/?action=tutor_certificate_builder&post=470&cert_hash=1fbc40b73fbf0f97&course_id=461&orientation=landscape" "Mozilla/5.0 (iPhone; CPU iPhone OS 18_7 like Mac OS X) AppleWebKit/605.1.15 (KHTML, like Gecko) Version/27.0 Mobile/15E148 Safari/604.1"
170.238.251.110 - - [31/Jul/2026:15:27:37 -0300] "GET /wp-content/uploads/2026/05/assinatura.png HTTP/1.1" 304 - "https://academy.kohlsolucoes.com.br/?action=tutor_certificate_builder&post=470&cert_hash=1fbc40b73fbf0f97&course_id=461&orientation=landscape" "Mozilla/5.0 (iPhone; CPU iPhone OS 18_7 like Mac OS X) AppleWebKit/605.1.15 (KHTML, like Gecko) Version/27.0 Mobile/15E148 Safari/604.1"
170.238.251.110 - - [31/Jul/2026:15:27:37 -0300] "GET /wp-content/uploads/2026/05/LOGO-2026.png HTTP/1.1" 304 - "https://academy.kohlsolucoes.com.br/?action=tutor_certificate_builder&post=470&cert_hash=1fbc40b73fbf0f97&course_id=461&orientation=landscape" "Mozilla/5.0 (iPhone; CPU iPhone OS 18_7 like Mac OS X) AppleWebKit/605.1.15 (KHTML, like Gecko) Version/27.0 Mobile/15E148 Safari/604.1"
170.238.251.110 - - [31/Jul/2026:15:27:37 -0300] "GET /wp-content/uploads/2026/06/backdrops-template-4.jpg HTTP/1.1" 304 - "https://academy.kohlsolucoes.com.br/?action=tutor_certificate_builder&post=470&cert_hash=1fbc40b73fbf0f97&course_id=461&orientation=landscape" "Mozilla/5.0 (iPhone; CPU iPhone OS 18_7 like Mac OS X) AppleWebKit/605.1.15 (KHTML, like Gecko) Version/27.0 Mobile/15E148 Safari/604.1"
170.238.251.110 - - [31/Jul/2026:15:27:37 -0300] "GET /wp-content/uploads/2026/06/backdrops-template-4.jpg HTTP/1.1" 304 - "https://academy.kohlsolucoes.com.br/?action=tutor_certificate_builder&post=470&cert_hash=1fbc40b73fbf0f97&course_id=461&orientation=landscape" "Mozilla/5.0 (iPhone; CPU iPhone OS 18_7 like Mac OS X) AppleWebKit/605.1.15 (KHTML, like Gecko) Version/27.0 Mobile/15E148 Safari/604.1"
170.238.251.110 - - [31/Jul/2026:15:27:37 -0300] "GET /wp-content/uploads/2026/02/logo-kohl-solucoes.png HTTP/1.1" 200 11897 "https://academy.kohlsolucoes.com.br/?action=tutor_certificate_builder&post=470&cert_hash=1fbc40b73fbf0f97&course_id=461&orientation=landscape" "Mozilla/5.0 (iPhone; CPU iPhone OS 18_7 like Mac OS X) AppleWebKit/605.1.15 (KHTML, like Gecko) Version/27.0 Mobile/15E148 Safari/604.1"
170.238.251.110 - - [31/Jul/2026:15:27:37 -0300] "GET /wp-admin/admin-ajax.php?action=tutor_get_cert_info&course_id=461&cert_hash=1fbc40b73fbf0f97 HTTP/1.1" 200 518 "https://academy.kohlsolucoes.com.br/?action=tutor_certificate_builder&post=470&cert_hash=1fbc40b73fbf0f97&course_id=461&orientation=landscape" "Mozilla/5.0 (iPhone; CPU iPhone OS 18_7 like Mac OS X) AppleWebKit/605.1.15 (KHTML, like Gecko) Version/27.0 Mobile/15E148 Safari/604.1"
170.238.251.110 - - [31/Jul/2026:15:27:40 -0300] "POST /wp-admin/admin-ajax.php HTTP/1.1" 200 16 "https://academy.kohlsolucoes.com.br/?action=tutor_certificate_builder&post=470&cert_hash=1fbc40b73fbf0f97&course_id=461&orientation=landscape" "Mozilla/5.0 (iPhone; CPU iPhone OS 18_7 like Mac OS X) AppleWebKit/605.1.15 (KHTML, like Gecko) Version/27.0 Mobile/15E148 Safari/604.1"
170.238.251.110 - - [31/Jul/2026:15:27:41 -0300] "GET /tutor-certificate/?cert_hash=1fbc40b73fbf0f97 HTTP/1.1" 200 154693 "https://academy.kohlsolucoes.com.br/tutor-certificate/?cert_hash=1fbc40b73fbf0f97®enerate=1" "Mozilla/5.0 (iPhone; CPU iPhone OS 18_7 like Mac OS X) AppleWebKit/605.1.15 (KHTML, like Gecko) Version/27.0 Mobile/15E148 Safari/604.1"
170.238.251.110 - - [31/Jul/2026:15:27:41 -0300] "GET /wp-content/uploads/tutor-certificates/zFGRV43nKI-1fbc40b73fbf0f97.jpg HTTP/1.1" 200 509894 "https://academy.kohlsolucoes.com.br/tutor-certificate/?cert_hash=1fbc40b73fbf0f97" "Mozilla/5.0 (iPhone; CPU iPhone OS 18_7 like Mac OS X) AppleWebKit/605.1.15 (KHTML, like Gecko) Version/27.0 Mobile/15E148 Safari/604.1"
170.238.251.110 - - [31/Jul/2026:15:27:58 -0300] "POST /wp-json/academy-insights/v1/certificate-events?_wpnonce=258a1789d7 HTTP/1.1" 204 - "https://academy.kohlsolucoes.com.br/tutor-certificate/?cert_hash=1fbc40b73fbf0f97" "Mozilla/5.0 (iPhone; CPU iPhone OS 18_7 like Mac OS X) AppleWebKit/605.1.15 (KHTML, like Gecko) Version/27.0 Mobile/15E148 Safari/604.1"
170.238.251.110 - - [31/Jul/2026:15:28:04 -0300] "GET /tutor-certificate/?cert_hash=1fbc40b73fbf0f97 HTTP/1.1" 200 154693 "https://academy.kohlsolucoes.com.br/tutor-certificate/?cert_hash=1fbc40b73fbf0f97®enerate=1" "Mozilla/5.0 (iPhone; CPU iPhone OS 18_7 like Mac OS X) AppleWebKit/605.1.15 (KHTML, like Gecko) Version/27.0 Mobile/15E148 Safari/604.1"
170.238.251.110 - - [31/Jul/2026:15:28:06 -0300] "POST /wp-json/academy-insights/v1/certificate-events?_wpnonce=258a1789d7 HTTP/1.1" 204 - "https://academy.kohlsolucoes.com.br/tutor-certificate/?cert_hash=1fbc40b73fbf0f97" "Mozilla/5.0 (iPhone; CPU iPhone OS 18_7 like Mac OS X) AppleWebKit/605.1.15 (KHTML, like Gecko) Version/27.0 Mobile/15E148 Safari/604.1"
129.121.49.162 - - [31/Jul/2026:15:28:13 -0300] "POST /wp-cron.php?doing_wp_cron=1785522493.5977900028228759765625 HTTP/1.1" 200 - "-" "WordPress/7.0.2; https://academy.kohlsolucoes.com.br"
170.238.251.110 - - [31/Jul/2026:15:28:13 -0300] "GET /tutor-certificate/?cert_hash=1fbc40b73fbf0f97 HTTP/1.1" 200 154693 "https://academy.kohlsolucoes.com.br/tutor-certificate/?cert_hash=1fbc40b73fbf0f97®enerate=1" "Mozilla/5.0 (iPhone; CPU iPhone OS 18_7 like Mac OS X) AppleWebKit/605.1.15 (KHTML, like Gecko) Version/27.0 Mobile/15E148 Safari/604.1"
170.238.251.110 - - [31/Jul/2026:15:28:57 -0300] "GET /tutor-certificate/?cert_hash=1fbc40b73fbf0f97 HTTP/1.1" 200 154693 "https://academy.kohlsolucoes.com.br/tutor-certificate/?cert_hash=1fbc40b73fbf0f97®enerate=1" "Mozilla/5.0 (iPhone; CPU iPhone OS 18_7 like Mac OS X) AppleWebKit/605.1.15 (KHTML, like Gecko) Version/27.0 Mobile/15E148 Safari/604.1"
129.121.49.162 - - [31/Jul/2026:15:28:58 -0300] "POST /wp-cron.php?doing_wp_cron=1785522538.0835680961608886718750 HTTP/1.1" 200 - "-" "WordPress/7.0.2; https://academy.kohlsolucoes.com.br"
170.238.251.110 - - [31/Jul/2026:15:28:55 -0300] "POST /wp-json/academy-insights/v1/certificate-events?_wpnonce=258a1789d7 HTTP/1.1" 204 - "https://academy.kohlsolucoes.com.br/tutor-certificate/?cert_hash=1fbc40b73fbf0f97" "Mozilla/5.0 (iPhone; CPU iPhone OS 18_7 like Mac OS X) AppleWebKit/605.1.15 (KHTML, like Gecko) Version/27.0 Mobile/15E148 Safari/604.1"
170.238.251.110 - - [31/Jul/2026:15:28:59 -0300] "POST /wp-json/academy-insights/v1/certificate-events?_wpnonce=258a1789d7 HTTP/1.1" 204 - "https://academy.kohlsolucoes.com.br/tutor-certificate/?cert_hash=1fbc40b73fbf0f97" "Mozilla/5.0 (iPhone; CPU iPhone OS 18_7 like Mac OS X) AppleWebKit/605.1.15 (KHTML, like Gecko) Version/27.0 Mobile/15E148 Safari/604.1"
129.121.49.162 - - [31/Jul/2026:16:11:12 -0300] "POST /wp-cron.php?doing_wp_cron=1785525072.8232040405273437500000 HTTP/1.1" 200 - "-" "WordPress/7.0.2; https://academy.kohlsolucoes.com.br"
2a03:2880:f800:9:: - - [31/Jul/2026:16:11:09 -0300] "GET /cadastro-de-alunos/?redirect_to=https://academy.kohlsolucoes.com.br/course-category/advogados/?tutor-course-filter-category=17/feed/ HTTP/1.1" 200 151435 "-" "Mozilla/5.0 (Macintosh; Intel Mac OS X 10_15_7) AppleWebKit/537.36 (KHTML, like Gecko) Chrome/145.0.0.0 Safari/537.36 (compatible; meta-webindexer/1.1 (+https://developers.facebook.com/docs/sharing/webmasters/crawler))"
129.121.49.162 - - [31/Jul/2026:16:12:36 -0300] "POST /wp-cron.php?doing_wp_cron=1785525156.8464479446411132812500 HTTP/1.1" 200 - "-" "WordPress/7.0.2; https://academy.kohlsolucoes.com.br"
2a03:2880:f800:32:: - - [31/Jul/2026:16:12:34 -0300] "GET /wp-json/wp/v2/courses/1292 HTTP/1.1" 200 1930 "-" "Mozilla/5.0 (Windows NT 10.0; Win64; x64) AppleWebKit/537.36 (KHTML, like Gecko) Chrome/145.0.0.0 Safari/537.36 (compatible; meta-webindexer/1.1 (+https://developers.facebook.com/docs/sharing/webmasters/crawler))"
191.37.93.121 - - [31/Jul/2026:16:40:58 -0300] "GET / HTTP/1.1" 200 177305 "https://www.google.com/" "Mozilla/5.0 (Windows NT 10.0; Win64; x64) AppleWebKit/537.36 (KHTML, like Gecko) Chrome/150.0.0.0 Safari/537.36"
129.121.49.162 - - [31/Jul/2026:16:41:00 -0300] "POST /wp-cron.php?doing_wp_cron=1785526860.0610001087188720703125 HTTP/1.1" 200 - "-" "WordPress/7.0.2; https://academy.kohlsolucoes.com.br"
191.37.93.121 - - [31/Jul/2026:16:41:00 -0300] "GET /wp-content/plugins/tutor/assets/css/tutor-front.min.css?ver=3.9.13 HTTP/1.1" 304 - "https://academy.kohlsolucoes.com.br/" "Mozilla/5.0 (Windows NT 10.0; Win64; x64) AppleWebKit/537.36 (KHTML, like Gecko) Chrome/150.0.0.0 Safari/537.36"
191.37.93.121 - - [31/Jul/2026:16:41:00 -0300] "GET /wp-content/plugins/edubin-core/assets/css/swiper-bundle.min.css?ver=9.5.16 HTTP/1.1" 304 - "https://academy.kohlsolucoes.com.br/" "Mozilla/5.0 (Windows NT 10.0; Win64; x64) AppleWebKit/537.36 (KHTML, like Gecko) Chrome/150.0.0.0 Safari/537.36"
191.37.93.121 - - [31/Jul/2026:16:41:00 -0300] "GET /wp-content/plugins/tutor/assets/css/tutor-icon.min.css?ver=3.9.13 HTTP/1.1" 304 - "https://academy.kohlsolucoes.com.br/" "Mozilla/5.0 (Windows NT 10.0; Win64; x64) AppleWebKit/537.36 (KHTML, like Gecko) Chrome/150.0.0.0 Safari/537.36"
191.37.93.121 - - [31/Jul/2026:16:41:00 -0300] "GET /wp-content/uploads/elementor/css/base-desktop.css?ver=6a66663600f5c HTTP/1.1" 304 - "https://academy.kohlsolucoes.com.br/" "Mozilla/5.0 (Windows NT 10.0; Win64; x64) AppleWebKit/537.36 (KHTML, like Gecko) Chrome/150.0.0.0 Safari/537.36"
191.37.93.121 - - [31/Jul/2026:16:41:00 -0300] "GET /wp-content/themes/edubin-child/style.css?ver=7.0.2 HTTP/1.1" 304 - "https://academy.kohlsolucoes.com.br/" "Mozilla/5.0 (Windows NT 10.0; Win64; x64) AppleWebKit/537.36 (KHTML, like Gecko) Chrome/150.0.0.0 Safari/537.36"
191.37.93.121 - - [31/Jul/2026:16:41:00 -0300] "GET /wp-content/plugins/edubin-core/assets/css/widget/title.css?ver=9.5.16 HTTP/1.1" 304 - "https://academy.kohlsolucoes.com.br/" "Mozilla/5.0 (Windows NT 10.0; Win64; x64) AppleWebKit/537.36 (KHTML, like Gecko) Chrome/150.0.0.0 Safari/537.36"
191.37.93.121 - - [31/Jul/2026:16:41:00 -0300] "GET /wp-content/themes/edubin/assets/css/main.css?ver=1.0.3 HTTP/1.1" 304 - "https://academy.kohlsolucoes.com.br/" "Mozilla/5.0 (Windows NT 10.0; Win64; x64) AppleWebKit/537.36 (KHTML, like Gecko) Chrome/150.0.0.0 Safari/537.36"
191.37.93.121 - - [31/Jul/2026:16:41:00 -0300] "GET /wp-content/plugins/woocommerce/assets/css/woocommerce-layout.css?ver=10.9.4 HTTP/1.1" 304 - "https://academy.kohlsolucoes.com.br/" "Mozilla/5.0 (Windows NT 10.0; Win64; x64) AppleWebKit/537.36 (KHTML, like Gecko) Chrome/150.0.0.0 Safari/537.36"
191.37.93.121 - - [31/Jul/2026:16:41:00 -0300] "GET /wp-content/plugins/edubin-core/assets/css/widget/animation.css?ver=1.0.3 HTTP/1.1" 304 - "https://academy.kohlsolucoes.com.br/" "Mozilla/5.0 (Windows NT 10.0; Win64; x64) AppleWebKit/537.36 (KHTML, like Gecko) Chrome/150.0.0.0 Safari/537.36"
191.37.93.121 - - [31/Jul/2026:16:41:00 -0300] "GET /wp-content/plugins/tutor/assets/css/tutor.min.css?ver=3.9.13 HTTP/1.1" 304 - "https://academy.kohlsolucoes.com.br/" "Mozilla/5.0 (Windows NT 10.0; Win64; x64) AppleWebKit/537.36 (KHTML, like Gecko) Chrome/150.0.0.0 Safari/537.36"
191.37.93.121 - - [31/Jul/2026:16:41:00 -0300] "GET /wp-content/themes/edubin-child/style.css?ver=1.0.3 HTTP/1.1" 304 - "https://academy.kohlsolucoes.com.br/" "Mozilla/5.0 (Windows NT 10.0; Win64; x64) AppleWebKit/537.36 (KHTML, like Gecko) Chrome/150.0.0.0 Safari/537.36"
191.37.93.121 - - [31/Jul/2026:16:41:00 -0300] "GET /wp-content/plugins/tutor-pro/assets/css/front.css?ver=3.9.13 HTTP/1.1" 304 - "https://academy.kohlsolucoes.com.br/" "Mozilla/5.0 (Windows NT 10.0; Win64; x64) AppleWebKit/537.36 (KHTML, like Gecko) Chrome/150.0.0.0 Safari/537.36"
191.37.93.121 - - [31/Jul/2026:16:41:00 -0300] "GET /wp-content/themes/edubin/assets/css/header.css?ver=1.0.3 HTTP/1.1" 304 - "https://academy.kohlsolucoes.com.br/" "Mozilla/5.0 (Windows NT 10.0; Win64; x64) AppleWebKit/537.36 (KHTML, like Gecko) Chrome/150.0.0.0 Safari/537.36"
191.37.93.121 - - [31/Jul/2026:16:41:00 -0300] "GET /wp-content/themes/edubin/assets/fonts/flaticon_edubin.css?ver=1.0.3 HTTP/1.1" 304 - "https://academy.kohlsolucoes.com.br/" "Mozilla/5.0 (Windows NT 10.0; Win64; x64) AppleWebKit/537.36 (KHTML, like Gecko) Chrome/150.0.0.0 Safari/537.36"
