138.0.134.191 - - [31/Jul/2026:14:38:55 -0300] "GET /wp-includes/js/mediaelement/mediaelementplayer-legacy.min.css?ver=4.2.17 HTTP/1.1" 304 - "https://academy.kohlsolucoes.com.br/painel/" "Mozilla/5.0 (Linux; Android 10; K) AppleWebKit/537.36 (KHTML, like Gecko) Chrome/150.0.0.0 Mobile Safari/537.36"
138.0.134.191 - - [31/Jul/2026:14:38:55 -0300] "GET /wp-includes/js/mediaelement/wp-mediaelement.min.css?ver=7.0.2 HTTP/1.1" 304 - "https://academy.kohlsolucoes.com.br/painel/" "Mozilla/5.0 (Linux; Android 10; K) AppleWebKit/537.36 (KHTML, like Gecko) Chrome/150.0.0.0 Mobile Safari/537.36"
138.0.134.191 - - [31/Jul/2026:14:38:55 -0300] "GET /wp-includes/js/imgareaselect/imgareaselect.css?ver=0.9.8 HTTP/1.1" 304 - "https://academy.kohlsolucoes.com.br/painel/" "Mozilla/5.0 (Linux; Android 10; K) AppleWebKit/537.36 (KHTML, like Gecko) Chrome/150.0.0.0 Mobile Safari/537.36"
138.0.134.191 - - [31/Jul/2026:14:38:55 -0300] "GET /wp-includes/css/media-views.min.css?ver=7.0.2 HTTP/1.1" 304 - "https://academy.kohlsolucoes.com.br/painel/" "Mozilla/5.0 (Linux; Android 10; K) AppleWebKit/537.36 (KHTML, like Gecko) Chrome/150.0.0.0 Mobile Safari/537.36"
138.0.134.191 - - [31/Jul/2026:14:38:55 -0300] "GET /wp-content/plugins/tutor/assets/css/tutor-frontend-dashboard.min.css?ver=3.9.13 HTTP/1.1" 304 - "https://academy.kohlsolucoes.com.br/painel/" "Mozilla/5.0 (Linux; Android 10; K) AppleWebKit/537.36 (KHTML, like Gecko) Chrome/150.0.0.0 Mobile Safari/537.36"
138.0.134.191 - - [31/Jul/2026:14:38:55 -0300] "GET /wp-includes/js/utils.min.js?ver=7.0.2 HTTP/1.1" 304 - "https://academy.kohlsolucoes.com.br/painel/" "Mozilla/5.0 (Linux; Android 10; K) AppleWebKit/537.36 (KHTML, like Gecko) Chrome/150.0.0.0 Mobile Safari/537.36"
138.0.134.191 - - [31/Jul/2026:14:38:55 -0300] "GET /wp-includes/js/plupload/moxie.min.js?ver=1.3.5.1 HTTP/1.1" 304 - "https://academy.kohlsolucoes.com.br/painel/" "Mozilla/5.0 (Linux; Android 10; K) AppleWebKit/537.36 (KHTML, like Gecko) Chrome/150.0.0.0 Mobile Safari/537.36"
138.0.134.191 - - [31/Jul/2026:14:38:55 -0300] "GET /wp-includes/js/plupload/plupload.min.js?ver=2.1.9 HTTP/1.1" 304 - "https://academy.kohlsolucoes.com.br/painel/" "Mozilla/5.0 (Linux; Android 10; K) AppleWebKit/537.36 (KHTML, like Gecko) Chrome/150.0.0.0 Mobile Safari/537.36"
138.0.134.191 - - [31/Jul/2026:14:38:55 -0300] "GET /wp-includes/js/underscore.min.js?ver=1.13.8 HTTP/1.1" 304 - "https://academy.kohlsolucoes.com.br/painel/" "Mozilla/5.0 (Linux; Android 10; K) AppleWebKit/537.36 (KHTML, like Gecko) Chrome/150.0.0.0 Mobile Safari/537.36"
138.0.134.191 - - [31/Jul/2026:14:38:55 -0300] "GET /wp-includes/js/backbone.min.js?ver=1.6.1 HTTP/1.1" 304 - "https://academy.kohlsolucoes.com.br/painel/" "Mozilla/5.0 (Linux; Android 10; K) AppleWebKit/537.36 (KHTML, like Gecko) Chrome/150.0.0.0 Mobile Safari/537.36"
138.0.134.191 - - [31/Jul/2026:14:38:55 -0300] "GET /wp-includes/js/shortcode.min.js?ver=7.0.2 HTTP/1.1" 304 - "https://academy.kohlsolucoes.com.br/painel/" "Mozilla/5.0 (Linux; Android 10; K) AppleWebKit/537.36 (KHTML, like Gecko) Chrome/150.0.0.0 Mobile Safari/537.36"
138.0.134.191 - - [31/Jul/2026:14:38:55 -0300] "GET /wp-includes/js/wp-util.min.js?ver=7.0.2 HTTP/1.1" 304 - "https://academy.kohlsolucoes.com.br/painel/" "Mozilla/5.0 (Linux; Android 10; K) AppleWebKit/537.36 (KHTML, like Gecko) Chrome/150.0.0.0 Mobile Safari/537.36"
138.0.134.191 - - [31/Jul/2026:14:38:55 -0300] "GET /wp-includes/js/wp-backbone.min.js?ver=7.0.2 HTTP/1.1" 304 - "https://academy.kohlsolucoes.com.br/painel/" "Mozilla/5.0 (Linux; Android 10; K) AppleWebKit/537.36 (KHTML, like Gecko) Chrome/150.0.0.0 Mobile Safari/537.36"
138.0.134.191 - - [31/Jul/2026:14:38:55 -0300] "GET /wp-includes/js/media-models.min.js?ver=7.0.2 HTTP/1.1" 304 - "https://academy.kohlsolucoes.com.br/painel/" "Mozilla/5.0 (Linux; Android 10; K) AppleWebKit/537.36 (KHTML, like Gecko) Chrome/150.0.0.0 Mobile Safari/537.36"
138.0.134.191 - - [31/Jul/2026:14:38:55 -0300] "GET /wp-includes/js/mediaelement/mediaelement-and-player.min.js?ver=4.2.17 HTTP/1.1" 304 - "https://academy.kohlsolucoes.com.br/painel/" "Mozilla/5.0 (Linux; Android 10; K) AppleWebKit/537.36 (KHTML, like Gecko) Chrome/150.0.0.0 Mobile Safari/537.36"
138.0.134.191 - - [31/Jul/2026:14:38:55 -0300] "GET /wp-includes/js/api-request.min.js?ver=7.0.2 HTTP/1.1" 304 - "https://academy.kohlsolucoes.com.br/painel/" "Mozilla/5.0 (Linux; Android 10; K) AppleWebKit/537.36 (KHTML, like Gecko) Chrome/150.0.0.0 Mobile Safari/537.36"
138.0.134.191 - - [31/Jul/2026:14:38:55 -0300] "GET /wp-includes/js/plupload/wp-plupload.min.js?ver=7.0.2 HTTP/1.1" 304 - "https://academy.kohlsolucoes.com.br/painel/" "Mozilla/5.0 (Linux; Android 10; K) AppleWebKit/537.36 (KHTML, like Gecko) Chrome/150.0.0.0 Mobile Safari/537.36"
138.0.134.191 - - [31/Jul/2026:14:38:55 -0300] "GET /wp-includes/js/mediaelement/mediaelement-migrate.min.js?ver=7.0.2 HTTP/1.1" 304 - "https://academy.kohlsolucoes.com.br/painel/" "Mozilla/5.0 (Linux; Android 10; K) AppleWebKit/537.36 (KHTML, like Gecko) Chrome/150.0.0.0 Mobile Safari/537.36"
138.0.134.191 - - [31/Jul/2026:14:38:55 -0300] "GET /wp-includes/js/media-views.min.js?ver=7.0.2 HTTP/1.1" 304 - "https://academy.kohlsolucoes.com.br/painel/" "Mozilla/5.0 (Linux; Android 10; K) AppleWebKit/537.36 (KHTML, like Gecko) Chrome/150.0.0.0 Mobile Safari/537.36"
138.0.134.191 - - [31/Jul/2026:14:38:55 -0300] "GET /wp-includes/js/mediaelement/wp-mediaelement.min.js?ver=7.0.2 HTTP/1.1" 304 - "https://academy.kohlsolucoes.com.br/painel/" "Mozilla/5.0 (Linux; Android 10; K) AppleWebKit/537.36 (KHTML, like Gecko) Chrome/150.0.0.0 Mobile Safari/537.36"
138.0.134.191 - - [31/Jul/2026:14:38:55 -0300] "GET /wp-includes/js/media-audiovideo.min.js?ver=7.0.2 HTTP/1.1" 304 - "https://academy.kohlsolucoes.com.br/painel/" "Mozilla/5.0 (Linux; Android 10; K) AppleWebKit/537.36 (KHTML, like Gecko) Chrome/150.0.0.0 Mobile Safari/537.36"
138.0.134.191 - - [31/Jul/2026:14:38:55 -0300] "GET /wp-includes/js/dist/a11y.min.js?ver=af934e5259bc51b8718e HTTP/1.1" 304 - "https://academy.kohlsolucoes.com.br/painel/" "Mozilla/5.0 (Linux; Android 10; K) AppleWebKit/537.36 (KHTML, like Gecko) Chrome/150.0.0.0 Mobile Safari/537.36"
138.0.134.191 - - [31/Jul/2026:14:38:55 -0300] "GET /wp-includes/js/clipboard.min.js?ver=2.0.11 HTTP/1.1" 304 - "https://academy.kohlsolucoes.com.br/painel/" "Mozilla/5.0 (Linux; Android 10; K) AppleWebKit/537.36 (KHTML, like Gecko) Chrome/150.0.0.0 Mobile Safari/537.36"
138.0.134.191 - - [31/Jul/2026:14:38:55 -0300] "GET /wp-includes/js/dist/dom-ready.min.js?ver=a06281ae5cf5500e9317 HTTP/1.1" 304 - "https://academy.kohlsolucoes.com.br/painel/" "Mozilla/5.0 (Linux; Android 10; K) AppleWebKit/537.36 (KHTML, like Gecko) Chrome/150.0.0.0 Mobile Safari/537.36"
138.0.134.191 - - [31/Jul/2026:14:38:55 -0300] "GET /wp-includes/js/media-editor.min.js?ver=7.0.2 HTTP/1.1" 304 - "https://academy.kohlsolucoes.com.br/painel/" "Mozilla/5.0 (Linux; Android 10; K) AppleWebKit/537.36 (KHTML, like Gecko) Chrome/150.0.0.0 Mobile Safari/537.36"
170.238.251.110 - - [31/Jul/2026:14:39:00 -0300] "POST /wp-admin/admin-ajax.php HTTP/1.1" 200 - "https://academy.kohlsolucoes.com.br/cursos/lgpd-aplicada-a-educacao-publica-sonora/atividade/aula-03-lgpd-aplicada-ao-dia-a-dia-2/" "Mozilla/5.0 (iPhone; CPU iPhone OS 18_7 like Mac OS X) AppleWebKit/605.1.15 (KHTML, like Gecko) Version/27.0 Mobile/15E148 Safari/604.1"
129.121.49.162 - - [31/Jul/2026:14:39:07 -0300] "POST /wp-cron.php?doing_wp_cron=1785519547.6988170146942138671875 HTTP/1.1" 200 - "-" "WordPress/7.0.2; https://academy.kohlsolucoes.com.br"
138.0.134.191 - - [31/Jul/2026:14:39:06 -0300] "POST /painel/ HTTP/1.1" 200 227194 "https://academy.kohlsolucoes.com.br/painel/" "Mozilla/5.0 (Linux; Android 10; K) AppleWebKit/537.36 (KHTML, like Gecko) Chrome/150.0.0.0 Mobile Safari/537.36"
170.238.251.110 - - [31/Jul/2026:14:39:10 -0300] "POST /wp-admin/admin-ajax.php HTTP/1.1" 200 - "https://academy.kohlsolucoes.com.br/cursos/lgpd-aplicada-a-educacao-publica-sonora/atividade/aula-03-lgpd-aplicada-ao-dia-a-dia-2/" "Mozilla/5.0 (iPhone; CPU iPhone OS 18_7 like Mac OS X) AppleWebKit/605.1.15 (KHTML, like Gecko) Version/27.0 Mobile/15E148 Safari/604.1"
170.238.251.110 - - [31/Jul/2026:14:39:15 -0300] "POST /wp-admin/admin-ajax.php HTTP/1.1" 200 - "https://academy.kohlsolucoes.com.br/cursos/lgpd-aplicada-a-educacao-publica-sonora/atividade/aula-03-lgpd-aplicada-ao-dia-a-dia-2/" "Mozilla/5.0 (iPhone; CPU iPhone OS 18_7 like Mac OS X) AppleWebKit/605.1.15 (KHTML, like Gecko) Version/27.0 Mobile/15E148 Safari/604.1"
138.0.134.191 - - [31/Jul/2026:14:39:19 -0300] "GET /painel/retrieve-password HTTP/1.1" 301 - "https://academy.kohlsolucoes.com.br/painel/" "Mozilla/5.0 (Linux; Android 10; K) AppleWebKit/537.36 (KHTML, like Gecko) Chrome/150.0.0.0 Mobile Safari/537.36"
138.0.134.191 - - [31/Jul/2026:14:39:19 -0300] "GET /painel/retrieve-password/ HTTP/1.1" 200 226132 "https://academy.kohlsolucoes.com.br/painel/" "Mozilla/5.0 (Linux; Android 10; K) AppleWebKit/537.36 (KHTML, like Gecko) Chrome/150.0.0.0 Mobile Safari/537.36"
129.121.49.162 - - [31/Jul/2026:14:39:15 -0300] "POST /wp-admin/admin-ajax.php?action=as_async_request_queue_runner&nonce=46a390d479 HTTP/1.1" 200 - "-" "WordPress/7.0.2; https://academy.kohlsolucoes.com.br"
129.121.49.162 - - [31/Jul/2026:14:39:40 -0300] "POST /wp-cron.php?doing_wp_cron=1785519580.9093079566955566406250 HTTP/1.1" 200 - "-" "WordPress/7.0.2; https://academy.kohlsolucoes.com.br"
138.0.134.191 - - [31/Jul/2026:14:39:40 -0300] "POST /painel/ HTTP/1.1" 200 227194 "https://academy.kohlsolucoes.com.br/painel/" "Mozilla/5.0 (Linux; Android 10; K) AppleWebKit/537.36 (KHTML, like Gecko) Chrome/150.0.0.0 Mobile Safari/537.36"
138.0.134.191 - - [31/Jul/2026:14:39:43 -0300] "GET /cadastro-de-alunos/?redirect_to=https://academy.kohlsolucoes.com.br/painel/ HTTP/1.1" 200 151368 "https://academy.kohlsolucoes.com.br/painel/" "Mozilla/5.0 (Linux; Android 10; K) AppleWebKit/537.36 (KHTML, like Gecko) Chrome/150.0.0.0 Mobile Safari/537.36"
129.121.49.162 - - [31/Jul/2026:14:40:18 -0300] "POST /wp-cron.php?doing_wp_cron=1785519618.2087171077728271484375 HTTP/1.1" 200 - "-" "WordPress/7.0.2; https://academy.kohlsolucoes.com.br"
138.0.134.191 - - [31/Jul/2026:14:40:16 -0300] "POST /cadastro-de-alunos/?redirect_to=https://academy.kohlsolucoes.com.br/painel/ HTTP/1.1" 302 - "https://academy.kohlsolucoes.com.br/cadastro-de-alunos/?redirect_to=https://academy.kohlsolucoes.com.br/painel/" "Mozilla/5.0 (Linux; Android 10; K) AppleWebKit/537.36 (KHTML, like Gecko) Chrome/150.0.0.0 Mobile Safari/537.36"
138.0.134.191 - - [31/Jul/2026:14:40:18 -0300] "GET /painel/ HTTP/1.1" 200 233052 "https://academy.kohlsolucoes.com.br/cadastro-de-alunos/?redirect_to=https://academy.kohlsolucoes.com.br/painel/" "Mozilla/5.0 (Linux; Android 10; K) AppleWebKit/537.36 (KHTML, like Gecko) Chrome/150.0.0.0 Mobile Safari/537.36"
138.0.134.191 - - [31/Jul/2026:14:40:26 -0300] "GET /painel/my-quiz-attempts/ HTTP/1.1" 200 235487 "https://academy.kohlsolucoes.com.br/painel/" "Mozilla/5.0 (Linux; Android 10; K) AppleWebKit/537.36 (KHTML, like Gecko) Chrome/150.0.0.0 Mobile Safari/537.36"
138.0.134.191 - - [31/Jul/2026:14:40:26 -0300] "GET /wp-content/plugins/tutor/assets/lib/select2/select2.min.css?ver=3.9.13 HTTP/1.1" 304 - "https://academy.kohlsolucoes.com.br/painel/my-quiz-attempts/" "Mozilla/5.0 (Linux; Android 10; K) AppleWebKit/537.36 (KHTML, like Gecko) Chrome/150.0.0.0 Mobile Safari/537.36"
138.0.134.191 - - [31/Jul/2026:14:40:26 -0300] "GET /wp-content/plugins/tutor/assets/images/icon-trash.svg HTTP/1.1" 304 - "https://academy.kohlsolucoes.com.br/painel/my-quiz-attempts/" "Mozilla/5.0 (Linux; Android 10; K) AppleWebKit/537.36 (KHTML, like Gecko) Chrome/150.0.0.0 Mobile Safari/537.36"
138.0.134.191 - - [31/Jul/2026:14:40:26 -0300] "GET /wp-includes/js/jquery/ui/slider.min.js?ver=1.13.3 HTTP/1.1" 304 - "https://academy.kohlsolucoes.com.br/painel/my-quiz-attempts/" "Mozilla/5.0 (Linux; Android 10; K) AppleWebKit/537.36 (KHTML, like Gecko) Chrome/150.0.0.0 Mobile Safari/537.36"
138.0.134.191 - - [31/Jul/2026:14:40:26 -0300] "GET /wp-content/plugins/tutor/assets/lib/select2/select2.full.min.js?ver=3.9.13 HTTP/1.1" 304 - "https://academy.kohlsolucoes.com.br/painel/my-quiz-attempts/" "Mozilla/5.0 (Linux; Android 10; K) AppleWebKit/537.36 (KHTML, like Gecko) Chrome/150.0.0.0 Mobile Safari/537.36"
138.0.134.191 - - [31/Jul/2026:14:40:39 -0300] "GET /painel/ HTTP/1.1" 200 233052 "https://academy.kohlsolucoes.com.br/painel/my-quiz-attempts/" "Mozilla/5.0 (Linux; Android 10; K) AppleWebKit/537.36 (KHTML, like Gecko) Chrome/150.0.0.0 Mobile Safari/537.36"
138.0.134.191 - - [31/Jul/2026:14:40:48 -0300] "GET /painel/ HTTP/1.1" 200 233052 "https://academy.kohlsolucoes.com.br/painel/my-quiz-attempts/" "Mozilla/5.0 (Linux; Android 10; K) AppleWebKit/537.36 (KHTML, like Gecko) Chrome/150.0.0.0 Mobile Safari/537.36"
138.0.134.191 - - [31/Jul/2026:14:40:56 -0300] "GET / HTTP/1.1" 200 174198 "https://academy.kohlsolucoes.com.br/painel/" "Mozilla/5.0 (Linux; Android 10; K) AppleWebKit/537.36 (KHTML, like Gecko) Chrome/150.0.0.0 Mobile Safari/537.36"
129.121.49.162 - - [31/Jul/2026:14:41:19 -0300] "POST /wp-cron.php?doing_wp_cron=1785519679.2392449378967285156250 HTTP/1.1" 200 - "-" "WordPress/7.0.2; https://academy.kohlsolucoes.com.br"
138.0.134.191 - - [31/Jul/2026:14:41:18 -0300] "GET /cursos/lgpd-aplicada-a-educacao-publica-sonora/ HTTP/1.1" 200 187209 "-" "Mozilla/5.0 (Linux; Android 10; K) AppleWebKit/537.36 (KHTML, like Gecko) Chrome/150.0.0.0 Mobile Safari/537.36"
138.0.134.191 - - [31/Jul/2026:14:41:19 -0300] "GET /wp-includes/css/editor.min.css?ver=7.0.2 HTTP/1.1" 304 - "https://academy.kohlsolucoes.com.br/cursos/lgpd-aplicada-a-educacao-publica-sonora/" "Mozilla/5.0 (Linux; Android 10; K) AppleWebKit/537.36 (KHTML, like Gecko) Chrome/150.0.0.0 Mobile Safari/537.36"
138.0.134.191 - - [31/Jul/2026:14:41:19 -0300] "GET /wp-admin/js/editor.min.js?ver=7.0.2 HTTP/1.1" 304 - "https://academy.kohlsolucoes.com.br/cursos/lgpd-aplicada-a-educacao-publica-sonora/" "Mozilla/5.0 (Linux; Android 10; K) AppleWebKit/537.36 (KHTML, like Gecko) Chrome/150.0.0.0 Mobile Safari/537.36"
138.0.134.191 - - [31/Jul/2026:14:41:19 -0300] "GET /wp-includes/js/wplink.min.js?ver=7.0.2 HTTP/1.1" 304 - "https://academy.kohlsolucoes.com.br/cursos/lgpd-aplicada-a-educacao-publica-sonora/" "Mozilla/5.0 (Linux; Android 10; K) AppleWebKit/537.36 (KHTML, like Gecko) Chrome/150.0.0.0 Mobile Safari/537.36"
138.0.134.191 - - [31/Jul/2026:14:41:19 -0300] "GET /wp-includes/js/hoverIntent.min.js?ver=1.10.2 HTTP/1.1" 304 - "https://academy.kohlsolucoes.com.br/cursos/lgpd-aplicada-a-educacao-publica-sonora/" "Mozilla/5.0 (Linux; Android 10; K) AppleWebKit/537.36 (KHTML, like Gecko) Chrome/150.0.0.0 Mobile Safari/537.36"
138.0.134.191 - - [31/Jul/2026:14:41:19 -0300] "GET /wp-includes/js/thickbox/thickbox.js?ver=3.1-20121105 HTTP/1.1" 304 - "https://academy.kohlsolucoes.com.br/cursos/lgpd-aplicada-a-educacao-publica-sonora/" "Mozilla/5.0 (Linux; Android 10; K) AppleWebKit/537.36 (KHTML, like Gecko) Chrome/150.0.0.0 Mobile Safari/537.36"
138.0.134.191 - - [31/Jul/2026:14:41:19 -0300] "GET /wp-admin/js/common.min.js?ver=7.0.2 HTTP/1.1" 304 - "https://academy.kohlsolucoes.com.br/cursos/lgpd-aplicada-a-educacao-publica-sonora/" "Mozilla/5.0 (Linux; Android 10; K) AppleWebKit/537.36 (KHTML, like Gecko) Chrome/150.0.0.0 Mobile Safari/537.36"
138.0.134.191 - - [31/Jul/2026:14:41:19 -0300] "GET /wp-includes/js/tinymce/tinymce.min.js?ver=49110-20250317 HTTP/1.1" 304 - "https://academy.kohlsolucoes.com.br/cursos/lgpd-aplicada-a-educacao-publica-sonora/" "Mozilla/5.0 (Linux; Android 10; K) AppleWebKit/537.36 (KHTML, like Gecko) Chrome/150.0.0.0 Mobile Safari/537.36"
138.0.134.191 - - [31/Jul/2026:14:41:19 -0300] "GET /wp-includes/js/jquery/ui/autocomplete.min.js?ver=1.13.3 HTTP/1.1" 304 - "https://academy.kohlsolucoes.com.br/cursos/lgpd-aplicada-a-educacao-publica-sonora/" "Mozilla/5.0 (Linux; Android 10; K) AppleWebKit/537.36 (KHTML, like Gecko) Chrome/150.0.0.0 Mobile Safari/537.36"
138.0.134.191 - - [31/Jul/2026:14:41:19 -0300] "GET /wp-includes/js/jquery/ui/menu.min.js?ver=1.13.3 HTTP/1.1" 304 - "https://academy.kohlsolucoes.com.br/cursos/lgpd-aplicada-a-educacao-publica-sonora/" "Mozilla/5.0 (Linux; Android 10; K) AppleWebKit/537.36 (KHTML, like Gecko) Chrome/150.0.0.0 Mobile Safari/537.36"
138.0.134.191 - - [31/Jul/2026:14:41:19 -0300] "GET /wp-admin/js/media-upload.min.js?ver=7.0.2 HTTP/1.1" 304 - "https://academy.kohlsolucoes.com.br/cursos/lgpd-aplicada-a-educacao-publica-sonora/" "Mozilla/5.0 (Linux; Android 10; K) AppleWebKit/537.36 (KHTML, like Gecko) Chrome/150.0.0.0 Mobile Safari/537.36"
138.0.134.191 - - [31/Jul/2026:14:41:19 -0300] "GET /wp-includes/js/tinymce/plugins/compat3x/plugin.min.js?ver=49110-20250317 HTTP/1.1" 304 - "https://academy.kohlsolucoes.com.br/cursos/lgpd-aplicada-a-educacao-publica-sonora/" "Mozilla/5.0 (Linux; Android 10; K) AppleWebKit/537.36 (KHTML, like Gecko) Chrome/150.0.0.0 Mobile Safari/537.36"
138.0.134.191 - - [31/Jul/2026:14:41:20 -0300] "GET /wp-includes/js/thickbox/loadingAnimation.gif HTTP/1.1" 304 - "https://academy.kohlsolucoes.com.br/cursos/lgpd-aplicada-a-educacao-publica-sonora/" "Mozilla/5.0 (Linux; Android 10; K) AppleWebKit/537.36 (KHTML, like Gecko) Chrome/150.0.0.0 Mobile Safari/537.36"
138.0.134.191 - - [31/Jul/2026:14:41:21 -0300] "POST /wp-admin/admin-ajax.php HTTP/1.1" 200 52 "https://academy.kohlsolucoes.com.br/cursos/lgpd-aplicada-a-educacao-publica-sonora/" "Mozilla/5.0 (Linux; Android 10; K) AppleWebKit/537.36 (KHTML, like Gecko) Chrome/150.0.0.0 Mobile Safari/537.36"
170.238.251.110 - - [31/Jul/2026:14:41:37 -0300] "POST /wp-admin/admin-ajax.php HTTP/1.1" 200 - "https://academy.kohlsolucoes.com.br/cursos/lgpd-aplicada-a-educacao-publica-sonora/atividade/aula-03-lgpd-aplicada-ao-dia-a-dia-2/" "Mozilla/5.0 (iPhone; CPU iPhone OS 18_7 like Mac OS X) AppleWebKit/605.1.15 (KHTML, like Gecko) Version/27.0 Mobile/15E148 Safari/604.1"
138.0.134.191 - - [31/Jul/2026:14:41:39 -0300] "POST /wp-admin/admin-ajax.php HTTP/1.1" 200 52 "https://academy.kohlsolucoes.com.br/cursos/lgpd-aplicada-a-educacao-publica-sonora/" "Mozilla/5.0 (Linux; Android 10; K) AppleWebKit/537.36 (KHTML, like Gecko) Chrome/150.0.0.0 Mobile Safari/537.36"
170.238.251.110 - - [31/Jul/2026:14:41:40 -0300] "POST /wp-admin/admin-ajax.php HTTP/1.1" 200 - "https://academy.kohlsolucoes.com.br/cursos/lgpd-aplicada-a-educacao-publica-sonora/atividade/aula-03-lgpd-aplicada-ao-dia-a-dia-2/" "Mozilla/5.0 (iPhone; CPU iPhone OS 18_7 like Mac OS X) AppleWebKit/605.1.15 (KHTML, like Gecko) Version/27.0 Mobile/15E148 Safari/604.1"
138.0.134.191 - - [31/Jul/2026:14:41:49 -0300] "POST /wp-admin/admin-ajax.php HTTP/1.1" 200 52 "https://academy.kohlsolucoes.com.br/cursos/lgpd-aplicada-a-educacao-publica-sonora/" "Mozilla/5.0 (Linux; Android 10; K) AppleWebKit/537.36 (KHTML, like Gecko) Chrome/150.0.0.0 Mobile Safari/537.36"
170.238.251.110 - - [31/Jul/2026:14:41:50 -0300] "POST /wp-admin/admin-ajax.php HTTP/1.1" 200 - "https://academy.kohlsolucoes.com.br/cursos/lgpd-aplicada-a-educacao-publica-sonora/atividade/aula-03-lgpd-aplicada-ao-dia-a-dia-2/" "Mozilla/5.0 (iPhone; CPU iPhone OS 18_7 like Mac OS X) AppleWebKit/605.1.15 (KHTML, like Gecko) Version/27.0 Mobile/15E148 Safari/604.1"
138.0.134.191 - - [31/Jul/2026:14:41:59 -0300] "POST /wp-admin/admin-ajax.php HTTP/1.1" 200 52 "https://academy.kohlsolucoes.com.br/cursos/lgpd-aplicada-a-educacao-publica-sonora/" "Mozilla/5.0 (Linux; Android 10; K) AppleWebKit/537.36 (KHTML, like Gecko) Chrome/150.0.0.0 Mobile Safari/537.36"
170.238.251.110 - - [31/Jul/2026:14:42:00 -0300] "POST /wp-admin/admin-ajax.php HTTP/1.1" 200 - "https://academy.kohlsolucoes.com.br/cursos/lgpd-aplicada-a-educacao-publica-sonora/atividade/aula-03-lgpd-aplicada-ao-dia-a-dia-2/" "Mozilla/5.0 (iPhone; CPU iPhone OS 18_7 like Mac OS X) AppleWebKit/605.1.15 (KHTML, like Gecko) Version/27.0 Mobile/15E148 Safari/604.1"
129.121.49.162 - - [31/Jul/2026:14:42:09 -0300] "POST /wp-cron.php?doing_wp_cron=1785519729.6887619495391845703125 HTTP/1.1" 200 - "-" "WordPress/7.0.2; https://academy.kohlsolucoes.com.br"
138.0.134.191 - - [31/Jul/2026:14:42:09 -0300] "POST /wp-admin/admin-ajax.php HTTP/1.1" 200 52 "https://academy.kohlsolucoes.com.br/cursos/lgpd-aplicada-a-educacao-publica-sonora/" "Mozilla/5.0 (Linux; Android 10; K) AppleWebKit/537.36 (KHTML, like Gecko) Chrome/150.0.0.0 Mobile Safari/537.36"
170.238.251.110 - - [31/Jul/2026:14:42:10 -0300] "POST /wp-admin/admin-ajax.php HTTP/1.1" 200 - "https://academy.kohlsolucoes.com.br/cursos/lgpd-aplicada-a-educacao-publica-sonora/atividade/aula-03-lgpd-aplicada-ao-dia-a-dia-2/" "Mozilla/5.0 (iPhone; CPU iPhone OS 18_7 like Mac OS X) AppleWebKit/605.1.15 (KHTML, like Gecko) Version/27.0 Mobile/15E148 Safari/604.1"
138.0.134.191 - - [31/Jul/2026:14:42:19 -0300] "POST /wp-admin/admin-ajax.php HTTP/1.1" 200 52 "https://academy.kohlsolucoes.com.br/cursos/lgpd-aplicada-a-educacao-publica-sonora/" "Mozilla/5.0 (Linux; Android 10; K) AppleWebKit/537.36 (KHTML, like Gecko) Chrome/150.0.0.0 Mobile Safari/537.36"
170.238.251.110 - - [31/Jul/2026:14:42:20 -0300] "POST /wp-admin/admin-ajax.php HTTP/1.1" 200 - "https://academy.kohlsolucoes.com.br/cursos/lgpd-aplicada-a-educacao-publica-sonora/atividade/aula-03-lgpd-aplicada-ao-dia-a-dia-2/" "Mozilla/5.0 (iPhone; CPU iPhone OS 18_7 like Mac OS X) AppleWebKit/605.1.15 (KHTML, like Gecko) Version/27.0 Mobile/15E148 Safari/604.1"
170.238.251.110 - - [31/Jul/2026:14:42:30 -0300] "POST /wp-admin/admin-ajax.php HTTP/1.1" 200 - "https://academy.kohlsolucoes.com.br/cursos/lgpd-aplicada-a-educacao-publica-sonora/atividade/aula-03-lgpd-aplicada-ao-dia-a-dia-2/" "Mozilla/5.0 (iPhone; CPU iPhone OS 18_7 like Mac OS X) AppleWebKit/605.1.15 (KHTML, like Gecko) Version/27.0 Mobile/15E148 Safari/604.1"
138.0.134.191 - - [31/Jul/2026:14:42:29 -0300] "POST /wp-admin/admin-ajax.php HTTP/1.1" 200 52 "https://academy.kohlsolucoes.com.br/cursos/lgpd-aplicada-a-educacao-publica-sonora/" "Mozilla/5.0 (Linux; Android 10; K) AppleWebKit/537.36 (KHTML, like Gecko) Chrome/150.0.0.0 Mobile Safari/537.36"
129.121.49.162 - - [31/Jul/2026:14:42:29 -0300] "POST /wp-admin/admin-ajax.php?action=as_async_request_queue_runner&nonce=ee1d2f09ba HTTP/1.1" 200 - "-" "WordPress/7.0.2; https://academy.kohlsolucoes.com.br"
138.0.134.191 - - [31/Jul/2026:14:42:39 -0300] "POST /wp-admin/admin-ajax.php HTTP/1.1" 200 52 "https://academy.kohlsolucoes.com.br/cursos/lgpd-aplicada-a-educacao-publica-sonora/" "Mozilla/5.0 (Linux; Android 10; K) AppleWebKit/537.36 (KHTML, like Gecko) Chrome/150.0.0.0 Mobile Safari/537.36"
170.238.251.110 - - [31/Jul/2026:14:42:40 -0300] "POST /wp-admin/admin-ajax.php HTTP/1.1" 200 - "https://academy.kohlsolucoes.com.br/cursos/lgpd-aplicada-a-educacao-publica-sonora/atividade/aula-03-lgpd-aplicada-ao-dia-a-dia-2/" "Mozilla/5.0 (iPhone; CPU iPhone OS 18_7 like Mac OS X) AppleWebKit/605.1.15 (KHTML, like Gecko) Version/27.0 Mobile/15E148 Safari/604.1"
138.0.134.191 - - [31/Jul/2026:14:42:49 -0300] "POST /wp-admin/admin-ajax.php HTTP/1.1" 200 52 "https://academy.kohlsolucoes.com.br/cursos/lgpd-aplicada-a-educacao-publica-sonora/" "Mozilla/5.0 (Linux; Android 10; K) AppleWebKit/537.36 (KHTML, like Gecko) Chrome/150.0.0.0 Mobile Safari/537.36"
170.238.251.110 - - [31/Jul/2026:14:42:50 -0300] "POST /wp-admin/admin-ajax.php HTTP/1.1" 200 - "https://academy.kohlsolucoes.com.br/cursos/lgpd-aplicada-a-educacao-publica-sonora/atividade/aula-03-lgpd-aplicada-ao-dia-a-dia-2/" "Mozilla/5.0 (iPhone; CPU iPhone OS 18_7 like Mac OS X) AppleWebKit/605.1.15 (KHTML, like Gecko) Version/27.0 Mobile/15E148 Safari/604.1"
138.0.134.191 - - [31/Jul/2026:14:42:59 -0300] "POST /wp-admin/admin-ajax.php HTTP/1.1" 200 52 "https://academy.kohlsolucoes.com.br/cursos/lgpd-aplicada-a-educacao-publica-sonora/" "Mozilla/5.0 (Linux; Android 10; K) AppleWebKit/537.36 (KHTML, like Gecko) Chrome/150.0.0.0 Mobile Safari/537.36"
170.238.251.110 - - [31/Jul/2026:14:43:00 -0300] "POST /wp-admin/admin-ajax.php HTTP/1.1" 200 - "https://academy.kohlsolucoes.com.br/cursos/lgpd-aplicada-a-educacao-publica-sonora/atividade/aula-03-lgpd-aplicada-ao-dia-a-dia-2/" "Mozilla/5.0 (iPhone; CPU iPhone OS 18_7 like Mac OS X) AppleWebKit/605.1.15 (KHTML, like Gecko) Version/27.0 Mobile/15E148 Safari/604.1"
129.121.49.162 - - [31/Jul/2026:14:43:09 -0300] "POST /wp-cron.php?doing_wp_cron=1785519789.6937489509582519531250 HTTP/1.1" 200 - "-" "WordPress/7.0.2; https://academy.kohlsolucoes.com.br"
138.0.134.191 - - [31/Jul/2026:14:43:09 -0300] "POST /wp-admin/admin-ajax.php HTTP/1.1" 200 52 "https://academy.kohlsolucoes.com.br/cursos/lgpd-aplicada-a-educacao-publica-sonora/" "Mozilla/5.0 (Linux; Android 10; K) AppleWebKit/537.36 (KHTML, like Gecko) Chrome/150.0.0.0 Mobile Safari/537.36"
170.238.251.110 - - [31/Jul/2026:14:43:10 -0300] "POST /wp-admin/admin-ajax.php HTTP/1.1" 200 - "https://academy.kohlsolucoes.com.br/cursos/lgpd-aplicada-a-educacao-publica-sonora/atividade/aula-03-lgpd-aplicada-ao-dia-a-dia-2/" "Mozilla/5.0 (iPhone; CPU iPhone OS 18_7 like Mac OS X) AppleWebKit/605.1.15 (KHTML, like Gecko) Version/27.0 Mobile/15E148 Safari/604.1"
138.0.134.191 - - [31/Jul/2026:14:43:19 -0300] "POST /wp-admin/admin-ajax.php HTTP/1.1" 200 52 "https://academy.kohlsolucoes.com.br/cursos/lgpd-aplicada-a-educacao-publica-sonora/" "Mozilla/5.0 (Linux; Android 10; K) AppleWebKit/537.36 (KHTML, like Gecko) Chrome/150.0.0.0 Mobile Safari/537.36"
170.238.251.110 - - [31/Jul/2026:14:43:20 -0300] "POST /wp-admin/admin-ajax.php HTTP/1.1" 200 - "https://academy.kohlsolucoes.com.br/cursos/lgpd-aplicada-a-educacao-publica-sonora/atividade/aula-03-lgpd-aplicada-ao-dia-a-dia-2/" "Mozilla/5.0 (iPhone; CPU iPhone OS 18_7 like Mac OS X) AppleWebKit/605.1.15 (KHTML, like Gecko) Version/27.0 Mobile/15E148 Safari/604.1"
138.0.134.191 - - [31/Jul/2026:14:43:29 -0300] "POST /wp-admin/admin-ajax.php HTTP/1.1" 200 52 "https://academy.kohlsolucoes.com.br/cursos/lgpd-aplicada-a-educacao-publica-sonora/" "Mozilla/5.0 (Linux; Android 10; K) AppleWebKit/537.36 (KHTML, like Gecko) Chrome/150.0.0.0 Mobile Safari/537.36"
170.238.251.110 - - [31/Jul/2026:14:43:30 -0300] "POST /wp-admin/admin-ajax.php HTTP/1.1" 200 - "https://academy.kohlsolucoes.com.br/cursos/lgpd-aplicada-a-educacao-publica-sonora/atividade/aula-03-lgpd-aplicada-ao-dia-a-dia-2/" "Mozilla/5.0 (iPhone; CPU iPhone OS 18_7 like Mac OS X) AppleWebKit/605.1.15 (KHTML, like Gecko) Version/27.0 Mobile/15E148 Safari/604.1"
129.121.49.162 - - [31/Jul/2026:14:43:30 -0300] "POST /wp-admin/admin-ajax.php?action=as_async_request_queue_runner&nonce=46a390d479 HTTP/1.1" 200 - "-" "WordPress/7.0.2; https://academy.kohlsolucoes.com.br"
138.0.134.191 - - [31/Jul/2026:14:43:39 -0300] "POST /wp-admin/admin-ajax.php HTTP/1.1" 200 52 "https://academy.kohlsolucoes.com.br/cursos/lgpd-aplicada-a-educacao-publica-sonora/" "Mozilla/5.0 (Linux; Android 10; K) AppleWebKit/537.36 (KHTML, like Gecko) Chrome/150.0.0.0 Mobile Safari/537.36"
170.238.251.110 - - [31/Jul/2026:14:43:40 -0300] "POST /wp-admin/admin-ajax.php HTTP/1.1" 200 - "https://academy.kohlsolucoes.com.br/cursos/lgpd-aplicada-a-educacao-publica-sonora/atividade/aula-03-lgpd-aplicada-ao-dia-a-dia-2/" "Mozilla/5.0 (iPhone; CPU iPhone OS 18_7 like Mac OS X) AppleWebKit/605.1.15 (KHTML, like Gecko) Version/27.0 Mobile/15E148 Safari/604.1"
138.0.134.191 - - [31/Jul/2026:14:43:49 -0300] "POST /wp-admin/admin-ajax.php HTTP/1.1" 200 52 "https://academy.kohlsolucoes.com.br/cursos/lgpd-aplicada-a-educacao-publica-sonora/" "Mozilla/5.0 (Linux; Android 10; K) AppleWebKit/537.36 (KHTML, like Gecko) Chrome/150.0.0.0 Mobile Safari/537.36"
170.238.251.110 - - [31/Jul/2026:14:43:50 -0300] "POST /wp-admin/admin-ajax.php HTTP/1.1" 200 - "https://academy.kohlsolucoes.com.br/cursos/lgpd-aplicada-a-educacao-publica-sonora/atividade/aula-03-lgpd-aplicada-ao-dia-a-dia-2/" "Mozilla/5.0 (iPhone; CPU iPhone OS 18_7 like Mac OS X) AppleWebKit/605.1.15 (KHTML, like Gecko) Version/27.0 Mobile/15E148 Safari/604.1"
138.0.134.191 - - [31/Jul/2026:14:43:59 -0300] "POST /wp-admin/admin-ajax.php HTTP/1.1" 200 52 "https://academy.kohlsolucoes.com.br/cursos/lgpd-aplicada-a-educacao-publica-sonora/" "Mozilla/5.0 (Linux; Android 10; K) AppleWebKit/537.36 (KHTML, like Gecko) Chrome/150.0.0.0 Mobile Safari/537.36"
170.238.251.110 - - [31/Jul/2026:14:43:59 -0300] "POST /wp-admin/admin-ajax.php HTTP/1.1" 200 - "https://academy.kohlsolucoes.com.br/cursos/lgpd-aplicada-a-educacao-publica-sonora/atividade/aula-03-lgpd-aplicada-ao-dia-a-dia-2/" "Mozilla/5.0 (iPhone; CPU iPhone OS 18_7 like Mac OS X) AppleWebKit/605.1.15 (KHTML, like Gecko) Version/27.0 Mobile/15E148 Safari/604.1"
170.238.251.110 - - [31/Jul/2026:14:43:59 -0300] "POST /wp-admin/admin-ajax.php HTTP/1.1" 200 - "https://academy.kohlsolucoes.com.br/cursos/lgpd-aplicada-a-educacao-publica-sonora/atividade/aula-03-lgpd-aplicada-ao-dia-a-dia-2/" "Mozilla/5.0 (iPhone; CPU iPhone OS 18_7 like Mac OS X) AppleWebKit/605.1.15 (KHTML, like Gecko) Version/27.0 Mobile/15E148 Safari/604.1"
170.238.251.110 - - [31/Jul/2026:14:43:59 -0300] "POST /wp-admin/admin-ajax.php HTTP/1.1" 200 177 "https://academy.kohlsolucoes.com.br/cursos/lgpd-aplicada-a-educacao-publica-sonora/atividade/aula-03-lgpd-aplicada-ao-dia-a-dia-2/" "Mozilla/5.0 (iPhone; CPU iPhone OS 18_7 like Mac OS X) AppleWebKit/605.1.15 (KHTML, like Gecko) Version/27.0 Mobile/15E148 Safari/604.1"
170.238.251.110 - - [31/Jul/2026:14:44:00 -0300] "GET /cursos/lgpd-aplicada-a-educacao-publica-sonora/atividade/aula-04-penalizacoes-e-fiscalizacao-2/ HTTP/1.1" 200 190141 "https://academy.kohlsolucoes.com.br/cursos/lgpd-aplicada-a-educacao-publica-sonora/atividade/aula-03-lgpd-aplicada-ao-dia-a-dia-2/" "Mozilla/5.0 (iPhone; CPU iPhone OS 18_7 like Mac OS X) AppleWebKit/605.1.15 (KHTML, like Gecko) Version/27.0 Mobile/15E148 Safari/604.1"
138.0.134.191 - - [31/Jul/2026:14:44:01 -0300] "POST /wp-admin/admin-ajax.php HTTP/1.1" 200 52 "https://academy.kohlsolucoes.com.br/cursos/lgpd-aplicada-a-educacao-publica-sonora/" "Mozilla/5.0 (Linux; Android 10; K) AppleWebKit/537.36 (KHTML, like Gecko) Chrome/150.0.0.0 Mobile Safari/537.36"
138.0.134.191 - - [31/Jul/2026:14:44:01 -0300] "POST /wp-admin/admin-ajax.php HTTP/1.1" 200 52 "https://academy.kohlsolucoes.com.br/cursos/lgpd-aplicada-a-educacao-publica-sonora/" "Mozilla/5.0 (Linux; Android 10; K) AppleWebKit/537.36 (KHTML, like Gecko) Chrome/150.0.0.0 Mobile Safari/537.36"
170.238.251.110 - - [31/Jul/2026:14:44:01 -0300] "POST /wp-admin/admin-ajax.php HTTP/1.1" 200 - "https://academy.kohlsolucoes.com.br/cursos/lgpd-aplicada-a-educacao-publica-sonora/atividade/aula-04-penalizacoes-e-fiscalizacao-2/" "Mozilla/5.0 (iPhone; CPU iPhone OS 18_7 like Mac OS X) AppleWebKit/605.1.15 (KHTML, like Gecko) Version/27.0 Mobile/15E148 Safari/604.1"
129.121.49.162 - - [31/Jul/2026:14:44:20 -0300] "POST /wp-cron.php?doing_wp_cron=1785519860.5682930946350097656250 HTTP/1.1" 200 - "-" "WordPress/7.0.2; https://academy.kohlsolucoes.com.br"
138.0.134.191 - - [31/Jul/2026:14:44:20 -0300] "GET /cursos/curso-pago-teste-experiencia/ HTTP/1.1" 200 181183 "https://academy.kohlsolucoes.com.br/cursos/lgpd-aplicada-a-educacao-publica-sonora/" "Mozilla/5.0 (Linux; Android 10; K) AppleWebKit/537.36 (KHTML, like Gecko) Chrome/150.0.0.0 Mobile Safari/537.36"
138.0.134.191 - - [31/Jul/2026:14:44:21 -0300] "POST /wp-admin/admin-ajax.php HTTP/1.1" 200 52 "https://academy.kohlsolucoes.com.br/cursos/curso-pago-teste-experiencia/" "Mozilla/5.0 (Linux; Android 10; K) AppleWebKit/537.36 (KHTML, like Gecko) Chrome/150.0.0.0 Mobile Safari/537.36"
129.121.49.162 - - [31/Jul/2026:14:44:51 -0300] "POST /wp-cron.php?doing_wp_cron=1785519891.1077558994293212890625 HTTP/1.1" 200 - "-" "WordPress/7.0.2; https://academy.kohlsolucoes.com.br"
138.0.134.191 - - [31/Jul/2026:14:44:49 -0300] "POST /wp-admin/admin-ajax.php HTTP/1.1" 200 52 "https://academy.kohlsolucoes.com.br/cursos/curso-pago-teste-experiencia/" "Mozilla/5.0 (Linux; Android 10; K) AppleWebKit/537.36 (KHTML, like Gecko) Chrome/150.0.0.0 Mobile Safari/537.36"
129.121.49.162 - - [31/Jul/2026:14:44:50 -0300] "POST /wp-admin/admin-ajax.php?action=as_async_request_queue_runner&nonce=ee1d2f09ba HTTP/1.1" 200 - "-" "WordPress/7.0.2; https://academy.kohlsolucoes.com.br"
138.0.134.191 - - [31/Jul/2026:14:44:59 -0300] "POST /wp-admin/admin-ajax.php HTTP/1.1" 200 52 "https://academy.kohlsolucoes.com.br/cursos/curso-pago-teste-experiencia/" "Mozilla/5.0 (Linux; Android 10; K) AppleWebKit/537.36 (KHTML, like Gecko) Chrome/150.0.0.0 Mobile Safari/537.36"
129.121.49.162 - - [31/Jul/2026:14:45:10 -0300] "POST /wp-cron.php?doing_wp_cron=1785519910.0967180728912353515625 HTTP/1.1" 200 - "-" "WordPress/7.0.2; https://academy.kohlsolucoes.com.br"
138.0.134.191 - - [31/Jul/2026:14:45:09 -0300] "POST /wp-admin/admin-ajax.php HTTP/1.1" 200 52 "https://academy.kohlsolucoes.com.br/cursos/curso-pago-teste-experiencia/" "Mozilla/5.0 (Linux; Android 10; K) AppleWebKit/537.36 (KHTML, like Gecko) Chrome/150.0.0.0 Mobile Safari/537.36"
138.0.134.191 - - [31/Jul/2026:14:45:13 -0300] "POST /cursos/curso-pago-teste-experiencia/ HTTP/1.1" 200 189448 "https://academy.kohlsolucoes.com.br/cursos/curso-pago-teste-experiencia/" "Mozilla/5.0 (Linux; Android 10; K) AppleWebKit/537.36 (KHTML, like Gecko) Chrome/150.0.0.0 Mobile Safari/537.36"
138.0.134.191 - - [31/Jul/2026:14:45:13 -0300] "GET /wp-content/uploads/2026/02/logo-kohl-solucoes-300x300.png HTTP/1.1" 304 - "https://academy.kohlsolucoes.com.br/cursos/curso-pago-teste-experiencia/" "Mozilla/5.0 (Linux; Android 10; K) AppleWebKit/537.36 (KHTML, like Gecko) Chrome/150.0.0.0 Mobile Safari/537.36"
138.0.134.191 - - [31/Jul/2026:14:45:13 -0300] "GET /wp-content/plugins/woocommerce/assets/client/blocks/cart-frontend.js?ver=a01fdd9c34719d5b1103 HTTP/1.1" 304 - "https://academy.kohlsolucoes.com.br/cursos/curso-pago-teste-experiencia/" "Mozilla/5.0 (Linux; Android 10; K) AppleWebKit/537.36 (KHTML, like Gecko) Chrome/150.0.0.0 Mobile Safari/537.36"
138.0.134.191 - - [31/Jul/2026:14:45:13 -0300] "GET /wp-content/plugins/woocommerce/assets/client/blocks/wc-cart-checkout-base-frontend.js?ver=153ca3cfcc597a1e974e HTTP/1.1" 200 220757 "https://academy.kohlsolucoes.com.br/cursos/curso-pago-teste-experiencia/" "Mozilla/5.0 (Linux; Android 10; K) AppleWebKit/537.36 (KHTML, like Gecko) Chrome/150.0.0.0 Mobile Safari/537.36"
138.0.134.191 - - [31/Jul/2026:14:45:13 -0300] "GET /wp-includes/js/dist/vendor/wp-polyfill.min.js?ver=3.15.0 HTTP/1.1" 304 - "https://academy.kohlsolucoes.com.br/cursos/curso-pago-teste-experiencia/" "Mozilla/5.0 (Linux; Android 10; K) AppleWebKit/537.36 (KHTML, like Gecko) Chrome/150.0.0.0 Mobile Safari/537.36"
138.0.134.191 - - [31/Jul/2026:14:45:13 -0300] "GET /wp-content/plugins/woocommerce/assets/client/blocks/wc-cart-checkout-vendors-frontend.js?ver=b7449dc1c874ee46cb05 HTTP/1.1" 200 129196 "https://academy.kohlsolucoes.com.br/cursos/curso-pago-teste-experiencia/" "Mozilla/5.0 (Linux; Android 10; K) AppleWebKit/537.36 (KHTML, like Gecko) Chrome/150.0.0.0 Mobile Safari/537.36"
138.0.134.191 - - [31/Jul/2026:14:45:13 -0300] "GET /wp-includes/js/dist/vendor/react-jsx-runtime.min.js?ver=18.3.1 HTTP/1.1" 304 - "https://academy.kohlsolucoes.com.br/cursos/curso-pago-teste-experiencia/" "Mozilla/5.0 (Linux; Android 10; K) AppleWebKit/537.36 (KHTML, like Gecko) Chrome/150.0.0.0 Mobile Safari/537.36"
138.0.134.191 - - [31/Jul/2026:14:45:13 -0300] "GET /wp-content/plugins/woocommerce/assets/client/blocks/blocks-checkout.js?ver=8dcac098e959cbf8c646 HTTP/1.1" 304 - "https://academy.kohlsolucoes.com.br/cursos/curso-pago-teste-experiencia/" "Mozilla/5.0 (Linux; Android 10; K) AppleWebKit/537.36 (KHTML, like Gecko) Chrome/150.0.0.0 Mobile Safari/537.36"
138.0.134.191 - - [31/Jul/2026:14:45:13 -0300] "GET /wp-content/plugins/woocommerce/assets/client/blocks/blocks-checkout-events.js?ver=1cd9ffa6e3cff96ad1b2 HTTP/1.1" 200 1664 "https://academy.kohlsolucoes.com.br/cursos/curso-pago-teste-experiencia/" "Mozilla/5.0 (Linux; Android 10; K) AppleWebKit/537.36 (KHTML, like Gecko) Chrome/150.0.0.0 Mobile Safari/537.36"
138.0.134.191 - - [31/Jul/2026:14:45:13 -0300] "GET /wp-content/plugins/woocommerce/assets/client/blocks/wc-types.js?ver=fe36cf3610166e461f03 HTTP/1.1" 304 - "https://academy.kohlsolucoes.com.br/cursos/curso-pago-teste-experiencia/" "Mozilla/5.0 (Linux; Android 10; K) AppleWebKit/537.36 (KHTML, like Gecko) Chrome/150.0.0.0 Mobile Safari/537.36"
138.0.134.191 - - [31/Jul/2026:14:45:13 -0300] "GET /wp-includes/js/dist/url.min.js?ver=bb0f766c3d2efe497871 HTTP/1.1" 304 - "https://academy.kohlsolucoes.com.br/cursos/curso-pago-teste-experiencia/" "Mozilla/5.0 (Linux; Android 10; K) AppleWebKit/537.36 (KHTML, like Gecko) Chrome/150.0.0.0 Mobile Safari/537.36"
138.0.134.191 - - [31/Jul/2026:14:45:13 -0300] "GET /wp-includes/js/dist/api-fetch.min.js?ver=d7efe4dc1468d36c39b8 HTTP/1.1" 304 - "https://academy.kohlsolucoes.com.br/cursos/curso-pago-teste-experiencia/" "Mozilla/5.0 (Linux; Android 10; K) AppleWebKit/537.36 (KHTML, like Gecko) Chrome/150.0.0.0 Mobile Safari/537.36"
138.0.134.191 - - [31/Jul/2026:14:45:13 -0300] "GET /wp-content/plugins/woocommerce/assets/client/blocks/blocks-components.js?ver=2ac32594f5e16f5ec744 HTTP/1.1" 304 - "https://academy.kohlsolucoes.com.br/cursos/curso-pago-teste-experiencia/" "Mozilla/5.0 (Linux; Android 10; K) AppleWebKit/537.36 (KHTML, like Gecko) Chrome/150.0.0.0 Mobile Safari/537.36"
138.0.134.191 - - [31/Jul/2026:14:45:13 -0300] "GET /wp-content/plugins/woocommerce/assets/client/blocks/wc-blocks-registry.js?ver=bb54b6869c8b2a477616 HTTP/1.1" 304 - "https://academy.kohlsolucoes.com.br/cursos/curso-pago-teste-experiencia/" "Mozilla/5.0 (Linux; Android 10; K) AppleWebKit/537.36 (KHTML, like Gecko) Chrome/150.0.0.0 Mobile Safari/537.36"
138.0.134.191 - - [31/Jul/2026:14:45:13 -0300] "GET /wp-content/plugins/woocommerce/assets/client/blocks/wc-settings.js?ver=5cdaba16c87338181b77 HTTP/1.1" 304 - "https://academy.kohlsolucoes.com.br/cursos/curso-pago-teste-experiencia/" "Mozilla/5.0 (Linux; Android 10; K) AppleWebKit/537.36 (KHTML, like Gecko) Chrome/150.0.0.0 Mobile Safari/537.36"
138.0.134.191 - - [31/Jul/2026:14:45:13 -0300] "GET /wp-content/plugins/woocommerce/assets/client/blocks/wc-blocks-data.js?ver=cd41ff7e87047939df16 HTTP/1.1" 200 86868 "https://academy.kohlsolucoes.com.br/cursos/curso-pago-teste-experiencia/" "Mozilla/5.0 (Linux; Android 10; K) AppleWebKit/537.36 (KHTML, like Gecko) Chrome/150.0.0.0 Mobile Safari/537.36"
138.0.134.191 - - [31/Jul/2026:14:45:13 -0300] "GET /wp-includes/js/dist/data.min.js?ver=1756b6a2676c1b3369ab HTTP/1.1" 304 - "https://academy.kohlsolucoes.com.br/cursos/curso-pago-teste-experiencia/" "Mozilla/5.0 (Linux; Android 10; K) AppleWebKit/537.36 (KHTML, like Gecko) Chrome/150.0.0.0 Mobile Safari/537.36"
138.0.134.191 - - [31/Jul/2026:14:45:13 -0300] "GET /wp-includes/js/dist/compose.min.js?ver=fbe37f6b46750554f947 HTTP/1.1" 304 - "https://academy.kohlsolucoes.com.br/cursos/curso-pago-teste-experiencia/" "Mozilla/5.0 (Linux; Android 10; K) AppleWebKit/537.36 (KHTML, like Gecko) Chrome/150.0.0.0 Mobile Safari/537.36"
138.0.134.191 - - [31/Jul/2026:14:45:13 -0300] "GET /wp-includes/js/dist/priority-queue.min.js?ver=1f0e89e247bc0bd3f9b9 HTTP/1.1" 304 - "https://academy.kohlsolucoes.com.br/cursos/curso-pago-teste-experiencia/" "Mozilla/5.0 (Linux; Android 10; K) AppleWebKit/537.36 (KHTML, like Gecko) Chrome/150.0.0.0 Mobile Safari/537.36"
138.0.134.191 - - [31/Jul/2026:14:45:13 -0300] "GET /wp-includes/js/dist/private-apis.min.js?ver=835912f0086b9e59aed4 HTTP/1.1" 304 - "https://academy.kohlsolucoes.com.br/cursos/curso-pago-teste-experiencia/" "Mozilla/5.0 (Linux; Android 10; K) AppleWebKit/537.36 (KHTML, like Gecko) Chrome/150.0.0.0 Mobile Safari/537.36"
138.0.134.191 - - [31/Jul/2026:14:45:13 -0300] "GET /wp-includes/js/dist/keycodes.min.js?ver=aa1a141e3468afe7f852 HTTP/1.1" 304 - "https://academy.kohlsolucoes.com.br/cursos/curso-pago-teste-experiencia/" "Mozilla/5.0 (Linux; Android 10; K) AppleWebKit/537.36 (KHTML, like Gecko) Chrome/150.0.0.0 Mobile Safari/537.36"
138.0.134.191 - - [31/Jul/2026:14:45:13 -0300] "GET /wp-includes/js/dist/is-shallow-equal.min.js?ver=5d84b9f3cb50d2ce7d04 HTTP/1.1" 304 - "https://academy.kohlsolucoes.com.br/cursos/curso-pago-teste-experiencia/" "Mozilla/5.0 (Linux; Android 10; K) AppleWebKit/537.36 (KHTML, like Gecko) Chrome/150.0.0.0 Mobile Safari/537.36"
138.0.134.191 - - [31/Jul/2026:14:45:13 -0300] "GET /wp-includes/js/dist/data-controls.min.js?ver=730061ade69d7f341014 HTTP/1.1" 304 - "https://academy.kohlsolucoes.com.br/cursos/curso-pago-teste-experiencia/" "Mozilla/5.0 (Linux; Android 10; K) AppleWebKit/537.36 (KHTML, like Gecko) Chrome/150.0.0.0 Mobile Safari/537.36"
138.0.134.191 - - [31/Jul/2026:14:45:13 -0300] "GET /wp-includes/js/dist/redux-routine.min.js?ver=64f9f5001aabc046c605 HTTP/1.1" 304 - "https://academy.kohlsolucoes.com.br/cursos/curso-pago-teste-experiencia/" "Mozilla/5.0 (Linux; Android 10; K) AppleWebKit/537.36 (KHTML, like Gecko) Chrome/150.0.0.0 Mobile Safari/537.36"
138.0.134.191 - - [31/Jul/2026:14:45:13 -0300] "GET /wp-includes/js/dist/undo-manager.min.js?ver=27bb0ae036a2c9d4a1b5 HTTP/1.1" 304 - "https://academy.kohlsolucoes.com.br/cursos/curso-pago-teste-experiencia/" "Mozilla/5.0 (Linux; Android 10; K) AppleWebKit/537.36 (KHTML, like Gecko) Chrome/150.0.0.0 Mobile Safari/537.36"
138.0.134.191 - - [31/Jul/2026:14:45:13 -0300] "GET /wp-includes/js/dist/dom.min.js?ver=66a6cf58e0c4cd128af0 HTTP/1.1" 304 - "https://academy.kohlsolucoes.com.br/cursos/curso-pago-teste-experiencia/" "Mozilla/5.0 (Linux; Android 10; K) AppleWebKit/537.36 (KHTML, like Gecko) Chrome/150.0.0.0 Mobile Safari/537.36"
138.0.134.191 - - [31/Jul/2026:14:45:13 -0300] "GET /wp-includes/js/dist/html-entities.min.js?ver=8c6fa5b869dfeadc4af2 HTTP/1.1" 304 - "https://academy.kohlsolucoes.com.br/cursos/curso-pago-teste-experiencia/" "Mozilla/5.0 (Linux; Android 10; K) AppleWebKit/537.36 (KHTML, like Gecko) Chrome/150.0.0.0 Mobile Safari/537.36"
138.0.134.191 - - [31/Jul/2026:14:45:13 -0300] "GET /wp-includes/js/dist/notices.min.js?ver=218d0173a31ae7269246 HTTP/1.1" 304 - "https://academy.kohlsolucoes.com.br/cursos/curso-pago-teste-experiencia/" "Mozilla/5.0 (Linux; Android 10; K) AppleWebKit/537.36 (KHTML, like Gecko) Chrome/150.0.0.0 Mobile Safari/537.36"
138.0.134.191 - - [31/Jul/2026:14:45:13 -0300] "GET /wp-includes/js/dist/primitives.min.js?ver=a5c905ec27bcd76ef287 HTTP/1.1" 304 - "https://academy.kohlsolucoes.com.br/cursos/curso-pago-teste-experiencia/" "Mozilla/5.0 (Linux; Android 10; K) AppleWebKit/537.36 (KHTML, like Gecko) Chrome/150.0.0.0 Mobile Safari/537.36"
138.0.134.191 - - [31/Jul/2026:14:45:13 -0300] "GET /wp-includes/js/dist/components.min.js?ver=5dedfe13f08880193a28 HTTP/1.1" 304 - "https://academy.kohlsolucoes.com.br/cursos/curso-pago-teste-experiencia/" "Mozilla/5.0 (Linux; Android 10; K) AppleWebKit/537.36 (KHTML, like Gecko) Chrome/150.0.0.0 Mobile Safari/537.36"
138.0.134.191 - - [31/Jul/2026:14:45:13 -0300] "GET /wp-content/plugins/woocommerce/assets/client/blocks/wc-blocks-middleware.js?ver=2c049fe250c153b7cac8 HTTP/1.1" 200 1570 "https://academy.kohlsolucoes.com.br/cursos/curso-pago-teste-experiencia/" "Mozilla/5.0 (Linux; Android 10; K) AppleWebKit/537.36 (KHTML, like Gecko) Chrome/150.0.0.0 Mobile Safari/537.36"
138.0.134.191 - - [31/Jul/2026:14:45:13 -0300] "GET /wp-includes/js/dist/warning.min.js?ver=36fdbdc984d93aee8a97 HTTP/1.1" 304 - "https://academy.kohlsolucoes.com.br/cursos/curso-pago-teste-experiencia/" "Mozilla/5.0 (Linux; Android 10; K) AppleWebKit/537.36 (KHTML, like Gecko) Chrome/150.0.0.0 Mobile Safari/537.36"
138.0.134.191 - - [31/Jul/2026:14:45:13 -0300] "GET /wp-includes/js/dist/rich-text.min.js?ver=16449e6108f48327f368 HTTP/1.1" 304 - "https://academy.kohlsolucoes.com.br/cursos/curso-pago-teste-experiencia/" "Mozilla/5.0 (Linux; Android 10; K) AppleWebKit/537.36 (KHTML, like Gecko) Chrome/150.0.0.0 Mobile Safari/537.36"
138.0.134.191 - - [31/Jul/2026:14:45:13 -0300] "GET /wp-content/plugins/woocommerce/assets/client/admin/sanitize/index.js?ver=6cc3684099bd6a5547b8 HTTP/1.1" 304 - "https://academy.kohlsolucoes.com.br/cursos/curso-pago-teste-experiencia/" "Mozilla/5.0 (Linux; Android 10; K) AppleWebKit/537.36 (KHTML, like Gecko) Chrome/150.0.0.0 Mobile Safari/537.36"
138.0.134.191 - - [31/Jul/2026:14:45:13 -0300] "GET /wp-content/plugins/woocommerce/assets/client/blocks/wc-blocks-shared-hocs.js?ver=81d21446ddb1d5f22bf3 HTTP/1.1" 304 - "https://academy.kohlsolucoes.com.br/cursos/curso-pago-teste-experiencia/" "Mozilla/5.0 (Linux; Android 10; K) AppleWebKit/537.36 (KHTML, like Gecko) Chrome/150.0.0.0 Mobile Safari/537.36"
138.0.134.191 - - [31/Jul/2026:14:45:13 -0300] "GET /wp-includes/js/dist/wordcount.min.js?ver=3b928d5db8724a8614dd HTTP/1.1" 304 - "https://academy.kohlsolucoes.com.br/cursos/curso-pago-teste-experiencia/" "Mozilla/5.0 (Linux; Android 10; K) AppleWebKit/537.36 (KHTML, like Gecko) Chrome/150.0.0.0 Mobile Safari/537.36"
138.0.134.191 - - [31/Jul/2026:14:45:13 -0300] "GET /wp-includes/js/dist/autop.min.js?ver=9d0d0901b46f0a9027c9 HTTP/1.1" 304 - "https://academy.kohlsolucoes.com.br/cursos/curso-pago-teste-experiencia/" "Mozilla/5.0 (Linux; Android 10; K) AppleWebKit/537.36 (KHTML, like Gecko) Chrome/150.0.0.0 Mobile Safari/537.36"
138.0.134.191 - - [31/Jul/2026:14:45:13 -0300] "GET /wp-content/plugins/woocommerce/assets/client/blocks/wc-blocks-shared-context.js?ver=621353d8a3a7c8d44b41 HTTP/1.1" 200 2420 "https://academy.kohlsolucoes.com.br/cursos/curso-pago-teste-experiencia/" "Mozilla/5.0 (Linux; Android 10; K) AppleWebKit/537.36 (KHTML, like Gecko) Chrome/150.0.0.0 Mobile Safari/537.36"
138.0.134.191 - - [31/Jul/2026:14:45:13 -0300] "GET /wp-content/plugins/woocommerce/assets/client/blocks/price-format.js?ver=0df720e448f7ab3c5d0d HTTP/1.1" 200 1629 "https://academy.kohlsolucoes.com.br/cursos/curso-pago-teste-experiencia/" "Mozilla/5.0 (Linux; Android 10; K) AppleWebKit/537.36 (KHTML, like Gecko) Chrome/150.0.0.0 Mobile Safari/537.36"
138.0.134.191 - - [31/Jul/2026:14:45:13 -0300] "GET /wp-content/plugins/woocommerce/assets/client/blocks/checkout-frontend.js?ver=b93dcd7a1f9df26fd5ad HTTP/1.1" 304 - "https://academy.kohlsolucoes.com.br/cursos/curso-pago-teste-experiencia/" "Mozilla/5.0 (Linux; Android 10; K) AppleWebKit/537.36 (KHTML, like Gecko) Chrome/150.0.0.0 Mobile Safari/537.36"
138.0.134.191 - - [31/Jul/2026:14:45:13 -0300] "GET /wp-includes/js/dist/style-engine.min.js?ver=faa37ce61b7ec8394b2a HTTP/1.1" 304 - "https://academy.kohlsolucoes.com.br/cursos/curso-pago-teste-experiencia/" "Mozilla/5.0 (Linux; Android 10; K) AppleWebKit/537.36 (KHTML, like Gecko) Chrome/150.0.0.0 Mobile Safari/537.36"
138.0.134.191 - - [31/Jul/2026:14:45:13 -0300] "GET /wp-includes/js/dist/plugins.min.js?ver=72e3cf01c2b3535a9432 HTTP/1.1" 304 - "https://academy.kohlsolucoes.com.br/cursos/curso-pago-teste-experiencia/" "Mozilla/5.0 (Linux; Android 10; K) AppleWebKit/537.36 (KHTML, like Gecko) Chrome/150.0.0.0 Mobile Safari/537.36"
138.0.134.191 - - [31/Jul/2026:14:45:16 -0300] "POST /wp-admin/admin-ajax.php HTTP/1.1" 200 52 "https://academy.kohlsolucoes.com.br/cursos/curso-pago-teste-experiencia/" "Mozilla/5.0 (Linux; Android 10; K) AppleWebKit/537.36 (KHTML, like Gecko) Chrome/150.0.0.0 Mobile Safari/537.36"
138.0.134.191 - - [31/Jul/2026:14:45:30 -0300] "POST /wp-admin/admin-ajax.php HTTP/1.1" 200 52 "https://academy.kohlsolucoes.com.br/cursos/curso-pago-teste-experiencia/" "Mozilla/5.0 (Linux; Android 10; K) AppleWebKit/537.36 (KHTML, like Gecko) Chrome/150.0.0.0 Mobile Safari/537.36"
138.0.134.191 - - [31/Jul/2026:14:45:30 -0300] "GET / HTTP/1.1" 200 183490 "https://academy.kohlsolucoes.com.br/cursos/curso-pago-teste-experiencia/" "Mozilla/5.0 (Linux; Android 10; K) AppleWebKit/537.36 (KHTML, like Gecko) Chrome/150.0.0.0 Mobile Safari/537.36"
138.0.134.191 - - [31/Jul/2026:14:45:47 -0300] "GET / HTTP/1.1" 200 183490 "https://academy.kohlsolucoes.com.br/" "Mozilla/5.0 (Linux; Android 10; K) AppleWebKit/537.36 (KHTML, like Gecko) Chrome/150.0.0.0 Mobile Safari/537.36"
138.0.134.191 - - [31/Jul/2026:14:45:58 -0300] "GET / HTTP/1.1" 200 183490 "https://academy.kohlsolucoes.com.br/" "Mozilla/5.0 (Linux; Android 10; K) AppleWebKit/537.36 (KHTML, like Gecko) Chrome/150.0.0.0 Mobile Safari/537.36"
138.0.134.191 - - [31/Jul/2026:14:46:02 -0300] "GET /painel/ HTTP/1.1" 200 242329 "https://academy.kohlsolucoes.com.br/" "Mozilla/5.0 (Linux; Android 10; K) AppleWebKit/537.36 (KHTML, like Gecko) Chrome/150.0.0.0 Mobile Safari/537.36"
129.121.49.162 - - [31/Jul/2026:14:46:15 -0300] "POST /wp-cron.php?doing_wp_cron=1785519975.5459020137786865234375 HTTP/1.1" 200 - "-" "WordPress/7.0.2; https://academy.kohlsolucoes.com.br"
138.0.134.191 - - [31/Jul/2026:14:46:15 -0300] "GET /painel/ HTTP/1.1" 200 242329 "https://academy.kohlsolucoes.com.br/" "Mozilla/5.0 (Linux; Android 10; K) AppleWebKit/537.36 (KHTML, like Gecko) Chrome/150.0.0.0 Mobile Safari/537.36"
2804:3b1c:118:9600:78c8:4e10:6f3d:7e48 - - [31/Jul/2026:14:46:16 -0300] "GET /favicon.ico HTTP/1.1" 302 - "-" "NetworkingExtension/8624.2.5.10.8 Network/5812.122.1 iOS/26.5.2"
2804:3b1c:118:9600:78c8:4e10:6f3d:7e48 - - [31/Jul/2026:14:46:16 -0300] "GET /cursos/lgpd-aplicada-a-educacao-publica-sonora/ HTTP/1.1" 200 169217 "-" "Mozilla/5.0 (Macintosh; Intel Mac OS X 10_11_1) AppleWebKit/601.2.4 (KHTML, like Gecko) Version/9.0.1 Safari/601.2.4 facebookexternalhit/1.1 Facebot Twitterbot/1.0"
2804:3b1c:118:9600:78c8:4e10:6f3d:7e48 - - [31/Jul/2026:14:46:16 -0300] "GET /apple-touch-icon-precomposed.png HTTP/1.1" 404 154749 "-" "NetworkingExtension/8624.2.5.10.8 Network/5812.122.1 iOS/26.5.2"
2804:3b1c:118:9600:78c8:4e10:6f3d:7e48 - - [31/Jul/2026:14:46:16 -0300] "GET /apple-touch-icon.png HTTP/1.1" 404 154749 "-" "NetworkingExtension/8624.2.5.10.8 Network/5812.122.1 iOS/26.5.2"
