170.238.251.110 - - [31/Jul/2026:14:27:58 -0300] "POST /wp-admin/admin-ajax.php HTTP/1.1" 200 - "https://academy.kohlsolucoes.com.br/cursos/lgpd-aplicada-a-educacao-publica-sonora/atividade/aula-03-lgpd-aplicada-ao-dia-a-dia-2/" "Mozilla/5.0 (iPhone; CPU iPhone OS 18_7 like Mac OS X) AppleWebKit/605.1.15 (KHTML, like Gecko) Version/27.0 Mobile/15E148 Safari/604.1"
129.121.49.162 - - [31/Jul/2026:14:27:59 -0300] "POST /wp-admin/admin-ajax.php?action=as_async_request_queue_runner&nonce=46a390d479 HTTP/1.1" 200 - "-" "WordPress/7.0.2; https://academy.kohlsolucoes.com.br"
129.121.49.162 - - [31/Jul/2026:14:28:09 -0300] "POST /wp-cron.php?doing_wp_cron=1785518889.2153549194335937500000 HTTP/1.1" 200 - "-" "WordPress/7.0.2; https://academy.kohlsolucoes.com.br"
170.238.251.110 - - [31/Jul/2026:14:28:09 -0300] "POST /wp-admin/admin-ajax.php HTTP/1.1" 200 - "https://academy.kohlsolucoes.com.br/cursos/lgpd-aplicada-a-educacao-publica-sonora/atividade/aula-03-lgpd-aplicada-ao-dia-a-dia-2/" "Mozilla/5.0 (iPhone; CPU iPhone OS 18_7 like Mac OS X) AppleWebKit/605.1.15 (KHTML, like Gecko) Version/27.0 Mobile/15E148 Safari/604.1"
170.238.251.110 - - [31/Jul/2026:14:28:18 -0300] "POST /wp-admin/admin-ajax.php HTTP/1.1" 200 - "https://academy.kohlsolucoes.com.br/cursos/lgpd-aplicada-a-educacao-publica-sonora/atividade/aula-03-lgpd-aplicada-ao-dia-a-dia-2/" "Mozilla/5.0 (iPhone; CPU iPhone OS 18_7 like Mac OS X) AppleWebKit/605.1.15 (KHTML, like Gecko) Version/27.0 Mobile/15E148 Safari/604.1"
170.238.251.110 - - [31/Jul/2026:14:28:29 -0300] "POST /wp-admin/admin-ajax.php HTTP/1.1" 200 - "https://academy.kohlsolucoes.com.br/cursos/lgpd-aplicada-a-educacao-publica-sonora/atividade/aula-03-lgpd-aplicada-ao-dia-a-dia-2/" "Mozilla/5.0 (iPhone; CPU iPhone OS 18_7 like Mac OS X) AppleWebKit/605.1.15 (KHTML, like Gecko) Version/27.0 Mobile/15E148 Safari/604.1"
129.121.49.162 - - [31/Jul/2026:14:28:39 -0300] "POST /wp-cron.php?doing_wp_cron=1785518919.2306120395660400390625 HTTP/1.1" 200 - "-" "WordPress/7.0.2; https://academy.kohlsolucoes.com.br"
170.238.251.110 - - [31/Jul/2026:14:28:39 -0300] "POST /wp-admin/admin-ajax.php HTTP/1.1" 200 - "https://academy.kohlsolucoes.com.br/cursos/lgpd-aplicada-a-educacao-publica-sonora/atividade/aula-03-lgpd-aplicada-ao-dia-a-dia-2/" "Mozilla/5.0 (iPhone; CPU iPhone OS 18_7 like Mac OS X) AppleWebKit/605.1.15 (KHTML, like Gecko) Version/27.0 Mobile/15E148 Safari/604.1"
170.238.251.110 - - [31/Jul/2026:14:28:49 -0300] "POST /wp-admin/admin-ajax.php HTTP/1.1" 200 - "https://academy.kohlsolucoes.com.br/cursos/lgpd-aplicada-a-educacao-publica-sonora/atividade/aula-03-lgpd-aplicada-ao-dia-a-dia-2/" "Mozilla/5.0 (iPhone; CPU iPhone OS 18_7 like Mac OS X) AppleWebKit/605.1.15 (KHTML, like Gecko) Version/27.0 Mobile/15E148 Safari/604.1"
170.238.251.110 - - [31/Jul/2026:14:28:59 -0300] "POST /wp-admin/admin-ajax.php HTTP/1.1" 200 - "https://academy.kohlsolucoes.com.br/cursos/lgpd-aplicada-a-educacao-publica-sonora/atividade/aula-03-lgpd-aplicada-ao-dia-a-dia-2/" "Mozilla/5.0 (iPhone; CPU iPhone OS 18_7 like Mac OS X) AppleWebKit/605.1.15 (KHTML, like Gecko) Version/27.0 Mobile/15E148 Safari/604.1"
129.121.49.162 - - [31/Jul/2026:14:29:10 -0300] "POST /wp-cron.php?doing_wp_cron=1785518950.3011980056762695312500 HTTP/1.1" 200 - "-" "WordPress/7.0.2; https://academy.kohlsolucoes.com.br"
170.238.251.110 - - [31/Jul/2026:14:29:09 -0300] "POST /wp-admin/admin-ajax.php HTTP/1.1" 200 - "https://academy.kohlsolucoes.com.br/cursos/lgpd-aplicada-a-educacao-publica-sonora/atividade/aula-03-lgpd-aplicada-ao-dia-a-dia-2/" "Mozilla/5.0 (iPhone; CPU iPhone OS 18_7 like Mac OS X) AppleWebKit/605.1.15 (KHTML, like Gecko) Version/27.0 Mobile/15E148 Safari/604.1"
129.121.49.162 - - [31/Jul/2026:14:29:09 -0300] "POST /wp-admin/admin-ajax.php?action=as_async_request_queue_runner&nonce=46a390d479 HTTP/1.1" 200 - "-" "WordPress/7.0.2; https://academy.kohlsolucoes.com.br"
170.238.251.110 - - [31/Jul/2026:14:29:19 -0300] "POST /wp-admin/admin-ajax.php HTTP/1.1" 200 - "https://academy.kohlsolucoes.com.br/cursos/lgpd-aplicada-a-educacao-publica-sonora/atividade/aula-03-lgpd-aplicada-ao-dia-a-dia-2/" "Mozilla/5.0 (iPhone; CPU iPhone OS 18_7 like Mac OS X) AppleWebKit/605.1.15 (KHTML, like Gecko) Version/27.0 Mobile/15E148 Safari/604.1"
129.121.49.162 - - [31/Jul/2026:14:29:29 -0300] "POST /wp-cron.php?doing_wp_cron=1785518969.3058578968048095703125 HTTP/1.1" 200 - "-" "WordPress/7.0.2; https://academy.kohlsolucoes.com.br"
170.238.251.110 - - [31/Jul/2026:14:29:29 -0300] "POST /wp-admin/admin-ajax.php HTTP/1.1" 200 - "https://academy.kohlsolucoes.com.br/cursos/lgpd-aplicada-a-educacao-publica-sonora/atividade/aula-03-lgpd-aplicada-ao-dia-a-dia-2/" "Mozilla/5.0 (iPhone; CPU iPhone OS 18_7 like Mac OS X) AppleWebKit/605.1.15 (KHTML, like Gecko) Version/27.0 Mobile/15E148 Safari/604.1"
170.238.251.110 - - [31/Jul/2026:14:29:39 -0300] "POST /wp-admin/admin-ajax.php HTTP/1.1" 200 - "https://academy.kohlsolucoes.com.br/cursos/lgpd-aplicada-a-educacao-publica-sonora/atividade/aula-03-lgpd-aplicada-ao-dia-a-dia-2/" "Mozilla/5.0 (iPhone; CPU iPhone OS 18_7 like Mac OS X) AppleWebKit/605.1.15 (KHTML, like Gecko) Version/27.0 Mobile/15E148 Safari/604.1"
170.238.251.110 - - [31/Jul/2026:14:29:49 -0300] "POST /wp-admin/admin-ajax.php HTTP/1.1" 200 - "https://academy.kohlsolucoes.com.br/cursos/lgpd-aplicada-a-educacao-publica-sonora/atividade/aula-03-lgpd-aplicada-ao-dia-a-dia-2/" "Mozilla/5.0 (iPhone; CPU iPhone OS 18_7 like Mac OS X) AppleWebKit/605.1.15 (KHTML, like Gecko) Version/27.0 Mobile/15E148 Safari/604.1"
170.238.251.110 - - [31/Jul/2026:14:29:59 -0300] "POST /wp-admin/admin-ajax.php HTTP/1.1" 200 - "https://academy.kohlsolucoes.com.br/cursos/lgpd-aplicada-a-educacao-publica-sonora/atividade/aula-03-lgpd-aplicada-ao-dia-a-dia-2/" "Mozilla/5.0 (iPhone; CPU iPhone OS 18_7 like Mac OS X) AppleWebKit/605.1.15 (KHTML, like Gecko) Version/27.0 Mobile/15E148 Safari/604.1"
129.121.49.162 - - [31/Jul/2026:14:30:09 -0300] "POST /wp-cron.php?doing_wp_cron=1785519009.4219360351562500000000 HTTP/1.1" 200 - "-" "WordPress/7.0.2; https://academy.kohlsolucoes.com.br"
170.238.251.110 - - [31/Jul/2026:14:30:09 -0300] "POST /wp-admin/admin-ajax.php HTTP/1.1" 200 - "https://academy.kohlsolucoes.com.br/cursos/lgpd-aplicada-a-educacao-publica-sonora/atividade/aula-03-lgpd-aplicada-ao-dia-a-dia-2/" "Mozilla/5.0 (iPhone; CPU iPhone OS 18_7 like Mac OS X) AppleWebKit/605.1.15 (KHTML, like Gecko) Version/27.0 Mobile/15E148 Safari/604.1"
170.238.251.110 - - [31/Jul/2026:14:30:19 -0300] "POST /wp-admin/admin-ajax.php HTTP/1.1" 200 - "https://academy.kohlsolucoes.com.br/cursos/lgpd-aplicada-a-educacao-publica-sonora/atividade/aula-03-lgpd-aplicada-ao-dia-a-dia-2/" "Mozilla/5.0 (iPhone; CPU iPhone OS 18_7 like Mac OS X) AppleWebKit/605.1.15 (KHTML, like Gecko) Version/27.0 Mobile/15E148 Safari/604.1"
129.121.49.162 - - [31/Jul/2026:14:30:19 -0300] "POST /wp-admin/admin-ajax.php?action=as_async_request_queue_runner&nonce=46a390d479 HTTP/1.1" 200 - "-" "WordPress/7.0.2; https://academy.kohlsolucoes.com.br"
170.238.251.110 - - [31/Jul/2026:14:30:29 -0300] "POST /wp-admin/admin-ajax.php HTTP/1.1" 200 - "https://academy.kohlsolucoes.com.br/cursos/lgpd-aplicada-a-educacao-publica-sonora/atividade/aula-03-lgpd-aplicada-ao-dia-a-dia-2/" "Mozilla/5.0 (iPhone; CPU iPhone OS 18_7 like Mac OS X) AppleWebKit/605.1.15 (KHTML, like Gecko) Version/27.0 Mobile/15E148 Safari/604.1"
170.238.251.110 - - [31/Jul/2026:14:30:39 -0300] "POST /wp-admin/admin-ajax.php HTTP/1.1" 200 - "https://academy.kohlsolucoes.com.br/cursos/lgpd-aplicada-a-educacao-publica-sonora/atividade/aula-03-lgpd-aplicada-ao-dia-a-dia-2/" "Mozilla/5.0 (iPhone; CPU iPhone OS 18_7 like Mac OS X) AppleWebKit/605.1.15 (KHTML, like Gecko) Version/27.0 Mobile/15E148 Safari/604.1"
170.238.251.110 - - [31/Jul/2026:14:30:49 -0300] "POST /wp-admin/admin-ajax.php HTTP/1.1" 200 - "https://academy.kohlsolucoes.com.br/cursos/lgpd-aplicada-a-educacao-publica-sonora/atividade/aula-03-lgpd-aplicada-ao-dia-a-dia-2/" "Mozilla/5.0 (iPhone; CPU iPhone OS 18_7 like Mac OS X) AppleWebKit/605.1.15 (KHTML, like Gecko) Version/27.0 Mobile/15E148 Safari/604.1"
170.238.251.110 - - [31/Jul/2026:14:30:59 -0300] "POST /wp-admin/admin-ajax.php HTTP/1.1" 200 - "https://academy.kohlsolucoes.com.br/cursos/lgpd-aplicada-a-educacao-publica-sonora/atividade/aula-03-lgpd-aplicada-ao-dia-a-dia-2/" "Mozilla/5.0 (iPhone; CPU iPhone OS 18_7 like Mac OS X) AppleWebKit/605.1.15 (KHTML, like Gecko) Version/27.0 Mobile/15E148 Safari/604.1"
129.121.49.162 - - [31/Jul/2026:14:31:09 -0300] "POST /wp-cron.php?doing_wp_cron=1785519069.5222458839416503906250 HTTP/1.1" 200 - "-" "WordPress/7.0.2; https://academy.kohlsolucoes.com.br"
170.238.251.110 - - [31/Jul/2026:14:31:09 -0300] "POST /wp-admin/admin-ajax.php HTTP/1.1" 200 - "https://academy.kohlsolucoes.com.br/cursos/lgpd-aplicada-a-educacao-publica-sonora/atividade/aula-03-lgpd-aplicada-ao-dia-a-dia-2/" "Mozilla/5.0 (iPhone; CPU iPhone OS 18_7 like Mac OS X) AppleWebKit/605.1.15 (KHTML, like Gecko) Version/27.0 Mobile/15E148 Safari/604.1"
170.238.251.110 - - [31/Jul/2026:14:31:19 -0300] "POST /wp-admin/admin-ajax.php HTTP/1.1" 200 - "https://academy.kohlsolucoes.com.br/cursos/lgpd-aplicada-a-educacao-publica-sonora/atividade/aula-03-lgpd-aplicada-ao-dia-a-dia-2/" "Mozilla/5.0 (iPhone; CPU iPhone OS 18_7 like Mac OS X) AppleWebKit/605.1.15 (KHTML, like Gecko) Version/27.0 Mobile/15E148 Safari/604.1"
170.238.251.110 - - [31/Jul/2026:14:31:29 -0300] "POST /wp-admin/admin-ajax.php HTTP/1.1" 200 - "https://academy.kohlsolucoes.com.br/cursos/lgpd-aplicada-a-educacao-publica-sonora/atividade/aula-03-lgpd-aplicada-ao-dia-a-dia-2/" "Mozilla/5.0 (iPhone; CPU iPhone OS 18_7 like Mac OS X) AppleWebKit/605.1.15 (KHTML, like Gecko) Version/27.0 Mobile/15E148 Safari/604.1"
129.121.49.162 - - [31/Jul/2026:14:31:29 -0300] "POST /wp-admin/admin-ajax.php?action=as_async_request_queue_runner&nonce=46a390d479 HTTP/1.1" 200 - "-" "WordPress/7.0.2; https://academy.kohlsolucoes.com.br"
170.238.251.110 - - [31/Jul/2026:14:31:39 -0300] "POST /wp-admin/admin-ajax.php HTTP/1.1" 200 - "https://academy.kohlsolucoes.com.br/cursos/lgpd-aplicada-a-educacao-publica-sonora/atividade/aula-03-lgpd-aplicada-ao-dia-a-dia-2/" "Mozilla/5.0 (iPhone; CPU iPhone OS 18_7 like Mac OS X) AppleWebKit/605.1.15 (KHTML, like Gecko) Version/27.0 Mobile/15E148 Safari/604.1"
170.238.251.110 - - [31/Jul/2026:14:31:49 -0300] "POST /wp-admin/admin-ajax.php HTTP/1.1" 200 - "https://academy.kohlsolucoes.com.br/cursos/lgpd-aplicada-a-educacao-publica-sonora/atividade/aula-03-lgpd-aplicada-ao-dia-a-dia-2/" "Mozilla/5.0 (iPhone; CPU iPhone OS 18_7 like Mac OS X) AppleWebKit/605.1.15 (KHTML, like Gecko) Version/27.0 Mobile/15E148 Safari/604.1"
170.238.251.110 - - [31/Jul/2026:14:31:59 -0300] "POST /wp-admin/admin-ajax.php HTTP/1.1" 200 - "https://academy.kohlsolucoes.com.br/cursos/lgpd-aplicada-a-educacao-publica-sonora/atividade/aula-03-lgpd-aplicada-ao-dia-a-dia-2/" "Mozilla/5.0 (iPhone; CPU iPhone OS 18_7 like Mac OS X) AppleWebKit/605.1.15 (KHTML, like Gecko) Version/27.0 Mobile/15E148 Safari/604.1"
129.121.49.162 - - [31/Jul/2026:14:32:09 -0300] "POST /wp-cron.php?doing_wp_cron=1785519129.6319661140441894531250 HTTP/1.1" 200 - "-" "WordPress/7.0.2; https://academy.kohlsolucoes.com.br"
170.238.251.110 - - [31/Jul/2026:14:32:09 -0300] "POST /wp-admin/admin-ajax.php HTTP/1.1" 200 - "https://academy.kohlsolucoes.com.br/cursos/lgpd-aplicada-a-educacao-publica-sonora/atividade/aula-03-lgpd-aplicada-ao-dia-a-dia-2/" "Mozilla/5.0 (iPhone; CPU iPhone OS 18_7 like Mac OS X) AppleWebKit/605.1.15 (KHTML, like Gecko) Version/27.0 Mobile/15E148 Safari/604.1"
170.238.251.110 - - [31/Jul/2026:14:32:19 -0300] "POST /wp-admin/admin-ajax.php HTTP/1.1" 200 - "https://academy.kohlsolucoes.com.br/cursos/lgpd-aplicada-a-educacao-publica-sonora/atividade/aula-03-lgpd-aplicada-ao-dia-a-dia-2/" "Mozilla/5.0 (iPhone; CPU iPhone OS 18_7 like Mac OS X) AppleWebKit/605.1.15 (KHTML, like Gecko) Version/27.0 Mobile/15E148 Safari/604.1"
170.238.251.110 - - [31/Jul/2026:14:32:29 -0300] "POST /wp-admin/admin-ajax.php HTTP/1.1" 200 - "https://academy.kohlsolucoes.com.br/cursos/lgpd-aplicada-a-educacao-publica-sonora/atividade/aula-03-lgpd-aplicada-ao-dia-a-dia-2/" "Mozilla/5.0 (iPhone; CPU iPhone OS 18_7 like Mac OS X) AppleWebKit/605.1.15 (KHTML, like Gecko) Version/27.0 Mobile/15E148 Safari/604.1"
170.238.251.110 - - [31/Jul/2026:14:32:39 -0300] "POST /wp-admin/admin-ajax.php HTTP/1.1" 200 - "https://academy.kohlsolucoes.com.br/cursos/lgpd-aplicada-a-educacao-publica-sonora/atividade/aula-03-lgpd-aplicada-ao-dia-a-dia-2/" "Mozilla/5.0 (iPhone; CPU iPhone OS 18_7 like Mac OS X) AppleWebKit/605.1.15 (KHTML, like Gecko) Version/27.0 Mobile/15E148 Safari/604.1"
129.121.49.162 - - [31/Jul/2026:14:32:39 -0300] "POST /wp-admin/admin-ajax.php?action=as_async_request_queue_runner&nonce=46a390d479 HTTP/1.1" 200 - "-" "WordPress/7.0.2; https://academy.kohlsolucoes.com.br"
170.238.251.110 - - [31/Jul/2026:14:32:49 -0300] "POST /wp-admin/admin-ajax.php HTTP/1.1" 200 - "https://academy.kohlsolucoes.com.br/cursos/lgpd-aplicada-a-educacao-publica-sonora/atividade/aula-03-lgpd-aplicada-ao-dia-a-dia-2/" "Mozilla/5.0 (iPhone; CPU iPhone OS 18_7 like Mac OS X) AppleWebKit/605.1.15 (KHTML, like Gecko) Version/27.0 Mobile/15E148 Safari/604.1"
170.238.251.110 - - [31/Jul/2026:14:32:59 -0300] "POST /wp-admin/admin-ajax.php HTTP/1.1" 200 - "https://academy.kohlsolucoes.com.br/cursos/lgpd-aplicada-a-educacao-publica-sonora/atividade/aula-03-lgpd-aplicada-ao-dia-a-dia-2/" "Mozilla/5.0 (iPhone; CPU iPhone OS 18_7 like Mac OS X) AppleWebKit/605.1.15 (KHTML, like Gecko) Version/27.0 Mobile/15E148 Safari/604.1"
129.121.49.162 - - [31/Jul/2026:14:33:09 -0300] "POST /wp-cron.php?doing_wp_cron=1785519189.8090100288391113281250 HTTP/1.1" 200 - "-" "WordPress/7.0.2; https://academy.kohlsolucoes.com.br"
170.238.251.110 - - [31/Jul/2026:14:33:09 -0300] "POST /wp-admin/admin-ajax.php HTTP/1.1" 200 - "https://academy.kohlsolucoes.com.br/cursos/lgpd-aplicada-a-educacao-publica-sonora/atividade/aula-03-lgpd-aplicada-ao-dia-a-dia-2/" "Mozilla/5.0 (iPhone; CPU iPhone OS 18_7 like Mac OS X) AppleWebKit/605.1.15 (KHTML, like Gecko) Version/27.0 Mobile/15E148 Safari/604.1"
2804:3b1c:18b:5500:d5f8:1fab:85c6:f359 - - [31/Jul/2026:14:33:13 -0300] "GET /cursos/lgpd-aplicada-a-educacao-publica/atividade/aula-04-penalizacoes-e-fiscalizacao/ HTTP/1.1" 200 188889 "https://academy.kohlsolucoes.com.br/cursos/lgpd-aplicada-a-educacao-publica/atividade/aula-04-penalizacoes-e-fiscalizacao/" "Mozilla/5.0 (iPhone; CPU iPhone OS 18_7 like Mac OS X) AppleWebKit/605.1.15 (KHTML, like Gecko) Version/26.5.2 Mobile/15E148 Safari/604.1"
2804:3b1c:18b:5500:d5f8:1fab:85c6:f359 - - [31/Jul/2026:14:33:16 -0300] "GET /wp-content/themes/edubin/assets/fonts/flaticon_edubin.css?ver=1.0.3 HTTP/1.1" 304 - "https://academy.kohlsolucoes.com.br/cursos/lgpd-aplicada-a-educacao-publica/atividade/aula-04-penalizacoes-e-fiscalizacao/" "Mozilla/5.0 (iPhone; CPU iPhone OS 18_7 like Mac OS X) AppleWebKit/605.1.15 (KHTML, like Gecko) Version/26.5.2 Mobile/15E148 Safari/604.1"
2804:3b1c:18b:5500:d5f8:1fab:85c6:f359 - - [31/Jul/2026:14:33:16 -0300] "GET /wp-content/themes/edubin/assets/css/footer.css?ver=1.0.3 HTTP/1.1" 304 - "https://academy.kohlsolucoes.com.br/cursos/lgpd-aplicada-a-educacao-publica/atividade/aula-04-penalizacoes-e-fiscalizacao/" "Mozilla/5.0 (iPhone; CPU iPhone OS 18_7 like Mac OS X) AppleWebKit/605.1.15 (KHTML, like Gecko) Version/26.5.2 Mobile/15E148 Safari/604.1"
2804:3b1c:18b:5500:d5f8:1fab:85c6:f359 - - [31/Jul/2026:14:33:16 -0300] "GET /wp-content/themes/edubin/assets/css/header.css?ver=1.0.3 HTTP/1.1" 304 - "https://academy.kohlsolucoes.com.br/cursos/lgpd-aplicada-a-educacao-publica/atividade/aula-04-penalizacoes-e-fiscalizacao/" "Mozilla/5.0 (iPhone; CPU iPhone OS 18_7 like Mac OS X) AppleWebKit/605.1.15 (KHTML, like Gecko) Version/26.5.2 Mobile/15E148 Safari/604.1"
2804:3b1c:18b:5500:d5f8:1fab:85c6:f359 - - [31/Jul/2026:14:33:16 -0300] "GET /wp-content/themes/edubin/assets/css/page-title.css?ver=1.0.3 HTTP/1.1" 304 - "https://academy.kohlsolucoes.com.br/cursos/lgpd-aplicada-a-educacao-publica/atividade/aula-04-penalizacoes-e-fiscalizacao/" "Mozilla/5.0 (iPhone; CPU iPhone OS 18_7 like Mac OS X) AppleWebKit/605.1.15 (KHTML, like Gecko) Version/26.5.2 Mobile/15E148 Safari/604.1"
2804:3b1c:18b:5500:d5f8:1fab:85c6:f359 - - [31/Jul/2026:14:33:16 -0300] "GET /wp-content/themes/edubin-child/style.css?ver=1.0.3 HTTP/1.1" 304 - "https://academy.kohlsolucoes.com.br/cursos/lgpd-aplicada-a-educacao-publica/atividade/aula-04-penalizacoes-e-fiscalizacao/" "Mozilla/5.0 (iPhone; CPU iPhone OS 18_7 like Mac OS X) AppleWebKit/605.1.15 (KHTML, like Gecko) Version/26.5.2 Mobile/15E148 Safari/604.1"
2804:3b1c:18b:5500:d5f8:1fab:85c6:f359 - - [31/Jul/2026:14:33:16 -0300] "GET /wp-content/themes/edubin/assets/css/comments.css?ver=1.0.3 HTTP/1.1" 304 - "https://academy.kohlsolucoes.com.br/cursos/lgpd-aplicada-a-educacao-publica/atividade/aula-04-penalizacoes-e-fiscalizacao/" "Mozilla/5.0 (iPhone; CPU iPhone OS 18_7 like Mac OS X) AppleWebKit/605.1.15 (KHTML, like Gecko) Version/26.5.2 Mobile/15E148 Safari/604.1"
2804:3b1c:18b:5500:d5f8:1fab:85c6:f359 - - [31/Jul/2026:14:33:16 -0300] "GET /wp-content/themes/edubin/assets/css/search.css?ver=1.0.3 HTTP/1.1" 304 - "https://academy.kohlsolucoes.com.br/cursos/lgpd-aplicada-a-educacao-publica/atividade/aula-04-penalizacoes-e-fiscalizacao/" "Mozilla/5.0 (iPhone; CPU iPhone OS 18_7 like Mac OS X) AppleWebKit/605.1.15 (KHTML, like Gecko) Version/26.5.2 Mobile/15E148 Safari/604.1"
2804:3b1c:18b:5500:d5f8:1fab:85c6:f359 - - [31/Jul/2026:14:33:16 -0300] "GET /wp-content/themes/edubin/assets/css/tutor.css?ver=1.0.3 HTTP/1.1" 304 - "https://academy.kohlsolucoes.com.br/cursos/lgpd-aplicada-a-educacao-publica/atividade/aula-04-penalizacoes-e-fiscalizacao/" "Mozilla/5.0 (iPhone; CPU iPhone OS 18_7 like Mac OS X) AppleWebKit/605.1.15 (KHTML, like Gecko) Version/26.5.2 Mobile/15E148 Safari/604.1"
2804:3b1c:18b:5500:d5f8:1fab:85c6:f359 - - [31/Jul/2026:14:33:16 -0300] "GET /wp-content/themes/edubin/assets/css/global-courses.css?ver=1.0.3 HTTP/1.1" 304 - "https://academy.kohlsolucoes.com.br/cursos/lgpd-aplicada-a-educacao-publica/atividade/aula-04-penalizacoes-e-fiscalizacao/" "Mozilla/5.0 (iPhone; CPU iPhone OS 18_7 like Mac OS X) AppleWebKit/605.1.15 (KHTML, like Gecko) Version/26.5.2 Mobile/15E148 Safari/604.1"
2804:3b1c:18b:5500:d5f8:1fab:85c6:f359 - - [31/Jul/2026:14:33:16 -0300] "GET /wp-content/themes/edubin/assets/css/main.css?ver=1.0.3 HTTP/1.1" 304 - "https://academy.kohlsolucoes.com.br/cursos/lgpd-aplicada-a-educacao-publica/atividade/aula-04-penalizacoes-e-fiscalizacao/" "Mozilla/5.0 (iPhone; CPU iPhone OS 18_7 like Mac OS X) AppleWebKit/605.1.15 (KHTML, like Gecko) Version/26.5.2 Mobile/15E148 Safari/604.1"
2804:3b1c:18b:5500:d5f8:1fab:85c6:f359 - - [31/Jul/2026:14:33:16 -0300] "GET /wp-content/themes/edubin/assets/css/woocommerce.css?ver=1.0.3 HTTP/1.1" 304 - "https://academy.kohlsolucoes.com.br/cursos/lgpd-aplicada-a-educacao-publica/atividade/aula-04-penalizacoes-e-fiscalizacao/" "Mozilla/5.0 (iPhone; CPU iPhone OS 18_7 like Mac OS X) AppleWebKit/605.1.15 (KHTML, like Gecko) Version/26.5.2 Mobile/15E148 Safari/604.1"
2804:3b1c:18b:5500:d5f8:1fab:85c6:f359 - - [31/Jul/2026:14:33:16 -0300] "GET /wp-content/themes/edubin/assets/css/login-popup.css?ver=1.0.3 HTTP/1.1" 304 - "https://academy.kohlsolucoes.com.br/cursos/lgpd-aplicada-a-educacao-publica/atividade/aula-04-penalizacoes-e-fiscalizacao/" "Mozilla/5.0 (iPhone; CPU iPhone OS 18_7 like Mac OS X) AppleWebKit/605.1.15 (KHTML, like Gecko) Version/26.5.2 Mobile/15E148 Safari/604.1"
2804:3b1c:18b:5500:d5f8:1fab:85c6:f359 - - [31/Jul/2026:14:33:16 -0300] "GET /wp-content/themes/edubin/assets/js/edubin-mouse-move-animation.js?ver=1.0.3 HTTP/1.1" 304 - "https://academy.kohlsolucoes.com.br/cursos/lgpd-aplicada-a-educacao-publica/atividade/aula-04-penalizacoes-e-fiscalizacao/" "Mozilla/5.0 (iPhone; CPU iPhone OS 18_7 like Mac OS X) AppleWebKit/605.1.15 (KHTML, like Gecko) Version/26.5.2 Mobile/15E148 Safari/604.1"
2804:3b1c:18b:5500:d5f8:1fab:85c6:f359 - - [31/Jul/2026:14:33:16 -0300] "GET /wp-content/themes/edubin/assets/js/sal.min.js?ver=1.0.3 HTTP/1.1" 304 - "https://academy.kohlsolucoes.com.br/cursos/lgpd-aplicada-a-educacao-publica/atividade/aula-04-penalizacoes-e-fiscalizacao/" "Mozilla/5.0 (iPhone; CPU iPhone OS 18_7 like Mac OS X) AppleWebKit/605.1.15 (KHTML, like Gecko) Version/26.5.2 Mobile/15E148 Safari/604.1"
2804:3b1c:18b:5500:d5f8:1fab:85c6:f359 - - [31/Jul/2026:14:33:16 -0300] "GET /wp-content/themes/edubin/assets/js/headroom.min.js?ver=1.0.3 HTTP/1.1" 304 - "https://academy.kohlsolucoes.com.br/cursos/lgpd-aplicada-a-educacao-publica/atividade/aula-04-penalizacoes-e-fiscalizacao/" "Mozilla/5.0 (iPhone; CPU iPhone OS 18_7 like Mac OS X) AppleWebKit/605.1.15 (KHTML, like Gecko) Version/26.5.2 Mobile/15E148 Safari/604.1"
2804:3b1c:18b:5500:d5f8:1fab:85c6:f359 - - [31/Jul/2026:14:33:16 -0300] "GET /wp-content/themes/edubin/assets/js/navigation.js?ver=1.0.3 HTTP/1.1" 304 - "https://academy.kohlsolucoes.com.br/cursos/lgpd-aplicada-a-educacao-publica/atividade/aula-04-penalizacoes-e-fiscalizacao/" "Mozilla/5.0 (iPhone; CPU iPhone OS 18_7 like Mac OS X) AppleWebKit/605.1.15 (KHTML, like Gecko) Version/26.5.2 Mobile/15E148 Safari/604.1"
2804:3b1c:18b:5500:d5f8:1fab:85c6:f359 - - [31/Jul/2026:14:33:16 -0300] "GET /wp-content/themes/edubin/assets/js/back-to-top.js?ver=1.0.3 HTTP/1.1" 304 - "https://academy.kohlsolucoes.com.br/cursos/lgpd-aplicada-a-educacao-publica/atividade/aula-04-penalizacoes-e-fiscalizacao/" "Mozilla/5.0 (iPhone; CPU iPhone OS 18_7 like Mac OS X) AppleWebKit/605.1.15 (KHTML, like Gecko) Version/26.5.2 Mobile/15E148 Safari/604.1"
2804:3b1c:18b:5500:d5f8:1fab:85c6:f359 - - [31/Jul/2026:14:33:16 -0300] "GET /wp-content/themes/edubin/assets/js/init.js?ver=1.0.3 HTTP/1.1" 304 - "https://academy.kohlsolucoes.com.br/cursos/lgpd-aplicada-a-educacao-publica/atividade/aula-04-penalizacoes-e-fiscalizacao/" "Mozilla/5.0 (iPhone; CPU iPhone OS 18_7 like Mac OS X) AppleWebKit/605.1.15 (KHTML, like Gecko) Version/26.5.2 Mobile/15E148 Safari/604.1"
2804:3b1c:18b:5500:d5f8:1fab:85c6:f359 - - [31/Jul/2026:14:33:16 -0300] "GET /wp-content/themes/edubin/assets/js/youtube-popup.js?ver=1.0.3 HTTP/1.1" 304 - "https://academy.kohlsolucoes.com.br/cursos/lgpd-aplicada-a-educacao-publica/atividade/aula-04-penalizacoes-e-fiscalizacao/" "Mozilla/5.0 (iPhone; CPU iPhone OS 18_7 like Mac OS X) AppleWebKit/605.1.15 (KHTML, like Gecko) Version/26.5.2 Mobile/15E148 Safari/604.1"
2804:3b1c:18b:5500:d5f8:1fab:85c6:f359 - - [31/Jul/2026:14:33:18 -0300] "POST /wp-admin/admin-ajax.php HTTP/1.1" 200 - "https://academy.kohlsolucoes.com.br/cursos/lgpd-aplicada-a-educacao-publica/atividade/aula-04-penalizacoes-e-fiscalizacao/" "Mozilla/5.0 (iPhone; CPU iPhone OS 18_7 like Mac OS X) AppleWebKit/605.1.15 (KHTML, like Gecko) Version/26.5.2 Mobile/15E148 Safari/604.1"
170.238.251.110 - - [31/Jul/2026:14:33:19 -0300] "POST /wp-admin/admin-ajax.php HTTP/1.1" 200 - "https://academy.kohlsolucoes.com.br/cursos/lgpd-aplicada-a-educacao-publica-sonora/atividade/aula-03-lgpd-aplicada-ao-dia-a-dia-2/" "Mozilla/5.0 (iPhone; CPU iPhone OS 18_7 like Mac OS X) AppleWebKit/605.1.15 (KHTML, like Gecko) Version/27.0 Mobile/15E148 Safari/604.1"
170.238.251.110 - - [31/Jul/2026:14:33:29 -0300] "POST /wp-admin/admin-ajax.php HTTP/1.1" 200 - "https://academy.kohlsolucoes.com.br/cursos/lgpd-aplicada-a-educacao-publica-sonora/atividade/aula-03-lgpd-aplicada-ao-dia-a-dia-2/" "Mozilla/5.0 (iPhone; CPU iPhone OS 18_7 like Mac OS X) AppleWebKit/605.1.15 (KHTML, like Gecko) Version/27.0 Mobile/15E148 Safari/604.1"
170.238.251.110 - - [31/Jul/2026:14:33:39 -0300] "POST /wp-admin/admin-ajax.php HTTP/1.1" 200 - "https://academy.kohlsolucoes.com.br/cursos/lgpd-aplicada-a-educacao-publica-sonora/atividade/aula-03-lgpd-aplicada-ao-dia-a-dia-2/" "Mozilla/5.0 (iPhone; CPU iPhone OS 18_7 like Mac OS X) AppleWebKit/605.1.15 (KHTML, like Gecko) Version/27.0 Mobile/15E148 Safari/604.1"
170.238.251.110 - - [31/Jul/2026:14:33:49 -0300] "POST /wp-admin/admin-ajax.php HTTP/1.1" 200 - "https://academy.kohlsolucoes.com.br/cursos/lgpd-aplicada-a-educacao-publica-sonora/atividade/aula-03-lgpd-aplicada-ao-dia-a-dia-2/" "Mozilla/5.0 (iPhone; CPU iPhone OS 18_7 like Mac OS X) AppleWebKit/605.1.15 (KHTML, like Gecko) Version/27.0 Mobile/15E148 Safari/604.1"
129.121.49.162 - - [31/Jul/2026:14:33:49 -0300] "POST /wp-admin/admin-ajax.php?action=as_async_request_queue_runner&nonce=46a390d479 HTTP/1.1" 200 - "-" "WordPress/7.0.2; https://academy.kohlsolucoes.com.br"
170.238.251.110 - - [31/Jul/2026:14:33:59 -0300] "POST /wp-admin/admin-ajax.php HTTP/1.1" 200 - "https://academy.kohlsolucoes.com.br/cursos/lgpd-aplicada-a-educacao-publica-sonora/atividade/aula-03-lgpd-aplicada-ao-dia-a-dia-2/" "Mozilla/5.0 (iPhone; CPU iPhone OS 18_7 like Mac OS X) AppleWebKit/605.1.15 (KHTML, like Gecko) Version/27.0 Mobile/15E148 Safari/604.1"
129.121.49.162 - - [31/Jul/2026:14:34:09 -0300] "POST /wp-cron.php?doing_wp_cron=1785519249.8897550106048583984375 HTTP/1.1" 200 - "-" "WordPress/7.0.2; https://academy.kohlsolucoes.com.br"
170.238.251.110 - - [31/Jul/2026:14:34:09 -0300] "POST /wp-admin/admin-ajax.php HTTP/1.1" 200 - "https://academy.kohlsolucoes.com.br/cursos/lgpd-aplicada-a-educacao-publica-sonora/atividade/aula-03-lgpd-aplicada-ao-dia-a-dia-2/" "Mozilla/5.0 (iPhone; CPU iPhone OS 18_7 like Mac OS X) AppleWebKit/605.1.15 (KHTML, like Gecko) Version/27.0 Mobile/15E148 Safari/604.1"
170.238.251.110 - - [31/Jul/2026:14:34:19 -0300] "POST /wp-admin/admin-ajax.php HTTP/1.1" 200 - "https://academy.kohlsolucoes.com.br/cursos/lgpd-aplicada-a-educacao-publica-sonora/atividade/aula-03-lgpd-aplicada-ao-dia-a-dia-2/" "Mozilla/5.0 (iPhone; CPU iPhone OS 18_7 like Mac OS X) AppleWebKit/605.1.15 (KHTML, like Gecko) Version/27.0 Mobile/15E148 Safari/604.1"
129.121.49.162 - - [31/Jul/2026:14:34:29 -0300] "POST /wp-cron.php?doing_wp_cron=1785519269.9066789150238037109375 HTTP/1.1" 200 - "-" "WordPress/7.0.2; https://academy.kohlsolucoes.com.br"
170.238.251.110 - - [31/Jul/2026:14:34:29 -0300] "POST /wp-admin/admin-ajax.php HTTP/1.1" 200 - "https://academy.kohlsolucoes.com.br/cursos/lgpd-aplicada-a-educacao-publica-sonora/atividade/aula-03-lgpd-aplicada-ao-dia-a-dia-2/" "Mozilla/5.0 (iPhone; CPU iPhone OS 18_7 like Mac OS X) AppleWebKit/605.1.15 (KHTML, like Gecko) Version/27.0 Mobile/15E148 Safari/604.1"
170.238.251.110 - - [31/Jul/2026:14:34:39 -0300] "POST /wp-admin/admin-ajax.php HTTP/1.1" 200 - "https://academy.kohlsolucoes.com.br/cursos/lgpd-aplicada-a-educacao-publica-sonora/atividade/aula-03-lgpd-aplicada-ao-dia-a-dia-2/" "Mozilla/5.0 (iPhone; CPU iPhone OS 18_7 like Mac OS X) AppleWebKit/605.1.15 (KHTML, like Gecko) Version/27.0 Mobile/15E148 Safari/604.1"
170.238.251.110 - - [31/Jul/2026:14:34:49 -0300] "POST /wp-admin/admin-ajax.php HTTP/1.1" 200 - "https://academy.kohlsolucoes.com.br/cursos/lgpd-aplicada-a-educacao-publica-sonora/atividade/aula-03-lgpd-aplicada-ao-dia-a-dia-2/" "Mozilla/5.0 (iPhone; CPU iPhone OS 18_7 like Mac OS X) AppleWebKit/605.1.15 (KHTML, like Gecko) Version/27.0 Mobile/15E148 Safari/604.1"
170.238.251.110 - - [31/Jul/2026:14:34:59 -0300] "POST /wp-admin/admin-ajax.php HTTP/1.1" 200 - "https://academy.kohlsolucoes.com.br/cursos/lgpd-aplicada-a-educacao-publica-sonora/atividade/aula-03-lgpd-aplicada-ao-dia-a-dia-2/" "Mozilla/5.0 (iPhone; CPU iPhone OS 18_7 like Mac OS X) AppleWebKit/605.1.15 (KHTML, like Gecko) Version/27.0 Mobile/15E148 Safari/604.1"
129.121.49.162 - - [31/Jul/2026:14:35:00 -0300] "POST /wp-admin/admin-ajax.php?action=as_async_request_queue_runner&nonce=46a390d479 HTTP/1.1" 200 - "-" "WordPress/7.0.2; https://academy.kohlsolucoes.com.br"
129.121.49.162 - - [31/Jul/2026:14:35:10 -0300] "POST /wp-cron.php?doing_wp_cron=1785519310.0374040603637695312500 HTTP/1.1" 200 - "-" "WordPress/7.0.2; https://academy.kohlsolucoes.com.br"
170.238.251.110 - - [31/Jul/2026:14:35:09 -0300] "POST /wp-admin/admin-ajax.php HTTP/1.1" 200 - "https://academy.kohlsolucoes.com.br/cursos/lgpd-aplicada-a-educacao-publica-sonora/atividade/aula-03-lgpd-aplicada-ao-dia-a-dia-2/" "Mozilla/5.0 (iPhone; CPU iPhone OS 18_7 like Mac OS X) AppleWebKit/605.1.15 (KHTML, like Gecko) Version/27.0 Mobile/15E148 Safari/604.1"
170.238.251.110 - - [31/Jul/2026:14:35:19 -0300] "POST /wp-admin/admin-ajax.php HTTP/1.1" 200 - "https://academy.kohlsolucoes.com.br/cursos/lgpd-aplicada-a-educacao-publica-sonora/atividade/aula-03-lgpd-aplicada-ao-dia-a-dia-2/" "Mozilla/5.0 (iPhone; CPU iPhone OS 18_7 like Mac OS X) AppleWebKit/605.1.15 (KHTML, like Gecko) Version/27.0 Mobile/15E148 Safari/604.1"
170.238.251.110 - - [31/Jul/2026:14:35:29 -0300] "POST /wp-admin/admin-ajax.php HTTP/1.1" 200 - "https://academy.kohlsolucoes.com.br/cursos/lgpd-aplicada-a-educacao-publica-sonora/atividade/aula-03-lgpd-aplicada-ao-dia-a-dia-2/" "Mozilla/5.0 (iPhone; CPU iPhone OS 18_7 like Mac OS X) AppleWebKit/605.1.15 (KHTML, like Gecko) Version/27.0 Mobile/15E148 Safari/604.1"
170.238.251.110 - - [31/Jul/2026:14:35:39 -0300] "POST /wp-admin/admin-ajax.php HTTP/1.1" 200 - "https://academy.kohlsolucoes.com.br/cursos/lgpd-aplicada-a-educacao-publica-sonora/atividade/aula-03-lgpd-aplicada-ao-dia-a-dia-2/" "Mozilla/5.0 (iPhone; CPU iPhone OS 18_7 like Mac OS X) AppleWebKit/605.1.15 (KHTML, like Gecko) Version/27.0 Mobile/15E148 Safari/604.1"
138.0.134.191 - - [31/Jul/2026:14:35:47 -0300] "GET /cursos/lgpd-aplicada-a-educacao-publica-sonora/ HTTP/1.1" 200 169217 "-" "Mozilla/5.0 (Linux; Android 10; K) AppleWebKit/537.36 (KHTML, like Gecko) Chrome/150.0.0.0 Mobile Safari/537.36"
138.0.134.191 - - [31/Jul/2026:14:35:47 -0300] "GET /wp-includes/css/dist/block-library/style.min.css?ver=7.0.2 HTTP/1.1" 304 - "https://academy.kohlsolucoes.com.br/cursos/lgpd-aplicada-a-educacao-publica-sonora/" "Mozilla/5.0 (Linux; Android 10; K) AppleWebKit/537.36 (KHTML, like Gecko) Chrome/150.0.0.0 Mobile Safari/537.36"
138.0.134.191 - - [31/Jul/2026:14:35:47 -0300] "GET /wp-content/plugins/fluentform/assets/css/fluent-forms-elementor-widget.css?ver=6.2.8 HTTP/1.1" 304 - "https://academy.kohlsolucoes.com.br/cursos/lgpd-aplicada-a-educacao-publica-sonora/" "Mozilla/5.0 (Linux; Android 10; K) AppleWebKit/537.36 (KHTML, like Gecko) Chrome/150.0.0.0 Mobile Safari/537.36"
138.0.134.191 - - [31/Jul/2026:14:35:47 -0300] "GET /wp-content/plugins/tutor/assets/css/tutor.min.css?ver=3.9.13 HTTP/1.1" 304 - "https://academy.kohlsolucoes.com.br/cursos/lgpd-aplicada-a-educacao-publica-sonora/" "Mozilla/5.0 (Linux; Android 10; K) AppleWebKit/537.36 (KHTML, like Gecko) Chrome/150.0.0.0 Mobile Safari/537.36"
138.0.134.191 - - [31/Jul/2026:14:35:47 -0300] "GET /wp-content/plugins/tutor/assets/css/tutor-icon.min.css?ver=3.9.13 HTTP/1.1" 304 - "https://academy.kohlsolucoes.com.br/cursos/lgpd-aplicada-a-educacao-publica-sonora/" "Mozilla/5.0 (Linux; Android 10; K) AppleWebKit/537.36 (KHTML, like Gecko) Chrome/150.0.0.0 Mobile Safari/537.36"
138.0.134.191 - - [31/Jul/2026:14:35:47 -0300] "GET /wp-content/plugins/tutor/assets/css/tutor-front.min.css?ver=3.9.13 HTTP/1.1" 304 - "https://academy.kohlsolucoes.com.br/cursos/lgpd-aplicada-a-educacao-publica-sonora/" "Mozilla/5.0 (Linux; Android 10; K) AppleWebKit/537.36 (KHTML, like Gecko) Chrome/150.0.0.0 Mobile Safari/537.36"
138.0.134.191 - - [31/Jul/2026:14:35:47 -0300] "GET /wp-content/plugins/tutor-pro/addons/enrollments/assets/css/enroll.css?ver=3.9.13 HTTP/1.1" 304 - "https://academy.kohlsolucoes.com.br/cursos/lgpd-aplicada-a-educacao-publica-sonora/" "Mozilla/5.0 (Linux; Android 10; K) AppleWebKit/537.36 (KHTML, like Gecko) Chrome/150.0.0.0 Mobile Safari/537.36"
138.0.134.191 - - [31/Jul/2026:14:35:47 -0300] "GET /wp-content/plugins/tutor-pro/assets/lib/codesample/prism.css?ver=3.9.13 HTTP/1.1" 304 - "https://academy.kohlsolucoes.com.br/cursos/lgpd-aplicada-a-educacao-publica-sonora/" "Mozilla/5.0 (Linux; Android 10; K) AppleWebKit/537.36 (KHTML, like Gecko) Chrome/150.0.0.0 Mobile Safari/537.36"
138.0.134.191 - - [31/Jul/2026:14:35:47 -0300] "GET /wp-content/plugins/tutor-pro/assets/css/course-details.css?ver=3.9.13 HTTP/1.1" 304 - "https://academy.kohlsolucoes.com.br/cursos/lgpd-aplicada-a-educacao-publica-sonora/" "Mozilla/5.0 (Linux; Android 10; K) AppleWebKit/537.36 (KHTML, like Gecko) Chrome/150.0.0.0 Mobile Safari/537.36"
138.0.134.191 - - [31/Jul/2026:14:35:47 -0300] "GET /wp-content/plugins/tutor/assets/lib/plyr/plyr.css?ver=3.9.13 HTTP/1.1" 304 - "https://academy.kohlsolucoes.com.br/cursos/lgpd-aplicada-a-educacao-publica-sonora/" "Mozilla/5.0 (Linux; Android 10; K) AppleWebKit/537.36 (KHTML, like Gecko) Chrome/150.0.0.0 Mobile Safari/537.36"
138.0.134.191 - - [31/Jul/2026:14:35:47 -0300] "GET /wp-content/plugins/tutor-pro/assets/css/front.css?ver=3.9.13 HTTP/1.1" 304 - "https://academy.kohlsolucoes.com.br/cursos/lgpd-aplicada-a-educacao-publica-sonora/" "Mozilla/5.0 (Linux; Android 10; K) AppleWebKit/537.36 (KHTML, like Gecko) Chrome/150.0.0.0 Mobile Safari/537.36"
138.0.134.191 - - [31/Jul/2026:14:35:47 -0300] "GET /wp-content/plugins/woocommerce/assets/css/woocommerce-layout.css?ver=10.9.4 HTTP/1.1" 304 - "https://academy.kohlsolucoes.com.br/cursos/lgpd-aplicada-a-educacao-publica-sonora/" "Mozilla/5.0 (Linux; Android 10; K) AppleWebKit/537.36 (KHTML, like Gecko) Chrome/150.0.0.0 Mobile Safari/537.36"
138.0.134.191 - - [31/Jul/2026:14:35:47 -0300] "GET /wp-content/plugins/woocommerce/assets/css/woocommerce.css?ver=10.9.4 HTTP/1.1" 304 - "https://academy.kohlsolucoes.com.br/cursos/lgpd-aplicada-a-educacao-publica-sonora/" "Mozilla/5.0 (Linux; Android 10; K) AppleWebKit/537.36 (KHTML, like Gecko) Chrome/150.0.0.0 Mobile Safari/537.36"
138.0.134.191 - - [31/Jul/2026:14:35:47 -0300] "GET /wp-content/plugins/woocommerce/assets/css/woocommerce-smallscreen.css?ver=10.9.4 HTTP/1.1" 304 - "https://academy.kohlsolucoes.com.br/cursos/lgpd-aplicada-a-educacao-publica-sonora/" "Mozilla/5.0 (Linux; Android 10; K) AppleWebKit/537.36 (KHTML, like Gecko) Chrome/150.0.0.0 Mobile Safari/537.36"
138.0.134.191 - - [31/Jul/2026:14:35:47 -0300] "GET /wp-content/themes/edubin/style.css?ver=7.0.2 HTTP/1.1" 304 - "https://academy.kohlsolucoes.com.br/cursos/lgpd-aplicada-a-educacao-publica-sonora/" "Mozilla/5.0 (Linux; Android 10; K) AppleWebKit/537.36 (KHTML, like Gecko) Chrome/150.0.0.0 Mobile Safari/537.36"
138.0.134.191 - - [31/Jul/2026:14:35:47 -0300] "GET /wp-content/themes/edubin-child/style.css?ver=7.0.2 HTTP/1.1" 304 - "https://academy.kohlsolucoes.com.br/cursos/lgpd-aplicada-a-educacao-publica-sonora/" "Mozilla/5.0 (Linux; Android 10; K) AppleWebKit/537.36 (KHTML, like Gecko) Chrome/150.0.0.0 Mobile Safari/537.36"
138.0.134.191 - - [31/Jul/2026:14:35:47 -0300] "GET /wp-includes/js/jquery/jquery.min.js?ver=3.7.1 HTTP/1.1" 304 - "https://academy.kohlsolucoes.com.br/cursos/lgpd-aplicada-a-educacao-publica-sonora/" "Mozilla/5.0 (Linux; Android 10; K) AppleWebKit/537.36 (KHTML, like Gecko) Chrome/150.0.0.0 Mobile Safari/537.36"
138.0.134.191 - - [31/Jul/2026:14:35:47 -0300] "GET /wp-includes/js/jquery/jquery-migrate.min.js?ver=3.4.1 HTTP/1.1" 304 - "https://academy.kohlsolucoes.com.br/cursos/lgpd-aplicada-a-educacao-publica-sonora/" "Mozilla/5.0 (Linux; Android 10; K) AppleWebKit/537.36 (KHTML, like Gecko) Chrome/150.0.0.0 Mobile Safari/537.36"
138.0.134.191 - - [31/Jul/2026:14:35:48 -0300] "GET /wp-content/uploads/2026/02/logo-kohl-solucoes.png HTTP/1.1" 304 - "https://academy.kohlsolucoes.com.br/cursos/lgpd-aplicada-a-educacao-publica-sonora/" "Mozilla/5.0 (Linux; Android 10; K) AppleWebKit/537.36 (KHTML, like Gecko) Chrome/150.0.0.0 Mobile Safari/537.36"
138.0.134.191 - - [31/Jul/2026:14:35:48 -0300] "GET /wp-content/plugins/woocommerce/assets/client/blocks/wc-blocks.css?ver=wc-10.9.4 HTTP/1.1" 304 - "https://academy.kohlsolucoes.com.br/cursos/lgpd-aplicada-a-educacao-publica-sonora/" "Mozilla/5.0 (Linux; Android 10; K) AppleWebKit/537.36 (KHTML, like Gecko) Chrome/150.0.0.0 Mobile Safari/537.36"
138.0.134.191 - - [31/Jul/2026:14:35:48 -0300] "GET /wp-content/themes/edubin/assets/css/social-share.css?ver=1.0.3 HTTP/1.1" 304 - "https://academy.kohlsolucoes.com.br/cursos/lgpd-aplicada-a-educacao-publica-sonora/" "Mozilla/5.0 (Linux; Android 10; K) AppleWebKit/537.36 (KHTML, like Gecko) Chrome/150.0.0.0 Mobile Safari/537.36"
138.0.134.191 - - [31/Jul/2026:14:35:48 -0300] "GET /wp-content/plugins/fluentform/assets/js/fluent-forms-elementor-widget.js?ver=6.2.8 HTTP/1.1" 304 - "https://academy.kohlsolucoes.com.br/cursos/lgpd-aplicada-a-educacao-publica-sonora/" "Mozilla/5.0 (Linux; Android 10; K) AppleWebKit/537.36 (KHTML, like Gecko) Chrome/150.0.0.0 Mobile Safari/537.36"
138.0.134.191 - - [31/Jul/2026:14:35:48 -0300] "GET /wp-includes/js/dist/hooks.min.js?ver=7496969728ca0f95732d HTTP/1.1" 304 - "https://academy.kohlsolucoes.com.br/cursos/lgpd-aplicada-a-educacao-publica-sonora/" "Mozilla/5.0 (Linux; Android 10; K) AppleWebKit/537.36 (KHTML, like Gecko) Chrome/150.0.0.0 Mobile Safari/537.36"
138.0.134.191 - - [31/Jul/2026:14:35:48 -0300] "GET /wp-includes/js/jquery/ui/core.min.js?ver=1.13.3 HTTP/1.1" 304 - "https://academy.kohlsolucoes.com.br/cursos/lgpd-aplicada-a-educacao-publica-sonora/" "Mozilla/5.0 (Linux; Android 10; K) AppleWebKit/537.36 (KHTML, like Gecko) Chrome/150.0.0.0 Mobile Safari/537.36"
138.0.134.191 - - [31/Jul/2026:14:35:48 -0300] "GET /wp-includes/js/dist/i18n.min.js?ver=781d11515ad3d91786ec HTTP/1.1" 304 - "https://academy.kohlsolucoes.com.br/cursos/lgpd-aplicada-a-educacao-publica-sonora/" "Mozilla/5.0 (Linux; Android 10; K) AppleWebKit/537.36 (KHTML, like Gecko) Chrome/150.0.0.0 Mobile Safari/537.36"
138.0.134.191 - - [31/Jul/2026:14:35:48 -0300] "GET /wp-includes/js/dist/vendor/react-dom.min.js?ver=18.3.1.1 HTTP/1.1" 304 - "https://academy.kohlsolucoes.com.br/cursos/lgpd-aplicada-a-educacao-publica-sonora/" "Mozilla/5.0 (Linux; Android 10; K) AppleWebKit/537.36 (KHTML, like Gecko) Chrome/150.0.0.0 Mobile Safari/537.36"
138.0.134.191 - - [31/Jul/2026:14:35:48 -0300] "GET /wp-includes/js/jquery/jquery.ui.touch-punch.js?ver=0.2.2 HTTP/1.1" 304 - "https://academy.kohlsolucoes.com.br/cursos/lgpd-aplicada-a-educacao-publica-sonora/" "Mozilla/5.0 (Linux; Android 10; K) AppleWebKit/537.36 (KHTML, like Gecko) Chrome/150.0.0.0 Mobile Safari/537.36"
138.0.134.191 - - [31/Jul/2026:14:35:48 -0300] "GET /wp-includes/js/jquery/ui/mouse.min.js?ver=1.13.3 HTTP/1.1" 304 - "https://academy.kohlsolucoes.com.br/cursos/lgpd-aplicada-a-educacao-publica-sonora/" "Mozilla/5.0 (Linux; Android 10; K) AppleWebKit/537.36 (KHTML, like Gecko) Chrome/150.0.0.0 Mobile Safari/537.36"
138.0.134.191 - - [31/Jul/2026:14:35:48 -0300] "GET /wp-includes/js/jquery/ui/sortable.min.js?ver=1.13.3 HTTP/1.1" 304 - "https://academy.kohlsolucoes.com.br/cursos/lgpd-aplicada-a-educacao-publica-sonora/" "Mozilla/5.0 (Linux; Android 10; K) AppleWebKit/537.36 (KHTML, like Gecko) Chrome/150.0.0.0 Mobile Safari/537.36"
138.0.134.191 - - [31/Jul/2026:14:35:48 -0300] "GET /wp-includes/js/dist/element.min.js?ver=15ba804677f72a8db97b HTTP/1.1" 304 - "https://academy.kohlsolucoes.com.br/cursos/lgpd-aplicada-a-educacao-publica-sonora/" "Mozilla/5.0 (Linux; Android 10; K) AppleWebKit/537.36 (KHTML, like Gecko) Chrome/150.0.0.0 Mobile Safari/537.36"
138.0.134.191 - - [31/Jul/2026:14:35:48 -0300] "GET /wp-includes/js/dist/date.min.js?ver=c9f8e7dd3232716f34e9 HTTP/1.1" 304 - "https://academy.kohlsolucoes.com.br/cursos/lgpd-aplicada-a-educacao-publica-sonora/" "Mozilla/5.0 (Linux; Android 10; K) AppleWebKit/537.36 (KHTML, like Gecko) Chrome/150.0.0.0 Mobile Safari/537.36"
138.0.134.191 - - [31/Jul/2026:14:35:48 -0300] "GET /wp-includes/js/dist/vendor/react.min.js?ver=18.3.1.1 HTTP/1.1" 304 - "https://academy.kohlsolucoes.com.br/cursos/lgpd-aplicada-a-educacao-publica-sonora/" "Mozilla/5.0 (Linux; Android 10; K) AppleWebKit/537.36 (KHTML, like Gecko) Chrome/150.0.0.0 Mobile Safari/537.36"
138.0.134.191 - - [31/Jul/2026:14:35:48 -0300] "GET /wp-content/plugins/tutor/assets/js/tutor.js?ver=3.9.13 HTTP/1.1" 304 - "https://academy.kohlsolucoes.com.br/cursos/lgpd-aplicada-a-educacao-publica-sonora/" "Mozilla/5.0 (Linux; Android 10; K) AppleWebKit/537.36 (KHTML, like Gecko) Chrome/150.0.0.0 Mobile Safari/537.36"
138.0.134.191 - - [31/Jul/2026:14:35:48 -0300] "GET /wp-content/plugins/edubin-core/assets/js/edubin-active.js?ver=9.5.16 HTTP/1.1" 304 - "https://academy.kohlsolucoes.com.br/cursos/lgpd-aplicada-a-educacao-publica-sonora/" "Mozilla/5.0 (Linux; Android 10; K) AppleWebKit/537.36 (KHTML, like Gecko) Chrome/150.0.0.0 Mobile Safari/537.36"
138.0.134.191 - - [31/Jul/2026:14:35:48 -0300] "GET /wp-includes/js/quicktags.min.js?ver=7.0.2 HTTP/1.1" 304 - "https://academy.kohlsolucoes.com.br/cursos/lgpd-aplicada-a-educacao-publica-sonora/" "Mozilla/5.0 (Linux; Android 10; K) AppleWebKit/537.36 (KHTML, like Gecko) Chrome/150.0.0.0 Mobile Safari/537.36"
138.0.134.191 - - [31/Jul/2026:14:35:48 -0300] "GET /wp-content/plugins/tutor/assets/lib/SocialShare/SocialShare.min.js?ver=3.9.13 HTTP/1.1" 304 - "https://academy.kohlsolucoes.com.br/cursos/lgpd-aplicada-a-educacao-publica-sonora/" "Mozilla/5.0 (Linux; Android 10; K) AppleWebKit/537.36 (KHTML, like Gecko) Chrome/150.0.0.0 Mobile Safari/537.36"
138.0.134.191 - - [31/Jul/2026:14:35:48 -0300] "GET /wp-content/plugins/tutor/assets/lib/plyr/plyr.polyfilled.min.js?ver=3.9.13 HTTP/1.1" 304 - "https://academy.kohlsolucoes.com.br/cursos/lgpd-aplicada-a-educacao-publica-sonora/" "Mozilla/5.0 (Linux; Android 10; K) AppleWebKit/537.36 (KHTML, like Gecko) Chrome/150.0.0.0 Mobile Safari/537.36"
138.0.134.191 - - [31/Jul/2026:14:35:48 -0300] "GET /wp-content/plugins/tutor/assets/js/tutor-front.js?ver=3.9.13 HTTP/1.1" 304 - "https://academy.kohlsolucoes.com.br/cursos/lgpd-aplicada-a-educacao-publica-sonora/" "Mozilla/5.0 (Linux; Android 10; K) AppleWebKit/537.36 (KHTML, like Gecko) Chrome/150.0.0.0 Mobile Safari/537.36"
138.0.134.191 - - [31/Jul/2026:14:35:48 -0300] "GET /wp-includes/js/jquery/ui/datepicker.min.js?ver=1.13.3 HTTP/1.1" 304 - "https://academy.kohlsolucoes.com.br/cursos/lgpd-aplicada-a-educacao-publica-sonora/" "Mozilla/5.0 (Linux; Android 10; K) AppleWebKit/537.36 (KHTML, like Gecko) Chrome/150.0.0.0 Mobile Safari/537.36"
138.0.134.191 - - [31/Jul/2026:14:35:48 -0300] "GET /wp-includes/js/dist/deprecated.min.js?ver=990e85f234fee8f7d446 HTTP/1.1" 304 - "https://academy.kohlsolucoes.com.br/cursos/lgpd-aplicada-a-educacao-publica-sonora/" "Mozilla/5.0 (Linux; Android 10; K) AppleWebKit/537.36 (KHTML, like Gecko) Chrome/150.0.0.0 Mobile Safari/537.36"
138.0.134.191 - - [31/Jul/2026:14:35:48 -0300] "GET /wp-content/plugins/tutor-pro/assets/lib/prism/prism.min.js?ver=3.9.13 HTTP/1.1" 304 - "https://academy.kohlsolucoes.com.br/cursos/lgpd-aplicada-a-educacao-publica-sonora/" "Mozilla/5.0 (Linux; Android 10; K) AppleWebKit/537.36 (KHTML, like Gecko) Chrome/150.0.0.0 Mobile Safari/537.36"
138.0.134.191 - - [31/Jul/2026:14:35:48 -0300] "GET /wp-includes/js/dist/escape-html.min.js?ver=3f093e5cca67aa0f8b56 HTTP/1.1" 304 - "https://academy.kohlsolucoes.com.br/cursos/lgpd-aplicada-a-educacao-publica-sonora/" "Mozilla/5.0 (Linux; Android 10; K) AppleWebKit/537.36 (KHTML, like Gecko) Chrome/150.0.0.0 Mobile Safari/537.36"
138.0.134.191 - - [31/Jul/2026:14:35:48 -0300] "GET /wp-content/plugins/tutor-pro/assets/lib/codesample/prism.min.js?ver=3.9.13 HTTP/1.1" 304 - "https://academy.kohlsolucoes.com.br/cursos/lgpd-aplicada-a-educacao-publica-sonora/" "Mozilla/5.0 (Linux; Android 10; K) AppleWebKit/537.36 (KHTML, like Gecko) Chrome/150.0.0.0 Mobile Safari/537.36"
138.0.134.191 - - [31/Jul/2026:14:35:48 -0300] "GET /wp-includes/js/tinymce/tinymce.min.js?ver=3.9.13 HTTP/1.1" 304 - "https://academy.kohlsolucoes.com.br/cursos/lgpd-aplicada-a-educacao-publica-sonora/" "Mozilla/5.0 (Linux; Android 10; K) AppleWebKit/537.36 (KHTML, like Gecko) Chrome/150.0.0.0 Mobile Safari/537.36"
138.0.134.191 - - [31/Jul/2026:14:35:48 -0300] "GET /wp-includes/js/dist/vendor/moment.min.js?ver=2.30.1 HTTP/1.1" 304 - "https://academy.kohlsolucoes.com.br/cursos/lgpd-aplicada-a-educacao-publica-sonora/" "Mozilla/5.0 (Linux; Android 10; K) AppleWebKit/537.36 (KHTML, like Gecko) Chrome/150.0.0.0 Mobile Safari/537.36"
138.0.134.191 - - [31/Jul/2026:14:35:48 -0300] "GET /wp-content/plugins/tutor-pro/assets/lib/prism/script.js?ver=3.9.13 HTTP/1.1" 304 - "https://academy.kohlsolucoes.com.br/cursos/lgpd-aplicada-a-educacao-publica-sonora/" "Mozilla/5.0 (Linux; Android 10; K) AppleWebKit/537.36 (KHTML, like Gecko) Chrome/150.0.0.0 Mobile Safari/537.36"
138.0.134.191 - - [31/Jul/2026:14:35:48 -0300] "GET /wp-content/plugins/tutor-pro/assets/js/front.js?ver=3.9.13 HTTP/1.1" 304 - "https://academy.kohlsolucoes.com.br/cursos/lgpd-aplicada-a-educacao-publica-sonora/" "Mozilla/5.0 (Linux; Android 10; K) AppleWebKit/537.36 (KHTML, like Gecko) Chrome/150.0.0.0 Mobile Safari/537.36"
138.0.134.191 - - [31/Jul/2026:14:35:48 -0300] "GET /wp-content/plugins/tutor-pro/assets/lib/tinymce/code.plugin.min.js?ver=3.9.13 HTTP/1.1" 304 - "https://academy.kohlsolucoes.com.br/cursos/lgpd-aplicada-a-educacao-publica-sonora/" "Mozilla/5.0 (Linux; Android 10; K) AppleWebKit/537.36 (KHTML, like Gecko) Chrome/150.0.0.0 Mobile Safari/537.36"
138.0.134.191 - - [31/Jul/2026:14:35:48 -0300] "GET /wp-content/plugins/woocommerce/assets/js/frontend/order-attribution.min.js?ver=10.9.4 HTTP/1.1" 304 - "https://academy.kohlsolucoes.com.br/cursos/lgpd-aplicada-a-educacao-publica-sonora/" "Mozilla/5.0 (Linux; Android 10; K) AppleWebKit/537.36 (KHTML, like Gecko) Chrome/150.0.0.0 Mobile Safari/537.36"
138.0.134.191 - - [31/Jul/2026:14:35:48 -0300] "GET /wp-content/fonts/heebo/NGS6v5_NC0k9P9H2TbE.woff2 HTTP/1.1" 304 - "https://academy.kohlsolucoes.com.br/cursos/lgpd-aplicada-a-educacao-publica-sonora/" "Mozilla/5.0 (Linux; Android 10; K) AppleWebKit/537.36 (KHTML, like Gecko) Chrome/150.0.0.0 Mobile Safari/537.36"
138.0.134.191 - - [31/Jul/2026:14:35:48 -0300] "GET /wp-content/plugins/woocommerce/assets/js/sourcebuster/sourcebuster.min.js?ver=10.9.4 HTTP/1.1" 304 - "https://academy.kohlsolucoes.com.br/cursos/lgpd-aplicada-a-educacao-publica-sonora/" "Mozilla/5.0 (Linux; Android 10; K) AppleWebKit/537.36 (KHTML, like Gecko) Chrome/150.0.0.0 Mobile Safari/537.36"
138.0.134.191 - - [31/Jul/2026:14:35:48 -0300] "GET /wp-content/plugins/woocommerce/assets/js/js-cookie/js.cookie.min.js?ver=2.1.4-wc.10.9.4 HTTP/1.1" 304 - "https://academy.kohlsolucoes.com.br/cursos/lgpd-aplicada-a-educacao-publica-sonora/" "Mozilla/5.0 (Linux; Android 10; K) AppleWebKit/537.36 (KHTML, like Gecko) Chrome/150.0.0.0 Mobile Safari/537.36"
138.0.134.191 - - [31/Jul/2026:14:35:48 -0300] "GET /wp-content/themes/edubin/assets/fonts/flaticon_edubin.woff2?3a6c14212907e1cbaf6aebe6e0c247e7 HTTP/1.1" 304 - "https://academy.kohlsolucoes.com.br/wp-content/themes/edubin/assets/fonts/flaticon_edubin.css?ver=1.0.3" "Mozilla/5.0 (Linux; Android 10; K) AppleWebKit/537.36 (KHTML, like Gecko) Chrome/150.0.0.0 Mobile Safari/537.36"
138.0.134.191 - - [31/Jul/2026:14:35:48 -0300] "GET /wp-content/plugins/woocommerce/assets/js/jquery-blockui/jquery.blockUI.min.js?ver=2.7.0-wc.10.9.4 HTTP/1.1" 304 - "https://academy.kohlsolucoes.com.br/cursos/lgpd-aplicada-a-educacao-publica-sonora/" "Mozilla/5.0 (Linux; Android 10; K) AppleWebKit/537.36 (KHTML, like Gecko) Chrome/150.0.0.0 Mobile Safari/537.36"
138.0.134.191 - - [31/Jul/2026:14:35:48 -0300] "GET /wp-content/plugins/woocommerce/assets/js/frontend/add-to-cart.min.js?ver=10.9.4 HTTP/1.1" 304 - "https://academy.kohlsolucoes.com.br/cursos/lgpd-aplicada-a-educacao-publica-sonora/" "Mozilla/5.0 (Linux; Android 10; K) AppleWebKit/537.36 (KHTML, like Gecko) Chrome/150.0.0.0 Mobile Safari/537.36"
138.0.134.191 - - [31/Jul/2026:14:35:48 -0300] "GET /wp-content/plugins/woocommerce/assets/js/frontend/woocommerce.min.js?ver=10.9.4 HTTP/1.1" 304 - "https://academy.kohlsolucoes.com.br/cursos/lgpd-aplicada-a-educacao-publica-sonora/" "Mozilla/5.0 (Linux; Android 10; K) AppleWebKit/537.36 (KHTML, like Gecko) Chrome/150.0.0.0 Mobile Safari/537.36"
138.0.134.191 - - [31/Jul/2026:14:35:48 -0300] "GET /wp-content/themes/edubin//assets/images/header.jpg HTTP/1.1" 304 - "https://academy.kohlsolucoes.com.br/cursos/lgpd-aplicada-a-educacao-publica-sonora/" "Mozilla/5.0 (Linux; Android 10; K) AppleWebKit/537.36 (KHTML, like Gecko) Chrome/150.0.0.0 Mobile Safari/537.36"
138.0.134.191 - - [31/Jul/2026:14:35:48 -0300] "GET /wp-content/plugins/tutor/assets/fonts/tutor-v2.woff HTTP/1.1" 304 - "https://academy.kohlsolucoes.com.br/wp-content/plugins/tutor/assets/css/tutor-icon.min.css?ver=3.9.13" "Mozilla/5.0 (Linux; Android 10; K) AppleWebKit/537.36 (KHTML, like Gecko) Chrome/150.0.0.0 Mobile Safari/537.36"
138.0.134.191 - - [31/Jul/2026:14:35:48 -0300] "GET /wp-content/plugins/tutor/assets/fonts/tutor.woff HTTP/1.1" 304 - "https://academy.kohlsolucoes.com.br/wp-content/plugins/tutor/assets/css/tutor-icon.min.css?ver=3.9.13" "Mozilla/5.0 (Linux; Android 10; K) AppleWebKit/537.36 (KHTML, like Gecko) Chrome/150.0.0.0 Mobile Safari/537.36"
138.0.134.191 - - [31/Jul/2026:14:35:49 -0300] "GET /wp-includes/js/wp-emoji-release.min.js?ver=7.0.2 HTTP/1.1" 304 - "https://academy.kohlsolucoes.com.br/cursos/lgpd-aplicada-a-educacao-publica-sonora/" "Mozilla/5.0 (Linux; Android 10; K) AppleWebKit/537.36 (KHTML, like Gecko) Chrome/150.0.0.0 Mobile Safari/537.36"
170.238.251.110 - - [31/Jul/2026:14:35:49 -0300] "POST /wp-admin/admin-ajax.php HTTP/1.1" 200 - "https://academy.kohlsolucoes.com.br/cursos/lgpd-aplicada-a-educacao-publica-sonora/atividade/aula-03-lgpd-aplicada-ao-dia-a-dia-2/" "Mozilla/5.0 (iPhone; CPU iPhone OS 18_7 like Mac OS X) AppleWebKit/605.1.15 (KHTML, like Gecko) Version/27.0 Mobile/15E148 Safari/604.1"
