HEX
Server: Apache
System: Linux vps-15179318.kohladvogados.com.br 5.14.0-611.49.2.el9_7.x86_64 #1 SMP PREEMPT_DYNAMIC Thu Apr 30 09:05:08 EDT 2026 x86_64
User: kohlsol (1004)
PHP: 8.3.32
Disabled: NONE
Upload Files
File: /home/kohlsol/access-logs/dpo.kohlsolucoes.com.br-ssl_log
138.59.5.40 - - [31/Jul/2026:09:10:33 -0300] "GET /wp-content/plugins/ajax-random-post/readme.txt HTTP/1.1" 503 18318 "-" "Mozilla/5.0 (X11; Linux x86_64) AppleWebKit/537.36 (KHTML, like Gecko) Chrome/60.0.3112.32 Safari/537.36"
138.59.5.40 - - [31/Jul/2026:09:10:35 -0300] "GET /wp-content/plugins/anti-plagiarism/readme.txt HTTP/1.1" 503 18318 "-" "Mozilla/5.0 (ZZ; Linux i686) AppleWebKit/537.36 (KHTML, like Gecko) Chrome/142.0.0.0 Safari/537.36"
138.59.5.40 - - [31/Jul/2026:09:10:36 -0300] "GET /wp-content/plugins/admin-font-editor/readme.txt HTTP/1.1" 503 18318 "-" "Mozilla/5.0 (Knoppix; Linux x86_64) AppleWebKit/537.36 (KHTML, like Gecko) Chrome/134.0.0.0 Safari/537.36"
129.121.49.162 - - [31/Jul/2026:09:49:56 -0300] "POST /wp-cron.php?doing_wp_cron=1785502196.8901190757751464843750 HTTP/1.1" 200 - "-" "WordPress/7.0; https://dpo.kohlsolucoes.com.br"
129.121.49.162 - - [31/Jul/2026:09:49:56 -0300] "POST /?wordfence_syncAttackData=1785502196.6648 HTTP/1.1" 200 - "-" "WordPress/7.0; https://dpo.kohlsolucoes.com.br"
43.153.10.83 - - [31/Jul/2026:09:49:57 -0300] "GET / HTTP/1.1" 200 26225 "http://dpo.kohlsolucoes.com.br" "Mozilla/5.0 (iPhone; CPU iPhone OS 13_2_3 like Mac OS X) AppleWebKit/605.1.15 (KHTML, like Gecko) Version/13.0.3 Mobile/15E148 Safari/604.1"
129.121.49.162 - - [31/Jul/2026:09:58:31 -0300] "POST /wp-cron.php?doing_wp_cron=1785502711.0976788997650146484375 HTTP/1.1" 200 - "-" "WordPress/7.0; https://dpo.kohlsolucoes.com.br"
66.249.64.12 - - [31/Jul/2026:09:58:29 -0300] "GET /comprehensive-study-report-on-jettbet-reviews/ HTTP/1.1" 404 26398 "-" "Mozilla/5.0 (Linux; Android 6.0.1; Nexus 5X Build/MMB29P) AppleWebKit/537.36 (KHTML, like Gecko) Chrome/150.0.7871.186 Mobile Safari/537.36 (compatible; Googlebot/2.1; +http://www.google.com/bot.html)"
129.121.49.162 - - [31/Jul/2026:10:12:10 -0300] "POST /wp-cron.php?doing_wp_cron=1785503530.0605459213256835937500 HTTP/1.1" 200 - "-" "WordPress/7.0; https://dpo.kohlsolucoes.com.br"
64.140.128.143 - - [31/Jul/2026:10:12:07 -0300] "GET //sitemap.xml HTTP/1.1" 301 - "-" "Mozilla/5.0 (Macintosh; Intel Mac OS X 10_15_7) AppleWebKit/537.36 (KHTML, like Gecko) Chrome/120.0.0.0 Safari/537.36"
64.140.128.143 - - [31/Jul/2026:10:12:10 -0300] "GET /wp-sitemap.xml HTTP/1.1" 200 306 "-" "Mozilla/5.0 (Macintosh; Intel Mac OS X 10_15_7) AppleWebKit/537.36 (KHTML, like Gecko) Chrome/120.0.0.0 Safari/537.36"
104.232.196.149 - - [31/Jul/2026:10:12:12 -0300] "GET //sitemap.xml HTTP/1.1" 301 - "-" "Mozilla/5.0 (Macintosh; Intel Mac OS X 10_15_7) AppleWebKit/605.1.15 (KHTML, like Gecko) Version/17.1 Safari/605.1.15"
104.232.196.149 - - [31/Jul/2026:10:12:13 -0300] "GET /wp-sitemap.xml HTTP/1.1" 200 306 "-" "Mozilla/5.0 (Macintosh; Intel Mac OS X 10_15_7) AppleWebKit/605.1.15 (KHTML, like Gecko) Version/17.1 Safari/605.1.15"
104.232.197.11 - - [31/Jul/2026:10:12:15 -0300] "GET / HTTP/1.1" 200 26225 "-" "Mozilla/5.0 (Windows NT 10.0; Win64; x64) AppleWebKit/537.36 (KHTML, like Gecko) Chrome/119.0.0.0 Safari/537.36"
94.154.43.177 - - [31/Jul/2026:10:22:14 -0300] "GET / HTTP/1.1" 503 18318 "-" "Mozilla/5.0 (Windows NT 10.0; Win64; x64) AppleWebKit/537.36 (KHTML, like Gecko) Chrome/147.0.0.0 Safari/537.36"
129.121.49.162 - - [31/Jul/2026:10:42:33 -0300] "POST /wp-cron.php?doing_wp_cron=1785505353.2608499526977539062500 HTTP/1.1" 200 - "-" "WordPress/7.0; https://dpo.kohlsolucoes.com.br"
129.121.49.162 - - [31/Jul/2026:10:42:33 -0300] "POST /?wordfence_syncAttackData=1785505353.0747 HTTP/1.1" 200 - "-" "WordPress/7.0; https://dpo.kohlsolucoes.com.br"
34.139.29.254 - - [31/Jul/2026:10:42:36 -0300] "GET / HTTP/1.1" 200 26225 "http://www.dpo.kohlsolucoes.com.br" "Mozilla/5.0 (compatible; CMS-Checker/1.0; +https://example.com)"
136.108.16.237 - - [31/Jul/2026:11:00:27 -0300] "GET / HTTP/1.1" 200 26225 "http://dpo.kohlsolucoes.com.br" "Mozilla/5.0 (compatible; CMS-Checker/1.0; +https://example.com)"
136.108.16.237 - - [31/Jul/2026:11:26:27 -0300] "GET / HTTP/1.1" 200 26225 "-" "Mozilla/5.0 (Windows NT 10.0; Win64; x64) AppleWebKit/537.36 (KHTML, like Gecko) Chrome/78.0.3904.108 Safari/537.36"
136.108.16.237 - - [31/Jul/2026:11:26:28 -0300] "GET //wp-includes/wlwmanifest.xml HTTP/1.1" 301 - "-" "Mozilla/5.0 (Windows NT 10.0; Win64; x64) AppleWebKit/537.36 (KHTML, like Gecko) Chrome/78.0.3904.108 Safari/537.36"
136.108.16.237 - - [31/Jul/2026:11:26:29 -0300] "GET / HTTP/1.1" 200 26225 "-" "Mozilla/5.0 (Windows NT 10.0; Win64; x64) AppleWebKit/537.36 (KHTML, like Gecko) Chrome/78.0.3904.108 Safari/537.36"
136.108.16.237 - - [31/Jul/2026:11:26:30 -0300] "GET //wp-json/oembed/1.0/embed?url=https://dpo.kohlsolucoes.com.br/ HTTP/1.1" 200 2100 "-" "Mozilla/5.0 (Windows NT 10.0; Win64; x64) AppleWebKit/537.36 (KHTML, like Gecko) Chrome/78.0.3904.108 Safari/537.36"
216.73.216.231 - - [31/Jul/2026:11:27:34 -0300] "GET /robots.txt HTTP/1.1" 200 124 "-" "Mozilla/5.0 AppleWebKit/537.36 (KHTML, like Gecko; compatible; ClaudeBot/1.0; +claudebot@anthropic.com)"
34.139.29.254 - - [31/Jul/2026:11:27:59 -0300] "GET / HTTP/1.1" 200 26225 "-" "Mozilla/5.0 (Windows NT 10.0; Win64; x64) AppleWebKit/537.36 (KHTML, like Gecko) Chrome/78.0.3904.108 Safari/537.36"
34.139.29.254 - - [31/Jul/2026:11:27:59 -0300] "GET //wp-includes/wlwmanifest.xml HTTP/1.1" 301 - "-" "Mozilla/5.0 (Windows NT 10.0; Win64; x64) AppleWebKit/537.36 (KHTML, like Gecko) Chrome/78.0.3904.108 Safari/537.36"
34.139.29.254 - - [31/Jul/2026:11:28:00 -0300] "GET / HTTP/1.1" 200 26225 "-" "Mozilla/5.0 (Windows NT 10.0; Win64; x64) AppleWebKit/537.36 (KHTML, like Gecko) Chrome/78.0.3904.108 Safari/537.36"
34.139.29.254 - - [31/Jul/2026:11:28:00 -0300] "GET //wp-json/oembed/1.0/embed?url=https://dpo.kohlsolucoes.com.br/ HTTP/1.1" 200 2100 "-" "Mozilla/5.0 (Windows NT 10.0; Win64; x64) AppleWebKit/537.36 (KHTML, like Gecko) Chrome/78.0.3904.108 Safari/537.36"
129.121.49.162 - - [31/Jul/2026:11:41:43 -0300] "POST /wp-cron.php?doing_wp_cron=1785508903.0685229301452636718750 HTTP/1.1" 200 - "-" "WordPress/7.0; https://dpo.kohlsolucoes.com.br"
216.73.216.196 - - [31/Jul/2026:11:41:41 -0300] "GET /wp-sitemap.xml HTTP/1.1" 200 306 "-" "Mozilla/5.0 AppleWebKit/537.36 (KHTML, like Gecko; compatible; Claude-SearchBot/1.0; +searchbot@anthropic.com)"
138.59.5.40 - - [31/Jul/2026:11:50:25 -0300] "GET /wp-content/plugins/e-search/readme.txt HTTP/1.1" 503 18318 "-" "Mozilla/5.0 (SS; Linux i686) AppleWebKit/537.36 (KHTML, like Gecko) Chrome/129.0.0.0 Safari/537.36"
138.59.5.40 - - [31/Jul/2026:11:50:27 -0300] "GET /wp-content/plugins/enhanced-tooltipglossary/readme.txt HTTP/1.1" 503 18318 "-" "Mozilla/5.0 (X11; Linux i686) AppleWebKit/537.36 (KHTML, like Gecko) Chrome/132.0.0.0 Safari/537.36"
138.59.5.40 - - [31/Jul/2026:11:50:28 -0300] "GET /wp-content/plugins/defa-online-image-protector/readme.txt HTTP/1.1" 503 18318 "-" "Mozilla/5.0 (X11; Linux i686; rv:1.9.6.20) Gecko/ Firefox/12.0"
138.59.5.40 - - [31/Jul/2026:11:50:29 -0300] "GET /wp-content/plugins/e-search/readme.txt HTTP/1.1" 503 18318 "-" "Mozilla/5.0 (Kubuntu; Linux i686) AppleWebKit/537.36 (KHTML, like Gecko) Chrome/132.0.0.0 Safari/537.36"
129.121.49.162 - - [31/Jul/2026:11:50:53 -0300] "POST /?wordfence_syncAttackData=1785509452.985 HTTP/1.1" 200 - "-" "WordPress/7.0; https://dpo.kohlsolucoes.com.br"
74.7.244.17 - - [31/Jul/2026:11:50:52 -0300] "GET /robots.txt HTTP/1.1" 200 124 "-" "Mozilla/5.0 (Macintosh; Intel Mac OS X 10_15_7) AppleWebKit/537.36 (KHTML, like Gecko) Chrome/131.0.0.0 Safari/537.36; compatible; OAI-SearchBot/1.4; robots.txt; +https://openai.com/searchbot"
35.245.62.112 - - [31/Jul/2026:13:24:03 -0300] "GET / HTTP/1.1" 200 26225 "http://www.dpo.kohlsolucoes.com.br" "Mozilla/5.0 (compatible; CMS-Checker/1.0; +https://example.com)"
129.121.49.162 - - [31/Jul/2026:13:32:22 -0300] "POST /wp-cron.php?doing_wp_cron=1785515542.9217009544372558593750 HTTP/1.1" 200 - "-" "WordPress/7.0; https://dpo.kohlsolucoes.com.br"
18.210.201.249 - - [31/Jul/2026:13:32:21 -0300] "GET /robots.txt HTTP/1.1" 200 124 "-" "Mozilla/5.0 (Macintosh; Intel Mac OS X 10_10_1) AppleWebKit/600.2.5 (KHTML, like Gecko) Version/8.0.2 Safari/600.2.5 (Gort)"
35.245.62.112 - - [31/Jul/2026:13:47:36 -0300] "GET / HTTP/1.1" 200 26225 "-" "Mozilla/5.0 (Windows NT 10.0; Win64; x64) AppleWebKit/537.36 (KHTML, like Gecko) Chrome/78.0.3904.108 Safari/537.36"
35.245.62.112 - - [31/Jul/2026:13:47:37 -0300] "GET //wp-includes/wlwmanifest.xml HTTP/1.1" 301 - "-" "Mozilla/5.0 (Windows NT 10.0; Win64; x64) AppleWebKit/537.36 (KHTML, like Gecko) Chrome/78.0.3904.108 Safari/537.36"
35.245.62.112 - - [31/Jul/2026:13:47:37 -0300] "GET / HTTP/1.1" 200 26225 "-" "Mozilla/5.0 (Windows NT 10.0; Win64; x64) AppleWebKit/537.36 (KHTML, like Gecko) Chrome/78.0.3904.108 Safari/537.36"
35.245.62.112 - - [31/Jul/2026:13:47:38 -0300] "GET //wp-json/oembed/1.0/embed?url=https://dpo.kohlsolucoes.com.br/ HTTP/1.1" 200 2100 "-" "Mozilla/5.0 (Windows NT 10.0; Win64; x64) AppleWebKit/537.36 (KHTML, like Gecko) Chrome/78.0.3904.108 Safari/537.36"
66.249.64.13 - - [31/Jul/2026:13:52:35 -0300] "GET /estrategias-efectivas-para-ganar-en-juegos-de-azar-2/ HTTP/1.1" 404 26398 "-" "Mozilla/5.0 (Linux; Android 6.0.1; Nexus 5X Build/MMB29P) AppleWebKit/537.36 (KHTML, like Gecko) Chrome/150.0.7871.186 Mobile Safari/537.36 (compatible; Googlebot/2.1; +http://www.google.com/bot.html)"
138.59.5.40 - - [31/Jul/2026:14:08:56 -0300] "GET /wp-content/plugins/forget-about-shortcode-buttons/readme.txt HTTP/1.1" 503 18318 "-" "Mozilla/5.0 (Ubuntu; Linux x86_64) AppleWebKit/537.36 (KHTML, like Gecko) Chrome/134.0.0.0 Safari/537.36"
138.59.5.40 - - [31/Jul/2026:14:08:56 -0300] "GET /wp-content/plugins/hdw-tube/readme.txt HTTP/1.1" 503 18318 "-" "Mozilla/5.0 (X11; Linux x86_64; rv:1.9.6.20) Gecko/ Firefox/3.6.1"
41.96.117.55 - - [31/Jul/2026:14:15:54 -0300] "GET /%D0%B4%D1%80%D0%B0%D0%B3%D0%BE%D0%BD-%D0%BC%D0%B0%D0%BD%D0%B8-%D0%BC%D0%B8%D1%84%D1%8B-%D0%B8-%D1%80%D0%B5%D0%B0%D0%BB%D1%8C%D0%BD%D0%BE%D1%81%D1%82%D1%8C-%D1%81%D0%B8%D0%BC%D0%B2%D0%BE%D0%BB%D0%B0/ HTTP/1.1" 503 18318 "https://dpo.kohlsolucoes.com.br/" "Mozilla/5.0 (Windows NT 10.0; Win64; x64) AppleWebKit/537.36 (KHTML, like Gecko) Chrome/135.0.0.0 Safari/537.36"
129.121.49.162 - - [31/Jul/2026:14:19:01 -0300] "POST /wp-cron.php?doing_wp_cron=1785518341.4752459526062011718750 HTTP/1.1" 200 - "-" "WordPress/7.0; https://dpo.kohlsolucoes.com.br"
129.121.49.162 - - [31/Jul/2026:14:19:01 -0300] "POST /?wordfence_syncAttackData=1785518341.2763 HTTP/1.1" 200 - "-" "WordPress/7.0; https://dpo.kohlsolucoes.com.br"
216.73.216.231 - - [31/Jul/2026:14:19:00 -0300] "GET /robots.txt HTTP/1.1" 200 124 "-" "Mozilla/5.0 AppleWebKit/537.36 (KHTML, like Gecko; compatible; ClaudeBot/1.0; +claudebot@anthropic.com)"
129.121.49.162 - - [31/Jul/2026:14:28:15 -0300] "POST /wp-cron.php?doing_wp_cron=1785518894.9765989780426025390625 HTTP/1.1" 200 - "-" "WordPress/7.0; https://dpo.kohlsolucoes.com.br"
216.73.216.196 - - [31/Jul/2026:14:28:13 -0300] "GET /wp-sitemap.xml HTTP/1.1" 200 306 "-" "Mozilla/5.0 AppleWebKit/537.36 (KHTML, like Gecko; compatible; Claude-SearchBot/1.0; +searchbot@anthropic.com)"
129.121.49.162 - - [31/Jul/2026:14:45:36 -0300] "POST /wp-cron.php?doing_wp_cron=1785519936.4774839878082275390625 HTTP/1.1" 200 - "-" "WordPress/7.0; https://dpo.kohlsolucoes.com.br"
66.249.64.13 - - [31/Jul/2026:14:45:35 -0300] "GET /perspectivas-del-mercado-de-igaming-en-espana-tendencias-y-comportamientos-de-los-jugadores-en-2026/ HTTP/1.1" 404 26398 "-" "Mozilla/5.0 (Linux; Android 6.0.1; Nexus 5X Build/MMB29P) AppleWebKit/537.36 (KHTML, like Gecko) Chrome/150.0.7871.186 Mobile Safari/537.36 (compatible; Googlebot/2.1; +http://www.google.com/bot.html)"
129.121.49.162 - - [31/Jul/2026:14:45:38 -0300] "POST /wp-cron.php HTTP/1.1" 200 - "-" "WordPress/7.0; https://dpo.kohlsolucoes.com.br"
129.121.49.162 - - [31/Jul/2026:14:45:38 -0300] "GET / HTTP/1.1" 200 26225 "-" "WordPress/7.0; https://dpo.kohlsolucoes.com.br"
129.121.49.162 - - [31/Jul/2026:14:45:39 -0300] "GET / HTTP/1.1" 200 26225 "-" "WordPress/7.0; https://dpo.kohlsolucoes.com.br"
129.121.49.162 - - [31/Jul/2026:14:45:39 -0300] "GET / HTTP/1.1" 200 26225 "-" "WordPress/7.0; https://dpo.kohlsolucoes.com.br"
129.121.49.162 - - [31/Jul/2026:14:45:39 -0300] "GET / HTTP/1.1" 200 26225 "-" "WordPress/7.0; https://dpo.kohlsolucoes.com.br"
129.121.49.162 - - [31/Jul/2026:15:34:26 -0300] "POST /wp-cron.php?doing_wp_cron=1785522866.4309790134429931640625 HTTP/1.1" 200 - "-" "WordPress/7.0; https://dpo.kohlsolucoes.com.br"
66.249.64.11 - - [31/Jul/2026:15:34:24 -0300] "GET /l-x27-esprit-sportif-des-recits-inspirants-de-2/ HTTP/1.1" 404 26398 "-" "Mozilla/5.0 (Linux; Android 6.0.1; Nexus 5X Build/MMB29P) AppleWebKit/537.36 (KHTML, like Gecko) Chrome/150.0.7871.186 Mobile Safari/537.36 (compatible; Googlebot/2.1; +http://www.google.com/bot.html)"
2a00:1d70:c01c::168:11 - - [31/Jul/2026:16:08:00 -0300] "GET /prueba-gratis-tragamonedas-88-fortunes-sin-registro/ HTTP/1.1" 503 18318 "-" "WordPress/6.2.9; https://surenos-gourmet.es"
129.121.49.162 - - [31/Jul/2026:16:42:36 -0300] "POST /wp-cron.php?doing_wp_cron=1785526956.2874839305877685546875 HTTP/1.1" 200 - "-" "WordPress/7.0; https://dpo.kohlsolucoes.com.br"
129.121.49.162 - - [31/Jul/2026:16:42:36 -0300] "POST /?wordfence_syncAttackData=1785526956.0317 HTTP/1.1" 200 - "-" "WordPress/7.0; https://dpo.kohlsolucoes.com.br"
66.249.64.12 - - [31/Jul/2026:16:42:35 -0300] "GET /the-top-genres-of-music-in-2026-a-spotify-knowledge-deep-dive-for-artists/ HTTP/1.1" 404 26398 "-" "Mozilla/5.0 (Linux; Android 6.0.1; Nexus 5X Build/MMB29P) AppleWebKit/537.36 (KHTML, like Gecko) Chrome/150.0.7871.186 Mobile Safari/537.36 (compatible; Googlebot/2.1; +http://www.google.com/bot.html)"
129.121.49.162 - - [31/Jul/2026:16:55:21 -0300] "POST /wp-cron.php?doing_wp_cron=1785527721.4774940013885498046875 HTTP/1.1" 200 - "-" "WordPress/7.0; https://dpo.kohlsolucoes.com.br"
216.73.216.196 - - [31/Jul/2026:16:55:20 -0300] "GET /robots.txt HTTP/1.1" 200 124 "-" "Mozilla/5.0 AppleWebKit/537.36 (KHTML, like Gecko; compatible; Claude-SearchBot/1.0; +searchbot@anthropic.com)"
216.73.216.196 - - [31/Jul/2026:16:55:22 -0300] "GET /wp-sitemap.xml HTTP/1.1" 200 306 "-" "Mozilla/5.0 AppleWebKit/537.36 (KHTML, like Gecko; compatible; Claude-SearchBot/1.0; +searchbot@anthropic.com)"
129.121.49.162 - - [31/Jul/2026:16:56:14 -0300] "POST /wp-cron.php?doing_wp_cron=1785527774.3928139209747314453125 HTTP/1.1" 200 - "-" "WordPress/7.0; https://dpo.kohlsolucoes.com.br"
66.249.64.13 - - [31/Jul/2026:16:56:13 -0300] "GET /les-tendances-des-jeux-en-ligne-en-2026-ce-que-les-donnees-revelent/ HTTP/1.1" 404 26398 "-" "Mozilla/5.0 (Linux; Android 6.0.1; Nexus 5X Build/MMB29P) AppleWebKit/537.36 (KHTML, like Gecko) Chrome/150.0.7871.186 Mobile Safari/537.36 (compatible; Googlebot/2.1; +http://www.google.com/bot.html)"
129.121.49.162 - - [31/Jul/2026:17:09:52 -0300] "POST /wp-cron.php?doing_wp_cron=1785528592.5403881072998046875000 HTTP/1.1" 200 - "-" "WordPress/7.0; https://dpo.kohlsolucoes.com.br"
66.249.64.13 - - [31/Jul/2026:17:09:51 -0300] "GET /%CE%BC%CF%80%CF%8C%CE%BD%CE%BF%CF%85%CF%82-%CE%B5%CF%80%CE%B1%CE%BD%CE%B1%CF%86%CF%8C%CF%81%CF%84%CE%B9%CF%83%CE%B7%CF%82-%CF%83%CE%B1%CE%B2%CE%B2%CE%B1%CF%84%CE%BF%CE%BA%CF%8D%CF%81%CE%B9%CE%B1%CE%BA/ HTTP/1.1" 404 26398 "-" "Mozilla/5.0 (Linux; Android 6.0.1; Nexus 5X Build/MMB29P) AppleWebKit/537.36 (KHTML, like Gecko) Chrome/150.0.7871.186 Mobile Safari/537.36 (compatible; Googlebot/2.1; +http://www.google.com/bot.html)"
129.121.49.162 - - [31/Jul/2026:17:34:32 -0300] "POST /wp-cron.php?doing_wp_cron=1785530072.5557239055633544921875 HTTP/1.1" 200 - "-" "WordPress/7.0; https://dpo.kohlsolucoes.com.br"
129.121.49.162 - - [31/Jul/2026:17:34:26 -0300] "GET / HTTP/1.1" 200 26225 "-" "curl/7.76.1"
138.59.127.113 - - [31/Jul/2026:17:40:06 -0300] "GET / HTTP/1.1" 200 26225 "-" "curl/8.7.1"
129.121.49.162 - - [31/Jul/2026:18:00:29 -0300] "POST /wp-cron.php?doing_wp_cron=1785531629.6311020851135253906250 HTTP/1.1" 200 - "-" "WordPress/7.0; https://dpo.kohlsolucoes.com.br"
40.77.167.203 - - [31/Jul/2026:18:00:28 -0300] "GET /robots.txt HTTP/1.1" 200 124 "-" "Mozilla/5.0 AppleWebKit/537.36 (KHTML, like Gecko; compatible; bingbot/2.0; +http://www.bing.com/bingbot.htm) Chrome/116.0.1938.76 Safari/537.36"
129.121.49.162 - - [31/Jul/2026:18:04:25 -0300] "POST /wp-cron.php?doing_wp_cron=1785531865.2774178981781005859375 HTTP/1.1" 200 - "-" "WordPress/7.0; https://dpo.kohlsolucoes.com.br"
66.249.64.13 - - [31/Jul/2026:18:04:24 -0300] "GET /elevate-your-gaming-the-appeal-of-spribe-s-crash-style-pilot-chicken-game/ HTTP/1.1" 404 26398 "-" "Mozilla/5.0 (Linux; Android 6.0.1; Nexus 5X Build/MMB29P) AppleWebKit/537.36 (KHTML, like Gecko) Chrome/150.0.7871.186 Mobile Safari/537.36 (compatible; Googlebot/2.1; +http://www.google.com/bot.html)"
129.121.49.162 - - [31/Jul/2026:18:18:03 -0300] "POST /wp-cron.php?doing_wp_cron=1785532683.5073239803314208984375 HTTP/1.1" 200 - "-" "WordPress/7.0; https://dpo.kohlsolucoes.com.br"
66.249.64.12 - - [31/Jul/2026:18:18:02 -0300] "GET /la-prise-de-conscience-de-l-x27-addiction-au-jeu-7/ HTTP/1.1" 404 26398 "-" "Mozilla/5.0 (Linux; Android 6.0.1; Nexus 5X Build/MMB29P) AppleWebKit/537.36 (KHTML, like Gecko) Chrome/150.0.7871.186 Mobile Safari/537.36 (compatible; Googlebot/2.1; +http://www.google.com/bot.html)"
129.121.49.162 - - [31/Jul/2026:18:18:03 -0300] "POST /wp-admin/admin-ajax.php?action=wordfence_testAjax HTTP/1.1" 200 12 "-" "WordPress/7.0; https://dpo.kohlsolucoes.com.br"
129.121.49.162 - - [31/Jul/2026:18:18:13 -0300] "POST /wp-cron.php?doing_wp_cron=1785532693.4121069908142089843750 HTTP/1.1" 200 - "-" "WordPress/7.0; https://dpo.kohlsolucoes.com.br"
129.121.49.162 - - [31/Jul/2026:18:18:13 -0300] "GET /.user.ini HTTP/1.1" 404 26398 "-" "WordPress/7.0; https://dpo.kohlsolucoes.com.br"
129.121.49.162 - - [31/Jul/2026:18:18:04 -0300] "GET /wp-admin/admin-ajax.php?action=wordfence_doScan&isFork=0&scanMode=standard&cronKey=3debf4ea38442cd0f20aaf4401c581b1&signature=8005b74aae37bb2c6f673584c13ecfb78f8856d23811ffc40ca2d7fa81b2ce3c HTTP/1.1" 200 - "-" "WordPress/7.0; https://dpo.kohlsolucoes.com.br"
129.121.49.162 - - [31/Jul/2026:18:18:50 -0300] "GET /wp-admin/admin-ajax.php?action=wordfence_doScan&isFork=1&scanMode=standard&cronKey=8d9e61138e1d3b9960dcebe8714de082&signature=9cccfcbbba211b6ff968ff33d2bca2da29948f8a19478de102688c75e37d3a07 HTTP/1.1" 200 - "-" "WordPress/7.0; https://dpo.kohlsolucoes.com.br"
129.121.49.162 - - [31/Jul/2026:18:29:20 -0300] "POST /wp-cron.php?doing_wp_cron=1785533360.0633320808410644531250 HTTP/1.1" 200 - "-" "WordPress/7.0; https://dpo.kohlsolucoes.com.br"
2a06:98c0:3600::103 - - [31/Jul/2026:18:29:18 -0300] "POST /wp-json/wp/v2/posts HTTP/1.1" 401 122 "-" "-"
129.121.49.162 - - [31/Jul/2026:18:58:58 -0300] "POST /wp-cron.php?doing_wp_cron=1785535138.0271449089050292968750 HTTP/1.1" 200 - "-" "WordPress/7.0; https://dpo.kohlsolucoes.com.br"
66.249.64.13 - - [31/Jul/2026:18:58:56 -0300] "GET /technologie-achter-gokken-de-toekomst-van-de/ HTTP/1.1" 404 26398 "-" "Mozilla/5.0 (Linux; Android 6.0.1; Nexus 5X Build/MMB29P) AppleWebKit/537.36 (KHTML, like Gecko) Chrome/150.0.7871.186 Mobile Safari/537.36 (compatible; Googlebot/2.1; +http://www.google.com/bot.html)"