File: /home/kohlsol/access-logs/paguerapido.kohlsolucoes.com.br-ssl_log
51.68.111.207 - - [31/Jul/2026:09:54:35 -0300] "GET / HTTP/1.1" 200 15331 "-" "Mozilla/5.0 (compatible; MJ12bot/v2.0.5; http://mj12bot.com/)"
51.68.111.207 - - [31/Jul/2026:09:54:37 -0300] "GET / HTTP/1.1" 200 15331 "-" "Mozilla/5.0 (compatible; MJ12bot/v2.0.5; http://mj12bot.com/)"
2001:4860:7:1103::f2 - - [31/Jul/2026:10:24:44 -0300] "GET / HTTP/1.1" 200 15331 "https://www.google.com/" "Mozilla/5.0 (Windows NT 10.0; Win64; x64) AppleWebKit/537.36 (KHTML, like Gecko) Chrome/150.0.0.0 Safari/537.36"
177.204.203.94 - - [31/Jul/2026:10:24:48 -0300] "GET /wp-content/cache/min/1/wp-content/themes/nt-landium/css/update.css?ver=1785476018 HTTP/1.1" 200 1120 "https://paguerapido.kohlsolucoes.com.br/" "Mozilla/5.0 (Windows NT 10.0; Win64; x64) AppleWebKit/537.36 (KHTML, like Gecko) Chrome/150.0.0.0 Safari/537.36"
177.204.203.94 - - [31/Jul/2026:10:24:48 -0300] "GET /wp-content/cache/min/1/wp-content/themes/nt-landium/css/animate.css?ver=1785476018 HTTP/1.1" 200 3427 "https://paguerapido.kohlsolucoes.com.br/" "Mozilla/5.0 (Windows NT 10.0; Win64; x64) AppleWebKit/537.36 (KHTML, like Gecko) Chrome/150.0.0.0 Safari/537.36"
177.204.203.94 - - [31/Jul/2026:10:24:48 -0300] "GET /wp-content/cache/min/1/wp-content/themes/nt-landium/css/font-awesome.min.css?ver=1785476018 HTTP/1.1" 200 7083 "https://paguerapido.kohlsolucoes.com.br/" "Mozilla/5.0 (Windows NT 10.0; Win64; x64) AppleWebKit/537.36 (KHTML, like Gecko) Chrome/150.0.0.0 Safari/537.36"
177.204.203.94 - - [31/Jul/2026:10:24:48 -0300] "GET /wp-content/cache/min/1/wp-content/themes/nt-landium/js/flexslider/flexslider.css?ver=1785476018 HTTP/1.1" 200 1134 "https://paguerapido.kohlsolucoes.com.br/" "Mozilla/5.0 (Windows NT 10.0; Win64; x64) AppleWebKit/537.36 (KHTML, like Gecko) Chrome/150.0.0.0 Safari/537.36"
177.204.203.94 - - [31/Jul/2026:10:24:48 -0300] "GET /wp-content/cache/min/1/wp-content/themes/nt-landium/css/bootstrap.min.css?ver=1785476018 HTTP/1.1" 200 19728 "https://paguerapido.kohlsolucoes.com.br/" "Mozilla/5.0 (Windows NT 10.0; Win64; x64) AppleWebKit/537.36 (KHTML, like Gecko) Chrome/150.0.0.0 Safari/537.36"
177.204.203.94 - - [31/Jul/2026:10:24:48 -0300] "GET /wp-content/cache/min/1/wp-content/themes/nt-landium/css/wordpress.css?ver=1785476018 HTTP/1.1" 200 5312 "https://paguerapido.kohlsolucoes.com.br/" "Mozilla/5.0 (Windows NT 10.0; Win64; x64) AppleWebKit/537.36 (KHTML, like Gecko) Chrome/150.0.0.0 Safari/537.36"
177.204.203.94 - - [31/Jul/2026:10:24:48 -0300] "GET /wp-content/cache/min/1/ajax/libs/font-awesome/5.15.4/css/all.min.css?ver=1785476018 HTTP/1.1" 200 12915 "https://paguerapido.kohlsolucoes.com.br/" "Mozilla/5.0 (Windows NT 10.0; Win64; x64) AppleWebKit/537.36 (KHTML, like Gecko) Chrome/150.0.0.0 Safari/537.36"
177.204.203.94 - - [31/Jul/2026:10:24:48 -0300] "GET /wp-content/cache/min/1/wp-content/plugins/buttonizer-multifunctional-button/assets/legacy/frontend.css?ver=1785476018 HTTP/1.1" 200 1053 "https://paguerapido.kohlsolucoes.com.br/" "Mozilla/5.0 (Windows NT 10.0; Win64; x64) AppleWebKit/537.36 (KHTML, like Gecko) Chrome/150.0.0.0 Safari/537.36"
177.204.203.94 - - [31/Jul/2026:10:24:48 -0300] "GET /wp-content/cache/min/1/wp-content/themes/nt-landium/css/visual-composer.css?ver=1785476018 HTTP/1.1" 200 197 "https://paguerapido.kohlsolucoes.com.br/" "Mozilla/5.0 (Windows NT 10.0; Win64; x64) AppleWebKit/537.36 (KHTML, like Gecko) Chrome/150.0.0.0 Safari/537.36"
177.204.203.94 - - [31/Jul/2026:10:24:48 -0300] "GET /wp-content/cache/min/1/wp-content/themes/nt-landium/css/main-style.css?ver=1785476018 HTTP/1.1" 200 13841 "https://paguerapido.kohlsolucoes.com.br/" "Mozilla/5.0 (Windows NT 10.0; Win64; x64) AppleWebKit/537.36 (KHTML, like Gecko) Chrome/150.0.0.0 Safari/537.36"
177.204.203.94 - - [31/Jul/2026:10:24:48 -0300] "GET /wp-content/cache/min/1/wp-content/themes/nt-landium/css/izimodal.css?ver=1785476018 HTTP/1.1" 200 16142 "https://paguerapido.kohlsolucoes.com.br/" "Mozilla/5.0 (Windows NT 10.0; Win64; x64) AppleWebKit/537.36 (KHTML, like Gecko) Chrome/150.0.0.0 Safari/537.36"
177.204.203.94 - - [31/Jul/2026:10:24:48 -0300] "GET /wp-content/cache/min/1/wp-content/plugins/js_composer/assets/css/js_composer.min.css?ver=1785481206 HTTP/1.1" 200 46090 "https://paguerapido.kohlsolucoes.com.br/" "Mozilla/5.0 (Windows NT 10.0; Win64; x64) AppleWebKit/537.36 (KHTML, like Gecko) Chrome/150.0.0.0 Safari/537.36"
177.204.203.94 - - [31/Jul/2026:10:24:48 -0300] "GET /wp-content/cache/min/1/wp-content/themes/nt-landium/css/nt-landium-theme.css?ver=1785476018 HTTP/1.1" 200 1756 "https://paguerapido.kohlsolucoes.com.br/" "Mozilla/5.0 (Windows NT 10.0; Win64; x64) AppleWebKit/537.36 (KHTML, like Gecko) Chrome/150.0.0.0 Safari/537.36"
177.204.203.94 - - [31/Jul/2026:10:24:48 -0300] "GET /wp-content/cache/min/1/wp-content/plugins/contact-form-7/includes/css/styles.css?ver=1785476018 HTTP/1.1" 200 917 "https://paguerapido.kohlsolucoes.com.br/" "Mozilla/5.0 (Windows NT 10.0; Win64; x64) AppleWebKit/537.36 (KHTML, like Gecko) Chrome/150.0.0.0 Safari/537.36"
177.204.203.94 - - [31/Jul/2026:10:24:48 -0300] "GET /wp-content/cache/min/1/wp-content/plugins/js_composer/assets/lib/vendor/dist/@fortawesome/fontawesome-free/css/all.min.css?ver=1785481343 HTTP/1.1" 200 21562 "https://paguerapido.kohlsolucoes.com.br/" "Mozilla/5.0 (Windows NT 10.0; Win64; x64) AppleWebKit/537.36 (KHTML, like Gecko) Chrome/150.0.0.0 Safari/537.36"
177.204.203.94 - - [31/Jul/2026:10:24:48 -0300] "GET /wp-content/cache/min/1/wp-content/themes/nt-landium/js/main.js?ver=1779237860 HTTP/1.1" 200 2057 "https://paguerapido.kohlsolucoes.com.br/" "Mozilla/5.0 (Windows NT 10.0; Win64; x64) AppleWebKit/537.36 (KHTML, like Gecko) Chrome/150.0.0.0 Safari/537.36"
177.204.203.94 - - [31/Jul/2026:10:24:48 -0300] "GET /wp-content/cache/min/1/wp-content/themes/nt-landium/js/bootstrap.js?ver=1779237860 HTTP/1.1" 200 9741 "https://paguerapido.kohlsolucoes.com.br/" "Mozilla/5.0 (Windows NT 10.0; Win64; x64) AppleWebKit/537.36 (KHTML, like Gecko) Chrome/150.0.0.0 Safari/537.36"
177.204.203.94 - - [31/Jul/2026:10:24:48 -0300] "GET /wp-content/cache/min/1/wp-content/plugins/contact-form-7/includes/js/index.js?ver=1779237860 HTTP/1.1" 200 4264 "https://paguerapido.kohlsolucoes.com.br/" "Mozilla/5.0 (Windows NT 10.0; Win64; x64) AppleWebKit/537.36 (KHTML, like Gecko) Chrome/150.0.0.0 Safari/537.36"
129.121.49.162 - - [31/Jul/2026:10:24:55 -0300] "POST /wp-cron.php?doing_wp_cron=1785504295.8049869537353515625000 HTTP/1.1" 200 - "-" "WordPress/6.9.4; https://paguerapido.kohlsolucoes.com.br"
74.125.213.8 - - [31/Jul/2026:10:24:43 -0300] "GET /.well-known/traffic-advice HTTP/1.1" 404 11696 "-" "Chrome Privacy Preserving Prefetch Proxy"
177.204.203.94 - - [31/Jul/2026:10:24:48 -0300] "GET /wp-json/contact-form-7/v1/contact-forms/148/feedback/schema HTTP/1.1" 200 255 "https://paguerapido.kohlsolucoes.com.br/" "Mozilla/5.0 (Windows NT 10.0; Win64; x64) AppleWebKit/537.36 (KHTML, like Gecko) Chrome/150.0.0.0 Safari/537.36"
177.204.203.94 - - [31/Jul/2026:10:24:48 -0300] "GET /wp-json/contact-form-7/v1/contact-forms/391/feedback/schema HTTP/1.1" 200 190 "https://paguerapido.kohlsolucoes.com.br/" "Mozilla/5.0 (Windows NT 10.0; Win64; x64) AppleWebKit/537.36 (KHTML, like Gecko) Chrome/150.0.0.0 Safari/537.36"
177.204.203.94 - - [31/Jul/2026:10:24:49 -0300] "GET /wp-json/contact-form-7/v1/contact-forms/391/refill HTTP/1.1" 200 22 "https://paguerapido.kohlsolucoes.com.br/" "Mozilla/5.0 (Windows NT 10.0; Win64; x64) AppleWebKit/537.36 (KHTML, like Gecko) Chrome/150.0.0.0 Safari/537.36"
177.204.203.94 - - [31/Jul/2026:10:24:49 -0300] "GET /wp-json/contact-form-7/v1/contact-forms/148/refill HTTP/1.1" 200 22 "https://paguerapido.kohlsolucoes.com.br/" "Mozilla/5.0 (Windows NT 10.0; Win64; x64) AppleWebKit/537.36 (KHTML, like Gecko) Chrome/150.0.0.0 Safari/537.36"
177.204.203.94 - - [31/Jul/2026:10:24:48 -0300] "GET /wp-admin/admin-ajax.php?action=buttonizer&qpu=766438e49d3cb2fb3d84a37782b509bc&preview=0 HTTP/1.1" 200 515 "https://paguerapido.kohlsolucoes.com.br/" "Mozilla/5.0 (Windows NT 10.0; Win64; x64) AppleWebKit/537.36 (KHTML, like Gecko) Chrome/150.0.0.0 Safari/537.36"
129.121.49.162 - - [31/Jul/2026:10:24:59 -0300] "POST /wp-admin/admin-ajax.php?action=as_async_request_queue_runner&nonce=285ce23303 HTTP/1.1" 200 - "-" "WordPress/6.9.4; https://paguerapido.kohlsolucoes.com.br"
129.121.49.162 - - [31/Jul/2026:10:25:06 -0300] "GET /price_category/digital/ HTTP/1.1" 200 13068 "-" "WP Rocket/Preload"
177.204.203.94 - - [31/Jul/2026:10:25:06 -0300] "GET / HTTP/1.1" 200 13845 "-" "WhatsApp/2.2628.101 W"
129.121.49.162 - - [31/Jul/2026:10:40:02 -0300] "POST /wp-cron.php?doing_wp_cron=1785505202.9083681106567382812500 HTTP/1.1" 200 - "-" "WordPress/6.9.4; https://paguerapido.kohlsolucoes.com.br"
66.249.70.195 - - [31/Jul/2026:10:39:51 -0300] "GET / HTTP/1.1" 200 13845 "-" "Mozilla/5.0 (Linux; Android 6.0.1; Nexus 5X Build/MMB29P) AppleWebKit/537.36 (KHTML, like Gecko) Chrome/150.0.7871.186 Mobile Safari/537.36 (compatible; Googlebot/2.1; +http://www.google.com/bot.html)"
66.249.70.196 - - [31/Jul/2026:10:40:09 -0300] "GET /wp-content/themes/nt-landium/css/wordpress.css?ver=1.0 HTTP/1.1" 200 6575 "https://paguerapido.kohlsolucoes.com.br/" "Mozilla/5.0 (Linux; Android 6.0.1; Nexus 5X Build/MMB29P) AppleWebKit/537.36 (KHTML, like Gecko) Chrome/150.0.7871.186 Mobile Safari/537.36 (compatible; Googlebot/2.1; +http://www.google.com/bot.html)"
66.249.70.195 - - [31/Jul/2026:10:40:20 -0300] "GET /wp-content/themes/nt-landium/css/visual-composer.css?ver=1.0 HTTP/1.1" 200 253 "https://paguerapido.kohlsolucoes.com.br/" "Mozilla/5.0 (Linux; Android 6.0.1; Nexus 5X Build/MMB29P) AppleWebKit/537.36 (KHTML, like Gecko) Chrome/150.0.7871.186 Mobile Safari/537.36 (compatible; Googlebot/2.1; +http://www.google.com/bot.html)"
129.121.49.162 - - [31/Jul/2026:10:40:13 -0300] "GET /author/redbeard/ HTTP/1.1" 200 12689 "-" "WP Rocket/Preload"
66.249.70.195 - - [31/Jul/2026:10:40:29 -0300] "GET /wp-content/plugins/js_composer/assets/lib/vendor/dist/@fortawesome/fontawesome-free/css/all.min.css?ver=8.7.2 HTTP/1.1" 200 21501 "https://paguerapido.kohlsolucoes.com.br/" "Mozilla/5.0 (Linux; Android 6.0.1; Nexus 5X Build/MMB29P) AppleWebKit/537.36 (KHTML, like Gecko) Chrome/150.0.7871.186 Mobile Safari/537.36 (compatible; Googlebot/2.1; +http://www.google.com/bot.html)"
66.249.70.195 - - [31/Jul/2026:10:40:37 -0300] "GET /wp-admin/admin-ajax.php?action=buttonizer&qpu=766438e49d3cb2fb3d84a37782b509bc&preview=0 HTTP/1.1" 200 515 "https://paguerapido.kohlsolucoes.com.br/" "Mozilla/5.0 (Linux; Android 6.0.1; Nexus 5X Build/MMB29P) AppleWebKit/537.36 (KHTML, like Gecko) Chrome/150.0.7871.186 Mobile Safari/537.36 (compatible; Googlebot/2.1; +http://www.google.com/bot.html)"
129.121.49.162 - - [31/Jul/2026:10:40:48 -0300] "POST /wp-admin/admin-ajax.php?action=as_async_request_queue_runner&nonce=285ce23303 HTTP/1.1" 200 - "-" "WordPress/6.9.4; https://paguerapido.kohlsolucoes.com.br"
129.121.49.162 - - [31/Jul/2026:10:41:08 -0300] "POST /wp-cron.php?doing_wp_cron=1785505268.7762389183044433593750 HTTP/1.1" 200 - "-" "WordPress/6.9.4; https://paguerapido.kohlsolucoes.com.br"
129.121.49.162 - - [31/Jul/2026:10:40:58 -0300] "GET /author/kohl/ HTTP/1.1" 200 12687 "-" "WP Rocket/Preload"
129.121.49.162 - - [31/Jul/2026:10:41:04 -0300] "POST /wp-admin/admin-ajax.php?action=as_async_request_queue_runner&nonce=285ce23303 HTTP/1.1" 200 - "-" "WordPress/6.9.4; https://paguerapido.kohlsolucoes.com.br"
129.121.49.162 - - [31/Jul/2026:10:41:15 -0300] "GET /price/ HTTP/1.1" 200 13220 "-" "WP Rocket/Preload"
129.121.49.162 - - [31/Jul/2026:10:41:19 -0300] "GET /team/ HTTP/1.1" 200 12663 "-" "WP Rocket/Preload"
129.121.49.162 - - [31/Jul/2026:10:41:21 -0300] "POST /wp-admin/admin-ajax.php?action=as_async_request_queue_runner&nonce=285ce23303 HTTP/1.1" 200 - "-" "WordPress/6.9.4; https://paguerapido.kohlsolucoes.com.br"
66.249.70.197 - - [31/Jul/2026:10:41:38 -0300] "GET / HTTP/1.1" 200 13843 "-" "Mozilla/5.0 (Linux; Android 6.0.1; Nexus 5X Build/MMB29P) AppleWebKit/537.36 (KHTML, like Gecko) Chrome/99.0.4844.84 Mobile Safari/537.36 (compatible; Googlebot/2.1; +http://www.google.com/bot.html)"
66.249.70.195 - - [31/Jul/2026:10:41:49 -0300] "GET / HTTP/1.1" 200 15331 "-" "Mozilla/5.0 (compatible; Googlebot/2.1; +http://www.google.com/bot.html)"
66.249.70.195 - - [31/Jul/2026:10:41:57 -0300] "GET /wp-content/cache/min/1/ajax/libs/font-awesome/5.15.4/css/all.min.css?ver=1783296000 HTTP/1.1" 200 12915 "https://paguerapido.kohlsolucoes.com.br/" "Mozilla/5.0 AppleWebKit/537.36 (KHTML, like Gecko; compatible; Googlebot/2.1; +http://www.google.com/bot.html) Chrome/150.0.7871.186 Safari/537.36"
129.121.49.162 - - [31/Jul/2026:11:02:26 -0300] "POST /wp-cron.php?doing_wp_cron=1785506545.7818920612335205078125 HTTP/1.1" 200 - "-" "WordPress/6.9.4; https://paguerapido.kohlsolucoes.com.br"
195.210.114.86 - - [31/Jul/2026:11:02:13 -0300] "GET /feed HTTP/1.1" 301 - "-" "Mozilla/5.0 (Macintosh; Intel Mac OS X 10_15_7) AppleWebKit/605.1.15 Version/17.0 Safari/605.1.15"
195.210.114.86 - - [31/Jul/2026:11:02:26 -0300] "GET /feed/ HTTP/1.1" 200 553 "-" "Mozilla/5.0 (Macintosh; Intel Mac OS X 10_15_7) AppleWebKit/605.1.15 Version/17.0 Safari/605.1.15"
43.134.93.164 - - [31/Jul/2026:11:17:16 -0300] "GET / HTTP/1.1" 200 13845 "http://paguerapido.kohlsolucoes.com.br" "Mozilla/5.0 (iPhone; CPU iPhone OS 13_2_3 like Mac OS X) AppleWebKit/605.1.15 (KHTML, like Gecko) Version/13.0.3 Mobile/15E148 Safari/604.1"
104.28.208.83 - - [31/Jul/2026:11:24:57 -0300] "GET / HTTP/1.1" 200 15331 "-" "Mozilla/5.0 (Windows NT 10.0; Win64; x64) AppleWebKit/537.36 (KHTML, like Gecko) Chrome/91.0.4472.124 Safari/537.36"
129.121.49.162 - - [31/Jul/2026:11:25:10 -0300] "POST /wp-cron.php?doing_wp_cron=1785507910.2760488986968994140625 HTTP/1.1" 200 - "-" "WordPress/6.9.4; https://paguerapido.kohlsolucoes.com.br"
104.28.208.83 - - [31/Jul/2026:11:24:58 -0300] "GET /asdasdasdwq7?rest_route=/wp/v2/users HTTP/1.1" 200 455 "https://paguerapido.kohlsolucoes.com.br" "Mozilla/5.0 (Windows NT 10.0; Win64; x64; rv:130.0) Gecko/20100101 Firefox/130.0"
20.151.141.61 - - [31/Jul/2026:11:25:11 -0300] "GET / HTTP/1.1" 200 15331 "-" "Mozilla/5.0 (Macintosh; Intel Mac OS X 10_15_7) AppleWebKit/537.36 (KHTML, like Gecko) Chrome/136.0.0.0 Safari/537.36"
152.168.160.16 - - [31/Jul/2026:11:44:35 -0300] "GET / HTTP/1.1" 200 15331 "https://paguerapido.kohlsolucoes.com.br" "Mozilla/5.0 (Windows NT 10.0; Win64; x64) AppleWebKit/537.36 (KHTML, like Gecko) Chrome/145.0.0.0 Safari/537.36"
205.210.31.46 - - [31/Jul/2026:11:53:51 -0300] "GET / HTTP/1.1" 200 15331 "-" "Hello from Palo Alto Networks, find out more about our scans in https://docs-cortex.paloaltonetworks.com/r/1/Cortex-Xpanse/Scanning-activity"
129.121.49.162 - - [31/Jul/2026:11:54:18 -0300] "POST /wp-cron.php?doing_wp_cron=1785509658.4952700138092041015625 HTTP/1.1" 200 - "-" "WordPress/6.9.4; https://paguerapido.kohlsolucoes.com.br"
170.106.35.187 - - [31/Jul/2026:11:54:08 -0300] "GET / HTTP/1.1" 200 13845 "http://paguerapido.net" "Mozilla/5.0 (iPhone; CPU iPhone OS 13_2_3 like Mac OS X) AppleWebKit/605.1.15 (KHTML, like Gecko) Version/13.0.3 Mobile/15E148 Safari/604.1"
129.121.49.162 - - [31/Jul/2026:12:27:25 -0300] "POST /wp-cron.php?doing_wp_cron=1785511645.2855949401855468750000 HTTP/1.1" 200 - "-" "WordPress/6.9.4; https://paguerapido.kohlsolucoes.com.br"
2a03:2880:11ff:71:: - - [31/Jul/2026:12:27:13 -0300] "GET / HTTP/1.1" 200 13844 "-" "facebookexternalhit/1.1 (+http://www.facebook.com/externalhit_uatext.php)"
2a03:2880:18ff:50:: - - [31/Jul/2026:12:27:26 -0300] "GET /?fbclid=IwcGRvZgRleHRuA2FlbQIxMQBzcnRjBmFwcF9pZAwyNTYyODEwNDA1NTgAAR6Mr0iCwARs3iOvbZGxEcf8TIXcj2gEf9ReMcVbR0udwySxyG0glXFBR6GGAw_aem_1_2rBDmf3j3mDn7_P8gpaA HTTP/1.1" 200 14039 "https://www.facebook.com/" "Dalvik/2.1.0 (Linux; U; Android 14; Quest 2 Build/UP1A.231005.007.A1)"
2a03:2880:11ff:5a:: - - [31/Jul/2026:12:27:28 -0300] "GET / HTTP/1.1" 200 13844 "-" "facebookexternalhit/1.1 (+http://www.facebook.com/externalhit_uatext.php)"
2a03:2880:10ff:56:: - - [31/Jul/2026:12:27:44 -0300] "GET /?fbclid=IwcGRvZgRleHRuA2FlbQIxMQBzcnRjBmFwcF9pZAwyNTYyODEwNDA1NTgAAR6Mr0iCwARs3iOvbZGxEcf8TIXcj2gEf9ReMcVbR0udwySxyG0glXFBR6GGAw_aem_1_2rBDmf3j3mDn7_P8gpaA HTTP/1.1" 200 14039 "-" "facebookexternalhit/1.1 (+http://www.facebook.com/externalhit_uatext.php)"
129.121.49.162 - - [31/Jul/2026:12:32:48 -0300] "POST /wp-cron.php?doing_wp_cron=1785511968.8180439472198486328125 HTTP/1.1" 200 - "-" "WordPress/6.9.4; https://paguerapido.kohlsolucoes.com.br"
2a03:2880:18ff:8:: - - [31/Jul/2026:12:32:36 -0300] "GET / HTTP/1.1" 200 13845 "-" "facebookexternalhit/1.1 (+http://www.facebook.com/externalhit_uatext.php)"
94.154.43.188 - - [31/Jul/2026:12:41:19 -0300] "GET / HTTP/1.1" 200 15331 "-" "Mozilla/5.0 (Windows NT 10.0; Win64; x64) AppleWebKit/537.36 (KHTML, like Gecko) Chrome/147.0.0.0 Safari/537.36"
129.121.49.162 - - [31/Jul/2026:12:43:42 -0300] "POST /wp-cron.php?doing_wp_cron=1785512622.4665029048919677734375 HTTP/1.1" 200 - "-" "WordPress/6.9.4; https://paguerapido.kohlsolucoes.com.br"
175.27.136.83 - - [31/Jul/2026:12:43:30 -0300] "GET / HTTP/1.1" 200 13843 "http://www.paguerapido.net" "Mozilla/5.0 (iPhone; CPU iPhone OS 13_2_3 like Mac OS X) AppleWebKit/605.1.15 (KHTML, like Gecko) Version/13.0.3 Mobile/15E148 Safari/604.1"
129.121.49.162 - - [31/Jul/2026:12:49:49 -0300] "POST /wp-cron.php?doing_wp_cron=1785512989.3018610477447509765625 HTTP/1.1" 200 - "-" "WordPress/6.9.4; https://paguerapido.kohlsolucoes.com.br"
150.109.46.88 - - [31/Jul/2026:12:49:37 -0300] "GET / HTTP/1.1" 200 13845 "http://www.paguerapido.net" "Mozilla/5.0 (iPhone; CPU iPhone OS 13_2_3 like Mac OS X) AppleWebKit/605.1.15 (KHTML, like Gecko) Version/13.0.3 Mobile/15E148 Safari/604.1"
129.121.49.162 - - [31/Jul/2026:12:49:59 -0300] "GET /price/digital-flex/ HTTP/1.1" 200 14094 "-" "WP Rocket/Preload"
129.121.49.162 - - [31/Jul/2026:13:12:02 -0300] "GET /price/digital-plus/ HTTP/1.1" 200 14095 "-" "WP Rocket/Preload"
129.121.49.162 - - [31/Jul/2026:13:24:18 -0300] "POST /wp-cron.php?doing_wp_cron=1785515058.6082539558410644531250 HTTP/1.1" 200 - "-" "WordPress/6.9.4; https://paguerapido.kohlsolucoes.com.br"
17.241.75.144 - - [31/Jul/2026:13:24:06 -0300] "GET /robots.txt HTTP/1.1" 200 124 "-" "Mozilla/5.0 (Macintosh; Intel Mac OS X 10_15_7) AppleWebKit/605.1.15 (KHTML, like Gecko) Version/17.4 Safari/605.1.15 (Applebot/0.1; +http://www.apple.com/go/applebot)"
17.241.75.144 - - [31/Jul/2026:13:24:19 -0300] "GET / HTTP/1.1" 200 15331 "-" "Mozilla/5.0 (Macintosh; Intel Mac OS X 10_15_7) AppleWebKit/605.1.15 (KHTML, like Gecko) Version/17.4 Safari/605.1.15 (Applebot/0.1; +http://www.apple.com/go/applebot)"
62.113.113.162 - - [31/Jul/2026:13:25:42 -0300] "GET / HTTP/1.1" 200 15331 "https://paguerapido.kohlsolucoes.com.br/" "Mozilla/5.0 (Windows NT 10.0; Win64; x64) AppleWebKit/537.36 (KHTML, like Gecko) Chrome/130.0.0.0 Safari/537.36 CCleaner/130.0.0.0"
17.241.227.170 - - [31/Jul/2026:13:28:37 -0300] "GET /wp-content/themes/nt-landium-child/style.css?ver=2.2.6 HTTP/1.1" 200 185 "https://paguerapido.kohlsolucoes.com.br/" "Mozilla/5.0 (Macintosh; Intel Mac OS X 10_15_7) AppleWebKit/605.1.15 (KHTML, like Gecko) Version/17.4 Safari/605.1.15 (Applebot/0.1; +http://www.apple.com/go/applebot)"
17.241.75.58 - - [31/Jul/2026:13:28:37 -0300] "GET /wp-includes/css/dist/block-library/style.min.css?ver=6.9.4 HTTP/1.1" 200 15916 "https://paguerapido.kohlsolucoes.com.br/" "Mozilla/5.0 (Macintosh; Intel Mac OS X 10_15_7) AppleWebKit/605.1.15 (KHTML, like Gecko) Version/17.4 Safari/605.1.15 (Applebot/0.1; +http://www.apple.com/go/applebot)"
17.241.227.170 - - [31/Jul/2026:13:28:39 -0300] "GET /wp-content/plugins/cookie-notice/css/front.min.css?ver=3.1.2 HTTP/1.1" 200 1247 "https://paguerapido.kohlsolucoes.com.br/" "Mozilla/5.0 (Macintosh; Intel Mac OS X 10_15_7) AppleWebKit/605.1.15 (KHTML, like Gecko) Version/17.4 Safari/605.1.15 (Applebot/0.1; +http://www.apple.com/go/applebot)"
17.241.75.58 - - [31/Jul/2026:13:28:39 -0300] "GET /wp-content/cache/min/1/wp-content/themes/nt-landium/css/font-awesome.min.css?ver=1785476018 HTTP/1.1" 200 7083 "https://paguerapido.kohlsolucoes.com.br/" "Mozilla/5.0 (Macintosh; Intel Mac OS X 10_15_7) AppleWebKit/605.1.15 (KHTML, like Gecko) Version/17.4 Safari/605.1.15 (Applebot/0.1; +http://www.apple.com/go/applebot)"
17.241.227.170 - - [31/Jul/2026:13:28:40 -0300] "GET /wp-content/cache/min/1/wp-content/themes/nt-landium/css/main-style.css?ver=1785476018 HTTP/1.1" 200 13841 "https://paguerapido.kohlsolucoes.com.br/" "Mozilla/5.0 (Macintosh; Intel Mac OS X 10_15_7) AppleWebKit/605.1.15 (KHTML, like Gecko) Version/17.4 Safari/605.1.15 (Applebot/0.1; +http://www.apple.com/go/applebot)"
17.241.75.58 - - [31/Jul/2026:13:28:40 -0300] "GET /wp-content/cache/min/1/ajax/libs/font-awesome/5.15.4/css/all.min.css?ver=1785476018 HTTP/1.1" 200 12915 "https://paguerapido.kohlsolucoes.com.br/" "Mozilla/5.0 (Macintosh; Intel Mac OS X 10_15_7) AppleWebKit/605.1.15 (KHTML, like Gecko) Version/17.4 Safari/605.1.15 (Applebot/0.1; +http://www.apple.com/go/applebot)"
17.241.227.170 - - [31/Jul/2026:13:28:42 -0300] "GET /wp-content/cache/min/1/wp-content/themes/nt-landium/css/bootstrap.min.css?ver=1785476018 HTTP/1.1" 200 19728 "https://paguerapido.kohlsolucoes.com.br/" "Mozilla/5.0 (Macintosh; Intel Mac OS X 10_15_7) AppleWebKit/605.1.15 (KHTML, like Gecko) Version/17.4 Safari/605.1.15 (Applebot/0.1; +http://www.apple.com/go/applebot)"
17.241.75.58 - - [31/Jul/2026:13:28:42 -0300] "GET /wp-content/cache/min/1/wp-content/plugins/buttonizer-multifunctional-button/assets/legacy/frontend.css?ver=1785476018 HTTP/1.1" 200 1053 "https://paguerapido.kohlsolucoes.com.br/" "Mozilla/5.0 (Macintosh; Intel Mac OS X 10_15_7) AppleWebKit/605.1.15 (KHTML, like Gecko) Version/17.4 Safari/605.1.15 (Applebot/0.1; +http://www.apple.com/go/applebot)"
17.241.227.170 - - [31/Jul/2026:13:28:43 -0300] "GET /wp-content/cache/min/1/wp-content/themes/nt-landium/css/nt-landium-theme.css?ver=1785476018 HTTP/1.1" 200 1756 "https://paguerapido.kohlsolucoes.com.br/" "Mozilla/5.0 (Macintosh; Intel Mac OS X 10_15_7) AppleWebKit/605.1.15 (KHTML, like Gecko) Version/17.4 Safari/605.1.15 (Applebot/0.1; +http://www.apple.com/go/applebot)"
17.241.75.58 - - [31/Jul/2026:13:28:43 -0300] "GET /wp-content/cache/min/1/wp-content/themes/nt-landium/css/animate.css?ver=1785476018 HTTP/1.1" 200 3427 "https://paguerapido.kohlsolucoes.com.br/" "Mozilla/5.0 (Macintosh; Intel Mac OS X 10_15_7) AppleWebKit/605.1.15 (KHTML, like Gecko) Version/17.4 Safari/605.1.15 (Applebot/0.1; +http://www.apple.com/go/applebot)"
17.241.227.170 - - [31/Jul/2026:13:28:45 -0300] "GET /wp-content/cache/min/1/wp-content/themes/nt-landium/css/visual-composer.css?ver=1785476018 HTTP/1.1" 200 197 "https://paguerapido.kohlsolucoes.com.br/" "Mozilla/5.0 (Macintosh; Intel Mac OS X 10_15_7) AppleWebKit/605.1.15 (KHTML, like Gecko) Version/17.4 Safari/605.1.15 (Applebot/0.1; +http://www.apple.com/go/applebot)"
17.241.75.58 - - [31/Jul/2026:13:28:45 -0300] "GET /wp-content/cache/min/1/wp-content/themes/nt-landium/js/flexslider/flexslider.css?ver=1785476018 HTTP/1.1" 200 1134 "https://paguerapido.kohlsolucoes.com.br/" "Mozilla/5.0 (Macintosh; Intel Mac OS X 10_15_7) AppleWebKit/605.1.15 (KHTML, like Gecko) Version/17.4 Safari/605.1.15 (Applebot/0.1; +http://www.apple.com/go/applebot)"
17.241.227.170 - - [31/Jul/2026:13:28:46 -0300] "GET /wp-content/cache/min/1/wp-content/themes/nt-landium/css/izimodal.css?ver=1785476018 HTTP/1.1" 200 16142 "https://paguerapido.kohlsolucoes.com.br/" "Mozilla/5.0 (Macintosh; Intel Mac OS X 10_15_7) AppleWebKit/605.1.15 (KHTML, like Gecko) Version/17.4 Safari/605.1.15 (Applebot/0.1; +http://www.apple.com/go/applebot)"
17.241.75.58 - - [31/Jul/2026:13:28:47 -0300] "GET /wp-content/cache/min/1/wp-content/themes/nt-landium/css/update.css?ver=1785476018 HTTP/1.1" 200 1120 "https://paguerapido.kohlsolucoes.com.br/" "Mozilla/5.0 (Macintosh; Intel Mac OS X 10_15_7) AppleWebKit/605.1.15 (KHTML, like Gecko) Version/17.4 Safari/605.1.15 (Applebot/0.1; +http://www.apple.com/go/applebot)"
17.241.227.170 - - [31/Jul/2026:13:28:48 -0300] "GET /wp-content/cache/min/1/wp-content/themes/nt-landium/css/wordpress.css?ver=1785476018 HTTP/1.1" 200 5312 "https://paguerapido.kohlsolucoes.com.br/" "Mozilla/5.0 (Macintosh; Intel Mac OS X 10_15_7) AppleWebKit/605.1.15 (KHTML, like Gecko) Version/17.4 Safari/605.1.15 (Applebot/0.1; +http://www.apple.com/go/applebot)"
17.241.75.58 - - [31/Jul/2026:13:28:48 -0300] "GET /wp-content/cache/min/1/wp-content/plugins/js_composer/assets/css/js_composer.min.css?ver=1785481206 HTTP/1.1" 200 46090 "https://paguerapido.kohlsolucoes.com.br/" "Mozilla/5.0 (Macintosh; Intel Mac OS X 10_15_7) AppleWebKit/605.1.15 (KHTML, like Gecko) Version/17.4 Safari/605.1.15 (Applebot/0.1; +http://www.apple.com/go/applebot)"
17.241.227.170 - - [31/Jul/2026:13:28:49 -0300] "GET /wp-content/themes/nt-landium-child/style.css?ver=6.9.4 HTTP/1.1" 200 185 "https://paguerapido.kohlsolucoes.com.br/" "Mozilla/5.0 (Macintosh; Intel Mac OS X 10_15_7) AppleWebKit/605.1.15 (KHTML, like Gecko) Version/17.4 Safari/605.1.15 (Applebot/0.1; +http://www.apple.com/go/applebot)"
17.241.75.58 - - [31/Jul/2026:13:28:50 -0300] "GET /wp-content/plugins/cookie-notice/js/front.min.js?ver=3.1.2 HTTP/1.1" 200 2264 "https://paguerapido.kohlsolucoes.com.br/" "Mozilla/5.0 (Macintosh; Intel Mac OS X 10_15_7) AppleWebKit/605.1.15 (KHTML, like Gecko) Version/17.4 Safari/605.1.15 (Applebot/0.1; +http://www.apple.com/go/applebot)"
17.241.227.170 - - [31/Jul/2026:13:28:51 -0300] "GET /wp-content/themes/nt-landium/js/device.min.js?ver=1.0 HTTP/1.1" 200 1117 "https://paguerapido.kohlsolucoes.com.br/" "Mozilla/5.0 (Macintosh; Intel Mac OS X 10_15_7) AppleWebKit/605.1.15 (KHTML, like Gecko) Version/17.4 Safari/605.1.15 (Applebot/0.1; +http://www.apple.com/go/applebot)"
17.241.75.58 - - [31/Jul/2026:13:28:51 -0300] "GET /wp-includes/js/jquery/jquery.min.js?ver=3.7.1 HTTP/1.1" 200 30368 "https://paguerapido.kohlsolucoes.com.br/" "Mozilla/5.0 (Macintosh; Intel Mac OS X 10_15_7) AppleWebKit/605.1.15 (KHTML, like Gecko) Version/17.4 Safari/605.1.15 (Applebot/0.1; +http://www.apple.com/go/applebot)"
17.241.227.170 - - [31/Jul/2026:13:28:52 -0300] "GET /wp-content/cache/min/1/wp-content/plugins/contact-form-7/includes/css/styles.css?ver=1785476018 HTTP/1.1" 200 917 "https://paguerapido.kohlsolucoes.com.br/" "Mozilla/5.0 (Macintosh; Intel Mac OS X 10_15_7) AppleWebKit/605.1.15 (KHTML, like Gecko) Version/17.4 Safari/605.1.15 (Applebot/0.1; +http://www.apple.com/go/applebot)"
17.241.75.58 - - [31/Jul/2026:13:28:53 -0300] "GET /wp-includes/js/jquery/jquery-migrate.min.js?ver=3.4.1 HTTP/1.1" 200 4872 "https://paguerapido.kohlsolucoes.com.br/" "Mozilla/5.0 (Macintosh; Intel Mac OS X 10_15_7) AppleWebKit/605.1.15 (KHTML, like Gecko) Version/17.4 Safari/605.1.15 (Applebot/0.1; +http://www.apple.com/go/applebot)"
17.241.227.170 - - [31/Jul/2026:13:28:54 -0300] "GET /wp-content/plugins/js_composer/assets/lib/vendor/dist/@fortawesome/fontawesome-free/css/v4-shims.min.css?ver=8.7.2 HTTP/1.1" 200 4113 "https://paguerapido.kohlsolucoes.com.br/" "Mozilla/5.0 (Macintosh; Intel Mac OS X 10_15_7) AppleWebKit/605.1.15 (KHTML, like Gecko) Version/17.4 Safari/605.1.15 (Applebot/0.1; +http://www.apple.com/go/applebot)"
17.241.75.58 - - [31/Jul/2026:13:28:54 -0300] "GET /wp-content/plugins/js_composer/assets/lib/vendor/dist/animate.css/animate.min.css?ver=8.7.2 HTTP/1.1" 200 4259 "https://paguerapido.kohlsolucoes.com.br/" "Mozilla/5.0 (Macintosh; Intel Mac OS X 10_15_7) AppleWebKit/605.1.15 (KHTML, like Gecko) Version/17.4 Safari/605.1.15 (Applebot/0.1; +http://www.apple.com/go/applebot)"
17.241.227.170 - - [31/Jul/2026:13:28:56 -0300] "GET /wp-content/themes/nt-landium/js/owl.carousel.min.js?ver=1.0 HTTP/1.1" 200 10974 "https://paguerapido.kohlsolucoes.com.br/" "Mozilla/5.0 (Macintosh; Intel Mac OS X 10_15_7) AppleWebKit/605.1.15 (KHTML, like Gecko) Version/17.4 Safari/605.1.15 (Applebot/0.1; +http://www.apple.com/go/applebot)"
17.241.75.58 - - [31/Jul/2026:13:28:56 -0300] "GET /wp-content/cache/min/1/wp-content/plugins/js_composer/assets/lib/vendor/dist/@fortawesome/fontawesome-free/css/all.min.css?ver=1785481343 HTTP/1.1" 200 21562 "https://paguerapido.kohlsolucoes.com.br/" "Mozilla/5.0 (Macintosh; Intel Mac OS X 10_15_7) AppleWebKit/605.1.15 (KHTML, like Gecko) Version/17.4 Safari/605.1.15 (Applebot/0.1; +http://www.apple.com/go/applebot)"
17.241.227.170 - - [31/Jul/2026:13:28:57 -0300] "GET /wp-content/themes/nt-landium/js/jquery.matchHeight-min.js?ver=1.0 HTTP/1.1" 200 1365 "https://paguerapido.kohlsolucoes.com.br/" "Mozilla/5.0 (Macintosh; Intel Mac OS X 10_15_7) AppleWebKit/605.1.15 (KHTML, like Gecko) Version/17.4 Safari/605.1.15 (Applebot/0.1; +http://www.apple.com/go/applebot)"
17.241.75.58 - - [31/Jul/2026:13:28:57 -0300] "GET /wp-content/plugins/buttonizer-multifunctional-button/assets/legacy/frontend.min.js?v=710f218b66c8d0c474095a7841bf4e69&ver=6.9.4 HTTP/1.1" 200 77871 "https://paguerapido.kohlsolucoes.com.br/" "Mozilla/5.0 (Macintosh; Intel Mac OS X 10_15_7) AppleWebKit/605.1.15 (KHTML, like Gecko) Version/17.4 Safari/605.1.15 (Applebot/0.1; +http://www.apple.com/go/applebot)"
17.241.227.170 - - [31/Jul/2026:13:28:59 -0300] "GET /wp-content/cache/min/1/wp-content/themes/nt-landium/js/bootstrap.js?ver=1779237860 HTTP/1.1" 200 9741 "https://paguerapido.kohlsolucoes.com.br/" "Mozilla/5.0 (Macintosh; Intel Mac OS X 10_15_7) AppleWebKit/605.1.15 (KHTML, like Gecko) Version/17.4 Safari/605.1.15 (Applebot/0.1; +http://www.apple.com/go/applebot)"
17.241.75.58 - - [31/Jul/2026:13:28:59 -0300] "GET /wp-content/cache/min/1/wp-content/themes/nt-landium/js/device.js?ver=1779237860 HTTP/1.1" 200 1141 "https://paguerapido.kohlsolucoes.com.br/" "Mozilla/5.0 (Macintosh; Intel Mac OS X 10_15_7) AppleWebKit/605.1.15 (KHTML, like Gecko) Version/17.4 Safari/605.1.15 (Applebot/0.1; +http://www.apple.com/go/applebot)"
17.241.227.170 - - [31/Jul/2026:13:29:00 -0300] "GET /wp-content/themes/nt-landium/js/wow.min.js?ver=1.0 HTTP/1.1" 200 2705 "https://paguerapido.kohlsolucoes.com.br/" "Mozilla/5.0 (Macintosh; Intel Mac OS X 10_15_7) AppleWebKit/605.1.15 (KHTML, like Gecko) Version/17.4 Safari/605.1.15 (Applebot/0.1; +http://www.apple.com/go/applebot)"
17.241.75.58 - - [31/Jul/2026:13:29:00 -0300] "GET /wp-content/themes/nt-landium/js/jquery.nicescroll.min.js?ver=1.0 HTTP/1.1" 200 16995 "https://paguerapido.kohlsolucoes.com.br/" "Mozilla/5.0 (Macintosh; Intel Mac OS X 10_15_7) AppleWebKit/605.1.15 (KHTML, like Gecko) Version/17.4 Safari/605.1.15 (Applebot/0.1; +http://www.apple.com/go/applebot)"
17.241.75.58 - - [31/Jul/2026:13:29:02 -0300] "GET /wp-content/themes/nt-landium/js/jquery.stellar.min.js?ver=1.0 HTTP/1.1" 200 3398 "https://paguerapido.kohlsolucoes.com.br/" "Mozilla/5.0 (Macintosh; Intel Mac OS X 10_15_7) AppleWebKit/605.1.15 (KHTML, like Gecko) Version/17.4 Safari/605.1.15 (Applebot/0.1; +http://www.apple.com/go/applebot)"
17.241.227.170 - - [31/Jul/2026:13:29:02 -0300] "GET /wp-content/plugins/js_composer/assets/js/dist/js_composer_front.min.js?ver=8.7.2 HTTP/1.1" 200 5179 "https://paguerapido.kohlsolucoes.com.br/" "Mozilla/5.0 (Macintosh; Intel Mac OS X 10_15_7) AppleWebKit/605.1.15 (KHTML, like Gecko) Version/17.4 Safari/605.1.15 (Applebot/0.1; +http://www.apple.com/go/applebot)"
17.241.75.58 - - [31/Jul/2026:13:29:03 -0300] "GET /wp-content/themes/nt-landium/js/jquery.fs.boxer.min.js?ver=1.0 HTTP/1.1" 200 4803 "https://paguerapido.kohlsolucoes.com.br/" "Mozilla/5.0 (Macintosh; Intel Mac OS X 10_15_7) AppleWebKit/605.1.15 (KHTML, like Gecko) Version/17.4 Safari/605.1.15 (Applebot/0.1; +http://www.apple.com/go/applebot)"
17.241.227.170 - - [31/Jul/2026:13:29:03 -0300] "GET /wp-content/themes/nt-landium/js/jquery.particleground.min.js?ver=1.0 HTTP/1.1" 200 2607 "https://paguerapido.kohlsolucoes.com.br/" "Mozilla/5.0 (Macintosh; Intel Mac OS X 10_15_7) AppleWebKit/605.1.15 (KHTML, like Gecko) Version/17.4 Safari/605.1.15 (Applebot/0.1; +http://www.apple.com/go/applebot)"
17.241.227.170 - - [31/Jul/2026:13:29:05 -0300] "GET /wp-content/cache/min/1/wp-content/plugins/contact-form-7/includes/swv/js/index.js?ver=1779237860 HTTP/1.1" 200 3502 "https://paguerapido.kohlsolucoes.com.br/" "Mozilla/5.0 (Macintosh; Intel Mac OS X 10_15_7) AppleWebKit/605.1.15 (KHTML, like Gecko) Version/17.4 Safari/605.1.15 (Applebot/0.1; +http://www.apple.com/go/applebot)"
17.241.75.58 - - [31/Jul/2026:13:29:05 -0300] "GET /wp-content/themes/nt-landium/js/izimodal.min.js?ver=1.0 HTTP/1.1" 200 6584 "https://paguerapido.kohlsolucoes.com.br/" "Mozilla/5.0 (Macintosh; Intel Mac OS X 10_15_7) AppleWebKit/605.1.15 (KHTML, like Gecko) Version/17.4 Safari/605.1.15 (Applebot/0.1; +http://www.apple.com/go/applebot)"
17.241.75.58 - - [31/Jul/2026:13:29:06 -0300] "GET /wp-content/cache/min/1/wp-content/themes/nt-landium/js/main.js?ver=1779237860 HTTP/1.1" 200 2057 "https://paguerapido.kohlsolucoes.com.br/" "Mozilla/5.0 (Macintosh; Intel Mac OS X 10_15_7) AppleWebKit/605.1.15 (KHTML, like Gecko) Version/17.4 Safari/605.1.15 (Applebot/0.1; +http://www.apple.com/go/applebot)"
17.241.75.58 - - [31/Jul/2026:13:29:08 -0300] "GET /wp-includes/js/dist/hooks.min.js?ver=dd5603f07f9220ed27f1 HTTP/1.1" 200 1941 "https://paguerapido.kohlsolucoes.com.br/" "Mozilla/5.0 (Macintosh; Intel Mac OS X 10_15_7) AppleWebKit/605.1.15 (KHTML, like Gecko) Version/17.4 Safari/605.1.15 (Applebot/0.1; +http://www.apple.com/go/applebot)"
17.241.75.58 - - [31/Jul/2026:13:29:10 -0300] "GET /wp-includes/js/dist/i18n.min.js?ver=c26c3dc7bed366793375 HTTP/1.1" 200 2229 "https://paguerapido.kohlsolucoes.com.br/" "Mozilla/5.0 (Macintosh; Intel Mac OS X 10_15_7) AppleWebKit/605.1.15 (KHTML, like Gecko) Version/17.4 Safari/605.1.15 (Applebot/0.1; +http://www.apple.com/go/applebot)"
17.241.75.58 - - [31/Jul/2026:13:29:11 -0300] "GET /wp-content/cache/min/1/wp-content/plugins/contact-form-7/includes/js/index.js?ver=1779237860 HTTP/1.1" 200 4264 "https://paguerapido.kohlsolucoes.com.br/" "Mozilla/5.0 (Macintosh; Intel Mac OS X 10_15_7) AppleWebKit/605.1.15 (KHTML, like Gecko) Version/17.4 Safari/605.1.15 (Applebot/0.1; +http://www.apple.com/go/applebot)"
17.241.75.58 - - [31/Jul/2026:13:29:13 -0300] "GET /wp-content/plugins/wp-rocket/assets/js/lazyload/17.8.3/lazyload.min.js HTTP/1.1" 200 3053 "https://paguerapido.kohlsolucoes.com.br/" "Mozilla/5.0 (Macintosh; Intel Mac OS X 10_15_7) AppleWebKit/605.1.15 (KHTML, like Gecko) Version/17.4 Safari/605.1.15 (Applebot/0.1; +http://www.apple.com/go/applebot)"
17.241.75.58 - - [31/Jul/2026:13:29:14 -0300] "GET /wp-content/plugins/js_composer/assets/lib/vc/vc_waypoints/vc-waypoints.min.js?ver=8.7.2 HTTP/1.1" 200 2574 "https://paguerapido.kohlsolucoes.com.br/" "Mozilla/5.0 (Macintosh; Intel Mac OS X 10_15_7) AppleWebKit/605.1.15 (KHTML, like Gecko) Version/17.4 Safari/605.1.15 (Applebot/0.1; +http://www.apple.com/go/applebot)"
17.241.75.58 - - [31/Jul/2026:13:29:17 -0300] "GET /wp-includes/js/comment-reply.min.js?ver=6.9.4 HTTP/1.1" 200 1375 "https://paguerapido.kohlsolucoes.com.br/" "Mozilla/5.0 (Macintosh; Intel Mac OS X 10_15_7) AppleWebKit/605.1.15 (KHTML, like Gecko) Version/17.4 Safari/605.1.15 (Applebot/0.1; +http://www.apple.com/go/applebot)"
17.241.75.58 - - [31/Jul/2026:13:29:20 -0300] "GET /wp-includes/js/wp-emoji-release.min.js?ver=6.9.4 HTTP/1.1" 200 5375 "https://paguerapido.kohlsolucoes.com.br/" "Mozilla/5.0 (Macintosh; Intel Mac OS X 10_15_7) AppleWebKit/605.1.15 (KHTML, like Gecko) Version/17.4 Safari/605.1.15 (Applebot/0.1; +http://www.apple.com/go/applebot)"
17.241.75.58 - - [31/Jul/2026:13:29:16 -0300] "GET /wp-admin/admin-ajax.php?action=buttonizer&qpu=766438e49d3cb2fb3d84a37782b509bc&preview=0 HTTP/1.1" 200 515 "https://paguerapido.kohlsolucoes.com.br/" "Mozilla/5.0 (Macintosh; Intel Mac OS X 10_15_7) AppleWebKit/605.1.15 (KHTML, like Gecko) Version/17.4 Safari/605.1.15 (Applebot/0.1; +http://www.apple.com/go/applebot)"
129.121.49.162 - - [31/Jul/2026:13:29:27 -0300] "POST /wp-cron.php?doing_wp_cron=1785515367.4177019596099853515625 HTTP/1.1" 200 - "-" "WordPress/6.9.4; https://paguerapido.kohlsolucoes.com.br"
17.241.227.170 - - [31/Jul/2026:13:29:15 -0300] "GET /wp-json/contact-form-7/v1/contact-forms/148/feedback/schema HTTP/1.1" 200 255 "https://paguerapido.kohlsolucoes.com.br/" "Mozilla/5.0 (Macintosh; Intel Mac OS X 10_15_7) AppleWebKit/605.1.15 (KHTML, like Gecko) Version/17.4 Safari/605.1.15 (Applebot/0.1; +http://www.apple.com/go/applebot)"
17.241.75.58 - - [31/Jul/2026:13:29:19 -0300] "GET /wp-json/contact-form-7/v1/contact-forms/391/feedback/schema HTTP/1.1" 200 190 "https://paguerapido.kohlsolucoes.com.br/" "Mozilla/5.0 (Macintosh; Intel Mac OS X 10_15_7) AppleWebKit/605.1.15 (KHTML, like Gecko) Version/17.4 Safari/605.1.15 (Applebot/0.1; +http://www.apple.com/go/applebot)"
17.241.227.170 - - [31/Jul/2026:13:29:22 -0300] "GET /wp-json/contact-form-7/v1/contact-forms/391/refill HTTP/1.1" 200 22 "https://paguerapido.kohlsolucoes.com.br/" "Mozilla/5.0 (Macintosh; Intel Mac OS X 10_15_7) AppleWebKit/605.1.15 (KHTML, like Gecko) Version/17.4 Safari/605.1.15 (Applebot/0.1; +http://www.apple.com/go/applebot)"
17.241.227.170 - - [31/Jul/2026:13:29:23 -0300] "GET /wp-json/contact-form-7/v1/contact-forms/148/refill HTTP/1.1" 200 22 "https://paguerapido.kohlsolucoes.com.br/" "Mozilla/5.0 (Macintosh; Intel Mac OS X 10_15_7) AppleWebKit/605.1.15 (KHTML, like Gecko) Version/17.4 Safari/605.1.15 (Applebot/0.1; +http://www.apple.com/go/applebot)"
129.121.49.162 - - [31/Jul/2026:13:43:25 -0300] "POST /wp-cron.php?doing_wp_cron=1785516205.7853260040283203125000 HTTP/1.1" 200 - "-" "WordPress/6.9.4; https://paguerapido.kohlsolucoes.com.br"
2a03:2880:f800:2a:: - - [31/Jul/2026:13:43:14 -0300] "GET /wp-sitemap-posts-price-1.xml HTTP/1.1" 200 306 "-" "Mozilla/5.0 (Windows NT 10.0; Win64; x64) AppleWebKit/537.36 (KHTML, like Gecko) Chrome/145.0.0.0 Safari/537.36 (compatible; meta-webindexer/1.1 (+https://developers.facebook.com/docs/sharing/webmasters/crawler))"
129.121.49.162 - - [31/Jul/2026:13:51:06 -0300] "POST /wp-cron.php?doing_wp_cron=1785516666.1292700767517089843750 HTTP/1.1" 200 - "-" "WordPress/6.9.4; https://paguerapido.kohlsolucoes.com.br"
45.131.195.245 - - [31/Jul/2026:13:50:54 -0300] "GET /feed HTTP/1.1" 301 - "-" "Mozilla/5.0 (Windows NT 10.0; Win64; rv:143.0) Gecko/20100101 Firefox/143.0"
45.131.195.245 - - [31/Jul/2026:13:51:06 -0300] "GET /feed/ HTTP/1.1" 200 553 "-" "Mozilla/5.0 (Windows NT 10.0; Win64; rv:143.0) Gecko/20100101 Firefox/143.0"
129.121.49.162 - - [31/Jul/2026:13:51:16 -0300] "GET /price/digital-power/ HTTP/1.1" 200 14102 "-" "WP Rocket/Preload"
204.10.194.139 - - [31/Jul/2026:14:19:42 -0300] "GET / HTTP/1.1" 200 15331 "-" "Mozilla/5.0 (Windows NT 10.0; Win64; x64) AppleWebKit/537.36 (KHTML, like Gecko) Chrome/126.0 Safari/537.36"
103.74.132.75 - - [31/Jul/2026:14:36:41 -0300] "GET /wp-content/uploads/2023/01/svl-002.png HTTP/1.1" 200 49552 "https://paguerapido.net/conheca/" "Mozilla/5.0 (Macintosh; Intel Mac OS X 10_15_7) AppleWebKit/537.36 (KHTML, like Gecko) Chrome/130.0.0.0 Safari/537.36"
2a03:2880:f800:38:: - - [31/Jul/2026:15:05:23 -0300] "GET /politica-de-privacidade/ HTTP/1.1" 200 18132 "-" "Mozilla/5.0 (Windows NT 10.0; Win64; x64) AppleWebKit/537.36 (KHTML, like Gecko) Chrome/145.0.0.0 Safari/537.36 (compatible; meta-webindexer/1.1 (+https://developers.facebook.com/docs/sharing/webmasters/crawler))"
129.121.49.162 - - [31/Jul/2026:15:45:41 -0300] "POST /wp-cron.php?doing_wp_cron=1785523541.3669469356536865234375 HTTP/1.1" 200 - "-" "WordPress/6.9.4; https://paguerapido.kohlsolucoes.com.br"
200.173.49.238 - - [31/Jul/2026:15:45:29 -0300] "GET / HTTP/1.1" 200 13844 "https://www.google.com/" "Mozilla/5.0 (iPhone; CPU iPhone OS 18_7 like Mac OS X) AppleWebKit/605.1.15 (KHTML, like Gecko) Version/27.0 Mobile/15E148 Safari/604.1"
200.173.49.238 - - [31/Jul/2026:15:45:41 -0300] "GET / HTTP/1.1" 200 13845 "https://www.google.com/" "Mozilla/5.0 (iPhone; CPU iPhone OS 18_7 like Mac OS X) AppleWebKit/605.1.15 (KHTML, like Gecko) Version/27.0 Mobile/15E148 Safari/604.1"
200.173.49.238 - - [31/Jul/2026:15:45:50 -0300] "GET / HTTP/1.1" 200 13843 "https://www.google.com/" "Mozilla/5.0 (iPhone; CPU iPhone OS 18_7 like Mac OS X) AppleWebKit/605.1.15 (KHTML, like Gecko) Version/27.0 Mobile/15E148 Safari/604.1"
200.173.49.238 - - [31/Jul/2026:15:46:01 -0300] "GET /wp-content/plugins/js_composer/assets/lib/vendor/dist/@fortawesome/fontawesome-free/webfonts/fa-regular-400.woff2 HTTP/1.1" 200 25495 "https://paguerapido.kohlsolucoes.com.br/" "Mozilla/5.0 (iPhone; CPU iPhone OS 18_7 like Mac OS X) AppleWebKit/605.1.15 (KHTML, like Gecko) Version/27.0 Mobile/15E148 Safari/604.1"
200.173.49.238 - - [31/Jul/2026:15:46:01 -0300] "GET /wp-content/themes/nt-landium/fonts/fontello.woff2?29710832 HTTP/1.1" 200 11723 "https://paguerapido.kohlsolucoes.com.br/" "Mozilla/5.0 (iPhone; CPU iPhone OS 18_7 like Mac OS X) AppleWebKit/605.1.15 (KHTML, like Gecko) Version/27.0 Mobile/15E148 Safari/604.1"
200.173.49.238 - - [31/Jul/2026:15:46:01 -0300] "GET /wp-json/contact-form-7/v1/contact-forms/391/feedback/schema HTTP/1.1" 200 190 "https://paguerapido.kohlsolucoes.com.br/" "Mozilla/5.0 (iPhone; CPU iPhone OS 18_7 like Mac OS X) AppleWebKit/605.1.15 (KHTML, like Gecko) Version/27.0 Mobile/15E148 Safari/604.1"
129.121.49.162 - - [31/Jul/2026:15:46:11 -0300] "POST /wp-cron.php?doing_wp_cron=1785523571.7395710945129394531250 HTTP/1.1" 200 - "-" "WordPress/6.9.4; https://paguerapido.kohlsolucoes.com.br"
200.173.49.238 - - [31/Jul/2026:15:46:01 -0300] "GET /wp-json/contact-form-7/v1/contact-forms/148/feedback/schema HTTP/1.1" 200 255 "https://paguerapido.kohlsolucoes.com.br/" "Mozilla/5.0 (iPhone; CPU iPhone OS 18_7 like Mac OS X) AppleWebKit/605.1.15 (KHTML, like Gecko) Version/27.0 Mobile/15E148 Safari/604.1"
200.173.49.238 - - [31/Jul/2026:15:46:01 -0300] "GET /wp-admin/admin-ajax.php?action=buttonizer&qpu=766438e49d3cb2fb3d84a37782b509bc&preview=0 HTTP/1.1" 200 515 "https://paguerapido.kohlsolucoes.com.br/" "Mozilla/5.0 (iPhone; CPU iPhone OS 18_7 like Mac OS X) AppleWebKit/605.1.15 (KHTML, like Gecko) Version/27.0 Mobile/15E148 Safari/604.1"
200.173.49.238 - - [31/Jul/2026:15:46:12 -0300] "GET /wp-content/plugins/js_composer/assets/lib/vendor/dist/@fortawesome/fontawesome-free/webfonts/fa-brands-400.woff2 HTTP/1.1" 200 118686 "https://paguerapido.kohlsolucoes.com.br/" "Mozilla/5.0 (iPhone; CPU iPhone OS 18_7 like Mac OS X) AppleWebKit/605.1.15 (KHTML, like Gecko) Version/27.0 Mobile/15E148 Safari/604.1"
200.173.49.238 - - [31/Jul/2026:15:46:12 -0300] "GET /wp-json/contact-form-7/v1/contact-forms/391/refill HTTP/1.1" 200 22 "https://paguerapido.kohlsolucoes.com.br/" "Mozilla/5.0 (iPhone; CPU iPhone OS 18_7 like Mac OS X) AppleWebKit/605.1.15 (KHTML, like Gecko) Version/27.0 Mobile/15E148 Safari/604.1"
200.173.49.238 - - [31/Jul/2026:15:46:12 -0300] "GET /wp-json/contact-form-7/v1/contact-forms/148/refill HTTP/1.1" 200 22 "https://paguerapido.kohlsolucoes.com.br/" "Mozilla/5.0 (iPhone; CPU iPhone OS 18_7 like Mac OS X) AppleWebKit/605.1.15 (KHTML, like Gecko) Version/27.0 Mobile/15E148 Safari/604.1"
200.173.49.238 - - [31/Jul/2026:15:46:20 -0300] "GET /resultado-da-pesquisa/?_wpcf7=391&_wpcf7_version=6.1.6&_wpcf7_locale=pt_BR&_wpcf7_unit_tag=wpcf7-f391-p135-o1&_wpcf7_container_post=135&_wpcf7_posted_data_hash=&negociacao-cpf=544.566.218-77 HTTP/1.1" 200 11187 "https://paguerapido.kohlsolucoes.com.br/" "Mozilla/5.0 (iPhone; CPU iPhone OS 18_7 like Mac OS X) AppleWebKit/605.1.15 (KHTML, like Gecko) Version/27.0 Mobile/15E148 Safari/604.1"
129.121.49.162 - - [31/Jul/2026:15:46:22 -0300] "GET /politica-de-privacidade/ HTTP/1.1" 200 18113 "-" "WP Rocket/Preload"
200.173.49.238 - - [31/Jul/2026:15:46:31 -0300] "GET /wp-admin/admin-ajax.php?action=buttonizer&qpu=766438e49d3cb2fb3d84a37782b509bc&preview=0 HTTP/1.1" 200 515 "https://paguerapido.kohlsolucoes.com.br/resultado-da-pesquisa/?_wpcf7=391&_wpcf7_version=6.1.6&_wpcf7_locale=pt_BR&_wpcf7_unit_tag=wpcf7-f391-p135-o1&_wpcf7_container_post=135&_wpcf7_posted_data_hash=&negociacao-cpf=544.566.218-77" "Mozilla/5.0 (iPhone; CPU iPhone OS 18_7 like Mac OS X) AppleWebKit/605.1.15 (KHTML, like Gecko) Version/27.0 Mobile/15E148 Safari/604.1"
200.173.49.238 - - [31/Jul/2026:15:46:31 -0300] "GET /wp-json/contact-form-7/v1/contact-forms/148/refill HTTP/1.1" 200 22 "https://paguerapido.kohlsolucoes.com.br/resultado-da-pesquisa/?_wpcf7=391&_wpcf7_version=6.1.6&_wpcf7_locale=pt_BR&_wpcf7_unit_tag=wpcf7-f391-p135-o1&_wpcf7_container_post=135&_wpcf7_posted_data_hash=&negociacao-cpf=544.566.218-77" "Mozilla/5.0 (iPhone; CPU iPhone OS 18_7 like Mac OS X) AppleWebKit/605.1.15 (KHTML, like Gecko) Version/27.0 Mobile/15E148 Safari/604.1"
200.173.49.238 - - [31/Jul/2026:15:46:31 -0300] "GET /wp-json/contact-form-7/v1/contact-forms/148/feedback/schema HTTP/1.1" 200 255 "https://paguerapido.kohlsolucoes.com.br/resultado-da-pesquisa/?_wpcf7=391&_wpcf7_version=6.1.6&_wpcf7_locale=pt_BR&_wpcf7_unit_tag=wpcf7-f391-p135-o1&_wpcf7_container_post=135&_wpcf7_posted_data_hash=&negociacao-cpf=544.566.218-77" "Mozilla/5.0 (iPhone; CPU iPhone OS 18_7 like Mac OS X) AppleWebKit/605.1.15 (KHTML, like Gecko) Version/27.0 Mobile/15E148 Safari/604.1"
200.173.49.238 - - [31/Jul/2026:15:46:49 -0300] "GET /wp-admin/admin-ajax.php?action=buttonizer&qpu=766438e49d3cb2fb3d84a37782b509bc&preview=0 HTTP/1.1" 200 515 "https://paguerapido.kohlsolucoes.com.br/" "Mozilla/5.0 (iPhone; CPU iPhone OS 18_7 like Mac OS X) AppleWebKit/605.1.15 (KHTML, like Gecko) Version/27.0 Mobile/15E148 Safari/604.1"
200.173.49.238 - - [31/Jul/2026:15:46:49 -0300] "GET /wp-json/contact-form-7/v1/contact-forms/391/feedback/schema HTTP/1.1" 200 190 "https://paguerapido.kohlsolucoes.com.br/" "Mozilla/5.0 (iPhone; CPU iPhone OS 18_7 like Mac OS X) AppleWebKit/605.1.15 (KHTML, like Gecko) Version/27.0 Mobile/15E148 Safari/604.1"
200.173.49.238 - - [31/Jul/2026:15:46:49 -0300] "GET /wp-json/contact-form-7/v1/contact-forms/148/refill HTTP/1.1" 200 22 "https://paguerapido.kohlsolucoes.com.br/" "Mozilla/5.0 (iPhone; CPU iPhone OS 18_7 like Mac OS X) AppleWebKit/605.1.15 (KHTML, like Gecko) Version/27.0 Mobile/15E148 Safari/604.1"
200.173.49.238 - - [31/Jul/2026:15:46:49 -0300] "GET /wp-json/contact-form-7/v1/contact-forms/391/refill HTTP/1.1" 200 22 "https://paguerapido.kohlsolucoes.com.br/" "Mozilla/5.0 (iPhone; CPU iPhone OS 18_7 like Mac OS X) AppleWebKit/605.1.15 (KHTML, like Gecko) Version/27.0 Mobile/15E148 Safari/604.1"
200.173.49.238 - - [31/Jul/2026:15:46:49 -0300] "GET /wp-json/contact-form-7/v1/contact-forms/148/feedback/schema HTTP/1.1" 200 255 "https://paguerapido.kohlsolucoes.com.br/" "Mozilla/5.0 (iPhone; CPU iPhone OS 18_7 like Mac OS X) AppleWebKit/605.1.15 (KHTML, like Gecko) Version/27.0 Mobile/15E148 Safari/604.1"
43.135.130.202 - - [31/Jul/2026:16:20:00 -0300] "GET / HTTP/1.1" 200 13845 "http://paguerapido.kohlsolucoes.com.br" "Mozilla/5.0 (iPhone; CPU iPhone OS 13_2_3 like Mac OS X) AppleWebKit/605.1.15 (KHTML, like Gecko) Version/13.0.3 Mobile/15E148 Safari/604.1"
129.121.49.162 - - [31/Jul/2026:16:20:08 -0300] "GET /negociacao/ HTTP/1.1" 200 13078 "-" "WP Rocket/Preload"
129.121.49.162 - - [31/Jul/2026:16:24:29 -0300] "POST /wp-cron.php?doing_wp_cron=1785525869.8321719169616699218750 HTTP/1.1" 200 - "-" "WordPress/6.9.4; https://paguerapido.kohlsolucoes.com.br"
43.164.194.198 - - [31/Jul/2026:16:24:18 -0300] "GET /feed/ HTTP/1.1" 200 553 "-" "Mozilla/5.0 (iPhone; CPU iPhone OS 13_2_3 like Mac OS X) AppleWebKit/605.1.15 (KHTML, like Gecko) Version/13.0.3 Mobile/15E148 Safari/604.1"
129.121.49.162 - - [31/Jul/2026:16:24:40 -0300] "GET /resultado-da-pesquisa/ HTTP/1.1" 200 12707 "-" "WP Rocket/Preload"
129.121.49.162 - - [31/Jul/2026:16:32:43 -0300] "POST /wp-cron.php?doing_wp_cron=1785526363.4488620758056640625000 HTTP/1.1" 200 - "-" "WordPress/6.9.4; https://paguerapido.kohlsolucoes.com.br"
175.44.42.103 - - [31/Jul/2026:16:32:31 -0300] "GET / HTTP/1.1" 200 15314 "https://www.osdzc.com/" "Mozilla/5.0 (Windows NT 10.0; Win64; x64) AppleWebKit/537.36 (KHTML, like Gecko) Chrome/151.0.0.0 Safari/537.36"
129.121.49.162 - - [31/Jul/2026:16:32:53 -0300] "GET /cadastro/ HTTP/1.1" 200 18173 "-" "WP Rocket/Preload"
129.121.49.162 - - [31/Jul/2026:16:34:04 -0300] "POST /wp-cron.php?doing_wp_cron=1785526444.8539080619812011718750 HTTP/1.1" 200 - "-" "WordPress/6.9.4; https://paguerapido.kohlsolucoes.com.br"
43.164.196.47 - - [31/Jul/2026:16:33:53 -0300] "GET /politica-de-privacidade/ HTTP/1.1" 200 16467 "-" "Mozilla/5.0 (iPhone; CPU iPhone OS 13_2_3 like Mac OS X) AppleWebKit/605.1.15 (KHTML, like Gecko) Version/13.0.3 Mobile/15E148 Safari/604.1"
129.121.49.162 - - [31/Jul/2026:16:34:15 -0300] "GET /conheca/ HTTP/1.1" 200 26135 "-" "WP Rocket/Preload"
129.121.49.162 - - [31/Jul/2026:16:43:57 -0300] "POST /wp-cron.php?doing_wp_cron=1785527037.8397099971771240234375 HTTP/1.1" 200 - "-" "WordPress/6.9.4; https://paguerapido.kohlsolucoes.com.br"
43.165.7.135 - - [31/Jul/2026:16:43:45 -0300] "GET / HTTP/1.1" 200 13846 "-" "Mozilla/5.0 (iPhone; CPU iPhone OS 13_2_3 like Mac OS X) AppleWebKit/605.1.15 (KHTML, like Gecko) Version/13.0.3 Mobile/15E148 Safari/604.1"
129.121.49.162 - - [31/Jul/2026:16:44:08 -0300] "GET /price/basico-light/ HTTP/1.1" 200 14108 "-" "WP Rocket/Preload"
2a03:2880:f800:28:: - - [31/Jul/2026:16:45:11 -0300] "GET /price/digital-power/ HTTP/1.1" 200 14121 "-" "Mozilla/5.0 (Windows NT 10.0; Win64; x64) AppleWebKit/537.36 (KHTML, like Gecko) Chrome/145.0.0.0 Safari/537.36 (compatible; meta-webindexer/1.1 (+https://developers.facebook.com/docs/sharing/webmasters/crawler))"
129.121.49.162 - - [31/Jul/2026:16:56:28 -0300] "POST /wp-cron.php?doing_wp_cron=1785527788.7179880142211914062500 HTTP/1.1" 200 - "-" "WordPress/6.9.4; https://paguerapido.kohlsolucoes.com.br"
