138.59.127.113 - - [02/Aug/2026:12:13:34 -0300] "GET /wp-includes/js/dist/rich-text.min.js?ver=16449e6108f48327f368 HTTP/1.1" 304 - "https://kohlsolucoes.com.br/wp-admin/" "Mozilla/5.0 (Macintosh; Intel Mac OS X 10_15_7) AppleWebKit/537.36 (KHTML, like Gecko) Chrome/150.0.0.0 Safari/537.36"
138.59.127.113 - - [02/Aug/2026:12:13:34 -0300] "GET /wp-includes/js/dist/components.min.js?ver=5dedfe13f08880193a28 HTTP/1.1" 304 - "https://kohlsolucoes.com.br/wp-admin/" "Mozilla/5.0 (Macintosh; Intel Mac OS X 10_15_7) AppleWebKit/537.36 (KHTML, like Gecko) Chrome/150.0.0.0 Safari/537.36"
138.59.127.113 - - [02/Aug/2026:12:13:34 -0300] "GET /wp-includes/js/dist/commands.min.js?ver=e3d8bba53f4ffea4fcd2 HTTP/1.1" 304 - "https://kohlsolucoes.com.br/wp-admin/" "Mozilla/5.0 (Macintosh; Intel Mac OS X 10_15_7) AppleWebKit/537.36 (KHTML, like Gecko) Chrome/150.0.0.0 Safari/537.36"
138.59.127.113 - - [02/Aug/2026:12:13:34 -0300] "GET /wp-includes/js/dist/api-fetch.min.js?ver=d7efe4dc1468d36c39b8 HTTP/1.1" 304 - "https://kohlsolucoes.com.br/wp-admin/" "Mozilla/5.0 (Macintosh; Intel Mac OS X 10_15_7) AppleWebKit/537.36 (KHTML, like Gecko) Chrome/150.0.0.0 Safari/537.36"
138.59.127.113 - - [02/Aug/2026:12:13:34 -0300] "GET /wp-includes/js/dist/keyboard-shortcuts.min.js?ver=2ed78d3b4c23f38804e0 HTTP/1.1" 304 - "https://kohlsolucoes.com.br/wp-admin/" "Mozilla/5.0 (Macintosh; Intel Mac OS X 10_15_7) AppleWebKit/537.36 (KHTML, like Gecko) Chrome/150.0.0.0 Safari/537.36"
138.59.127.113 - - [02/Aug/2026:12:13:34 -0300] "GET /wp-includes/js/dist/warning.min.js?ver=36fdbdc984d93aee8a97 HTTP/1.1" 304 - "https://kohlsolucoes.com.br/wp-admin/" "Mozilla/5.0 (Macintosh; Intel Mac OS X 10_15_7) AppleWebKit/537.36 (KHTML, like Gecko) Chrome/150.0.0.0 Safari/537.36"
138.59.127.113 - - [02/Aug/2026:12:13:34 -0300] "GET /wp-includes/js/dist/blob.min.js?ver=198af75fe06d924090d8 HTTP/1.1" 304 - "https://kohlsolucoes.com.br/wp-admin/" "Mozilla/5.0 (Macintosh; Intel Mac OS X 10_15_7) AppleWebKit/537.36 (KHTML, like Gecko) Chrome/150.0.0.0 Safari/537.36"
138.59.127.113 - - [02/Aug/2026:12:13:34 -0300] "GET /wp-includes/js/dist/block-serialization-default-parser.min.js?ver=bff55bd3f1ce9df0c99c HTTP/1.1" 304 - "https://kohlsolucoes.com.br/wp-admin/" "Mozilla/5.0 (Macintosh; Intel Mac OS X 10_15_7) AppleWebKit/537.36 (KHTML, like Gecko) Chrome/150.0.0.0 Safari/537.36"
138.59.127.113 - - [02/Aug/2026:12:13:34 -0300] "GET /wp-includes/js/dist/shortcode.min.js?ver=11742fe18cc215d3d5ab HTTP/1.1" 304 - "https://kohlsolucoes.com.br/wp-admin/" "Mozilla/5.0 (Macintosh; Intel Mac OS X 10_15_7) AppleWebKit/537.36 (KHTML, like Gecko) Chrome/150.0.0.0 Safari/537.36"
138.59.127.113 - - [02/Aug/2026:12:13:34 -0300] "GET /wp-includes/js/dist/blocks.min.js?ver=ef38e42500165bfda301 HTTP/1.1" 304 - "https://kohlsolucoes.com.br/wp-admin/" "Mozilla/5.0 (Macintosh; Intel Mac OS X 10_15_7) AppleWebKit/537.36 (KHTML, like Gecko) Chrome/150.0.0.0 Safari/537.36"
138.59.127.113 - - [02/Aug/2026:12:13:34 -0300] "GET /wp-includes/js/dist/autop.min.js?ver=9d0d0901b46f0a9027c9 HTTP/1.1" 304 - "https://kohlsolucoes.com.br/wp-admin/" "Mozilla/5.0 (Macintosh; Intel Mac OS X 10_15_7) AppleWebKit/537.36 (KHTML, like Gecko) Chrome/150.0.0.0 Safari/537.36"
138.59.127.113 - - [02/Aug/2026:12:13:34 -0300] "GET /wp-includes/js/dist/preferences-persistence.min.js?ver=e8033be98338d1861bca HTTP/1.1" 304 - "https://kohlsolucoes.com.br/wp-admin/" "Mozilla/5.0 (Macintosh; Intel Mac OS X 10_15_7) AppleWebKit/537.36 (KHTML, like Gecko) Chrome/150.0.0.0 Safari/537.36"
138.59.127.113 - - [02/Aug/2026:12:13:34 -0300] "GET /wp-includes/js/dist/style-engine.min.js?ver=faa37ce61b7ec8394b2a HTTP/1.1" 304 - "https://kohlsolucoes.com.br/wp-admin/" "Mozilla/5.0 (Macintosh; Intel Mac OS X 10_15_7) AppleWebKit/537.36 (KHTML, like Gecko) Chrome/150.0.0.0 Safari/537.36"
138.59.127.113 - - [02/Aug/2026:12:13:34 -0300] "GET /wp-includes/js/dist/theme.min.js?ver=e22ce547a4420507b323 HTTP/1.1" 304 - "https://kohlsolucoes.com.br/wp-admin/" "Mozilla/5.0 (Macintosh; Intel Mac OS X 10_15_7) AppleWebKit/537.36 (KHTML, like Gecko) Chrome/150.0.0.0 Safari/537.36"
138.59.127.113 - - [02/Aug/2026:12:13:34 -0300] "GET /wp-includes/js/dist/preferences.min.js?ver=035813168e404aa30193 HTTP/1.1" 304 - "https://kohlsolucoes.com.br/wp-admin/" "Mozilla/5.0 (Macintosh; Intel Mac OS X 10_15_7) AppleWebKit/537.36 (KHTML, like Gecko) Chrome/150.0.0.0 Safari/537.36"
138.59.127.113 - - [02/Aug/2026:12:13:34 -0300] "GET /wp-includes/js/dist/upload-media.min.js?ver=d359c2cccf866d7082d2 HTTP/1.1" 304 - "https://kohlsolucoes.com.br/wp-admin/" "Mozilla/5.0 (Macintosh; Intel Mac OS X 10_15_7) AppleWebKit/537.36 (KHTML, like Gecko) Chrome/150.0.0.0 Safari/537.36"
138.59.127.113 - - [02/Aug/2026:12:13:34 -0300] "GET /wp-includes/js/dist/router.min.js?ver=0249e6724784b1c2583b HTTP/1.1" 304 - "https://kohlsolucoes.com.br/wp-admin/" "Mozilla/5.0 (Macintosh; Intel Mac OS X 10_15_7) AppleWebKit/537.36 (KHTML, like Gecko) Chrome/150.0.0.0 Safari/537.36"
138.59.127.113 - - [02/Aug/2026:12:13:34 -0300] "GET /wp-includes/js/dist/core-data.min.js?ver=89931f90e4df5eb5f8a3 HTTP/1.1" 304 - "https://kohlsolucoes.com.br/wp-admin/" "Mozilla/5.0 (Macintosh; Intel Mac OS X 10_15_7) AppleWebKit/537.36 (KHTML, like Gecko) Chrome/150.0.0.0 Safari/537.36"
138.59.127.113 - - [02/Aug/2026:12:13:34 -0300] "GET /wp-includes/js/dist/block-editor.min.js?ver=f3d941bcb2e86c269881 HTTP/1.1" 304 - "https://kohlsolucoes.com.br/wp-admin/" "Mozilla/5.0 (Macintosh; Intel Mac OS X 10_15_7) AppleWebKit/537.36 (KHTML, like Gecko) Chrome/150.0.0.0 Safari/537.36"
138.59.127.113 - - [02/Aug/2026:12:13:34 -0300] "GET /wp-includes/js/dist/token-list.min.js?ver=16f0aebdd39d87c2a84b HTTP/1.1" 304 - "https://kohlsolucoes.com.br/wp-admin/" "Mozilla/5.0 (Macintosh; Intel Mac OS X 10_15_7) AppleWebKit/537.36 (KHTML, like Gecko) Chrome/150.0.0.0 Safari/537.36"
138.59.127.113 - - [02/Aug/2026:12:13:34 -0300] "GET /wp-includes/js/dist/notices.min.js?ver=218d0173a31ae7269246 HTTP/1.1" 304 - "https://kohlsolucoes.com.br/wp-admin/" "Mozilla/5.0 (Macintosh; Intel Mac OS X 10_15_7) AppleWebKit/537.36 (KHTML, like Gecko) Chrome/150.0.0.0 Safari/537.36"
138.59.127.113 - - [02/Aug/2026:12:13:34 -0300] "GET /wp-includes/js/dist/core-commands.min.js?ver=b209152e7e51279d7c28 HTTP/1.1" 304 - "https://kohlsolucoes.com.br/wp-admin/" "Mozilla/5.0 (Macintosh; Intel Mac OS X 10_15_7) AppleWebKit/537.36 (KHTML, like Gecko) Chrome/150.0.0.0 Safari/537.36"
138.59.127.113 - - [02/Aug/2026:12:13:34 -0300] "GET /wp-content/plugins/wordpress-seo/js/dist/externals/propTypes.js?ver=4c546a0c9e97b70d3fe0 HTTP/1.1" 304 - "https://kohlsolucoes.com.br/wp-admin/" "Mozilla/5.0 (Macintosh; Intel Mac OS X 10_15_7) AppleWebKit/537.36 (KHTML, like Gecko) Chrome/150.0.0.0 Safari/537.36"
138.59.127.113 - - [02/Aug/2026:12:13:34 -0300] "GET /wp-includes/js/dist/vendor/lodash.min.js?ver=4.18.1 HTTP/1.1" 304 - "https://kohlsolucoes.com.br/wp-admin/" "Mozilla/5.0 (Macintosh; Intel Mac OS X 10_15_7) AppleWebKit/537.36 (KHTML, like Gecko) Chrome/150.0.0.0 Safari/537.36"
138.59.127.113 - - [02/Aug/2026:12:13:34 -0300] "GET /wp-content/plugins/wordpress-seo/js/dist/externals/styleGuide.js?ver=a65ddb8de826da5fea4d HTTP/1.1" 304 - "https://kohlsolucoes.com.br/wp-admin/" "Mozilla/5.0 (Macintosh; Intel Mac OS X 10_15_7) AppleWebKit/537.36 (KHTML, like Gecko) Chrome/150.0.0.0 Safari/537.36"
138.59.127.113 - - [02/Aug/2026:12:13:34 -0300] "GET /wp-includes/js/backbone.min.js?ver=1.6.1 HTTP/1.1" 304 - "https://kohlsolucoes.com.br/wp-admin/" "Mozilla/5.0 (Macintosh; Intel Mac OS X 10_15_7) AppleWebKit/537.36 (KHTML, like Gecko) Chrome/150.0.0.0 Safari/537.36"
138.59.127.113 - - [02/Aug/2026:12:13:34 -0300] "GET /wp-content/plugins/wordpress-seo/js/dist/dashboard-widget.js?ver=751474c1233a3eb40fcd HTTP/1.1" 304 - "https://kohlsolucoes.com.br/wp-admin/" "Mozilla/5.0 (Macintosh; Intel Mac OS X 10_15_7) AppleWebKit/537.36 (KHTML, like Gecko) Chrome/150.0.0.0 Safari/537.36"
138.59.127.113 - - [02/Aug/2026:12:13:34 -0300] "GET /wp-content/plugins/wordpress-seo/js/dist/externals/helpers.js?ver=9621691b4c958e4df201 HTTP/1.1" 304 - "https://kohlsolucoes.com.br/wp-admin/" "Mozilla/5.0 (Macintosh; Intel Mac OS X 10_15_7) AppleWebKit/537.36 (KHTML, like Gecko) Chrome/150.0.0.0 Safari/537.36"
138.59.127.113 - - [02/Aug/2026:12:13:34 -0300] "GET /wp-content/plugins/wordpress-seo/js/dist/externals/styledComponents.js?ver=3c7b466139e7508cd799 HTTP/1.1" 304 - "https://kohlsolucoes.com.br/wp-admin/" "Mozilla/5.0 (Macintosh; Intel Mac OS X 10_15_7) AppleWebKit/537.36 (KHTML, like Gecko) Chrome/150.0.0.0 Safari/537.36"
138.59.127.113 - - [02/Aug/2026:12:13:34 -0300] "GET /wp-content/plugins/wordpress-seo/js/dist/externals/analysisReport.js?ver=34eef771ba6c89d4477c HTTP/1.1" 304 - "https://kohlsolucoes.com.br/wp-admin/" "Mozilla/5.0 (Macintosh; Intel Mac OS X 10_15_7) AppleWebKit/537.36 (KHTML, like Gecko) Chrome/150.0.0.0 Safari/537.36"
138.59.127.113 - - [02/Aug/2026:12:13:34 -0300] "GET /wp-content/plugins/wordpress-seo/js/dist/wincher-dashboard-widget.js?ver=63d0a790229681c72b7e HTTP/1.1" 304 - "https://kohlsolucoes.com.br/wp-admin/" "Mozilla/5.0 (Macintosh; Intel Mac OS X 10_15_7) AppleWebKit/537.36 (KHTML, like Gecko) Chrome/150.0.0.0 Safari/537.36"
138.59.127.113 - - [02/Aug/2026:12:13:34 -0300] "GET /wp-includes/js/wp-api.min.js?ver=7.0.2 HTTP/1.1" 304 - "https://kohlsolucoes.com.br/wp-admin/" "Mozilla/5.0 (Macintosh; Intel Mac OS X 10_15_7) AppleWebKit/537.36 (KHTML, like Gecko) Chrome/150.0.0.0 Safari/537.36"
138.59.127.113 - - [02/Aug/2026:12:13:34 -0300] "GET /wp-content/plugins/wordpress-seo/js/dist/api-client.js?ver=f56d7de163fa219c67e2 HTTP/1.1" 304 - "https://kohlsolucoes.com.br/wp-admin/" "Mozilla/5.0 (Macintosh; Intel Mac OS X 10_15_7) AppleWebKit/537.36 (KHTML, like Gecko) Chrome/150.0.0.0 Safari/537.36"
138.59.127.113 - - [02/Aug/2026:12:13:34 -0300] "GET /wp-content/plugins/wordpress-seo/js/dist/externals/componentsNew.js?ver=dc4603eb5d8a68dce425 HTTP/1.1" 304 - "https://kohlsolucoes.com.br/wp-admin/" "Mozilla/5.0 (Macintosh; Intel Mac OS X 10_15_7) AppleWebKit/537.36 (KHTML, like Gecko) Chrome/150.0.0.0 Safari/537.36"
138.59.127.113 - - [02/Aug/2026:12:13:34 -0300] "GET /wp-content/themes/brooklyn/unite/core/admin/assets/vendor/hideseek/jquery.hideseek.min.js?ver=1.3 HTTP/1.1" 304 - "https://kohlsolucoes.com.br/wp-admin/" "Mozilla/5.0 (Macintosh; Intel Mac OS X 10_15_7) AppleWebKit/537.36 (KHTML, like Gecko) Chrome/150.0.0.0 Safari/537.36"
138.59.127.113 - - [02/Aug/2026:12:13:34 -0300] "GET /wp-content/plugins/wordpress-seo/packages/js/images/Yoast_SEO_Icon.svg HTTP/1.1" 304 - "https://kohlsolucoes.com.br/wp-content/plugins/wordpress-seo/css/dist/dashboard-2720.css" "Mozilla/5.0 (Macintosh; Intel Mac OS X 10_15_7) AppleWebKit/537.36 (KHTML, like Gecko) Chrome/150.0.0.0 Safari/537.36"
138.59.127.113 - - [02/Aug/2026:12:13:34 -0300] "GET /wp-content/themes/brooklyn/assets/vendor/lightGallery/js/lightgallery-all.min.js?ver=1.3 HTTP/1.1" 304 - "https://kohlsolucoes.com.br/wp-admin/" "Mozilla/5.0 (Macintosh; Intel Mac OS X 10_15_7) AppleWebKit/537.36 (KHTML, like Gecko) Chrome/150.0.0.0 Safari/537.36"
138.59.127.113 - - [02/Aug/2026:12:13:34 -0300] "GET /wp-content/plugins/wpcode-premium/build/notices.js?ver=2.3.5 HTTP/1.1" 304 - "https://kohlsolucoes.com.br/wp-admin/" "Mozilla/5.0 (Macintosh; Intel Mac OS X 10_15_7) AppleWebKit/537.36 (KHTML, like Gecko) Chrome/150.0.0.0 Safari/537.36"
138.59.127.113 - - [02/Aug/2026:12:13:34 -0300] "GET /wp-content/themes/brooklyn/unite/core/admin/assets/js/unite-global-admin.min.js?ver=1.3 HTTP/1.1" 304 - "https://kohlsolucoes.com.br/wp-admin/" "Mozilla/5.0 (Macintosh; Intel Mac OS X 10_15_7) AppleWebKit/537.36 (KHTML, like Gecko) Chrome/150.0.0.0 Safari/537.36"
138.59.127.113 - - [02/Aug/2026:12:13:34 -0300] "GET /wp-json/wp/v2/users/me?context=edit&_locale=user HTTP/1.1" 200 2775 "https://kohlsolucoes.com.br/wp-admin/" "Mozilla/5.0 (Macintosh; Intel Mac OS X 10_15_7) AppleWebKit/537.36 (KHTML, like Gecko) Chrome/150.0.0.0 Safari/537.36"
138.59.127.113 - - [02/Aug/2026:12:13:34 -0300] "GET /wp-json/wp/v2/ HTTP/1.1" 200 215703 "https://kohlsolucoes.com.br/wp-admin/" "Mozilla/5.0 (Macintosh; Intel Mac OS X 10_15_7) AppleWebKit/537.36 (KHTML, like Gecko) Chrome/150.0.0.0 Safari/537.36"
138.59.127.113 - - [02/Aug/2026:12:13:34 -0300] "GET /wp-json/yoast/v1/statistics HTTP/1.1" 200 168 "https://kohlsolucoes.com.br/wp-admin/" "Mozilla/5.0 (Macintosh; Intel Mac OS X 10_15_7) AppleWebKit/537.36 (KHTML, like Gecko) Chrome/150.0.0.0 Safari/537.36"
138.59.127.113 - - [02/Aug/2026:12:13:34 -0300] "GET /wp-includes/js/thickbox/loadingAnimation.gif HTTP/1.1" 304 - "https://kohlsolucoes.com.br/wp-admin/" "Mozilla/5.0 (Macintosh; Intel Mac OS X 10_15_7) AppleWebKit/537.36 (KHTML, like Gecko) Chrome/150.0.0.0 Safari/537.36"
138.59.127.113 - - [02/Aug/2026:12:13:34 -0300] "GET /wp-includes/js/wp-emoji-release.min.js?ver=7.0.2 HTTP/1.1" 304 - "https://kohlsolucoes.com.br/wp-admin/" "Mozilla/5.0 (Macintosh; Intel Mac OS X 10_15_7) AppleWebKit/537.36 (KHTML, like Gecko) Chrome/150.0.0.0 Safari/537.36"
138.59.127.113 - - [02/Aug/2026:12:13:34 -0300] "POST /wp-admin/admin-ajax.php HTTP/1.1" 200 101 "https://kohlsolucoes.com.br/wp-admin/" "Mozilla/5.0 (Macintosh; Intel Mac OS X 10_15_7) AppleWebKit/537.36 (KHTML, like Gecko) Chrome/150.0.0.0 Safari/537.36"
138.59.127.113 - - [02/Aug/2026:12:13:55 -0300] "GET / HTTP/1.1" 200 476304 "-" "Mozilla/5.0 (Macintosh; Intel Mac OS X 10_15_7) AppleWebKit/537.36 (KHTML, like Gecko) Chrome/150.0.0.0 Safari/537.36"
138.59.127.113 - - [02/Aug/2026:12:13:56 -0300] "GET /wp-content/plugins/revslider/public/css/fonts/revicons/fonts/revicons.woff?5510888 HTTP/1.1" 304 - "https://kohlsolucoes.com.br/wp-content/plugins/revslider/public/css/fonts/revicons/css/revicons.css" "Mozilla/5.0 (Macintosh; Intel Mac OS X 10_15_7) AppleWebKit/537.36 (KHTML, like Gecko) Chrome/150.0.0.0 Safari/537.36"
138.59.127.113 - - [02/Aug/2026:12:13:56 -0300] "GET /wp-json/sliderrevolution/sliders/2?srengine=7&slideid=6 HTTP/1.1" 200 12957 "https://kohlsolucoes.com.br/" "Mozilla/5.0 (Macintosh; Intel Mac OS X 10_15_7) AppleWebKit/537.36 (KHTML, like Gecko) Chrome/150.0.0.0 Safari/537.36"
138.59.127.113 - - [02/Aug/2026:12:13:56 -0300] "GET /wp-json/sliderrevolution/sliders/2?srengine=7&slideid=7 HTTP/1.1" 200 13003 "https://kohlsolucoes.com.br/" "Mozilla/5.0 (Macintosh; Intel Mac OS X 10_15_7) AppleWebKit/537.36 (KHTML, like Gecko) Chrome/150.0.0.0 Safari/537.36"
129.121.49.162 - - [02/Aug/2026:12:16:13 -0300] "POST /wp-cron.php?doing_wp_cron=1785683773.8056900501251220703125 HTTP/1.1" 200 - "-" "WordPress/7.0.2; https://kohlsolucoes.com.br"
138.59.127.113 - - [02/Aug/2026:12:16:12 -0300] "GET / HTTP/1.1" 200 476304 "-" "Mozilla/5.0 (Macintosh; Intel Mac OS X 10_15_7) AppleWebKit/537.36 (KHTML, like Gecko) Chrome/150.0.0.0 Safari/537.36"
138.59.127.113 - - [02/Aug/2026:12:16:14 -0300] "GET /wp-json/sliderrevolution/sliders/2?srengine=7&slideid=7 HTTP/1.1" 200 13003 "https://kohlsolucoes.com.br/" "Mozilla/5.0 (Macintosh; Intel Mac OS X 10_15_7) AppleWebKit/537.36 (KHTML, like Gecko) Chrome/150.0.0.0 Safari/537.36"
138.59.127.113 - - [02/Aug/2026:12:16:14 -0300] "GET /wp-json/sliderrevolution/sliders/2?srengine=7&slideid=6 HTTP/1.1" 200 12957 "https://kohlsolucoes.com.br/" "Mozilla/5.0 (Macintosh; Intel Mac OS X 10_15_7) AppleWebKit/537.36 (KHTML, like Gecko) Chrome/150.0.0.0 Safari/537.36"
129.121.49.162 - - [02/Aug/2026:12:18:47 -0300] "POST /wp-cron.php?doing_wp_cron=1785683927.2057049274444580078125 HTTP/1.1" 200 - "-" "WordPress/7.0.2; https://kohlsolucoes.com.br"
216.73.216.231 - - [02/Aug/2026:12:18:45 -0300] "GET /robots.txt HTTP/1.1" 200 177 "-" "Mozilla/5.0 AppleWebKit/537.36 (KHTML, like Gecko; compatible; ClaudeBot/1.0; +claudebot@anthropic.com)"
138.59.127.113 - - [02/Aug/2026:12:18:50 -0300] "GET / HTTP/1.1" 200 543377 "-" "Mozilla/5.0 (Macintosh; Intel Mac OS X 10_15_7) AppleWebKit/537.36 (KHTML, like Gecko) Chrome/150.0.0.0 Safari/537.36"
138.59.127.113 - - [02/Aug/2026:12:18:50 -0300] "GET /wp-content/themes/brooklyn-child/style.css?ver=1785683922 HTTP/1.1" 200 54400 "https://kohlsolucoes.com.br/" "Mozilla/5.0 (Macintosh; Intel Mac OS X 10_15_7) AppleWebKit/537.36 (KHTML, like Gecko) Chrome/150.0.0.0 Safari/537.36"
138.59.127.113 - - [02/Aug/2026:12:18:51 -0300] "GET /wp-json/sliderrevolution/sliders/2?srengine=7&slideid=7 HTTP/1.1" 200 13003 "https://kohlsolucoes.com.br/" "Mozilla/5.0 (Macintosh; Intel Mac OS X 10_15_7) AppleWebKit/537.36 (KHTML, like Gecko) Chrome/150.0.0.0 Safari/537.36"
138.59.127.113 - - [02/Aug/2026:12:18:51 -0300] "GET /wp-json/sliderrevolution/sliders/2?srengine=7&slideid=6 HTTP/1.1" 200 12957 "https://kohlsolucoes.com.br/" "Mozilla/5.0 (Macintosh; Intel Mac OS X 10_15_7) AppleWebKit/537.36 (KHTML, like Gecko) Chrome/150.0.0.0 Safari/537.36"
129.121.49.162 - - [02/Aug/2026:12:20:12 -0300] "POST /wp-cron.php?doing_wp_cron=1785684012.2310519218444824218750 HTTP/1.1" 200 - "-" "WordPress/7.0.2; https://kohlsolucoes.com.br"
216.73.216.231 - - [02/Aug/2026:12:20:10 -0300] "GET /robots.txt HTTP/1.1" 301 - "-" "Mozilla/5.0 AppleWebKit/537.36 (KHTML, like Gecko; compatible; ClaudeBot/1.0; +claudebot@anthropic.com)"
216.73.216.196 - - [02/Aug/2026:12:20:25 -0300] "GET /sitemap.xml HTTP/1.1" 404 6801 "-" "Mozilla/5.0 AppleWebKit/537.36 (KHTML, like Gecko; compatible; Claude-SearchBot/1.0; +searchbot@anthropic.com)"
129.121.49.162 - - [02/Aug/2026:12:21:14 -0300] "POST /wp-cron.php?doing_wp_cron=1785684074.5239241123199462890625 HTTP/1.1" 200 - "-" "WordPress/7.0.2; https://kohlsolucoes.com.br"
138.59.127.113 - - [02/Aug/2026:12:21:13 -0300] "GET /sobre/ HTTP/1.1" 200 447672 "-" "Mozilla/5.0 (Macintosh; Intel Mac OS X 10_15_7) AppleWebKit/537.36 (KHTML, like Gecko) Chrome/150.0.0.0 Safari/537.36"
129.121.49.162 - - [02/Aug/2026:12:21:34 -0300] "POST /wp-cron.php?doing_wp_cron=1785684094.2824931144714355468750 HTTP/1.1" 200 - "-" "WordPress/7.0.2; https://kohlsolucoes.com.br"
138.59.127.113 - - [02/Aug/2026:12:21:34 -0300] "GET /capital/ HTTP/1.1" 200 453521 "-" "Mozilla/5.0 (Macintosh; Intel Mac OS X 10_15_7) AppleWebKit/537.36 (KHTML, like Gecko) Chrome/150.0.0.0 Safari/537.36"
138.59.127.113 - - [02/Aug/2026:12:21:34 -0300] "GET /wp-content/themes/brooklyn/css/fontawesome/fa-brands-400.woff2 HTTP/1.1" 304 - "https://kohlsolucoes.com.br/wp-content/themes/brooklyn/css/ut.core.fonts.min.css?ver=7.0.2" "Mozilla/5.0 (Macintosh; Intel Mac OS X 10_15_7) AppleWebKit/537.36 (KHTML, like Gecko) Chrome/150.0.0.0 Safari/537.36"
138.59.127.113 - - [02/Aug/2026:12:21:34 -0300] "GET /wp-content/themes/brooklyn/css/fontawesome/fa-solid-900.woff2 HTTP/1.1" 304 - "https://kohlsolucoes.com.br/wp-content/themes/brooklyn/css/ut.core.fonts.min.css?ver=7.0.2" "Mozilla/5.0 (Macintosh; Intel Mac OS X 10_15_7) AppleWebKit/537.36 (KHTML, like Gecko) Chrome/150.0.0.0 Safari/537.36"
138.59.127.113 - - [02/Aug/2026:12:25:28 -0300] "GET /capital/ HTTP/1.1" 200 453521 "-" "Mozilla/5.0 (Macintosh; Intel Mac OS X 10_15_7) AppleWebKit/537.36 (KHTML, like Gecko) Chrome/150.0.0.0 Safari/537.36"
138.59.127.113 - - [02/Aug/2026:12:25:29 -0300] "GET /wp-content/themes/brooklyn-child/style.css?ver=1785684319 HTTP/1.1" 200 55315 "https://kohlsolucoes.com.br/capital/" "Mozilla/5.0 (Macintosh; Intel Mac OS X 10_15_7) AppleWebKit/537.36 (KHTML, like Gecko) Chrome/150.0.0.0 Safari/537.36"
138.59.127.113 - - [02/Aug/2026:12:25:29 -0300] "GET /wp-content/uploads/2026/08/img-upload-aperto-mao-predio-1.jpg HTTP/1.1" 304 - "https://kohlsolucoes.com.br/capital/" "Mozilla/5.0 (Macintosh; Intel Mac OS X 10_15_7) AppleWebKit/537.36 (KHTML, like Gecko) Chrome/150.0.0.0 Safari/537.36"
129.121.49.162 - - [02/Aug/2026:12:26:33 -0300] "POST /wp-cron.php?doing_wp_cron=1785684393.5230779647827148437500 HTTP/1.1" 200 - "-" "WordPress/7.0.2; https://kohlsolucoes.com.br"
138.59.127.113 - - [02/Aug/2026:12:26:32 -0300] "GET /capital/ HTTP/1.1" 200 453521 "-" "Mozilla/5.0 (Macintosh; Intel Mac OS X 10_15_7) AppleWebKit/537.36 (KHTML, like Gecko) Chrome/150.0.0.0 Safari/537.36"
138.59.127.113 - - [02/Aug/2026:12:26:33 -0300] "GET /wp-content/themes/brooklyn-child/style.css?ver=1785684384 HTTP/1.1" 200 55947 "https://kohlsolucoes.com.br/capital/" "Mozilla/5.0 (Macintosh; Intel Mac OS X 10_15_7) AppleWebKit/537.36 (KHTML, like Gecko) Chrome/150.0.0.0 Safari/537.36"
138.59.127.113 - - [02/Aug/2026:12:26:56 -0300] "GET /capital/ HTTP/1.1" 200 453521 "-" "Mozilla/5.0 (Macintosh; Intel Mac OS X 10_15_7) AppleWebKit/537.36 (KHTML, like Gecko) Chrome/150.0.0.0 Safari/537.36"
129.121.49.162 - - [02/Aug/2026:12:28:06 -0300] "POST /wp-cron.php?doing_wp_cron=1785684486.5775580406188964843750 HTTP/1.1" 200 - "-" "WordPress/7.0.2; https://kohlsolucoes.com.br"
138.59.127.113 - - [02/Aug/2026:12:28:05 -0300] "GET /performance/ HTTP/1.1" 200 453310 "-" "Mozilla/5.0 (Macintosh; Intel Mac OS X 10_15_7) AppleWebKit/537.36 (KHTML, like Gecko) Chrome/150.0.0.0 Safari/537.36"
129.121.49.162 - - [02/Aug/2026:12:29:04 -0300] "POST /wp-cron.php?doing_wp_cron=1785684544.4459309577941894531250 HTTP/1.1" 200 - "-" "WordPress/7.0.2; https://kohlsolucoes.com.br"
138.59.127.113 - - [02/Aug/2026:12:29:02 -0300] "GET / HTTP/1.1" 200 476304 "-" "Mozilla/5.0 (Macintosh; Intel Mac OS X 10_15_7) AppleWebKit/537.36 (KHTML, like Gecko) Chrome/150.0.0.0 Safari/537.36"
138.59.127.113 - - [02/Aug/2026:12:29:04 -0300] "GET /wp-json/sliderrevolution/sliders/2?srengine=7&slideid=7 HTTP/1.1" 200 13003 "https://kohlsolucoes.com.br/" "Mozilla/5.0 (Macintosh; Intel Mac OS X 10_15_7) AppleWebKit/537.36 (KHTML, like Gecko) Chrome/150.0.0.0 Safari/537.36"
138.59.127.113 - - [02/Aug/2026:12:29:04 -0300] "GET /wp-json/sliderrevolution/sliders/2?srengine=7&slideid=6 HTTP/1.1" 200 12957 "https://kohlsolucoes.com.br/" "Mozilla/5.0 (Macintosh; Intel Mac OS X 10_15_7) AppleWebKit/537.36 (KHTML, like Gecko) Chrome/150.0.0.0 Safari/537.36"
138.59.127.113 - - [02/Aug/2026:12:32:38 -0300] "GET /wp-content/uploads/2026/08/img-upload-aperto-mao-predio-2-768x597.jpg HTTP/1.1" 304 - "https://kohlsolucoes.com.br/" "Mozilla/5.0 (Macintosh; Intel Mac OS X 10_15_7) AppleWebKit/537.36 (KHTML, like Gecko) Chrome/150.0.0.0 Safari/537.36"
138.59.127.113 - - [02/Aug/2026:12:32:38 -0300] "GET /wp-content/uploads/2026/08/img-upload-mesa-janela-540x720.jpg HTTP/1.1" 304 - "https://kohlsolucoes.com.br/" "Mozilla/5.0 (Macintosh; Intel Mac OS X 10_15_7) AppleWebKit/537.36 (KHTML, like Gecko) Chrome/150.0.0.0 Safari/537.36"
129.121.49.162 - - [02/Aug/2026:12:35:37 -0300] "POST /wp-cron.php?doing_wp_cron=1785684937.6084280014038085937500 HTTP/1.1" 200 - "-" "WordPress/7.0.2; https://kohlsolucoes.com.br"
138.59.127.113 - - [02/Aug/2026:12:35:36 -0300] "GET / HTTP/1.1" 200 476557 "-" "Mozilla/5.0 (Macintosh; Intel Mac OS X 10_15_7) AppleWebKit/537.36 (KHTML, like Gecko) Chrome/150.0.0.0 Safari/537.36"
138.59.127.113 - - [02/Aug/2026:12:35:37 -0300] "GET /wp-content/themes/brooklyn-child/style.css?ver=1785684930 HTTP/1.1" 200 56542 "https://kohlsolucoes.com.br/" "Mozilla/5.0 (Macintosh; Intel Mac OS X 10_15_7) AppleWebKit/537.36 (KHTML, like Gecko) Chrome/150.0.0.0 Safari/537.36"
138.59.127.113 - - [02/Aug/2026:12:35:38 -0300] "GET /wp-json/sliderrevolution/sliders/2?srengine=7&slideid=7 HTTP/1.1" 200 13003 "https://kohlsolucoes.com.br/" "Mozilla/5.0 (Macintosh; Intel Mac OS X 10_15_7) AppleWebKit/537.36 (KHTML, like Gecko) Chrome/150.0.0.0 Safari/537.36"
138.59.127.113 - - [02/Aug/2026:12:35:38 -0300] "GET /wp-json/sliderrevolution/sliders/2?srengine=7&slideid=6 HTTP/1.1" 200 12957 "https://kohlsolucoes.com.br/" "Mozilla/5.0 (Macintosh; Intel Mac OS X 10_15_7) AppleWebKit/537.36 (KHTML, like Gecko) Chrome/150.0.0.0 Safari/537.36"
129.121.49.162 - - [02/Aug/2026:12:38:48 -0300] "POST /wp-cron.php?doing_wp_cron=1785685128.3776240348815917968750 HTTP/1.1" 200 - "-" "WordPress/7.0.2; https://kohlsolucoes.com.br"
138.59.127.113 - - [02/Aug/2026:12:38:46 -0300] "GET /capital/ HTTP/1.1" 200 453439 "-" "Mozilla/5.0 (Macintosh; Intel Mac OS X 10_15_7) AppleWebKit/537.36 (KHTML, like Gecko) Chrome/150.0.0.0 Safari/537.36"
138.59.127.113 - - [02/Aug/2026:12:38:48 -0300] "GET /wp-content/themes/brooklyn-child/style.css?ver=1785685104 HTTP/1.1" 200 57098 "https://kohlsolucoes.com.br/capital/" "Mozilla/5.0 (Macintosh; Intel Mac OS X 10_15_7) AppleWebKit/537.36 (KHTML, like Gecko) Chrome/150.0.0.0 Safari/537.36"
138.59.127.113 - - [02/Aug/2026:12:39:00 -0300] "GET / HTTP/1.1" 200 476222 "-" "Mozilla/5.0 (Macintosh; Intel Mac OS X 10_15_7) AppleWebKit/537.36 (KHTML, like Gecko) Chrome/150.0.0.0 Safari/537.36"
138.59.127.113 - - [02/Aug/2026:12:39:01 -0300] "GET /wp-json/sliderrevolution/sliders/2?srengine=7&slideid=6 HTTP/1.1" 200 12957 "https://kohlsolucoes.com.br/" "Mozilla/5.0 (Macintosh; Intel Mac OS X 10_15_7) AppleWebKit/537.36 (KHTML, like Gecko) Chrome/150.0.0.0 Safari/537.36"
138.59.127.113 - - [02/Aug/2026:12:39:01 -0300] "GET /wp-json/sliderrevolution/sliders/2?srengine=7&slideid=7 HTTP/1.1" 200 13003 "https://kohlsolucoes.com.br/" "Mozilla/5.0 (Macintosh; Intel Mac OS X 10_15_7) AppleWebKit/537.36 (KHTML, like Gecko) Chrome/150.0.0.0 Safari/537.36"
129.121.49.162 - - [02/Aug/2026:12:41:37 -0300] "POST /wp-cron.php?doing_wp_cron=1785685297.9261169433593750000000 HTTP/1.1" 200 - "-" "WordPress/7.0.2; https://kohlsolucoes.com.br"
94.154.43.229 - - [02/Aug/2026:12:41:36 -0300] "GET / HTTP/1.1" 404 6779 "-" "Mozilla/5.0 (Windows NT 10.0; Win64; x64) AppleWebKit/537.36 (KHTML, like Gecko) Chrome/147.0.0.0 Safari/537.36"
129.121.49.162 - - [02/Aug/2026:12:43:27 -0300] "POST /wp-cron.php?doing_wp_cron=1785685407.0621039867401123046875 HTTP/1.1" 200 - "-" "WordPress/7.0.2; https://kohlsolucoes.com.br"
216.73.216.196 - - [02/Aug/2026:12:43:25 -0300] "GET /sitemap_index.xml HTTP/1.1" 404 6813 "-" "Mozilla/5.0 AppleWebKit/537.36 (KHTML, like Gecko; compatible; Claude-SearchBot/1.0; +searchbot@anthropic.com)"
129.121.49.162 - - [02/Aug/2026:13:06:55 -0300] "POST /wp-cron.php?doing_wp_cron=1785686815.5097980499267578125000 HTTP/1.1" 200 - "-" "WordPress/7.0.2; https://kohlsolucoes.com.br"
5.39.1.232 - - [02/Aug/2026:13:06:54 -0300] "GET /wp-sitemap.xml HTTP/1.1" 301 - "-" "Mozilla/5.0 (compatible; AhrefsBot/7.0; +http://ahrefs.com/robot/)"
5.39.1.232 - - [02/Aug/2026:13:06:56 -0300] "GET /sitemap_index.xml HTTP/1.1" 404 6813 "-" "Mozilla/5.0 (compatible; AhrefsBot/7.0; +http://ahrefs.com/robot/)"
129.121.49.162 - - [02/Aug/2026:13:10:51 -0300] "POST /wp-cron.php?doing_wp_cron=1785687051.4363219738006591796875 HTTP/1.1" 200 - "-" "WordPress/7.0.2; https://kohlsolucoes.com.br"
138.59.127.113 - - [02/Aug/2026:13:10:49 -0300] "GET / HTTP/1.1" 200 476233 "https://kohlsolucoes.com.br/performance/" "Mozilla/5.0 (Macintosh; Intel Mac OS X 10_15_7) AppleWebKit/605.1.15 (KHTML, like Gecko) Version/26.5.2 Safari/605.1.15"
138.59.127.113 - - [02/Aug/2026:13:10:53 -0300] "GET /wp-json/sliderrevolution/sliders/2?srengine=7&slideid=6 HTTP/1.1" 200 12957 "https://kohlsolucoes.com.br/" "Mozilla/5.0 (Macintosh; Intel Mac OS X 10_15_7) AppleWebKit/605.1.15 (KHTML, like Gecko) Version/26.5.2 Safari/605.1.15"
138.59.127.113 - - [02/Aug/2026:13:10:53 -0300] "GET /wp-json/sliderrevolution/sliders/2?srengine=7&slideid=7 HTTP/1.1" 200 13003 "https://kohlsolucoes.com.br/" "Mozilla/5.0 (Macintosh; Intel Mac OS X 10_15_7) AppleWebKit/605.1.15 (KHTML, like Gecko) Version/26.5.2 Safari/605.1.15"
129.121.49.162 - - [02/Aug/2026:13:19:20 -0300] "POST /wp-cron.php?doing_wp_cron=1785687560.5645020008087158203125 HTTP/1.1" 200 - "-" "WordPress/7.0.2; https://kohlsolucoes.com.br"
138.59.127.113 - - [02/Aug/2026:13:19:19 -0300] "GET /sobre/ HTTP/1.1" 200 447601 "https://kohlsolucoes.com.br/" "Mozilla/5.0 (Macintosh; Intel Mac OS X 10_15_7) AppleWebKit/605.1.15 (KHTML, like Gecko) Version/26.5.2 Safari/605.1.15"
129.121.49.162 - - [02/Aug/2026:13:19:40 -0300] "POST /wp-cron.php?doing_wp_cron=1785687580.3046150207519531250000 HTTP/1.1" 200 - "-" "WordPress/7.0.2; https://kohlsolucoes.com.br"
138.59.127.113 - - [02/Aug/2026:13:19:40 -0300] "GET /capital/ HTTP/1.1" 200 453450 "https://kohlsolucoes.com.br/sobre/" "Mozilla/5.0 (Macintosh; Intel Mac OS X 10_15_7) AppleWebKit/605.1.15 (KHTML, like Gecko) Version/26.5.2 Safari/605.1.15"
138.59.127.113 - - [02/Aug/2026:13:19:58 -0300] "GET /contato/ HTTP/1.1" 200 453652 "https://kohlsolucoes.com.br/capital/" "Mozilla/5.0 (Macintosh; Intel Mac OS X 10_15_7) AppleWebKit/605.1.15 (KHTML, like Gecko) Version/26.5.2 Safari/605.1.15"
138.59.127.113 - - [02/Aug/2026:13:19:58 -0300] "GET /wp-content/plugins/fluentform/assets/css/fluentform-public-default.css?ver=6.2.9 HTTP/1.1" 304 - "https://kohlsolucoes.com.br/contato/" "Mozilla/5.0 (Macintosh; Intel Mac OS X 10_15_7) AppleWebKit/605.1.15 (KHTML, like Gecko) Version/26.5.2 Safari/605.1.15"
138.59.127.113 - - [02/Aug/2026:13:19:58 -0300] "GET /wp-content/plugins/fluentform/assets/css/fluent-forms-public.css?ver=6.2.9 HTTP/1.1" 304 - "https://kohlsolucoes.com.br/contato/" "Mozilla/5.0 (Macintosh; Intel Mac OS X 10_15_7) AppleWebKit/605.1.15 (KHTML, like Gecko) Version/26.5.2 Safari/605.1.15"
138.59.127.113 - - [02/Aug/2026:13:19:58 -0300] "GET /wp-content/plugins/fluentform/assets/js/form-submission.js?ver=6.2.9 HTTP/1.1" 304 - "https://kohlsolucoes.com.br/contato/" "Mozilla/5.0 (Macintosh; Intel Mac OS X 10_15_7) AppleWebKit/605.1.15 (KHTML, like Gecko) Version/26.5.2 Safari/605.1.15"
129.121.49.162 - - [02/Aug/2026:13:20:47 -0300] "POST /wp-cron.php?doing_wp_cron=1785687647.2770540714263916015625 HTTP/1.1" 200 - "-" "WordPress/7.0.2; https://kohlsolucoes.com.br"
129.121.49.162 - - [02/Aug/2026:13:21:45 -0300] "POST /wp-cron.php?doing_wp_cron=1785687705.6152319908142089843750 HTTP/1.1" 200 - "-" "WordPress/7.0.2; https://kohlsolucoes.com.br"
129.121.49.162 - - [02/Aug/2026:13:22:51 -0300] "POST /wp-cron.php?doing_wp_cron=1785687771.7174758911132812500000 HTTP/1.1" 200 - "-" "WordPress/7.0.2; https://kohlsolucoes.com.br"
129.121.49.162 - - [02/Aug/2026:13:24:53 -0300] "POST /wp-cron.php?doing_wp_cron=1785687893.1028699874877929687500 HTTP/1.1" 200 - "-" "WordPress/7.0.2; https://kohlsolucoes.com.br"
129.121.49.162 - - [02/Aug/2026:13:25:37 -0300] "POST /wp-cron.php?doing_wp_cron=1785687937.7881340980529785156250 HTTP/1.1" 200 - "-" "WordPress/7.0.2; https://kohlsolucoes.com.br"
138.59.127.113 - - [02/Aug/2026:13:25:46 -0300] "GET / HTTP/1.1" 404 6779 "-" "curl/8.7.1"
138.59.127.113 - - [02/Aug/2026:13:25:47 -0300] "GET / HTTP/1.1" 404 6779 "-" "curl/8.7.1"
138.59.127.113 - - [02/Aug/2026:13:25:56 -0300] "GET / HTTP/1.1" 404 6779 "-" "curl/8.7.1"
138.59.127.113 - - [02/Aug/2026:13:26:09 -0300] "GET / HTTP/1.1" 404 6779 "-" "Mozilla/5.0 (Macintosh; Intel Mac OS X 10_15_7) AppleWebKit/537.36 (KHTML, like Gecko) Chrome/150.0.0.0 Safari/537.36"
138.59.127.113 - - [02/Aug/2026:13:26:09 -0300] "GET /wp-includes/js/jquery/jquery.js HTTP/1.1" 304 - "https://kohlsolucoes.com.br/" "Mozilla/5.0 (Macintosh; Intel Mac OS X 10_15_7) AppleWebKit/537.36 (KHTML, like Gecko) Chrome/150.0.0.0 Safari/537.36"
138.59.127.113 - - [02/Aug/2026:13:26:09 -0300] "GET /wp-content/plugins/maintenance/frontend/js/frontend.js?ver=4.32 HTTP/1.1" 304 - "https://kohlsolucoes.com.br/" "Mozilla/5.0 (Macintosh; Intel Mac OS X 10_15_7) AppleWebKit/537.36 (KHTML, like Gecko) Chrome/150.0.0.0 Safari/537.36"
138.59.127.113 - - [02/Aug/2026:13:26:09 -0300] "GET /wp-includes/css/dashicons.min.css HTTP/1.1" 304 - "https://kohlsolucoes.com.br/" "Mozilla/5.0 (Macintosh; Intel Mac OS X 10_15_7) AppleWebKit/537.36 (KHTML, like Gecko) Chrome/150.0.0.0 Safari/537.36"
138.59.127.113 - - [02/Aug/2026:13:26:09 -0300] "GET /wp-content/plugins/maintenance/frontend/css/style.css?ver=1785537975 HTTP/1.1" 304 - "https://kohlsolucoes.com.br/" "Mozilla/5.0 (Macintosh; Intel Mac OS X 10_15_7) AppleWebKit/537.36 (KHTML, like Gecko) Chrome/150.0.0.0 Safari/537.36"
138.59.127.113 - - [02/Aug/2026:13:26:09 -0300] "GET /wp-content/uploads/2026/04/mt-sample-background.jpg HTTP/1.1" 304 - "https://kohlsolucoes.com.br/" "Mozilla/5.0 (Macintosh; Intel Mac OS X 10_15_7) AppleWebKit/537.36 (KHTML, like Gecko) Chrome/150.0.0.0 Safari/537.36"
129.121.49.162 - - [02/Aug/2026:13:27:10 -0300] "POST /wp-cron.php?doing_wp_cron=1785688030.7956430912017822265625 HTTP/1.1" 200 - "-" "WordPress/7.0.2; https://kohlsolucoes.com.br"
129.121.49.162 - - [02/Aug/2026:13:29:20 -0300] "POST /wp-cron.php?doing_wp_cron=1785688160.1830210685729980468750 HTTP/1.1" 200 - "-" "WordPress/7.0.2; https://kohlsolucoes.com.br"
129.121.49.162 - - [02/Aug/2026:13:29:48 -0300] "POST /wp-cron.php?doing_wp_cron=1785688188.5822970867156982421875 HTTP/1.1" 200 - "-" "WordPress/7.0.2; https://kohlsolucoes.com.br"
129.121.49.162 - - [02/Aug/2026:13:31:10 -0300] "POST /wp-cron.php?doing_wp_cron=1785688270.9133090972900390625000 HTTP/1.1" 200 - "-" "WordPress/7.0.2; https://kohlsolucoes.com.br"
216.73.216.196 - - [02/Aug/2026:13:31:09 -0300] "GET /sitemap_index.xml HTTP/1.1" 404 6813 "-" "Mozilla/5.0 AppleWebKit/537.36 (KHTML, like Gecko; compatible; Claude-SearchBot/1.0; +searchbot@anthropic.com)"
129.121.49.162 - - [02/Aug/2026:13:32:38 -0300] "POST /wp-cron.php?doing_wp_cron=1785688358.8792591094970703125000 HTTP/1.1" 200 - "-" "WordPress/7.0.2; https://kohlsolucoes.com.br"
129.121.49.162 - - [02/Aug/2026:14:10:08 -0300] "POST /wp-cron.php?doing_wp_cron=1785690608.3271970748901367187500 HTTP/1.1" 200 - "-" "WordPress/7.0.2; https://kohlsolucoes.com.br"
2a03:2880:3ff:8:: - - [02/Aug/2026:14:10:06 -0300] "GET /robots.txt HTTP/1.1" 200 177 "-" "facebookexternalhit/1.1 (+http://www.facebook.com/externalhit_uatext.php)"
129.121.49.162 - - [02/Aug/2026:14:26:49 -0300] "POST /wp-cron.php?doing_wp_cron=1785691609.3948390483856201171875 HTTP/1.1" 200 - "-" "WordPress/7.0.2; https://kohlsolucoes.com.br"
2a01:4f8:251:56ec::2 - - [02/Aug/2026:14:26:48 -0300] "GET /robots.txt HTTP/1.1" 200 177 "-" "Observer/1.0 (+https://obsrvr.net/about; crawler@obsrvr.net)"
2a01:4f8:251:56ec::2 - - [02/Aug/2026:14:26:50 -0300] "GET / HTTP/1.1" 404 6779 "-" "Observer/1.0 (+https://obsrvr.net/about; crawler@obsrvr.net)"
129.121.49.162 - - [02/Aug/2026:14:28:46 -0300] "POST /wp-cron.php?doing_wp_cron=1785691726.8887870311737060546875 HTTP/1.1" 200 - "-" "WordPress/7.0.2; https://kohlsolucoes.com.br"
92.222.108.113 - - [02/Aug/2026:14:28:45 -0300] "GET /wp-sitemap.xml HTTP/1.1" 301 - "-" "Mozilla/5.0 (compatible; AhrefsBot/7.0; +http://ahrefs.com/robot/)"
92.222.108.113 - - [02/Aug/2026:14:28:47 -0300] "GET /sitemap_index.xml HTTP/1.1" 404 6813 "-" "Mozilla/5.0 (compatible; AhrefsBot/7.0; +http://ahrefs.com/robot/)"
182.8.225.144 - - [02/Aug/2026:14:31:44 -0300] "GET /wp-content/plugins/advertise/function.php HTTP/1.1" 200 186 "https://www.openmultipleurl.com/" "Mozilla/5.0 (Windows NT 10.0; Win64; x64) AppleWebKit/537.36 (KHTML, like Gecko) Chrome/150.0.0.0 Safari/537.36"
129.121.49.162 - - [02/Aug/2026:14:31:50 -0300] "POST /wp-cron.php?doing_wp_cron=1785691910.1607499122619628906250 HTTP/1.1" 200 - "-" "WordPress/7.0.2; https://kohlsolucoes.com.br"
182.8.225.144 - - [02/Aug/2026:14:31:49 -0300] "GET /favicon.ico HTTP/1.1" 302 - "https://mail.kohlsolucoes.com.br/wp-content/plugins/advertise/function.php" "Mozilla/5.0 (Windows NT 10.0; Win64; x64) AppleWebKit/537.36 (KHTML, like Gecko) Chrome/150.0.0.0 Safari/537.36"
2404:c0:ba04:81fc:c9:7551:b8e0:af2d - - [02/Aug/2026:14:31:51 -0300] "GET /wp-includes/images/w-logo-blue-white-bg.png HTTP/1.1" 304 - "https://mail.kohlsolucoes.com.br/" "Mozilla/5.0 (Windows NT 10.0; Win64; x64) AppleWebKit/537.36 (KHTML, like Gecko) Chrome/150.0.0.0 Safari/537.36"
182.8.225.144 - - [02/Aug/2026:14:34:13 -0300] "POST /wp-content/plugins/advertise/function.php HTTP/1.1" 200 99559 "https://mail.kohlsolucoes.com.br/wp-content/plugins/advertise/function.php" "Mozilla/5.0 (Windows NT 10.0; Win64; x64) AppleWebKit/537.36 (KHTML, like Gecko) Chrome/150.0.0.0 Safari/537.36"
129.121.49.162 - - [02/Aug/2026:15:23:45 -0300] "POST /wp-cron.php?doing_wp_cron=1785695025.1161630153656005859375 HTTP/1.1" 200 - "-" "WordPress/7.0.2; https://kohlsolucoes.com.br"
216.73.216.196 - - [02/Aug/2026:15:23:43 -0300] "GET /robots.txt HTTP/1.1" 200 177 "-" "Mozilla/5.0 AppleWebKit/537.36 (KHTML, like Gecko; compatible; Claude-SearchBot/1.0; +searchbot@anthropic.com)"
216.73.216.196 - - [02/Aug/2026:15:23:45 -0300] "GET /sitemap_index.xml HTTP/1.1" 404 6813 "-" "Mozilla/5.0 AppleWebKit/537.36 (KHTML, like Gecko; compatible; Claude-SearchBot/1.0; +searchbot@anthropic.com)"
129.121.49.162 - - [02/Aug/2026:15:29:37 -0300] "POST /wp-cron.php?doing_wp_cron=1785695377.3049080371856689453125 HTTP/1.1" 200 - "-" "WordPress/7.0.2; https://kohlsolucoes.com.br"
216.73.216.231 - - [02/Aug/2026:15:29:36 -0300] "GET /robots.txt HTTP/1.1" 301 - "-" "Mozilla/5.0 AppleWebKit/537.36 (KHTML, like Gecko; compatible; ClaudeBot/1.0; +claudebot@anthropic.com)"
129.121.49.162 - - [02/Aug/2026:15:33:35 -0300] "POST /wp-cron.php?doing_wp_cron=1785695615.8752191066741943359375 HTTP/1.1" 200 - "-" "WordPress/7.0.2; https://kohlsolucoes.com.br"
216.73.216.196 - - [02/Aug/2026:15:33:34 -0300] "GET /sitemap.xml HTTP/1.1" 404 6801 "-" "Mozilla/5.0 AppleWebKit/537.36 (KHTML, like Gecko; compatible; Claude-SearchBot/1.0; +searchbot@anthropic.com)"
172.233.186.176 - - [02/Aug/2026:15:34:06 -0300] "GET / HTTP/1.1" 404 6779 "-" "Mozilla/5.0 (Windows NT 10.0; Win64; x64) AppleWebKit/537.36"
129.121.49.162 - - [02/Aug/2026:16:04:44 -0300] "POST /wp-cron.php?doing_wp_cron=1785697484.6170170307159423828125 HTTP/1.1" 200 - "-" "WordPress/7.0.2; https://kohlsolucoes.com.br"
54.37.118.66 - - [02/Aug/2026:16:04:43 -0300] "GET /wp-sitemap.xml HTTP/1.1" 301 - "-" "Mozilla/5.0 (compatible; AhrefsBot/7.0; +http://ahrefs.com/robot/)"
54.37.118.66 - - [02/Aug/2026:16:04:45 -0300] "GET /sitemap_index.xml HTTP/1.1" 404 6813 "-" "Mozilla/5.0 (compatible; AhrefsBot/7.0; +http://ahrefs.com/robot/)"
129.121.49.162 - - [02/Aug/2026:16:22:27 -0300] "POST /wp-cron.php?doing_wp_cron=1785698547.0306351184844970703125 HTTP/1.1" 200 - "-" "WordPress/7.0.2; https://kohlsolucoes.com.br"
216.73.216.196 - - [02/Aug/2026:16:22:26 -0300] "GET /sitemap_index.xml HTTP/1.1" 404 6813 "-" "Mozilla/5.0 AppleWebKit/537.36 (KHTML, like Gecko; compatible; Claude-SearchBot/1.0; +searchbot@anthropic.com)"
129.121.49.162 - - [02/Aug/2026:16:40:01 -0300] "POST /wp-cron.php?doing_wp_cron=1785699601.8925280570983886718750 HTTP/1.1" 200 - "-" "WordPress/7.0.2; https://kohlsolucoes.com.br"
129.121.49.162 - - [02/Aug/2026:16:41:32 -0300] "POST /wp-cron.php?doing_wp_cron=1785699692.2374210357666015625000 HTTP/1.1" 200 - "-" "WordPress/7.0.2; https://kohlsolucoes.com.br"
129.121.49.162 - - [02/Aug/2026:16:43:39 -0300] "POST /wp-cron.php?doing_wp_cron=1785699819.2495429515838623046875 HTTP/1.1" 200 - "-" "WordPress/7.0.2; https://kohlsolucoes.com.br"
129.121.49.162 - - [02/Aug/2026:16:44:32 -0300] "POST /wp-cron.php?doing_wp_cron=1785699872.9237449169158935546875 HTTP/1.1" 200 - "-" "WordPress/7.0.2; https://kohlsolucoes.com.br"
138.59.127.113 - - [02/Aug/2026:16:46:32 -0300] "GET /wp-content/themes/brooklyn-child/style.css HTTP/1.1" 200 60111 "-" "curl/8.7.1"
118.193.47.250 - - [02/Aug/2026:17:16:44 -0300] "GET / HTTP/1.1" 404 6779 "https://kohlsolucoes.com.br/" "Mozilla/5.0 (Linux; Android 12; SM-G5306W; Build/SD1A.220722.132) AppleWebKit/537.36 (KHTML, like Gecko) Chrome/128.0.6613.242 Mobile Safari/537.36"
129.121.49.162 - - [02/Aug/2026:17:18:06 -0300] "POST /wp-cron.php?doing_wp_cron=1785701886.6980540752410888671875 HTTP/1.1" 200 - "-" "WordPress/7.0.2; https://kohlsolucoes.com.br"
64.226.65.160 - - [02/Aug/2026:17:18:05 -0300] "GET / HTTP/1.1" 404 6779 "-" "Mozilla/5.0 (l9scan/2.0.236313e29343e2132313e2932313; +https://leakix.net)"
64.226.65.160 - - [02/Aug/2026:17:18:07 -0300] "GET /console/ HTTP/1.1" 404 6795 "-" "Mozilla/5.0 (l9scan/2.0.236313e29343e2132313e2932313; +https://leakix.net)"
64.226.65.160 - - [02/Aug/2026:17:18:09 -0300] "GET /server HTTP/1.1" 404 6791 "-" "Mozilla/5.0 (l9scan/2.0.236313e29343e2132313e2932313; +https://leakix.net)"
64.226.65.160 - - [02/Aug/2026:17:18:10 -0300] "GET /server-status HTTP/1.1" 404 6805 "-" "Mozilla/5.0 (l9scan/2.0.236313e29343e2132313e2932313; +https://leakix.net)"
64.226.65.160 - - [02/Aug/2026:17:18:12 -0300] "GET /about HTTP/1.1" 404 6789 "-" "Mozilla/5.0 (l9scan/2.0.236313e29343e2132313e2932313; +https://leakix.net)"
64.226.65.160 - - [02/Aug/2026:17:18:12 -0300] "GET /login.action HTTP/1.1" 404 6803 "-" "Mozilla/5.0 (l9scan/2.0.236313e29343e2132313e2932313; +https://leakix.net)"
64.226.65.160 - - [02/Aug/2026:17:18:14 -0300] "GET / HTTP/1.1" 404 6779 "-" "Mozilla/5.0 (l9scan/2.0.236313e29343e2132313e2932313; +https://leakix.net)"
64.226.65.160 - - [02/Aug/2026:17:18:14 -0300] "GET /___proxy_subdomain_whm/login HTTP/1.1" 404 6835 "-" "Mozilla/5.0 (l9scan/2.0.236313e29343e2132313e2932313; +https://leakix.net)"
64.226.65.160 - - [02/Aug/2026:17:18:15 -0300] "GET /___proxy_subdomain_cpanel HTTP/1.1" 200 12539 "-" "Mozilla/5.0 (l9scan/2.0.236313e29343e2132313e2932313; +https://leakix.net)"
64.226.65.160 - - [02/Aug/2026:17:18:19 -0300] "GET /v2/_catalog HTTP/1.1" 404 6801 "-" "Mozilla/5.0 (l9scan/2.0.236313e29343e2132313e2932313; +https://leakix.net)"
64.226.65.160 - - [02/Aug/2026:17:18:20 -0300] "GET /.DS_Store HTTP/1.1" 404 6797 "-" "Mozilla/5.0 (l9scan/2.0.236313e29343e2132313e2932313; +https://leakix.net)"
64.226.65.160 - - [02/Aug/2026:17:18:21 -0300] "GET /.env HTTP/1.1" 404 6787 "-" "Mozilla/5.0 (l9scan/2.0.236313e29343e2132313e2932313; +https://leakix.net)"
64.226.65.160 - - [02/Aug/2026:17:18:23 -0300] "GET /ecp/Current/exporttool/microsoft.exchange.ediscovery.exporttool.application HTTP/1.1" 404 6929 "-" "Mozilla/5.0 (l9scan/2.0.236313e29343e2132313e2932313; +https://leakix.net)"
64.226.65.160 - - [02/Aug/2026:17:18:25 -0300] "GET /.git/config HTTP/1.1" 404 6801 "-" "Mozilla/5.0 (l9scan/2.0.236313e29343e2132313e2932313; +https://leakix.net)"
64.226.65.160 - - [02/Aug/2026:17:18:27 -0300] "POST /graphql HTTP/1.1" 404 6793 "-" "Mozilla/5.0 (l9scan/2.0.236313e29343e2132313e2932313; +https://leakix.net)"
64.226.65.160 - - [02/Aug/2026:17:18:28 -0300] "POST /api HTTP/1.1" 404 6785 "-" "Mozilla/5.0 (l9scan/2.0.236313e29343e2132313e2932313; +https://leakix.net)"
129.121.49.162 - - [02/Aug/2026:17:18:29 -0300] "POST /wp-cron.php?doing_wp_cron=1785701909.2152380943298339843750 HTTP/1.1" 200 - "-" "WordPress/7.0.2; https://kohlsolucoes.com.br"
64.226.65.160 - - [02/Aug/2026:17:18:29 -0300] "POST /api/graphql HTTP/1.1" 404 6801 "-" "Mozilla/5.0 (l9scan/2.0.236313e29343e2132313e2932313; +https://leakix.net)"
64.226.65.160 - - [02/Aug/2026:17:18:30 -0300] "POST /graphql/api HTTP/1.1" 404 6801 "-" "Mozilla/5.0 (l9scan/2.0.236313e29343e2132313e2932313; +https://leakix.net)"
64.226.65.160 - - [02/Aug/2026:17:18:30 -0300] "POST /api/gql HTTP/1.1" 404 6793 "-" "Mozilla/5.0 (l9scan/2.0.236313e29343e2132313e2932313; +https://leakix.net)"
64.226.65.160 - - [02/Aug/2026:17:18:31 -0300] "GET /s/236313e29343e2132313e2932313/_/;/META-INF/maven/com.atlassian.jira/jira-webapp-dist/pom.properties HTTP/1.1" 404 6979 "-" "Mozilla/5.0 (l9scan/2.0.236313e29343e2132313e2932313; +https://leakix.net)"
129.121.49.162 - - [02/Aug/2026:17:18:32 -0300] "POST /wp-cron.php?doing_wp_cron=1785701912.5965449810028076171875 HTTP/1.1" 200 - "-" "WordPress/7.0.2; https://kohlsolucoes.com.br"
64.226.65.160 - - [02/Aug/2026:17:18:32 -0300] "GET /config.json HTTP/1.1" 404 6801 "-" "Mozilla/5.0 (l9scan/2.0.236313e29343e2132313e2932313; +https://leakix.net)"
64.226.65.160 - - [02/Aug/2026:17:18:34 -0300] "GET /telescope/requests HTTP/1.1" 404 6815 "-" "Mozilla/5.0 (l9scan/2.0.236313e29343e2132313e2932313; +https://leakix.net)"
64.226.65.160 - - [02/Aug/2026:17:18:35 -0300] "GET /version HTTP/1.1" 404 6793 "-" "Mozilla/5.0 (l9scan/2.0.236313e29343e2132313e2932313; +https://leakix.net)"
64.226.65.160 - - [02/Aug/2026:17:18:36 -0300] "GET /info.php HTTP/1.1" 404 6795 "-" "Mozilla/5.0 (l9scan/2.0.236313e29343e2132313e2932313; +https://leakix.net)"
64.226.65.160 - - [02/Aug/2026:17:18:37 -0300] "GET /.well-known/security.txt HTTP/1.1" 404 6827 "-" "Mozilla/5.0 (l9scan/2.0.236313e29343e2132313e2932313; +https://leakix.net)"
64.226.65.160 - - [02/Aug/2026:17:18:38 -0300] "GET /actuator/env HTTP/1.1" 404 6803 "-" "Mozilla/5.0 (l9scan/2.0.236313e29343e2132313e2932313; +https://leakix.net)"
64.226.65.160 - - [02/Aug/2026:17:18:39 -0300] "GET /trace.axd HTTP/1.1" 404 6797 "-" "Mozilla/5.0 (l9scan/2.0.236313e29343e2132313e2932313; +https://leakix.net)"
64.226.65.160 - - [02/Aug/2026:17:18:40 -0300] "GET /@vite/env HTTP/1.1" 404 6797 "-" "Mozilla/5.0 (l9scan/2.0.236313e29343e2132313e2932313; +https://leakix.net)"
64.226.65.160 - - [02/Aug/2026:17:18:41 -0300] "GET /.vscode/sftp.json HTTP/1.1" 404 6813 "-" "Mozilla/5.0 (l9scan/2.0.236313e29343e2132313e2932313; +https://leakix.net)"
64.226.65.160 - - [02/Aug/2026:17:18:42 -0300] "OPTIONS / HTTP/1.1" 404 6779 "-" "Mozilla/5.0 (l9scan/2.0.236313e29343e2132313e2932313; +https://leakix.net)"
64.226.65.160 - - [02/Aug/2026:17:18:44 -0300] "POST /?rest_route=/batch/v1 HTTP/1.1" 207 714 "-" "Mozilla/5.0 (l9scan/2.0.236313e29343e2132313e2932313; +https://leakix.net)"
64.226.65.160 - - [02/Aug/2026:17:18:45 -0300] "POST /?rest_route=/batch/v1 HTTP/1.1" 207 714 "-" "Mozilla/5.0 (l9scan/2.0.236313e29343e2132313e2932313; +https://leakix.net)"
64.226.65.160 - - [02/Aug/2026:17:18:46 -0300] "POST /wp-json/batch/v1 HTTP/1.1" 207 714 "-" "Mozilla/5.0 (l9scan/2.0.236313e29343e2132313e2932313; +https://leakix.net)"
64.226.65.160 - - [02/Aug/2026:17:18:47 -0300] "POST /wp-json/batch/v1 HTTP/1.1" 207 714 "-" "Mozilla/5.0 (l9scan/2.0.236313e29343e2132313e2932313; +https://leakix.net)"
64.226.65.160 - - [02/Aug/2026:17:18:48 -0300] "GET /?rest_route=/wp/v2/users/ HTTP/1.1" 200 2 "-" "Mozilla/5.0 (l9scan/2.0.236313e29343e2132313e2932313; +https://leakix.net)"
64.226.65.160 - - [02/Aug/2026:17:18:49 -0300] "GET /debug/default/view?panel=config HTTP/1.1" 404 6841 "-" "Mozilla/5.0 (l9scan/2.0.236313e29343e2132313e2932313; +https://leakix.net)"
129.121.49.162 - - [02/Aug/2026:17:28:31 -0300] "POST /wp-cron.php?doing_wp_cron=1785702511.6478440761566162109375 HTTP/1.1" 200 - "-" "WordPress/7.0.2; https://kohlsolucoes.com.br"
157.245.49.211 - - [02/Aug/2026:17:28:30 -0300] "GET /administrator/ HTTP/1.1" 404 6807 "-" "Mozilla/5.0 (Windows NT 11.0; Win64; x64) AppleWebKit/537.36 (KHTML, like Gecko) Chrome/119.0.6045.159 Safari/537.36"
129.121.49.162 - - [02/Aug/2026:17:30:06 -0300] "POST /wp-cron.php?doing_wp_cron=1785702606.4307410717010498046875 HTTP/1.1" 200 - "-" "WordPress/7.0.2; https://kohlsolucoes.com.br"
51.75.236.155 - - [02/Aug/2026:17:30:05 -0300] "GET /wp-sitemap.xml HTTP/1.1" 301 - "-" "Mozilla/5.0 (compatible; AhrefsBot/7.0; +http://ahrefs.com/robot/)"
51.75.236.155 - - [02/Aug/2026:17:30:06 -0300] "GET /sitemap_index.xml HTTP/1.1" 404 6813 "-" "Mozilla/5.0 (compatible; AhrefsBot/7.0; +http://ahrefs.com/robot/)"
129.121.49.162 - - [02/Aug/2026:18:03:48 -0300] "POST /wp-cron.php?doing_wp_cron=1785704628.2794470787048339843750 HTTP/1.1" 200 - "-" "WordPress/7.0.2; https://kohlsolucoes.com.br"
159.89.127.165 - - [02/Aug/2026:18:03:46 -0300] "GET / HTTP/1.1" 404 6779 "-" "Mozilla/5.0 (l9scan/2.0.236313e29343e2132313e2932313; +https://leakix.net)"
159.89.127.165 - - [02/Aug/2026:18:03:48 -0300] "GET /console/ HTTP/1.1" 404 6795 "-" "Mozilla/5.0 (l9scan/2.0.236313e29343e2132313e2932313; +https://leakix.net)"
159.89.127.165 - - [02/Aug/2026:18:03:49 -0300] "GET /server HTTP/1.1" 404 6791 "-" "Mozilla/5.0 (l9scan/2.0.236313e29343e2132313e2932313; +https://leakix.net)"
159.89.127.165 - - [02/Aug/2026:18:03:50 -0300] "GET /server-status HTTP/1.1" 404 6805 "-" "Mozilla/5.0 (l9scan/2.0.236313e29343e2132313e2932313; +https://leakix.net)"
159.89.127.165 - - [02/Aug/2026:18:03:52 -0300] "GET /about HTTP/1.1" 404 6789 "-" "Mozilla/5.0 (l9scan/2.0.236313e29343e2132313e2932313; +https://leakix.net)"
159.89.127.165 - - [02/Aug/2026:18:03:53 -0300] "GET /login.action HTTP/1.1" 404 6803 "-" "Mozilla/5.0 (l9scan/2.0.236313e29343e2132313e2932313; +https://leakix.net)"
159.89.127.165 - - [02/Aug/2026:18:03:54 -0300] "GET / HTTP/1.1" 404 6779 "-" "Mozilla/5.0 (l9scan/2.0.236313e29343e2132313e2932313; +https://leakix.net)"
159.89.127.165 - - [02/Aug/2026:18:03:55 -0300] "GET /___proxy_subdomain_whm/login HTTP/1.1" 404 6835 "-" "Mozilla/5.0 (l9scan/2.0.236313e29343e2132313e2932313; +https://leakix.net)"
159.89.127.165 - - [02/Aug/2026:18:03:56 -0300] "GET /___proxy_subdomain_cpanel HTTP/1.1" 200 12537 "-" "Mozilla/5.0 (l9scan/2.0.236313e29343e2132313e2932313; +https://leakix.net)"
159.89.127.165 - - [02/Aug/2026:18:03:59 -0300] "GET /v2/_catalog HTTP/1.1" 404 6801 "-" "Mozilla/5.0 (l9scan/2.0.236313e29343e2132313e2932313; +https://leakix.net)"
159.89.127.165 - - [02/Aug/2026:18:04:00 -0300] "GET /.DS_Store HTTP/1.1" 404 6797 "-" "Mozilla/5.0 (l9scan/2.0.236313e29343e2132313e2932313; +https://leakix.net)"
159.89.127.165 - - [02/Aug/2026:18:04:01 -0300] "GET /.env HTTP/1.1" 404 6787 "-" "Mozilla/5.0 (l9scan/2.0.236313e29343e2132313e2932313; +https://leakix.net)"
159.89.127.165 - - [02/Aug/2026:18:04:04 -0300] "GET /ecp/Current/exporttool/microsoft.exchange.ediscovery.exporttool.application HTTP/1.1" 404 6929 "-" "Mozilla/5.0 (l9scan/2.0.236313e29343e2132313e2932313; +https://leakix.net)"
159.89.127.165 - - [02/Aug/2026:18:04:05 -0300] "GET /.git/config HTTP/1.1" 404 6801 "-" "Mozilla/5.0 (l9scan/2.0.236313e29343e2132313e2932313; +https://leakix.net)"
159.89.127.165 - - [02/Aug/2026:18:04:07 -0300] "POST /graphql HTTP/1.1" 404 6793 "-" "Mozilla/5.0 (l9scan/2.0.236313e29343e2132313e2932313; +https://leakix.net)"
159.89.127.165 - - [02/Aug/2026:18:04:07 -0300] "POST /api HTTP/1.1" 404 6785 "-" "Mozilla/5.0 (l9scan/2.0.236313e29343e2132313e2932313; +https://leakix.net)"
