159.89.127.165 - - [02/Aug/2026:18:04:08 -0300] "POST /api/graphql HTTP/1.1" 404 6801 "-" "Mozilla/5.0 (l9scan/2.0.236313e29343e2132313e2932313; +https://leakix.net)"
159.89.127.165 - - [02/Aug/2026:18:04:08 -0300] "POST /graphql/api HTTP/1.1" 404 6801 "-" "Mozilla/5.0 (l9scan/2.0.236313e29343e2132313e2932313; +https://leakix.net)"
159.89.127.165 - - [02/Aug/2026:18:04:09 -0300] "POST /api/gql HTTP/1.1" 404 6793 "-" "Mozilla/5.0 (l9scan/2.0.236313e29343e2132313e2932313; +https://leakix.net)"
159.89.127.165 - - [02/Aug/2026:18:04:09 -0300] "GET /s/236313e29343e2132313e2932313/_/;/META-INF/maven/com.atlassian.jira/jira-webapp-dist/pom.properties HTTP/1.1" 404 6979 "-" "Mozilla/5.0 (l9scan/2.0.236313e29343e2132313e2932313; +https://leakix.net)"
159.89.127.165 - - [02/Aug/2026:18:04:10 -0300] "GET /config.json HTTP/1.1" 404 6801 "-" "Mozilla/5.0 (l9scan/2.0.236313e29343e2132313e2932313; +https://leakix.net)"
159.89.127.165 - - [02/Aug/2026:18:04:12 -0300] "GET /telescope/requests HTTP/1.1" 404 6815 "-" "Mozilla/5.0 (l9scan/2.0.236313e29343e2132313e2932313; +https://leakix.net)"
159.89.127.165 - - [02/Aug/2026:18:04:13 -0300] "GET /version HTTP/1.1" 404 6793 "-" "Mozilla/5.0 (l9scan/2.0.236313e29343e2132313e2932313; +https://leakix.net)"
159.89.127.165 - - [02/Aug/2026:18:04:14 -0300] "GET /info.php HTTP/1.1" 404 6795 "-" "Mozilla/5.0 (l9scan/2.0.236313e29343e2132313e2932313; +https://leakix.net)"
159.89.127.165 - - [02/Aug/2026:18:04:15 -0300] "GET /actuator/env HTTP/1.1" 404 6803 "-" "Mozilla/5.0 (l9scan/2.0.236313e29343e2132313e2932313; +https://leakix.net)"
159.89.127.165 - - [02/Aug/2026:18:04:17 -0300] "GET /trace.axd HTTP/1.1" 404 6797 "-" "Mozilla/5.0 (l9scan/2.0.236313e29343e2132313e2932313; +https://leakix.net)"
159.89.127.165 - - [02/Aug/2026:18:04:18 -0300] "GET /@vite/env HTTP/1.1" 404 6797 "-" "Mozilla/5.0 (l9scan/2.0.236313e29343e2132313e2932313; +https://leakix.net)"
159.89.127.165 - - [02/Aug/2026:18:04:19 -0300] "GET /.vscode/sftp.json HTTP/1.1" 404 6813 "-" "Mozilla/5.0 (l9scan/2.0.236313e29343e2132313e2932313; +https://leakix.net)"
159.89.127.165 - - [02/Aug/2026:18:04:20 -0300] "OPTIONS / HTTP/1.1" 404 6779 "-" "Mozilla/5.0 (l9scan/2.0.236313e29343e2132313e2932313; +https://leakix.net)"
159.89.127.165 - - [02/Aug/2026:18:04:22 -0300] "POST /?rest_route=/batch/v1 HTTP/1.1" 207 714 "-" "Mozilla/5.0 (l9scan/2.0.236313e29343e2132313e2932313; +https://leakix.net)"
159.89.127.165 - - [02/Aug/2026:18:04:23 -0300] "POST /?rest_route=/batch/v1 HTTP/1.1" 207 714 "-" "Mozilla/5.0 (l9scan/2.0.236313e29343e2132313e2932313; +https://leakix.net)"
159.89.127.165 - - [02/Aug/2026:18:04:24 -0300] "POST /wp-json/batch/v1 HTTP/1.1" 207 714 "-" "Mozilla/5.0 (l9scan/2.0.236313e29343e2132313e2932313; +https://leakix.net)"
159.89.127.165 - - [02/Aug/2026:18:04:25 -0300] "POST /wp-json/batch/v1 HTTP/1.1" 207 714 "-" "Mozilla/5.0 (l9scan/2.0.236313e29343e2132313e2932313; +https://leakix.net)"
159.89.127.165 - - [02/Aug/2026:18:04:26 -0300] "GET /?rest_route=/wp/v2/users/ HTTP/1.1" 200 2 "-" "Mozilla/5.0 (l9scan/2.0.236313e29343e2132313e2932313; +https://leakix.net)"
159.89.127.165 - - [02/Aug/2026:18:04:27 -0300] "GET /debug/default/view?panel=config HTTP/1.1" 404 6841 "-" "Mozilla/5.0 (l9scan/2.0.236313e29343e2132313e2932313; +https://leakix.net)"
129.121.49.162 - - [02/Aug/2026:18:06:36 -0300] "POST /wp-cron.php?doing_wp_cron=1785704796.7096409797668457031250 HTTP/1.1" 200 - "-" "WordPress/7.0.2; https://kohlsolucoes.com.br"
216.73.216.231 - - [02/Aug/2026:18:06:35 -0300] "GET /robots.txt HTTP/1.1" 200 177 "-" "Mozilla/5.0 AppleWebKit/537.36 (KHTML, like Gecko; compatible; ClaudeBot/1.0; +claudebot@anthropic.com)"
62.60.130.230 - - [02/Aug/2026:18:06:59 -0300] "POST /?rest_route=/batch/v1 HTTP/1.1" 207 16 "-" "Mozilla/5.0"
62.60.130.230 - - [02/Aug/2026:18:07:02 -0300] "POST /wp-json/batch/v1 HTTP/1.1" 207 16 "-" "Mozilla/5.0"
129.121.49.162 - - [02/Aug/2026:18:12:03 -0300] "POST /wp-cron.php?doing_wp_cron=1785705123.7787311077117919921875 HTTP/1.1" 200 - "-" "WordPress/7.0.2; https://kohlsolucoes.com.br"
216.73.216.231 - - [02/Aug/2026:18:12:02 -0300] "GET /robots.txt HTTP/1.1" 301 - "-" "Mozilla/5.0 AppleWebKit/537.36 (KHTML, like Gecko; compatible; ClaudeBot/1.0; +claudebot@anthropic.com)"
129.121.49.162 - - [02/Aug/2026:18:13:28 -0300] "POST /wp-cron.php?doing_wp_cron=1785705208.0679790973663330078125 HTTP/1.1" 200 - "-" "WordPress/7.0.2; https://kohlsolucoes.com.br"
216.73.216.196 - - [02/Aug/2026:18:13:26 -0300] "GET /sitemap.xml HTTP/1.1" 404 6801 "-" "Mozilla/5.0 AppleWebKit/537.36 (KHTML, like Gecko; compatible; Claude-SearchBot/1.0; +searchbot@anthropic.com)"
129.121.49.162 - - [02/Aug/2026:18:34:27 -0300] "POST /wp-cron.php?doing_wp_cron=1785706467.9197690486907958984375 HTTP/1.1" 200 - "-" "WordPress/7.0.2; https://kohlsolucoes.com.br"
216.73.216.196 - - [02/Aug/2026:18:34:26 -0300] "GET /sitemap_index.xml HTTP/1.1" 404 6813 "-" "Mozilla/5.0 AppleWebKit/537.36 (KHTML, like Gecko; compatible; Claude-SearchBot/1.0; +searchbot@anthropic.com)"
129.121.49.162 - - [02/Aug/2026:18:43:29 -0300] "POST /wp-cron.php?doing_wp_cron=1785707009.4656190872192382812500 HTTP/1.1" 200 - "-" "WordPress/7.0.2; https://kohlsolucoes.com.br"
192.178.4.133 - - [02/Aug/2026:18:43:28 -0300] "GET / HTTP/1.1" 404 6779 "-" "Mozilla/5.0 (Linux; Android 6.0.1; Nexus 5X Build/MMB29P) AppleWebKit/537.36 (KHTML, like Gecko) Chrome/150.0.7871.186 Mobile Safari/537.36 (compatible; Googlebot/2.1; +http://www.google.com/bot.html)"
129.121.49.162 - - [02/Aug/2026:19:02:08 -0300] "POST /wp-cron.php?doing_wp_cron=1785708128.0440819263458251953125 HTTP/1.1" 200 - "-" "WordPress/7.0.2; https://kohlsolucoes.com.br"
176.31.139.26 - - [02/Aug/2026:19:02:06 -0300] "GET /wp-sitemap.xml HTTP/1.1" 301 - "-" "Mozilla/5.0 (compatible; AhrefsBot/7.0; +http://ahrefs.com/robot/)"
176.31.139.26 - - [02/Aug/2026:19:02:08 -0300] "GET /sitemap_index.xml HTTP/1.1" 404 6813 "-" "Mozilla/5.0 (compatible; AhrefsBot/7.0; +http://ahrefs.com/robot/)"
20.240.137.17 - - [02/Aug/2026:19:02:59 -0300] "GET /wp-admin/about.php HTTP/1.1" 302 - "-" "-"
129.121.49.162 - - [02/Aug/2026:19:07:13 -0300] "POST /wp-cron.php?doing_wp_cron=1785708433.3171160221099853515625 HTTP/1.1" 200 - "-" "WordPress/7.0.2; https://kohlsolucoes.com.br"
216.73.216.196 - - [02/Aug/2026:19:07:11 -0300] "GET /sitemap_index.xml HTTP/1.1" 404 6813 "-" "Mozilla/5.0 AppleWebKit/537.36 (KHTML, like Gecko; compatible; Claude-SearchBot/1.0; +searchbot@anthropic.com)"
129.121.49.162 - - [02/Aug/2026:19:27:23 -0300] "POST /wp-cron.php?doing_wp_cron=1785709643.0745999813079833984375 HTTP/1.1" 200 - "-" "WordPress/7.0.2; https://kohlsolucoes.com.br"
94.154.43.177 - - [02/Aug/2026:19:27:21 -0300] "GET / HTTP/1.1" 404 6779 "-" "Mozilla/5.0 (Windows NT 10.0; Win64; x64) AppleWebKit/537.36 (KHTML, like Gecko) Chrome/147.0.0.0 Safari/537.36"
94.154.43.185 - - [02/Aug/2026:19:27:24 -0300] "GET / HTTP/1.1" 401 36 "-" "Mozilla/5.0 (Windows NT 10.0; Win64; x64) AppleWebKit/537.36 (KHTML, like Gecko) Chrome/147.0.0.0 Safari/537.36"
94.154.43.177 - - [02/Aug/2026:19:27:29 -0300] "GET / HTTP/1.1" 200 39888 "-" "Mozilla/5.0 (Windows NT 10.0; Win64; x64) AppleWebKit/537.36 (KHTML, like Gecko) Chrome/147.0.0.0 Safari/537.36"
94.154.43.186 - - [02/Aug/2026:19:27:34 -0300] "GET / HTTP/1.1" 401 36 "-" "Mozilla/5.0 (Windows NT 10.0; Win64; x64) AppleWebKit/537.36 (KHTML, like Gecko) Chrome/147.0.0.0 Safari/537.36"
94.154.43.186 - - [02/Aug/2026:19:27:34 -0300] "GET / HTTP/1.1" 401 36 "-" "Mozilla/5.0 (Windows NT 10.0; Win64; x64) AppleWebKit/537.36 (KHTML, like Gecko) Chrome/147.0.0.0 Safari/537.36"
129.121.49.162 - - [02/Aug/2026:19:35:14 -0300] "POST /wp-cron.php?doing_wp_cron=1785710114.1349759101867675781250 HTTP/1.1" 200 - "-" "WordPress/7.0.2; https://kohlsolucoes.com.br"
74.7.230.15 - - [02/Aug/2026:19:35:12 -0300] "GET /robots.txt HTTP/1.1" 200 177 "-" "Mozilla/5.0 (Macintosh; Intel Mac OS X 10_15_7) AppleWebKit/537.36 (KHTML, like Gecko) Chrome/131.0.0.0 Safari/537.36; compatible; OAI-SearchBot/1.4; robots.txt; +https://openai.com/searchbot"
129.121.49.162 - - [02/Aug/2026:20:14:12 -0300] "POST /wp-cron.php?doing_wp_cron=1785712452.4275538921356201171875 HTTP/1.1" 200 - "-" "WordPress/7.0.2; https://kohlsolucoes.com.br"
185.213.155.205 - - [02/Aug/2026:20:14:11 -0300] "GET / HTTP/1.1" 404 6779 "-" "wp2shell"
185.213.155.205 - - [02/Aug/2026:20:14:13 -0300] "GET /wp-json/ HTTP/1.1" 200 248320 "-" "wp2shell"
185.213.155.205 - - [02/Aug/2026:20:14:14 -0300] "GET /?rest_route=/ HTTP/1.1" 200 248320 "-" "wp2shell"
185.213.155.205 - - [02/Aug/2026:20:14:16 -0300] "GET /wp-json/ HTTP/1.1" 200 248320 "-" "wp2shell"
185.213.155.205 - - [02/Aug/2026:20:14:17 -0300] "GET /?rest_route=/ HTTP/1.1" 200 248320 "-" "wp2shell"
185.213.155.205 - - [02/Aug/2026:20:14:19 -0300] "GET / HTTP/1.1" 404 6779 "-" "wp2shell"
185.213.155.205 - - [02/Aug/2026:20:14:20 -0300] "POST /?rest_route=/batch/v1 HTTP/1.1" 207 705 "-" "wp2shell"
129.121.49.162 - - [02/Aug/2026:20:32:35 -0300] "POST /wp-cron.php?doing_wp_cron=1785713555.7337360382080078125000 HTTP/1.1" 200 - "-" "WordPress/7.0.2; https://kohlsolucoes.com.br"
176.31.139.16 - - [02/Aug/2026:20:32:34 -0300] "GET /robots.txt HTTP/1.1" 200 177 "-" "Mozilla/5.0 (compatible; AhrefsBot/7.0; +http://ahrefs.com/robot/)"
148.113.128.175 - - [02/Aug/2026:20:32:37 -0300] "GET /wp-sitemap.xml HTTP/1.1" 301 - "-" "Mozilla/5.0 (compatible; AhrefsBot/7.0; +http://ahrefs.com/robot/)"
148.113.128.175 - - [02/Aug/2026:20:32:37 -0300] "GET /sitemap_index.xml HTTP/1.1" 404 6813 "-" "Mozilla/5.0 (compatible; AhrefsBot/7.0; +http://ahrefs.com/robot/)"
129.121.49.162 - - [02/Aug/2026:20:47:01 -0300] "POST /wp-cron.php?doing_wp_cron=1785714421.6742999553680419921875 HTTP/1.1" 200 - "-" "WordPress/7.0.2; https://kohlsolucoes.com.br"
43.228.157.49 - - [02/Aug/2026:20:47:00 -0300] "GET /wp-content/plugins/fix/up.php HTTP/1.1" 404 6837 "-" "Mozilla/5.0"
129.121.49.162 - - [02/Aug/2026:20:57:02 -0300] "POST /wp-cron.php?doing_wp_cron=1785715022.0277249813079833984375 HTTP/1.1" 200 - "-" "WordPress/7.0.2; https://kohlsolucoes.com.br"
216.73.216.196 - - [02/Aug/2026:20:57:00 -0300] "GET /robots.txt HTTP/1.1" 200 177 "-" "Mozilla/5.0 AppleWebKit/537.36 (KHTML, like Gecko; compatible; Claude-SearchBot/1.0; +searchbot@anthropic.com)"
216.73.216.196 - - [02/Aug/2026:20:57:02 -0300] "GET /sitemap_index.xml HTTP/1.1" 404 6813 "-" "Mozilla/5.0 AppleWebKit/537.36 (KHTML, like Gecko; compatible; Claude-SearchBot/1.0; +searchbot@anthropic.com)"
45.56.135.232 - - [02/Aug/2026:20:57:19 -0300] "GET / HTTP/1.1" 404 6779 "-" "Mozilla/5.0 (X11; Linux i686; rv:109.0) Gecko/20100101 Firefox/120.0"
129.121.49.162 - - [02/Aug/2026:20:59:25 -0300] "POST /wp-cron.php?doing_wp_cron=1785715165.8929901123046875000000 HTTP/1.1" 200 - "-" "WordPress/7.0.2; https://kohlsolucoes.com.br"
216.73.216.196 - - [02/Aug/2026:20:59:24 -0300] "GET /robots.txt HTTP/1.1" 301 - "-" "Mozilla/5.0 AppleWebKit/537.36 (KHTML, like Gecko; compatible; Claude-SearchBot/1.0; +searchbot@anthropic.com)"
216.73.216.196 - - [02/Aug/2026:20:59:26 -0300] "GET /sitemap.xml HTTP/1.1" 404 6801 "-" "Mozilla/5.0 AppleWebKit/537.36 (KHTML, like Gecko; compatible; Claude-SearchBot/1.0; +searchbot@anthropic.com)"
129.121.49.162 - - [02/Aug/2026:21:03:38 -0300] "POST /wp-cron.php?doing_wp_cron=1785715418.6073849201202392578125 HTTP/1.1" 200 - "-" "WordPress/7.0.2; https://kohlsolucoes.com.br"
2a09:bac3:891:274b::3ea:38 - - [02/Aug/2026:21:03:37 -0300] "GET / HTTP/1.1" 404 6779 "-" "Mozilla/5.0 (iPhone; CPU iPhone OS 18_7 like Mac OS X) AppleWebKit/605.1.15 (KHTML, like Gecko) Version/26.5.2 Mobile/15E148 Safari/604.1"
2a09:bac2:891:1323::1e8:5a - - [02/Aug/2026:21:03:38 -0300] "GET /apple-touch-icon-120x120-precomposed.png HTTP/1.1" 404 6859 "-" "Mozilla/5.0 (iPhone; CPU iPhone OS 18_7 like Mac OS X) AppleWebKit/605.1.15 (KHTML, like Gecko) Safari"
2a09:bac2:891:1323::1e8:5a - - [02/Aug/2026:21:03:39 -0300] "GET /apple-touch-icon-120x120.png HTTP/1.1" 404 6835 "-" "Mozilla/5.0 (iPhone; CPU iPhone OS 18_7 like Mac OS X) AppleWebKit/605.1.15 (KHTML, like Gecko) Safari"
2a09:bac2:891:1323::1e8:5a - - [02/Aug/2026:21:03:39 -0300] "GET /apple-touch-icon-precomposed.png HTTP/1.1" 404 6843 "-" "Mozilla/5.0 (iPhone; CPU iPhone OS 18_7 like Mac OS X) AppleWebKit/605.1.15 (KHTML, like Gecko) Safari"
2a09:bac2:891:1323::1e8:5a - - [02/Aug/2026:21:03:39 -0300] "GET /apple-touch-icon.png HTTP/1.1" 404 6819 "-" "Mozilla/5.0 (iPhone; CPU iPhone OS 18_7 like Mac OS X) AppleWebKit/605.1.15 (KHTML, like Gecko) Safari"
2a09:bac2:891:1323::1e8:5a - - [02/Aug/2026:21:03:39 -0300] "GET /favicon.ico HTTP/1.1" 302 - "-" "Mozilla/5.0 (iPhone; CPU iPhone OS 18_7 like Mac OS X) AppleWebKit/605.1.15 (KHTML, like Gecko) Safari"
2a09:bac2:891:1323::1e8:5a - - [02/Aug/2026:21:03:39 -0300] "GET /wp-includes/images/w-logo-blue-white-bg.png HTTP/1.1" 304 - "-" "Mozilla/5.0 (iPhone; CPU iPhone OS 18_7 like Mac OS X) AppleWebKit/605.1.15 (KHTML, like Gecko) Safari"
2a09:bac3:891:274b::3ea:38 - - [02/Aug/2026:21:03:40 -0300] "GET / HTTP/1.1" 404 6779 "-" "Mozilla/5.0 (iPhone; CPU iPhone OS 18_7 like Mac OS X) AppleWebKit/605.1.15 (KHTML, like Gecko) Version/26.5.2 Mobile/15E148 Safari/604.1"
2a09:bac2:891:1323::1e8:5a - - [02/Aug/2026:21:03:40 -0300] "GET /apple-touch-icon-120x120-precomposed.png HTTP/1.1" 404 6859 "-" "Mozilla/5.0 (iPhone; CPU iPhone OS 18_7 like Mac OS X) AppleWebKit/605.1.15 (KHTML, like Gecko) Safari"
2a09:bac2:891:1323::1e8:5a - - [02/Aug/2026:21:03:40 -0300] "GET /apple-touch-icon-120x120.png HTTP/1.1" 404 6835 "-" "Mozilla/5.0 (iPhone; CPU iPhone OS 18_7 like Mac OS X) AppleWebKit/605.1.15 (KHTML, like Gecko) Safari"
2a09:bac2:891:1323::1e8:5a - - [02/Aug/2026:21:03:40 -0300] "GET /apple-touch-icon-precomposed.png HTTP/1.1" 404 6843 "-" "Mozilla/5.0 (iPhone; CPU iPhone OS 18_7 like Mac OS X) AppleWebKit/605.1.15 (KHTML, like Gecko) Safari"
2a09:bac2:891:1323::1e8:5a - - [02/Aug/2026:21:03:40 -0300] "GET /apple-touch-icon.png HTTP/1.1" 404 6819 "-" "Mozilla/5.0 (iPhone; CPU iPhone OS 18_7 like Mac OS X) AppleWebKit/605.1.15 (KHTML, like Gecko) Safari"
2a09:bac2:891:1323::1e8:5a - - [02/Aug/2026:21:03:40 -0300] "GET /favicon.ico HTTP/1.1" 302 - "-" "Mozilla/5.0 (iPhone; CPU iPhone OS 18_7 like Mac OS X) AppleWebKit/605.1.15 (KHTML, like Gecko) Safari"
148.113.130.45 - - [02/Aug/2026:22:01:17 -0300] "GET /wp-sitemap.xml HTTP/1.1" 301 - "-" "Mozilla/5.0 (compatible; AhrefsBot/7.0; +http://ahrefs.com/robot/)"
148.113.130.45 - - [02/Aug/2026:22:01:20 -0300] "GET /sitemap_index.xml HTTP/1.1" 404 6813 "-" "Mozilla/5.0 (compatible; AhrefsBot/7.0; +http://ahrefs.com/robot/)"
129.121.49.162 - - [02/Aug/2026:22:05:36 -0300] "POST /wp-cron.php?doing_wp_cron=1785719136.0127959251403808593750 HTTP/1.1" 200 - "-" "WordPress/7.0.2; https://kohlsolucoes.com.br"
192.178.4.132 - - [02/Aug/2026:22:05:34 -0300] "GET /robots.txt HTTP/1.1" 200 177 "-" "Mozilla/5.0 (compatible; Googlebot/2.1; +http://www.google.com/bot.html)"
129.121.49.162 - - [02/Aug/2026:22:18:46 -0300] "POST /wp-cron.php?doing_wp_cron=1785719926.3764159679412841796875 HTTP/1.1" 200 - "-" "WordPress/7.0.2; https://kohlsolucoes.com.br"
2a09:bac3:894:297d::422:6c - - [02/Aug/2026:22:18:45 -0300] "GET / HTTP/1.1" 404 6779 "-" "Mozilla/5.0 (iPhone; CPU iPhone OS 18_7 like Mac OS X) AppleWebKit/605.1.15 (KHTML, like Gecko) Version/26.5.2 Mobile/15E148 Safari/604.1"
2a09:bac3:892:305a::4d1:66 - - [02/Aug/2026:22:18:46 -0300] "GET /apple-touch-icon-120x120-precomposed.png HTTP/1.1" 404 6859 "-" "Mozilla/5.0 (iPhone; CPU iPhone OS 18_7 like Mac OS X) AppleWebKit/605.1.15 (KHTML, like Gecko) Safari"
2a09:bac3:892:305a::4d1:66 - - [02/Aug/2026:22:18:46 -0300] "GET /apple-touch-icon-120x120.png HTTP/1.1" 404 6835 "-" "Mozilla/5.0 (iPhone; CPU iPhone OS 18_7 like Mac OS X) AppleWebKit/605.1.15 (KHTML, like Gecko) Safari"
2a09:bac3:892:305a::4d1:66 - - [02/Aug/2026:22:18:47 -0300] "GET /apple-touch-icon-precomposed.png HTTP/1.1" 404 6843 "-" "Mozilla/5.0 (iPhone; CPU iPhone OS 18_7 like Mac OS X) AppleWebKit/605.1.15 (KHTML, like Gecko) Safari"
2a09:bac3:892:305a::4d1:66 - - [02/Aug/2026:22:18:47 -0300] "GET /apple-touch-icon.png HTTP/1.1" 404 6819 "-" "Mozilla/5.0 (iPhone; CPU iPhone OS 18_7 like Mac OS X) AppleWebKit/605.1.15 (KHTML, like Gecko) Safari"
2a09:bac3:892:305a::4d1:66 - - [02/Aug/2026:22:18:47 -0300] "GET /favicon.ico HTTP/1.1" 302 - "-" "Mozilla/5.0 (iPhone; CPU iPhone OS 18_7 like Mac OS X) AppleWebKit/605.1.15 (KHTML, like Gecko) Safari"
129.121.49.162 - - [02/Aug/2026:22:20:19 -0300] "POST /wp-cron.php?doing_wp_cron=1785720019.0398240089416503906250 HTTP/1.1" 200 - "-" "WordPress/7.0.2; https://kohlsolucoes.com.br"
2a09:bac3:894:297d::422:6c - - [02/Aug/2026:22:20:17 -0300] "GET / HTTP/1.1" 404 6779 "-" "Mozilla/5.0 (iPhone; CPU iPhone OS 18_7 like Mac OS X) AppleWebKit/605.1.15 (KHTML, like Gecko) Version/26.5.2 Mobile/15E148 Safari/604.1"
2a09:bac3:892:305a::4d1:66 - - [02/Aug/2026:22:20:19 -0300] "GET /apple-touch-icon-120x120-precomposed.png HTTP/1.1" 404 6859 "-" "Mozilla/5.0 (iPhone; CPU iPhone OS 18_7 like Mac OS X) AppleWebKit/605.1.15 (KHTML, like Gecko) Safari"
2a09:bac3:892:305a::4d1:66 - - [02/Aug/2026:22:20:19 -0300] "GET /apple-touch-icon-120x120.png HTTP/1.1" 404 6835 "-" "Mozilla/5.0 (iPhone; CPU iPhone OS 18_7 like Mac OS X) AppleWebKit/605.1.15 (KHTML, like Gecko) Safari"
2a09:bac3:892:305a::4d1:66 - - [02/Aug/2026:22:20:19 -0300] "GET /apple-touch-icon-precomposed.png HTTP/1.1" 404 6843 "-" "Mozilla/5.0 (iPhone; CPU iPhone OS 18_7 like Mac OS X) AppleWebKit/605.1.15 (KHTML, like Gecko) Safari"
2a09:bac3:892:305a::4d1:66 - - [02/Aug/2026:22:20:19 -0300] "GET /apple-touch-icon.png HTTP/1.1" 404 6819 "-" "Mozilla/5.0 (iPhone; CPU iPhone OS 18_7 like Mac OS X) AppleWebKit/605.1.15 (KHTML, like Gecko) Safari"
2a09:bac3:892:305a::4d1:66 - - [02/Aug/2026:22:20:19 -0300] "GET /favicon.ico HTTP/1.1" 302 - "-" "Mozilla/5.0 (iPhone; CPU iPhone OS 18_7 like Mac OS X) AppleWebKit/605.1.15 (KHTML, like Gecko) Safari"
129.121.49.162 - - [02/Aug/2026:22:47:17 -0300] "POST /wp-cron.php?doing_wp_cron=1785721637.6198799610137939453125 HTTP/1.1" 200 - "-" "WordPress/7.0.2; https://kohlsolucoes.com.br"
165.245.182.21 - - [02/Aug/2026:22:47:16 -0300] "GET /administrator/ HTTP/1.1" 404 6807 "-" "Mozilla/5.0 (Windows NT 10.0; Win64; x64) Gecko/20100101 Firefox/120.0.1"
54.161.230.166 - - [02/Aug/2026:23:03:59 -0300] "GET / HTTP/1.1" 404 6779 "-" "Mozilla/5.0 (Windows NT 10.0; Win64; x64) AppleWebKit/537.36 (KHTML, like Gecko) Chrome/133.0.0.0 Safari/537.36"
129.121.49.162 - - [02/Aug/2026:23:31:57 -0300] "POST /wp-cron.php?doing_wp_cron=1785724316.9864990711212158203125 HTTP/1.1" 200 - "-" "WordPress/7.0.2; https://kohlsolucoes.com.br"
51.222.168.101 - - [02/Aug/2026:23:31:55 -0300] "GET /wp-sitemap.xml HTTP/1.1" 301 - "-" "Mozilla/5.0 (compatible; AhrefsBot/7.0; +http://ahrefs.com/robot/)"
51.222.168.101 - - [02/Aug/2026:23:31:57 -0300] "GET /sitemap_index.xml HTTP/1.1" 404 6813 "-" "Mozilla/5.0 (compatible; AhrefsBot/7.0; +http://ahrefs.com/robot/)"
129.121.49.162 - - [03/Aug/2026:00:03:59 -0300] "POST /wp-cron.php?doing_wp_cron=1785726239.7113909721374511718750 HTTP/1.1" 200 - "-" "WordPress/7.0.2; https://kohlsolucoes.com.br"
216.73.216.231 - - [03/Aug/2026:00:03:58 -0300] "GET /robots.txt HTTP/1.1" 301 - "-" "Mozilla/5.0 AppleWebKit/537.36 (KHTML, like Gecko; compatible; ClaudeBot/1.0; +claudebot@anthropic.com)"
129.121.49.162 - - [03/Aug/2026:00:10:09 -0300] "POST /wp-cron.php?doing_wp_cron=1785726609.1564199924468994140625 HTTP/1.1" 200 - "-" "WordPress/7.0.2; https://kohlsolucoes.com.br"
216.73.216.196 - - [03/Aug/2026:00:10:07 -0300] "GET /sitemap.xml HTTP/1.1" 404 6801 "-" "Mozilla/5.0 AppleWebKit/537.36 (KHTML, like Gecko; compatible; Claude-SearchBot/1.0; +searchbot@anthropic.com)"
129.121.49.162 - - [03/Aug/2026:00:11:37 -0300] "POST /wp-cron.php?doing_wp_cron=1785726697.8483760356903076171875 HTTP/1.1" 200 - "-" "WordPress/7.0.2; https://kohlsolucoes.com.br"
216.73.216.231 - - [03/Aug/2026:00:11:36 -0300] "GET /robots.txt HTTP/1.1" 200 177 "-" "Mozilla/5.0 AppleWebKit/537.36 (KHTML, like Gecko; compatible; ClaudeBot/1.0; +claudebot@anthropic.com)"
129.121.49.162 - - [03/Aug/2026:00:14:25 -0300] "POST /wp-cron.php?doing_wp_cron=1785726865.8038890361785888671875 HTTP/1.1" 200 - "-" "WordPress/7.0.2; https://kohlsolucoes.com.br"
3.151.194.164 - - [03/Aug/2026:00:14:24 -0300] "GET / HTTP/1.1" 404 6779 "-" "visionheight.com/scan Mozilla/5.0 (Macintosh; Intel Mac OS X 10_15_7) Chrome/126.0.0.0 Safari/537.36"
129.121.49.162 - - [03/Aug/2026:00:21:06 -0300] "POST /wp-cron.php?doing_wp_cron=1785727266.4948110580444335937500 HTTP/1.1" 200 - "-" "WordPress/7.0.2; https://kohlsolucoes.com.br"
216.73.216.196 - - [03/Aug/2026:00:21:05 -0300] "GET /sitemap_index.xml HTTP/1.1" 404 6813 "-" "Mozilla/5.0 AppleWebKit/537.36 (KHTML, like Gecko; compatible; Claude-SearchBot/1.0; +searchbot@anthropic.com)"
129.121.49.162 - - [03/Aug/2026:00:41:09 -0300] "POST /wp-cron.php?doing_wp_cron=1785728469.3799140453338623046875 HTTP/1.1" 200 - "-" "WordPress/7.0.2; https://kohlsolucoes.com.br"
157.143.3.35 - - [03/Aug/2026:00:41:08 -0300] "GET / HTTP/1.1" 404 6779 "-" "Mozilla/5.0 (Linux; Android 6.0; Nexus 5 Build/MRA58N) AppleWebKit/537.36 (KHTML, like Gecko) Chrome/130.0.0.0 Mobile Safari/537.36"
157.143.3.35 - - [03/Aug/2026:00:48:04 -0300] "GET / HTTP/1.1" 200 12433 "-" "Mozilla/5.0 (Linux; Android 6.0; Nexus 5 Build/MRA58N) AppleWebKit/537.36 (KHTML, like Gecko) Chrome/130.0.0.0 Mobile Safari/537.36"
157.143.3.35 - - [03/Aug/2026:00:48:04 -0300] "GET /robots.txt HTTP/1.1" 200 26 "-" "Mozilla/5.0 (Linux; Android 6.0; Nexus 5 Build/MRA58N) AppleWebKit/537.36 (KHTML, like Gecko) Chrome/130.0.0.0 Mobile Safari/537.36"
157.143.3.35 - - [03/Aug/2026:00:48:04 -0300] "GET /assets/js/auth.js HTTP/1.1" 404 3420 "-" "Mozilla/5.0 (Linux; Android 6.0; Nexus 5 Build/MRA58N) AppleWebKit/537.36 (KHTML, like Gecko) Chrome/130.0.0.0 Mobile Safari/537.36"
157.143.3.35 - - [03/Aug/2026:00:48:05 -0300] "GET /cPanel_magic_revision_1460573724/unprotected/cpanel/images/cpanel-logo.svg HTTP/1.1" 200 2632 "-" "Mozilla/5.0 (Linux; Android 6.0; Nexus 5 Build/MRA58N) AppleWebKit/537.36 (KHTML, like Gecko) Chrome/130.0.0.0 Mobile Safari/537.36"
157.143.3.35 - - [03/Aug/2026:00:48:05 -0300] "GET /static/style/sys_files/index.js HTTP/1.1" 308 116 "-" "Mozilla/5.0 (Linux; Android 6.0; Nexus 5 Build/MRA58N) AppleWebKit/537.36 (KHTML, like Gecko) Chrome/130.0.0.0 Mobile Safari/537.36"
157.143.3.35 - - [03/Aug/2026:00:48:05 -0300] "GET /static/style/sys_files/index.js HTTP/1.1" 404 3420 "https://cpanel.kohlsolucoes.com.br/static/style/sys_files/index.js" "Mozilla/5.0 (Linux; Android 6.0; Nexus 5 Build/MRA58N) AppleWebKit/537.36 (KHTML, like Gecko) Chrome/130.0.0.0 Mobile Safari/537.36"
157.143.3.35 - - [03/Aug/2026:00:48:05 -0300] "GET /cPanel_magic_revision_1776242515/unprotected/cpanel/style_v2_optimized.css HTTP/1.1" 200 33206 "-" "Mozilla/5.0 (Linux; Android 6.0; Nexus 5 Build/MRA58N) AppleWebKit/537.36 (KHTML, like Gecko) Chrome/130.0.0.0 Mobile Safari/537.36"
157.143.3.35 - - [03/Aug/2026:00:48:07 -0300] "GET /bot-connect.js HTTP/1.1" 308 99 "-" "Mozilla/5.0 (Linux; Android 6.0; Nexus 5 Build/MRA58N) AppleWebKit/537.36 (KHTML, like Gecko) Chrome/130.0.0.0 Mobile Safari/537.36"
157.143.3.35 - - [03/Aug/2026:00:48:07 -0300] "GET /bot-connect.js HTTP/1.1" 404 3420 "https://cpanel.kohlsolucoes.com.br/bot-connect.js" "Mozilla/5.0 (Linux; Android 6.0; Nexus 5 Build/MRA58N) AppleWebKit/537.36 (KHTML, like Gecko) Chrome/130.0.0.0 Mobile Safari/537.36"
157.143.3.35 - - [03/Aug/2026:00:48:07 -0300] "GET /cPanel_magic_revision_1739247148/unprotected/cpanel/images/notice-error.png HTTP/1.1" 200 1026 "-" "Mozilla/5.0 (Linux; Android 6.0; Nexus 5 Build/MRA58N) AppleWebKit/537.36 (KHTML, like Gecko) Chrome/130.0.0.0 Mobile Safari/537.36"
157.143.3.35 - - [03/Aug/2026:00:48:07 -0300] "GET /js/lkk_ch.js HTTP/1.1" 308 97 "-" "Mozilla/5.0 (Linux; Android 6.0; Nexus 5 Build/MRA58N) AppleWebKit/537.36 (KHTML, like Gecko) Chrome/130.0.0.0 Mobile Safari/537.36"
157.143.3.35 - - [03/Aug/2026:00:48:07 -0300] "GET /js/lkk_ch.js HTTP/1.1" 404 3420 "https://cpanel.kohlsolucoes.com.br/js/lkk_ch.js" "Mozilla/5.0 (Linux; Android 6.0; Nexus 5 Build/MRA58N) AppleWebKit/537.36 (KHTML, like Gecko) Chrome/130.0.0.0 Mobile Safari/537.36"
157.143.3.35 - - [03/Aug/2026:00:48:08 -0300] "GET /assets/js/qr_modal.js HTTP/1.1" 404 3420 "-" "Mozilla/5.0 (Linux; Android 6.0; Nexus 5 Build/MRA58N) AppleWebKit/537.36 (KHTML, like Gecko) Chrome/130.0.0.0 Mobile Safari/537.36"
157.143.3.35 - - [03/Aug/2026:00:48:08 -0300] "GET /assets/js/message.js HTTP/1.1" 404 3420 "-" "Mozilla/5.0 (Linux; Android 6.0; Nexus 5 Build/MRA58N) AppleWebKit/537.36 (KHTML, like Gecko) Chrome/130.0.0.0 Mobile Safari/537.36"
157.143.3.35 - - [03/Aug/2026:00:48:08 -0300] "GET /css/support_parent.css HTTP/1.1" 404 3420 "-" "Mozilla/5.0 (Linux; Android 6.0; Nexus 5 Build/MRA58N) AppleWebKit/537.36 (KHTML, like Gecko) Chrome/130.0.0.0 Mobile Safari/537.36"
157.143.3.35 - - [03/Aug/2026:00:48:08 -0300] "GET /static/style/protect/index.js HTTP/1.1" 404 3420 "-" "Mozilla/5.0 (Linux; Android 6.0; Nexus 5 Build/MRA58N) AppleWebKit/537.36 (KHTML, like Gecko) Chrome/130.0.0.0 Mobile Safari/537.36"
157.143.3.35 - - [03/Aug/2026:00:48:09 -0300] "GET /js/twint_ch.js HTTP/1.1" 404 3420 "-" "Mozilla/5.0 (Linux; Android 6.0; Nexus 5 Build/MRA58N) AppleWebKit/537.36 (KHTML, like Gecko) Chrome/130.0.0.0 Mobile Safari/537.36"
157.143.3.35 - - [03/Aug/2026:00:48:09 -0300] "GET /js/antibot-client.js HTTP/1.1" 404 3420 "-" "Mozilla/5.0 (Linux; Android 6.0; Nexus 5 Build/MRA58N) AppleWebKit/537.36 (KHTML, like Gecko) Chrome/130.0.0.0 Mobile Safari/537.36"
157.143.3.35 - - [03/Aug/2026:00:48:09 -0300] "GET /cPanel_magic_revision_1748449569/unprotected/cpanel/fonts/open_sans/open_sans.min.css HTTP/1.1" 200 522 "-" "Mozilla/5.0 (Linux; Android 6.0; Nexus 5 Build/MRA58N) AppleWebKit/537.36 (KHTML, like Gecko) Chrome/130.0.0.0 Mobile Safari/537.36"
157.143.3.35 - - [03/Aug/2026:00:48:09 -0300] "GET /licensor.js HTTP/1.1" 308 96 "-" "Mozilla/5.0 (Linux; Android 6.0; Nexus 5 Build/MRA58N) AppleWebKit/537.36 (KHTML, like Gecko) Chrome/130.0.0.0 Mobile Safari/537.36"
157.143.3.35 - - [03/Aug/2026:00:48:09 -0300] "GET /licensor.js HTTP/1.1" 404 3420 "https://cpanel.kohlsolucoes.com.br/licensor.js" "Mozilla/5.0 (Linux; Android 6.0; Nexus 5 Build/MRA58N) AppleWebKit/537.36 (KHTML, like Gecko) Chrome/130.0.0.0 Mobile Safari/537.36"
129.121.49.162 - - [03/Aug/2026:00:53:05 -0300] "POST /wp-cron.php?doing_wp_cron=1785729185.1874139308929443359375 HTTP/1.1" 200 - "-" "WordPress/7.0.2; https://kohlsolucoes.com.br"
216.73.216.196 - - [03/Aug/2026:00:53:03 -0300] "GET /sitemap_index.xml HTTP/1.1" 404 6813 "-" "Mozilla/5.0 AppleWebKit/537.36 (KHTML, like Gecko; compatible; Claude-SearchBot/1.0; +searchbot@anthropic.com)"
34.176.125.83 - - [03/Aug/2026:00:54:45 -0300] "GET /storage/logs/laravel.log HTTP/1.1" 404 6827 "-" "crusader-worker/1.0"
34.176.125.83 - - [03/Aug/2026:00:54:45 -0300] "GET /actuator/env HTTP/1.1" 404 6803 "-" "crusader-worker/1.0"
34.176.125.83 - - [03/Aug/2026:00:54:45 -0300] "GET /crusader-404-probe HTTP/1.1" 404 6815 "-" "crusader-worker/1.0"
34.176.125.83 - - [03/Aug/2026:00:54:45 -0300] "GET /actuator/configprops HTTP/1.1" 404 6819 "-" "crusader-worker/1.0"
129.121.49.162 - - [03/Aug/2026:00:54:46 -0300] "POST /wp-cron.php?doing_wp_cron=1785729286.1678860187530517578125 HTTP/1.1" 200 - "-" "WordPress/7.0.2; https://kohlsolucoes.com.br"
129.121.49.162 - - [03/Aug/2026:00:54:46 -0300] "POST /wp-cron.php?doing_wp_cron=1785729286.1678268909454345703125 HTTP/1.1" 200 - "-" "WordPress/7.0.2; https://kohlsolucoes.com.br"
34.176.125.83 - - [03/Aug/2026:00:54:45 -0300] "GET /env HTTP/1.1" 404 6785 "-" "crusader-worker/1.0"
34.176.125.83 - - [03/Aug/2026:00:54:45 -0300] "GET /_ignition/health-check HTTP/1.1" 404 6823 "-" "crusader-worker/1.0"
34.176.125.83 - - [03/Aug/2026:00:54:50 -0300] "GET /.ENV HTTP/1.1" 404 6787 "-" "crusader-worker/1.0"
34.176.125.83 - - [03/Aug/2026:00:54:50 -0300] "GET / HTTP/1.1" 404 6779 "-" "crusader-worker/1.0"
157.143.3.35 - - [03/Aug/2026:00:55:00 -0300] "GET / HTTP/1.1" 401 53 "-" "Mozilla/5.0 (Linux; Android 6.0; Nexus 5 Build/MRA58N) AppleWebKit/537.36 (KHTML, like Gecko) Chrome/130.0.0.0 Mobile Safari/537.36"
157.143.3.35 - - [03/Aug/2026:00:55:00 -0300] "GET /css/support_parent.css HTTP/1.1" 401 53 "-" "Mozilla/5.0 (Linux; Android 6.0; Nexus 5 Build/MRA58N) AppleWebKit/537.36 (KHTML, like Gecko) Chrome/130.0.0.0 Mobile Safari/537.36"
157.143.3.35 - - [03/Aug/2026:00:55:01 -0300] "GET /static/style/sys_files/index.js HTTP/1.1" 401 53 "-" "Mozilla/5.0 (Linux; Android 6.0; Nexus 5 Build/MRA58N) AppleWebKit/537.36 (KHTML, like Gecko) Chrome/130.0.0.0 Mobile Safari/537.36"
157.143.3.35 - - [03/Aug/2026:00:55:01 -0300] "GET /assets/js/auth.js HTTP/1.1" 401 53 "-" "Mozilla/5.0 (Linux; Android 6.0; Nexus 5 Build/MRA58N) AppleWebKit/537.36 (KHTML, like Gecko) Chrome/130.0.0.0 Mobile Safari/537.36"
157.143.3.35 - - [03/Aug/2026:00:55:01 -0300] "GET /assets/js/message.js HTTP/1.1" 401 53 "-" "Mozilla/5.0 (Linux; Android 6.0; Nexus 5 Build/MRA58N) AppleWebKit/537.36 (KHTML, like Gecko) Chrome/130.0.0.0 Mobile Safari/537.36"
157.143.3.35 - - [03/Aug/2026:00:55:01 -0300] "GET /js/twint_ch.js HTTP/1.1" 401 53 "-" "Mozilla/5.0 (Linux; Android 6.0; Nexus 5 Build/MRA58N) AppleWebKit/537.36 (KHTML, like Gecko) Chrome/130.0.0.0 Mobile Safari/537.36"
157.143.3.35 - - [03/Aug/2026:00:55:01 -0300] "GET /assets/js/qr_modal.js HTTP/1.1" 401 53 "-" "Mozilla/5.0 (Linux; Android 6.0; Nexus 5 Build/MRA58N) AppleWebKit/537.36 (KHTML, like Gecko) Chrome/130.0.0.0 Mobile Safari/537.36"
157.143.3.35 - - [03/Aug/2026:00:55:02 -0300] "GET /js/lkk_ch.js HTTP/1.1" 401 53 "-" "Mozilla/5.0 (Linux; Android 6.0; Nexus 5 Build/MRA58N) AppleWebKit/537.36 (KHTML, like Gecko) Chrome/130.0.0.0 Mobile Safari/537.36"
157.143.3.35 - - [03/Aug/2026:00:55:02 -0300] "GET /bot-connect.js HTTP/1.1" 401 53 "-" "Mozilla/5.0 (Linux; Android 6.0; Nexus 5 Build/MRA58N) AppleWebKit/537.36 (KHTML, like Gecko) Chrome/130.0.0.0 Mobile Safari/537.36"
157.143.3.35 - - [03/Aug/2026:00:55:02 -0300] "GET /js/antibot-client.js HTTP/1.1" 401 53 "-" "Mozilla/5.0 (Linux; Android 6.0; Nexus 5 Build/MRA58N) AppleWebKit/537.36 (KHTML, like Gecko) Chrome/130.0.0.0 Mobile Safari/537.36"
157.143.3.35 - - [03/Aug/2026:00:55:02 -0300] "GET /static/style/protect/index.js HTTP/1.1" 401 53 "-" "Mozilla/5.0 (Linux; Android 6.0; Nexus 5 Build/MRA58N) AppleWebKit/537.36 (KHTML, like Gecko) Chrome/130.0.0.0 Mobile Safari/537.36"
157.143.3.35 - - [03/Aug/2026:00:55:03 -0300] "GET /licensor.js HTTP/1.1" 401 53 "-" "Mozilla/5.0 (Linux; Android 6.0; Nexus 5 Build/MRA58N) AppleWebKit/537.36 (KHTML, like Gecko) Chrome/130.0.0.0 Mobile Safari/537.36"
157.143.3.35 - - [03/Aug/2026:00:55:03 -0300] "GET /robots.txt HTTP/1.1" 401 53 "-" "Mozilla/5.0 (Linux; Android 6.0; Nexus 5 Build/MRA58N) AppleWebKit/537.36 (KHTML, like Gecko) Chrome/130.0.0.0 Mobile Safari/537.36"
157.143.3.35 - - [03/Aug/2026:00:55:32 -0300] "GET / HTTP/1.1" 401 53 "-" "Mozilla/5.0 (Linux; Android 6.0; Nexus 5 Build/MRA58N) AppleWebKit/537.36 (KHTML, like Gecko) Chrome/130.0.0.0 Mobile Safari/537.36"
157.143.3.35 - - [03/Aug/2026:00:55:32 -0300] "GET /static/style/protect/index.js HTTP/1.1" 401 53 "-" "Mozilla/5.0 (Linux; Android 6.0; Nexus 5 Build/MRA58N) AppleWebKit/537.36 (KHTML, like Gecko) Chrome/130.0.0.0 Mobile Safari/537.36"
157.143.3.35 - - [03/Aug/2026:00:55:32 -0300] "GET /js/antibot-client.js HTTP/1.1" 401 53 "-" "Mozilla/5.0 (Linux; Android 6.0; Nexus 5 Build/MRA58N) AppleWebKit/537.36 (KHTML, like Gecko) Chrome/130.0.0.0 Mobile Safari/537.36"
157.143.3.35 - - [03/Aug/2026:00:55:32 -0300] "GET /bot-connect.js HTTP/1.1" 401 53 "-" "Mozilla/5.0 (Linux; Android 6.0; Nexus 5 Build/MRA58N) AppleWebKit/537.36 (KHTML, like Gecko) Chrome/130.0.0.0 Mobile Safari/537.36"
157.143.3.35 - - [03/Aug/2026:00:55:33 -0300] "GET /assets/js/auth.js HTTP/1.1" 401 53 "-" "Mozilla/5.0 (Linux; Android 6.0; Nexus 5 Build/MRA58N) AppleWebKit/537.36 (KHTML, like Gecko) Chrome/130.0.0.0 Mobile Safari/537.36"
157.143.3.35 - - [03/Aug/2026:00:55:33 -0300] "GET /js/lkk_ch.js HTTP/1.1" 401 53 "-" "Mozilla/5.0 (Linux; Android 6.0; Nexus 5 Build/MRA58N) AppleWebKit/537.36 (KHTML, like Gecko) Chrome/130.0.0.0 Mobile Safari/537.36"
157.143.3.35 - - [03/Aug/2026:00:55:33 -0300] "GET /assets/js/message.js HTTP/1.1" 401 53 "-" "Mozilla/5.0 (Linux; Android 6.0; Nexus 5 Build/MRA58N) AppleWebKit/537.36 (KHTML, like Gecko) Chrome/130.0.0.0 Mobile Safari/537.36"
157.143.3.35 - - [03/Aug/2026:00:55:33 -0300] "GET /licensor.js HTTP/1.1" 401 53 "-" "Mozilla/5.0 (Linux; Android 6.0; Nexus 5 Build/MRA58N) AppleWebKit/537.36 (KHTML, like Gecko) Chrome/130.0.0.0 Mobile Safari/537.36"
157.143.3.35 - - [03/Aug/2026:00:55:34 -0300] "GET /robots.txt HTTP/1.1" 401 53 "-" "Mozilla/5.0 (Linux; Android 6.0; Nexus 5 Build/MRA58N) AppleWebKit/537.36 (KHTML, like Gecko) Chrome/130.0.0.0 Mobile Safari/537.36"
157.143.3.35 - - [03/Aug/2026:00:55:34 -0300] "GET /js/twint_ch.js HTTP/1.1" 401 53 "-" "Mozilla/5.0 (Linux; Android 6.0; Nexus 5 Build/MRA58N) AppleWebKit/537.36 (KHTML, like Gecko) Chrome/130.0.0.0 Mobile Safari/537.36"
157.143.3.35 - - [03/Aug/2026:00:55:34 -0300] "GET /static/style/sys_files/index.js HTTP/1.1" 401 53 "-" "Mozilla/5.0 (Linux; Android 6.0; Nexus 5 Build/MRA58N) AppleWebKit/537.36 (KHTML, like Gecko) Chrome/130.0.0.0 Mobile Safari/537.36"
157.143.3.35 - - [03/Aug/2026:00:55:34 -0300] "GET /assets/js/qr_modal.js HTTP/1.1" 401 53 "-" "Mozilla/5.0 (Linux; Android 6.0; Nexus 5 Build/MRA58N) AppleWebKit/537.36 (KHTML, like Gecko) Chrome/130.0.0.0 Mobile Safari/537.36"
157.143.3.35 - - [03/Aug/2026:00:55:34 -0300] "GET /css/support_parent.css HTTP/1.1" 401 53 "-" "Mozilla/5.0 (Linux; Android 6.0; Nexus 5 Build/MRA58N) AppleWebKit/537.36 (KHTML, like Gecko) Chrome/130.0.0.0 Mobile Safari/537.36"
129.121.49.162 - - [03/Aug/2026:00:56:24 -0300] "POST /wp-cron.php?doing_wp_cron=1785729384.7081239223480224609375 HTTP/1.1" 200 - "-" "WordPress/7.0.2; https://kohlsolucoes.com.br"
157.143.3.35 - - [03/Aug/2026:00:56:23 -0300] "GET / HTTP/1.1" 404 6779 "-" "Mozilla/5.0 (Linux; Android 6.0; Nexus 5 Build/MRA58N) AppleWebKit/537.36 (KHTML, like Gecko) Chrome/130.0.0.0 Mobile Safari/537.36"
129.121.49.162 - - [03/Aug/2026:00:58:59 -0300] "POST /wp-cron.php?doing_wp_cron=1785729539.4804689884185791015625 HTTP/1.1" 200 - "-" "WordPress/7.0.2; https://kohlsolucoes.com.br"
54.39.210.57 - - [03/Aug/2026:00:58:58 -0300] "GET /wp-sitemap.xml HTTP/1.1" 301 - "-" "Mozilla/5.0 (compatible; AhrefsBot/7.0; +http://ahrefs.com/robot/)"
54.39.210.57 - - [03/Aug/2026:00:58:59 -0300] "GET /sitemap_index.xml HTTP/1.1" 404 6813 "-" "Mozilla/5.0 (compatible; AhrefsBot/7.0; +http://ahrefs.com/robot/)"
157.143.3.35 - - [03/Aug/2026:00:59:48 -0300] "GET / HTTP/1.1" 200 12437 "-" "Mozilla/5.0 (Linux; Android 6.0; Nexus 5 Build/MRA58N) AppleWebKit/537.36 (KHTML, like Gecko) Chrome/130.0.0.0 Mobile Safari/537.36"
157.143.3.35 - - [03/Aug/2026:00:59:49 -0300] "GET /js/twint_ch.js HTTP/1.1" 404 3423 "-" "Mozilla/5.0 (Linux; Android 6.0; Nexus 5 Build/MRA58N) AppleWebKit/537.36 (KHTML, like Gecko) Chrome/130.0.0.0 Mobile Safari/537.36"
157.143.3.35 - - [03/Aug/2026:00:59:49 -0300] "GET /js/antibot-client.js HTTP/1.1" 404 3423 "-" "Mozilla/5.0 (Linux; Android 6.0; Nexus 5 Build/MRA58N) AppleWebKit/537.36 (KHTML, like Gecko) Chrome/130.0.0.0 Mobile Safari/537.36"
157.143.3.35 - - [03/Aug/2026:00:59:49 -0300] "GET /css/support_parent.css HTTP/1.1" 404 3423 "-" "Mozilla/5.0 (Linux; Android 6.0; Nexus 5 Build/MRA58N) AppleWebKit/537.36 (KHTML, like Gecko) Chrome/130.0.0.0 Mobile Safari/537.36"
157.143.3.35 - - [03/Aug/2026:00:59:49 -0300] "GET /robots.txt HTTP/1.1" 200 26 "-" "Mozilla/5.0 (Linux; Android 6.0; Nexus 5 Build/MRA58N) AppleWebKit/537.36 (KHTML, like Gecko) Chrome/130.0.0.0 Mobile Safari/537.36"
157.143.3.35 - - [03/Aug/2026:00:59:50 -0300] "GET /static/style/protect/index.js HTTP/1.1" 404 3423 "-" "Mozilla/5.0 (Linux; Android 6.0; Nexus 5 Build/MRA58N) AppleWebKit/537.36 (KHTML, like Gecko) Chrome/130.0.0.0 Mobile Safari/537.36"
157.143.3.35 - - [03/Aug/2026:00:59:50 -0300] "GET /licensor.js HTTP/1.1" 404 3423 "-" "Mozilla/5.0 (Linux; Android 6.0; Nexus 5 Build/MRA58N) AppleWebKit/537.36 (KHTML, like Gecko) Chrome/130.0.0.0 Mobile Safari/537.36"
157.143.3.35 - - [03/Aug/2026:00:59:50 -0300] "GET /cPanel_magic_revision_1748449569/unprotected/cpanel/fonts/open_sans/open_sans.min.css HTTP/1.1" 200 522 "-" "Mozilla/5.0 (Linux; Android 6.0; Nexus 5 Build/MRA58N) AppleWebKit/537.36 (KHTML, like Gecko) Chrome/130.0.0.0 Mobile Safari/537.36"
157.143.3.35 - - [03/Aug/2026:00:59:50 -0300] "GET /assets/js/message.js HTTP/1.1" 308 105 "-" "Mozilla/5.0 (Linux; Android 6.0; Nexus 5 Build/MRA58N) AppleWebKit/537.36 (KHTML, like Gecko) Chrome/130.0.0.0 Mobile Safari/537.36"
157.143.3.35 - - [03/Aug/2026:00:59:50 -0300] "GET /assets/js/message.js HTTP/1.1" 404 3423 "https://webmail.kohlsolucoes.com.br/assets/js/message.js" "Mozilla/5.0 (Linux; Android 6.0; Nexus 5 Build/MRA58N) AppleWebKit/537.36 (KHTML, like Gecko) Chrome/130.0.0.0 Mobile Safari/537.36"
157.143.3.35 - - [03/Aug/2026:00:59:51 -0300] "GET /assets/js/auth.js HTTP/1.1" 404 3423 "-" "Mozilla/5.0 (Linux; Android 6.0; Nexus 5 Build/MRA58N) AppleWebKit/537.36 (KHTML, like Gecko) Chrome/130.0.0.0 Mobile Safari/537.36"
157.143.3.35 - - [03/Aug/2026:00:59:51 -0300] "GET /cPanel_magic_revision_1739247148/unprotected/cpanel/images/notice-error.png HTTP/1.1" 200 1026 "-" "Mozilla/5.0 (Linux; Android 6.0; Nexus 5 Build/MRA58N) AppleWebKit/537.36 (KHTML, like Gecko) Chrome/130.0.0.0 Mobile Safari/537.36"
157.143.3.35 - - [03/Aug/2026:00:59:51 -0300] "GET /cPanel_magic_revision_1776242515/unprotected/cpanel/style_v2_optimized.css HTTP/1.1" 200 33206 "-" "Mozilla/5.0 (Linux; Android 6.0; Nexus 5 Build/MRA58N) AppleWebKit/537.36 (KHTML, like Gecko) Chrome/130.0.0.0 Mobile Safari/537.36"
157.143.3.35 - - [03/Aug/2026:00:59:52 -0300] "GET /assets/js/qr_modal.js HTTP/1.1" 308 106 "-" "Mozilla/5.0 (Linux; Android 6.0; Nexus 5 Build/MRA58N) AppleWebKit/537.36 (KHTML, like Gecko) Chrome/130.0.0.0 Mobile Safari/537.36"
157.143.3.35 - - [03/Aug/2026:00:59:52 -0300] "GET /assets/js/qr_modal.js HTTP/1.1" 404 3423 "https://webmail.kohlsolucoes.com.br/assets/js/qr_modal.js" "Mozilla/5.0 (Linux; Android 6.0; Nexus 5 Build/MRA58N) AppleWebKit/537.36 (KHTML, like Gecko) Chrome/130.0.0.0 Mobile Safari/537.36"
157.143.3.35 - - [03/Aug/2026:00:59:52 -0300] "GET /js/lkk_ch.js HTTP/1.1" 404 3423 "-" "Mozilla/5.0 (Linux; Android 6.0; Nexus 5 Build/MRA58N) AppleWebKit/537.36 (KHTML, like Gecko) Chrome/130.0.0.0 Mobile Safari/537.36"
157.143.3.35 - - [03/Aug/2026:00:59:52 -0300] "GET /static/style/sys_files/index.js HTTP/1.1" 404 3423 "-" "Mozilla/5.0 (Linux; Android 6.0; Nexus 5 Build/MRA58N) AppleWebKit/537.36 (KHTML, like Gecko) Chrome/130.0.0.0 Mobile Safari/537.36"
157.143.3.35 - - [03/Aug/2026:00:59:52 -0300] "GET /bot-connect.js HTTP/1.1" 404 3423 "-" "Mozilla/5.0 (Linux; Android 6.0; Nexus 5 Build/MRA58N) AppleWebKit/537.36 (KHTML, like Gecko) Chrome/130.0.0.0 Mobile Safari/537.36"
157.143.3.35 - - [03/Aug/2026:00:59:53 -0300] "GET /cPanel_magic_revision_1460573724/unprotected/cpanel/images/webmail-logo.svg HTTP/1.1" 200 2399 "-" "Mozilla/5.0 (Linux; Android 6.0; Nexus 5 Build/MRA58N) AppleWebKit/537.36 (KHTML, like Gecko) Chrome/130.0.0.0 Mobile Safari/537.36"