File: /home/kohlsol/access-logs/kohlsolucoes.com.br-ssl_log
129.121.49.162 - - [02/Aug/2026:09:01:05 -0300] "POST /wp-cron.php?doing_wp_cron=1785672065.7170860767364501953125 HTTP/1.1" 200 - "-" "WordPress/7.0.2; https://kohlsolucoes.com.br"
216.73.216.196 - - [02/Aug/2026:09:01:04 -0300] "GET /robots.txt HTTP/1.1" 301 - "-" "Mozilla/5.0 AppleWebKit/537.36 (KHTML, like Gecko; compatible; Claude-SearchBot/1.0; +searchbot@anthropic.com)"
216.73.216.196 - - [02/Aug/2026:09:01:06 -0300] "GET /sitemap.xml HTTP/1.1" 404 6801 "-" "Mozilla/5.0 AppleWebKit/537.36 (KHTML, like Gecko; compatible; Claude-SearchBot/1.0; +searchbot@anthropic.com)"
129.121.49.162 - - [02/Aug/2026:09:12:33 -0300] "POST /wp-cron.php?doing_wp_cron=1785672753.9230709075927734375000 HTTP/1.1" 200 - "-" "WordPress/7.0.2; https://kohlsolucoes.com.br"
2001:4ca0:108:42::24 - - [02/Aug/2026:09:12:32 -0300] "GET /robots.txt HTTP/1.1" 200 177 "-" "Mozilla/5.0 (Windows NT 10.0; Win64; x64) AppleWebKit/537.36 (KHTML, like Gecko) Chrome/103.0.5060.134 Safari/537.36"
129.121.49.162 - - [02/Aug/2026:09:19:40 -0300] "POST /wp-cron.php?doing_wp_cron=1785673180.6089980602264404296875 HTTP/1.1" 200 - "-" "WordPress/7.0.2; https://kohlsolucoes.com.br"
216.73.216.196 - - [02/Aug/2026:09:19:39 -0300] "GET /robots.txt HTTP/1.1" 200 177 "-" "Mozilla/5.0 AppleWebKit/537.36 (KHTML, like Gecko; compatible; Claude-SearchBot/1.0; +searchbot@anthropic.com)"
216.73.216.196 - - [02/Aug/2026:09:19:41 -0300] "GET /sitemap_index.xml HTTP/1.1" 404 6813 "-" "Mozilla/5.0 AppleWebKit/537.36 (KHTML, like Gecko; compatible; Claude-SearchBot/1.0; +searchbot@anthropic.com)"
129.121.49.162 - - [02/Aug/2026:09:31:48 -0300] "POST /wp-cron.php?doing_wp_cron=1785673908.9044749736785888671875 HTTP/1.1" 200 - "-" "WordPress/7.0.2; https://kohlsolucoes.com.br"
2a09:bac3:896:2e32::49a:48 - - [02/Aug/2026:09:31:47 -0300] "GET /.well-known/passkey-endpoints HTTP/1.1" 404 6837 "-" "com.apple.AuthenticationServicesCore.AuthenticationServicesAgent/8624.4.5.10.5 CFNetwork/3860.700.1 Darwin/25.6.0"
94.154.43.184 - - [02/Aug/2026:09:55:29 -0300] "GET /.env HTTP/1.1" 401 36 "-" "Mozilla/5.0 (Windows NT 10.0; Win64; x64) AppleWebKit/537.36 (KHTML, like Gecko) Chrome/147.0.0.0 Safari/537.36"
94.154.43.187 - - [02/Aug/2026:09:55:30 -0300] "GET /.env HTTP/1.1" 404 5815 "-" "Mozilla/5.0 (Windows NT 10.0; Win64; x64) AppleWebKit/537.36 (KHTML, like Gecko) Chrome/147.0.0.0 Safari/537.36"
94.154.43.188 - - [02/Aug/2026:09:55:29 -0300] "GET /.env HTTP/1.1" 401 36 "-" "Mozilla/5.0 (Windows NT 10.0; Win64; x64) AppleWebKit/537.36 (KHTML, like Gecko) Chrome/147.0.0.0 Safari/537.36"
94.154.43.229 - - [02/Aug/2026:09:55:30 -0300] "GET /.env HTTP/1.1" 401 36 "-" "Mozilla/5.0 (Windows NT 10.0; Win64; x64) AppleWebKit/537.36 (KHTML, like Gecko) Chrome/147.0.0.0 Safari/537.36"
94.154.43.188 - - [02/Aug/2026:09:55:30 -0300] "GET /.env HTTP/1.1" 404 5814 "-" "Mozilla/5.0 (Windows NT 10.0; Win64; x64) AppleWebKit/537.36 (KHTML, like Gecko) Chrome/147.0.0.0 Safari/537.36"
129.121.49.162 - - [02/Aug/2026:09:55:31 -0300] "POST /wp-cron.php?doing_wp_cron=1785675331.3188641071319580078125 HTTP/1.1" 200 - "-" "WordPress/7.0.2; https://kohlsolucoes.com.br"
94.154.43.188 - - [02/Aug/2026:09:55:29 -0300] "GET /.env HTTP/1.1" 404 6787 "-" "Mozilla/5.0 (Windows NT 10.0; Win64; x64) AppleWebKit/537.36 (KHTML, like Gecko) Chrome/147.0.0.0 Safari/537.36"
129.121.49.162 - - [02/Aug/2026:10:03:06 -0300] "POST /wp-cron.php?doing_wp_cron=1785675786.5368790626525878906250 HTTP/1.1" 200 - "-" "WordPress/7.0.2; https://kohlsolucoes.com.br"
54.39.0.98 - - [02/Aug/2026:10:03:05 -0300] "GET /wp-sitemap.xml HTTP/1.1" 301 - "-" "Mozilla/5.0 (compatible; AhrefsBot/7.0; +http://ahrefs.com/robot/)"
54.39.0.98 - - [02/Aug/2026:10:03:06 -0300] "GET /sitemap_index.xml HTTP/1.1" 404 6813 "-" "Mozilla/5.0 (compatible; AhrefsBot/7.0; +http://ahrefs.com/robot/)"
129.121.49.162 - - [02/Aug/2026:10:27:56 -0300] "POST /wp-cron.php?doing_wp_cron=1785677276.5092229843139648437500 HTTP/1.1" 200 - "-" "WordPress/7.0.2; https://kohlsolucoes.com.br"
207.46.13.229 - - [02/Aug/2026:10:27:55 -0300] "GET /robots.txt HTTP/1.1" 200 177 "-" "Mozilla/5.0 AppleWebKit/537.36 (KHTML, like Gecko; compatible; bingbot/2.0; +http://www.bing.com/bingbot.htm) Chrome/116.0.1938.76 Safari/537.36"
129.121.49.162 - - [02/Aug/2026:10:28:57 -0300] "POST /wp-cron.php?doing_wp_cron=1785677337.7665419578552246093750 HTTP/1.1" 200 - "-" "WordPress/7.0.2; https://kohlsolucoes.com.br"
216.73.216.196 - - [02/Aug/2026:10:28:56 -0300] "GET /sitemap_index.xml HTTP/1.1" 404 6813 "-" "Mozilla/5.0 AppleWebKit/537.36 (KHTML, like Gecko; compatible; Claude-SearchBot/1.0; +searchbot@anthropic.com)"
129.121.49.162 - - [02/Aug/2026:11:20:31 -0300] "POST /wp-cron.php?doing_wp_cron=1785680431.1991100311279296875000 HTTP/1.1" 200 - "-" "WordPress/7.0.2; https://kohlsolucoes.com.br"
198.235.24.22 - - [02/Aug/2026:11:20:29 -0300] "GET / HTTP/1.1" 404 6779 "-" "Hello from Palo Alto Networks, find out more about our scans in https://docs-cortex.paloaltonetworks.com/r/1/Cortex-Xpanse/Scanning-activity"
129.121.49.162 - - [02/Aug/2026:11:32:54 -0300] "POST /wp-cron.php?doing_wp_cron=1785681174.2366120815277099609375 HTTP/1.1" 200 - "-" "WordPress/7.0.2; https://kohlsolucoes.com.br"
51.161.37.173 - - [02/Aug/2026:11:32:52 -0300] "GET /robots.txt HTTP/1.1" 200 177 "-" "Mozilla/5.0 (compatible; AhrefsBot/7.0; +http://ahrefs.com/robot/)"
92.222.108.118 - - [02/Aug/2026:11:32:55 -0300] "GET /wp-sitemap.xml HTTP/1.1" 301 - "-" "Mozilla/5.0 (compatible; AhrefsBot/7.0; +http://ahrefs.com/robot/)"
92.222.108.118 - - [02/Aug/2026:11:32:56 -0300] "GET /sitemap_index.xml HTTP/1.1" 404 6813 "-" "Mozilla/5.0 (compatible; AhrefsBot/7.0; +http://ahrefs.com/robot/)"
129.121.49.162 - - [02/Aug/2026:12:07:19 -0300] "POST /wp-cron.php?doing_wp_cron=1785683239.3190479278564453125000 HTTP/1.1" 200 - "-" "WordPress/7.0.2; https://kohlsolucoes.com.br"
138.59.127.113 - - [02/Aug/2026:12:07:17 -0300] "GET / HTTP/1.1" 200 475980 "https://kohlsolucoes.com.br/checklist-lgpd/" "Mozilla/5.0 (Macintosh; Intel Mac OS X 10_15_7) AppleWebKit/605.1.15 (KHTML, like Gecko) Version/26.5.2 Safari/605.1.15"
138.59.127.113 - - [02/Aug/2026:12:07:19 -0300] "GET /wp-includes/css/dashicons.min.css?ver=7.0.2 HTTP/1.1" 304 - "https://kohlsolucoes.com.br/" "Mozilla/5.0 (Macintosh; Intel Mac OS X 10_15_7) AppleWebKit/605.1.15 (KHTML, like Gecko) Version/26.5.2 Safari/605.1.15"
138.59.127.113 - - [02/Aug/2026:12:07:19 -0300] "GET /wp-content/plugins/revslider/public/js/sr7.js?ver=6.7.34 HTTP/1.1" 304 - "https://kohlsolucoes.com.br/" "Mozilla/5.0 (Macintosh; Intel Mac OS X 10_15_7) AppleWebKit/605.1.15 (KHTML, like Gecko) Version/26.5.2 Safari/605.1.15"
138.59.127.113 - - [02/Aug/2026:12:07:19 -0300] "GET /wp-content/plugins/revslider/admin/assets/css/basics.css?ver=6.7.34 HTTP/1.1" 304 - "https://kohlsolucoes.com.br/" "Mozilla/5.0 (Macintosh; Intel Mac OS X 10_15_7) AppleWebKit/605.1.15 (KHTML, like Gecko) Version/26.5.2 Safari/605.1.15"
138.59.127.113 - - [02/Aug/2026:12:07:19 -0300] "GET /wp-content/plugins/ut-shortcodes/js/plugins/modernizr/modernizr.min.js?ver=2.6.2 HTTP/1.1" 304 - "https://kohlsolucoes.com.br/" "Mozilla/5.0 (Macintosh; Intel Mac OS X 10_15_7) AppleWebKit/605.1.15 (KHTML, like Gecko) Version/26.5.2 Safari/605.1.15"
138.59.127.113 - - [02/Aug/2026:12:07:19 -0300] "GET /wp-content/themes/brooklyn/css/ut.scodes.min.css?ver=7.0.2 HTTP/1.1" 304 - "https://kohlsolucoes.com.br/" "Mozilla/5.0 (Macintosh; Intel Mac OS X 10_15_7) AppleWebKit/605.1.15 (KHTML, like Gecko) Version/26.5.2 Safari/605.1.15"
138.59.127.113 - - [02/Aug/2026:12:07:19 -0300] "GET /wp-content/plugins/ut-shortcodes/js/ut.scplugin.min.js?ver=5.1.9 HTTP/1.1" 304 - "https://kohlsolucoes.com.br/" "Mozilla/5.0 (Macintosh; Intel Mac OS X 10_15_7) AppleWebKit/605.1.15 (KHTML, like Gecko) Version/26.5.2 Safari/605.1.15"
138.59.127.113 - - [02/Aug/2026:12:07:19 -0300] "GET /wp-content/plugins/revslider/admin/assets/css/ddTP.css?ver=6.7.34 HTTP/1.1" 304 - "https://kohlsolucoes.com.br/" "Mozilla/5.0 (Macintosh; Intel Mac OS X 10_15_7) AppleWebKit/605.1.15 (KHTML, like Gecko) Version/26.5.2 Safari/605.1.15"
138.59.127.113 - - [02/Aug/2026:12:07:19 -0300] "GET /wp-content/themes/brooklyn-child/style.css?ver=1785641765 HTTP/1.1" 304 - "https://kohlsolucoes.com.br/" "Mozilla/5.0 (Macintosh; Intel Mac OS X 10_15_7) AppleWebKit/605.1.15 (KHTML, like Gecko) Version/26.5.2 Safari/605.1.15"
138.59.127.113 - - [02/Aug/2026:12:07:19 -0300] "GET /wp-content/plugins/js_composer/assets/css/js_composer.min.css?ver=8.8.8 HTTP/1.1" 304 - "https://kohlsolucoes.com.br/" "Mozilla/5.0 (Macintosh; Intel Mac OS X 10_15_7) AppleWebKit/605.1.15 (KHTML, like Gecko) Version/26.5.2 Safari/605.1.15"
138.59.127.113 - - [02/Aug/2026:12:07:19 -0300] "GET /wp-content/plugins/revslider/admin/assets/css/tp-color-picker.css?ver=6.7.34 HTTP/1.1" 304 - "https://kohlsolucoes.com.br/" "Mozilla/5.0 (Macintosh; Intel Mac OS X 10_15_7) AppleWebKit/605.1.15 (KHTML, like Gecko) Version/26.5.2 Safari/605.1.15"
138.59.127.113 - - [02/Aug/2026:12:07:19 -0300] "GET /wp-includes/js/hoverintent-js.min.js?ver=2.2.1 HTTP/1.1" 304 - "https://kohlsolucoes.com.br/" "Mozilla/5.0 (Macintosh; Intel Mac OS X 10_15_7) AppleWebKit/605.1.15 (KHTML, like Gecko) Version/26.5.2 Safari/605.1.15"
138.59.127.113 - - [02/Aug/2026:12:07:19 -0300] "GET /wp-includes/js/jquery/jquery-migrate.min.js?ver=3.4.1 HTTP/1.1" 304 - "https://kohlsolucoes.com.br/" "Mozilla/5.0 (Macintosh; Intel Mac OS X 10_15_7) AppleWebKit/605.1.15 (KHTML, like Gecko) Version/26.5.2 Safari/605.1.15"
138.59.127.113 - - [02/Aug/2026:12:07:19 -0300] "GET /wp-content/plugins/maintenance//img/icon-transparent.png HTTP/1.1" 304 - "https://kohlsolucoes.com.br/" "Mozilla/5.0 (Macintosh; Intel Mac OS X 10_15_7) AppleWebKit/605.1.15 (KHTML, like Gecko) Version/26.5.2 Safari/605.1.15"
138.59.127.113 - - [02/Aug/2026:12:07:19 -0300] "GET /wp-content/themes/brooklyn/css/ut.theme.min.css?ver=4.9.9.5 HTTP/1.1" 304 - "https://kohlsolucoes.com.br/" "Mozilla/5.0 (Macintosh; Intel Mac OS X 10_15_7) AppleWebKit/605.1.15 (KHTML, like Gecko) Version/26.5.2 Safari/605.1.15"
138.59.127.113 - - [02/Aug/2026:12:07:19 -0300] "GET /wp-includes/css/admin-bar.min.css?ver=7.0.2 HTTP/1.1" 304 - "https://kohlsolucoes.com.br/" "Mozilla/5.0 (Macintosh; Intel Mac OS X 10_15_7) AppleWebKit/605.1.15 (KHTML, like Gecko) Version/26.5.2 Safari/605.1.15"
138.59.127.113 - - [02/Aug/2026:12:07:19 -0300] "GET /wp-content/plugins/revslider/public/css/sr7.css?ver=6.7.34 HTTP/1.1" 304 - "https://kohlsolucoes.com.br/" "Mozilla/5.0 (Macintosh; Intel Mac OS X 10_15_7) AppleWebKit/605.1.15 (KHTML, like Gecko) Version/26.5.2 Safari/605.1.15"
138.59.127.113 - - [02/Aug/2026:12:07:19 -0300] "GET /wp-content/themes/brooklyn/css/ut.core.fonts.min.css?ver=7.0.2 HTTP/1.1" 304 - "https://kohlsolucoes.com.br/" "Mozilla/5.0 (Macintosh; Intel Mac OS X 10_15_7) AppleWebKit/605.1.15 (KHTML, like Gecko) Version/26.5.2 Safari/605.1.15"
138.59.127.113 - - [02/Aug/2026:12:07:19 -0300] "GET /wp-includes/js/jquery/jquery.min.js?ver=3.7.1 HTTP/1.1" 304 - "https://kohlsolucoes.com.br/" "Mozilla/5.0 (Macintosh; Intel Mac OS X 10_15_7) AppleWebKit/605.1.15 (KHTML, like Gecko) Version/26.5.2 Safari/605.1.15"
138.59.127.113 - - [02/Aug/2026:12:07:19 -0300] "GET /wp-content/themes/brooklyn/js/ut-init.min.js?ver=4.9.9.5 HTTP/1.1" 304 - "https://kohlsolucoes.com.br/" "Mozilla/5.0 (Macintosh; Intel Mac OS X 10_15_7) AppleWebKit/605.1.15 (KHTML, like Gecko) Version/26.5.2 Safari/605.1.15"
138.59.127.113 - - [02/Aug/2026:12:07:19 -0300] "GET /wp-content/plugins/revslider/sr6/assets/fonts/material/material-icons.css?ver=6.7.34 HTTP/1.1" 304 - "https://kohlsolucoes.com.br/" "Mozilla/5.0 (Macintosh; Intel Mac OS X 10_15_7) AppleWebKit/605.1.15 (KHTML, like Gecko) Version/26.5.2 Safari/605.1.15"
138.59.127.113 - - [02/Aug/2026:12:07:19 -0300] "GET /wp-content/themes/brooklyn/css/ut.vc.min.css?ver=7.0.2 HTTP/1.1" 304 - "https://kohlsolucoes.com.br/" "Mozilla/5.0 (Macintosh; Intel Mac OS X 10_15_7) AppleWebKit/605.1.15 (KHTML, like Gecko) Version/26.5.2 Safari/605.1.15"
138.59.127.113 - - [02/Aug/2026:12:07:19 -0300] "GET /wp-content/plugins/revslider/admin/assets/css/builder.css?ver=6.7.34 HTTP/1.1" 304 - "https://kohlsolucoes.com.br/" "Mozilla/5.0 (Macintosh; Intel Mac OS X 10_15_7) AppleWebKit/605.1.15 (KHTML, like Gecko) Version/26.5.2 Safari/605.1.15"
138.59.127.113 - - [02/Aug/2026:12:07:19 -0300] "GET /wp-content/themes/brooklyn/css/ut.core.plugins.min.css?ver=7.0.2 HTTP/1.1" 304 - "https://kohlsolucoes.com.br/" "Mozilla/5.0 (Macintosh; Intel Mac OS X 10_15_7) AppleWebKit/605.1.15 (KHTML, like Gecko) Version/26.5.2 Safari/605.1.15"
138.59.127.113 - - [02/Aug/2026:12:07:19 -0300] "GET /wp-content/plugins/wordpress-seo/css/dist/adminbar-2720.css HTTP/1.1" 304 - "https://kohlsolucoes.com.br/" "Mozilla/5.0 (Macintosh; Intel Mac OS X 10_15_7) AppleWebKit/605.1.15 (KHTML, like Gecko) Version/26.5.2 Safari/605.1.15"
138.59.127.113 - - [02/Aug/2026:12:07:19 -0300] "GET /wp-content/plugins/revslider/public/js/libs/tptools.js?ver=6.7.34 HTTP/1.1" 304 - "https://kohlsolucoes.com.br/" "Mozilla/5.0 (Macintosh; Intel Mac OS X 10_15_7) AppleWebKit/605.1.15 (KHTML, like Gecko) Version/26.5.2 Safari/605.1.15"
138.59.127.113 - - [02/Aug/2026:12:07:19 -0300] "GET /wp-content/themes/brooklyn/images/default/bklyn-logo-dark.svg HTTP/1.1" 304 - "https://kohlsolucoes.com.br/" "Mozilla/5.0 (Macintosh; Intel Mac OS X 10_15_7) AppleWebKit/605.1.15 (KHTML, like Gecko) Version/26.5.2 Safari/605.1.15"
138.59.127.113 - - [02/Aug/2026:12:07:19 -0300] "GET /wp-content/themes/brooklyn/js/ut-scriptlibrary.min.js?ver=4.9.9.5 HTTP/1.1" 304 - "https://kohlsolucoes.com.br/" "Mozilla/5.0 (Macintosh; Intel Mac OS X 10_15_7) AppleWebKit/605.1.15 (KHTML, like Gecko) Version/26.5.2 Safari/605.1.15"
138.59.127.113 - - [02/Aug/2026:12:07:19 -0300] "GET /wp-includes/js/admin-bar.min.js?ver=7.0.2 HTTP/1.1" 304 - "https://kohlsolucoes.com.br/" "Mozilla/5.0 (Macintosh; Intel Mac OS X 10_15_7) AppleWebKit/605.1.15 (KHTML, like Gecko) Version/26.5.2 Safari/605.1.15"
138.59.127.113 - - [02/Aug/2026:12:07:19 -0300] "GET /wp-content/plugins/revslider/public/css/fonts/revicons/css/revicons.css HTTP/1.1" 304 - "https://kohlsolucoes.com.br/" "Mozilla/5.0 (Macintosh; Intel Mac OS X 10_15_7) AppleWebKit/605.1.15 (KHTML, like Gecko) Version/26.5.2 Safari/605.1.15"
138.59.127.113 - - [02/Aug/2026:12:07:19 -0300] "GET /wp-content/plugins/wpcode-premium/build/admin-bar.css?ver=c95624a69c80301272a0 HTTP/1.1" 304 - "https://kohlsolucoes.com.br/" "Mozilla/5.0 (Macintosh; Intel Mac OS X 10_15_7) AppleWebKit/605.1.15 (KHTML, like Gecko) Version/26.5.2 Safari/605.1.15"
138.59.127.113 - - [02/Aug/2026:12:07:19 -0300] "GET /wp-content/themes/brooklyn/style.css?ver=7.0.2 HTTP/1.1" 304 - "https://kohlsolucoes.com.br/" "Mozilla/5.0 (Macintosh; Intel Mac OS X 10_15_7) AppleWebKit/605.1.15 (KHTML, like Gecko) Version/26.5.2 Safari/605.1.15"
138.59.127.113 - - [02/Aug/2026:12:07:19 -0300] "GET /wp-content/plugins/wpcode-premium/build/admin-bar.js?ver=c95624a69c80301272a0 HTTP/1.1" 304 - "https://kohlsolucoes.com.br/" "Mozilla/5.0 (Macintosh; Intel Mac OS X 10_15_7) AppleWebKit/605.1.15 (KHTML, like Gecko) Version/26.5.2 Safari/605.1.15"
138.59.127.113 - - [02/Aug/2026:12:07:20 -0300] "GET /wp-content/plugins/revslider/public/css/preloaders/t7.css HTTP/1.1" 304 - "https://kohlsolucoes.com.br/" "Mozilla/5.0 (Macintosh; Intel Mac OS X 10_15_7) AppleWebKit/605.1.15 (KHTML, like Gecko) Version/26.5.2 Safari/605.1.15"
138.59.127.113 - - [02/Aug/2026:12:07:20 -0300] "GET /wp-content/uploads/2026/08/img-upload-sala-reuniao-madeira.jpg HTTP/1.1" 304 - "https://kohlsolucoes.com.br/" "Mozilla/5.0 (Macintosh; Intel Mac OS X 10_15_7) AppleWebKit/605.1.15 (KHTML, like Gecko) Version/26.5.2 Safari/605.1.15"
138.59.127.113 - - [02/Aug/2026:12:07:20 -0300] "GET /wp-content/themes/brooklyn/js/ut-custom-cursor.min.js HTTP/1.1" 304 - "https://kohlsolucoes.com.br/" "Mozilla/5.0 (Macintosh; Intel Mac OS X 10_15_7) AppleWebKit/605.1.15 (KHTML, like Gecko) Version/26.5.2 Safari/605.1.15"
138.59.127.113 - - [02/Aug/2026:12:07:20 -0300] "GET /wp-content/plugins/revslider/public/css/sr7.lp.css HTTP/1.1" 304 - "https://kohlsolucoes.com.br/" "Mozilla/5.0 (Macintosh; Intel Mac OS X 10_15_7) AppleWebKit/605.1.15 (KHTML, like Gecko) Version/26.5.2 Safari/605.1.15"
138.59.127.113 - - [02/Aug/2026:12:07:21 -0300] "GET /wp-content/plugins/revslider/public/css/sr7.media.css HTTP/1.1" 304 - "https://kohlsolucoes.com.br/" "Mozilla/5.0 (Macintosh; Intel Mac OS X 10_15_7) AppleWebKit/605.1.15 (KHTML, like Gecko) Version/26.5.2 Safari/605.1.15"
138.59.127.113 - - [02/Aug/2026:12:07:21 -0300] "GET /wp-content/plugins/revslider/public/css/sr7.btns.css HTTP/1.1" 304 - "https://kohlsolucoes.com.br/" "Mozilla/5.0 (Macintosh; Intel Mac OS X 10_15_7) AppleWebKit/605.1.15 (KHTML, like Gecko) Version/26.5.2 Safari/605.1.15"
138.59.127.113 - - [02/Aug/2026:12:07:21 -0300] "GET /wp-content/plugins/revslider/public/css/sr7.nav.css HTTP/1.1" 304 - "https://kohlsolucoes.com.br/" "Mozilla/5.0 (Macintosh; Intel Mac OS X 10_15_7) AppleWebKit/605.1.15 (KHTML, like Gecko) Version/26.5.2 Safari/605.1.15"
138.59.127.113 - - [02/Aug/2026:12:07:21 -0300] "GET /wp-content/uploads/revslider/Brooklyn-49/room-34V7TVQQFsU-unsplash-1-50x100.jpg HTTP/1.1" 304 - "https://kohlsolucoes.com.br/" "Mozilla/5.0 (Macintosh; Intel Mac OS X 10_15_7) AppleWebKit/605.1.15 (KHTML, like Gecko) Version/26.5.2 Safari/605.1.15"
138.59.127.113 - - [02/Aug/2026:12:07:21 -0300] "GET /wp-content/uploads/revslider/Brooklyn-49/room-dMlmsggMjC8-unsplash-50x100.jpg HTTP/1.1" 304 - "https://kohlsolucoes.com.br/" "Mozilla/5.0 (Macintosh; Intel Mac OS X 10_15_7) AppleWebKit/605.1.15 (KHTML, like Gecko) Version/26.5.2 Safari/605.1.15"
138.59.127.113 - - [02/Aug/2026:12:07:21 -0300] "GET /wp-content/uploads/revslider/Brooklyn-49/room-7DzpP1IVo8Y-unsplash-50x100.jpg HTTP/1.1" 304 - "https://kohlsolucoes.com.br/" "Mozilla/5.0 (Macintosh; Intel Mac OS X 10_15_7) AppleWebKit/605.1.15 (KHTML, like Gecko) Version/26.5.2 Safari/605.1.15"
138.59.127.113 - - [02/Aug/2026:12:07:21 -0300] "GET /wp-content/plugins/revslider/public/css/fonts/revicons/fonts/revicons.woff?5510888 HTTP/1.1" 304 - "https://kohlsolucoes.com.br/" "Mozilla/5.0 (Macintosh; Intel Mac OS X 10_15_7) AppleWebKit/605.1.15 (KHTML, like Gecko) Version/26.5.2 Safari/605.1.15"
138.59.127.113 - - [02/Aug/2026:12:07:21 -0300] "GET /wp-content/uploads/revslider/Brooklyn-49/room-34V7TVQQFsU-unsplash-1.jpg HTTP/1.1" 304 - "https://kohlsolucoes.com.br/" "Mozilla/5.0 (Macintosh; Intel Mac OS X 10_15_7) AppleWebKit/605.1.15 (KHTML, like Gecko) Version/26.5.2 Safari/605.1.15"
138.59.127.113 - - [02/Aug/2026:12:07:21 -0300] "GET /wp-json/sliderrevolution/sliders/2?srengine=7&slideid=7 HTTP/1.1" 200 13003 "https://kohlsolucoes.com.br/" "Mozilla/5.0 (Macintosh; Intel Mac OS X 10_15_7) AppleWebKit/605.1.15 (KHTML, like Gecko) Version/26.5.2 Safari/605.1.15"
138.59.127.113 - - [02/Aug/2026:12:07:21 -0300] "GET /wp-json/sliderrevolution/sliders/2?srengine=7&slideid=6 HTTP/1.1" 200 12957 "https://kohlsolucoes.com.br/" "Mozilla/5.0 (Macintosh; Intel Mac OS X 10_15_7) AppleWebKit/605.1.15 (KHTML, like Gecko) Version/26.5.2 Safari/605.1.15"
138.59.127.113 - - [02/Aug/2026:12:07:21 -0300] "GET /wp-content/uploads/revslider/Brooklyn-49/room-7DzpP1IVo8Y-unsplash.jpg HTTP/1.1" 304 - "https://kohlsolucoes.com.br/" "Mozilla/5.0 (Macintosh; Intel Mac OS X 10_15_7) AppleWebKit/605.1.15 (KHTML, like Gecko) Version/26.5.2 Safari/605.1.15"
138.59.127.113 - - [02/Aug/2026:12:07:21 -0300] "GET /wp-content/uploads/revslider/Brooklyn-49/room-dMlmsggMjC8-unsplash.jpg HTTP/1.1" 304 - "https://kohlsolucoes.com.br/" "Mozilla/5.0 (Macintosh; Intel Mac OS X 10_15_7) AppleWebKit/605.1.15 (KHTML, like Gecko) Version/26.5.2 Safari/605.1.15"
129.121.49.162 - - [02/Aug/2026:12:07:46 -0300] "POST /wp-cron.php?doing_wp_cron=1785683266.6386620998382568359375 HTTP/1.1" 200 - "-" "WordPress/7.0.2; https://kohlsolucoes.com.br"
138.59.127.113 - - [02/Aug/2026:12:07:46 -0300] "GET / HTTP/1.1" 200 475980 "https://kohlsolucoes.com.br/checklist-lgpd/" "Mozilla/5.0 (Macintosh; Intel Mac OS X 10_15_7) AppleWebKit/605.1.15 (KHTML, like Gecko) Version/26.5.2 Safari/605.1.15"
138.59.127.113 - - [02/Aug/2026:12:07:48 -0300] "GET /wp-json/sliderrevolution/sliders/2?srengine=7&slideid=7 HTTP/1.1" 200 13003 "https://kohlsolucoes.com.br/" "Mozilla/5.0 (Macintosh; Intel Mac OS X 10_15_7) AppleWebKit/605.1.15 (KHTML, like Gecko) Version/26.5.2 Safari/605.1.15"
138.59.127.113 - - [02/Aug/2026:12:07:48 -0300] "GET /wp-json/sliderrevolution/sliders/2?srengine=7&slideid=6 HTTP/1.1" 200 12957 "https://kohlsolucoes.com.br/" "Mozilla/5.0 (Macintosh; Intel Mac OS X 10_15_7) AppleWebKit/605.1.15 (KHTML, like Gecko) Version/26.5.2 Safari/605.1.15"
138.59.127.113 - - [02/Aug/2026:12:08:47 -0300] "GET /wp-content/uploads/2026/08/img-upload-hero-interior-moderno.jpg HTTP/1.1" 304 - "https://kohlsolucoes.com.br/" "Mozilla/5.0 (Macintosh; Intel Mac OS X 10_15_7) AppleWebKit/605.1.15 (KHTML, like Gecko) Version/26.5.2 Safari/605.1.15"
138.59.127.113 - - [02/Aug/2026:12:08:55 -0300] "GET /wp-content/uploads/2026/08/img-upload-mesa-janela.jpg HTTP/1.1" 304 - "https://kohlsolucoes.com.br/" "Mozilla/5.0 (Macintosh; Intel Mac OS X 10_15_7) AppleWebKit/605.1.15 (KHTML, like Gecko) Version/26.5.2 Safari/605.1.15"
138.59.127.113 - - [02/Aug/2026:12:08:55 -0300] "GET /wp-content/uploads/2026/08/img-upload-aperto-mao-predio-2.jpg HTTP/1.1" 304 - "https://kohlsolucoes.com.br/" "Mozilla/5.0 (Macintosh; Intel Mac OS X 10_15_7) AppleWebKit/605.1.15 (KHTML, like Gecko) Version/26.5.2 Safari/605.1.15"
138.59.127.113 - - [02/Aug/2026:12:08:59 -0300] "GET /wp-content/uploads/2026/08/img-upload-aperto-mao-sorrindo.jpg HTTP/1.1" 304 - "https://kohlsolucoes.com.br/" "Mozilla/5.0 (Macintosh; Intel Mac OS X 10_15_7) AppleWebKit/605.1.15 (KHTML, like Gecko) Version/26.5.2 Safari/605.1.15"
138.59.127.113 - - [02/Aug/2026:12:08:59 -0300] "GET /wp-content/uploads/2026/08/img-upload-aperto-mao-laptop.jpg HTTP/1.1" 304 - "https://kohlsolucoes.com.br/" "Mozilla/5.0 (Macintosh; Intel Mac OS X 10_15_7) AppleWebKit/605.1.15 (KHTML, like Gecko) Version/26.5.2 Safari/605.1.15"
129.121.49.162 - - [02/Aug/2026:12:09:31 -0300] "POST /wp-cron.php?doing_wp_cron=1785683371.8682351112365722656250 HTTP/1.1" 200 - "-" "WordPress/7.0.2; https://kohlsolucoes.com.br"
138.59.127.113 - - [02/Aug/2026:12:09:30 -0300] "GET /sobre/ HTTP/1.1" 200 447348 "https://kohlsolucoes.com.br/" "Mozilla/5.0 (Macintosh; Intel Mac OS X 10_15_7) AppleWebKit/605.1.15 (KHTML, like Gecko) Version/26.5.2 Safari/605.1.15"
138.59.127.113 - - [02/Aug/2026:12:09:31 -0300] "GET /wp-content/uploads/2026/08/img-upload-aperto-mao-mesa.jpg HTTP/1.1" 304 - "https://kohlsolucoes.com.br/sobre/" "Mozilla/5.0 (Macintosh; Intel Mac OS X 10_15_7) AppleWebKit/605.1.15 (KHTML, like Gecko) Version/26.5.2 Safari/605.1.15"
138.59.127.113 - - [02/Aug/2026:12:10:22 -0300] "GET /performance/ HTTP/1.1" 200 452986 "https://kohlsolucoes.com.br/sobre/" "Mozilla/5.0 (Macintosh; Intel Mac OS X 10_15_7) AppleWebKit/605.1.15 (KHTML, like Gecko) Version/26.5.2 Safari/605.1.15"
138.59.127.113 - - [02/Aug/2026:12:10:23 -0300] "GET /wp-content/themes/brooklyn/css/fontawesome/fa-brands-400.woff2 HTTP/1.1" 304 - "https://kohlsolucoes.com.br/" "Mozilla/5.0 (Macintosh; Intel Mac OS X 10_15_7) AppleWebKit/605.1.15 (KHTML, like Gecko) Version/26.5.2 Safari/605.1.15"
138.59.127.113 - - [02/Aug/2026:12:10:23 -0300] "GET /wp-content/plugins/ut-shortcodes/js/plugins/accordion/accordion.min.js HTTP/1.1" 304 - "https://kohlsolucoes.com.br/performance/" "Mozilla/5.0 (Macintosh; Intel Mac OS X 10_15_7) AppleWebKit/605.1.15 (KHTML, like Gecko) Version/26.5.2 Safari/605.1.15"
138.59.127.113 - - [02/Aug/2026:12:10:24 -0300] "GET /wp-content/themes/brooklyn/css/fontawesome/fa-solid-900.woff2 HTTP/1.1" 304 - "https://kohlsolucoes.com.br/" "Mozilla/5.0 (Macintosh; Intel Mac OS X 10_15_7) AppleWebKit/605.1.15 (KHTML, like Gecko) Version/26.5.2 Safari/605.1.15"
138.59.127.113 - - [02/Aug/2026:12:10:24 -0300] "GET /wp-content/themes/brooklyn/css/fontawesome/fa-v4compatibility.woff2 HTTP/1.1" 304 - "https://kohlsolucoes.com.br/" "Mozilla/5.0 (Macintosh; Intel Mac OS X 10_15_7) AppleWebKit/605.1.15 (KHTML, like Gecko) Version/26.5.2 Safari/605.1.15"
138.59.127.113 - - [02/Aug/2026:12:10:29 -0300] "GET /wp-content/uploads/2026/08/img-upload-mesa-notebook-cafe.jpg HTTP/1.1" 304 - "https://kohlsolucoes.com.br/performance/" "Mozilla/5.0 (Macintosh; Intel Mac OS X 10_15_7) AppleWebKit/605.1.15 (KHTML, like Gecko) Version/26.5.2 Safari/605.1.15"
129.121.49.162 - - [02/Aug/2026:12:12:45 -0300] "POST /wp-cron.php?doing_wp_cron=1785683565.5916979312896728515625 HTTP/1.1" 200 - "-" "WordPress/7.0.2; https://kohlsolucoes.com.br"
138.59.127.113 - - [02/Aug/2026:12:12:57 -0300] "GET /favicon.ico HTTP/1.1" 302 - "https://kohlsolucoes.com.br/wp-login.php" "Mozilla/5.0 (Macintosh; Intel Mac OS X 10_15_7) AppleWebKit/537.36 (KHTML, like Gecko) Chrome/150.0.0.0 Safari/537.36"
138.59.127.113 - - [02/Aug/2026:12:12:57 -0300] "GET /wp-includes/images/w-logo-blue-white-bg.png HTTP/1.1" 304 - "https://kohlsolucoes.com.br/wp-login.php" "Mozilla/5.0 (Macintosh; Intel Mac OS X 10_15_7) AppleWebKit/537.36 (KHTML, like Gecko) Chrome/150.0.0.0 Safari/537.36"
138.59.127.113 - - [02/Aug/2026:12:13:01 -0300] "GET /wp-login.php HTTP/1.1" 200 9179 "-" "Mozilla/5.0 (Macintosh; Intel Mac OS X 10_15_7) AppleWebKit/537.36 (KHTML, like Gecko) Chrome/150.0.0.0 Safari/537.36"
138.59.127.113 - - [02/Aug/2026:12:13:01 -0300] "GET /wp-includes/css/buttons.min.css?ver=7.0.2 HTTP/1.1" 304 - "https://kohlsolucoes.com.br/wp-login.php" "Mozilla/5.0 (Macintosh; Intel Mac OS X 10_15_7) AppleWebKit/537.36 (KHTML, like Gecko) Chrome/150.0.0.0 Safari/537.36"
138.59.127.113 - - [02/Aug/2026:12:13:01 -0300] "GET /wp-admin/css/l10n.min.css?ver=7.0.2 HTTP/1.1" 304 - "https://kohlsolucoes.com.br/wp-login.php" "Mozilla/5.0 (Macintosh; Intel Mac OS X 10_15_7) AppleWebKit/537.36 (KHTML, like Gecko) Chrome/150.0.0.0 Safari/537.36"
138.59.127.113 - - [02/Aug/2026:12:13:01 -0300] "GET /wp-admin/css/forms.min.css?ver=7.0.2 HTTP/1.1" 304 - "https://kohlsolucoes.com.br/wp-login.php" "Mozilla/5.0 (Macintosh; Intel Mac OS X 10_15_7) AppleWebKit/537.36 (KHTML, like Gecko) Chrome/150.0.0.0 Safari/537.36"
138.59.127.113 - - [02/Aug/2026:12:13:01 -0300] "GET /wp-includes/js/clipboard.min.js?ver=2.0.11 HTTP/1.1" 304 - "https://kohlsolucoes.com.br/wp-login.php" "Mozilla/5.0 (Macintosh; Intel Mac OS X 10_15_7) AppleWebKit/537.36 (KHTML, like Gecko) Chrome/150.0.0.0 Safari/537.36"
138.59.127.113 - - [02/Aug/2026:12:13:01 -0300] "GET /wp-includes/css/dist/base-styles/admin-schemes.min.css?ver=7.0.2 HTTP/1.1" 304 - "https://kohlsolucoes.com.br/wp-login.php" "Mozilla/5.0 (Macintosh; Intel Mac OS X 10_15_7) AppleWebKit/537.36 (KHTML, like Gecko) Chrome/150.0.0.0 Safari/537.36"
138.59.127.113 - - [02/Aug/2026:12:13:01 -0300] "GET /wp-admin/js/password-strength-meter.min.js?ver=7.0.2 HTTP/1.1" 304 - "https://kohlsolucoes.com.br/wp-login.php" "Mozilla/5.0 (Macintosh; Intel Mac OS X 10_15_7) AppleWebKit/537.36 (KHTML, like Gecko) Chrome/150.0.0.0 Safari/537.36"
138.59.127.113 - - [02/Aug/2026:12:13:01 -0300] "GET /wp-includes/js/underscore.min.js?ver=1.13.8 HTTP/1.1" 304 - "https://kohlsolucoes.com.br/wp-login.php" "Mozilla/5.0 (Macintosh; Intel Mac OS X 10_15_7) AppleWebKit/537.36 (KHTML, like Gecko) Chrome/150.0.0.0 Safari/537.36"
138.59.127.113 - - [02/Aug/2026:12:13:01 -0300] "GET /wp-includes/js/zxcvbn-async.min.js?ver=1.0 HTTP/1.1" 304 - "https://kohlsolucoes.com.br/wp-login.php" "Mozilla/5.0 (Macintosh; Intel Mac OS X 10_15_7) AppleWebKit/537.36 (KHTML, like Gecko) Chrome/150.0.0.0 Safari/537.36"
138.59.127.113 - - [02/Aug/2026:12:13:01 -0300] "GET /wp-includes/js/dist/hooks.min.js?ver=7496969728ca0f95732d HTTP/1.1" 304 - "https://kohlsolucoes.com.br/wp-login.php" "Mozilla/5.0 (Macintosh; Intel Mac OS X 10_15_7) AppleWebKit/537.36 (KHTML, like Gecko) Chrome/150.0.0.0 Safari/537.36"
138.59.127.113 - - [02/Aug/2026:12:13:01 -0300] "GET /wp-includes/js/dist/a11y.min.js?ver=af934e5259bc51b8718e HTTP/1.1" 304 - "https://kohlsolucoes.com.br/wp-login.php" "Mozilla/5.0 (Macintosh; Intel Mac OS X 10_15_7) AppleWebKit/537.36 (KHTML, like Gecko) Chrome/150.0.0.0 Safari/537.36"
138.59.127.113 - - [02/Aug/2026:12:13:01 -0300] "GET /wp-includes/js/dist/dom-ready.min.js?ver=a06281ae5cf5500e9317 HTTP/1.1" 304 - "https://kohlsolucoes.com.br/wp-login.php" "Mozilla/5.0 (Macintosh; Intel Mac OS X 10_15_7) AppleWebKit/537.36 (KHTML, like Gecko) Chrome/150.0.0.0 Safari/537.36"
138.59.127.113 - - [02/Aug/2026:12:13:01 -0300] "GET /wp-includes/js/dist/i18n.min.js?ver=781d11515ad3d91786ec HTTP/1.1" 304 - "https://kohlsolucoes.com.br/wp-login.php" "Mozilla/5.0 (Macintosh; Intel Mac OS X 10_15_7) AppleWebKit/537.36 (KHTML, like Gecko) Chrome/150.0.0.0 Safari/537.36"
138.59.127.113 - - [02/Aug/2026:12:13:01 -0300] "GET /wp-includes/js/wp-util.min.js?ver=7.0.2 HTTP/1.1" 304 - "https://kohlsolucoes.com.br/wp-login.php" "Mozilla/5.0 (Macintosh; Intel Mac OS X 10_15_7) AppleWebKit/537.36 (KHTML, like Gecko) Chrome/150.0.0.0 Safari/537.36"
138.59.127.113 - - [02/Aug/2026:12:13:01 -0300] "GET /wp-admin/js/user-profile.min.js?ver=7.0.2 HTTP/1.1" 304 - "https://kohlsolucoes.com.br/wp-login.php" "Mozilla/5.0 (Macintosh; Intel Mac OS X 10_15_7) AppleWebKit/537.36 (KHTML, like Gecko) Chrome/150.0.0.0 Safari/537.36"
138.59.127.113 - - [02/Aug/2026:12:13:01 -0300] "GET /wp-admin/css/login.min.css?ver=7.0.2 HTTP/1.1" 304 - "https://kohlsolucoes.com.br/wp-login.php" "Mozilla/5.0 (Macintosh; Intel Mac OS X 10_15_7) AppleWebKit/537.36 (KHTML, like Gecko) Chrome/150.0.0.0 Safari/537.36"
138.59.127.113 - - [02/Aug/2026:12:13:01 -0300] "GET /wp-admin/images/wordpress-logo-gray.svg?ver=20260303 HTTP/1.1" 304 - "https://kohlsolucoes.com.br/wp-admin/css/login.min.css?ver=7.0.2" "Mozilla/5.0 (Macintosh; Intel Mac OS X 10_15_7) AppleWebKit/537.36 (KHTML, like Gecko) Chrome/150.0.0.0 Safari/537.36"
138.59.127.113 - - [02/Aug/2026:12:13:02 -0300] "GET /wp-includes/js/zxcvbn.min.js HTTP/1.1" 304 - "https://kohlsolucoes.com.br/wp-login.php" "Mozilla/5.0 (Macintosh; Intel Mac OS X 10_15_7) AppleWebKit/537.36 (KHTML, like Gecko) Chrome/150.0.0.0 Safari/537.36"
129.121.49.162 - - [02/Aug/2026:12:13:32 -0300] "POST /wp-cron.php?doing_wp_cron=1785683611.9816799163818359375000 HTTP/1.1" 200 - "-" "WordPress/7.0.2; https://kohlsolucoes.com.br"
138.59.127.113 - - [02/Aug/2026:12:13:31 -0300] "POST /wp-login.php HTTP/1.1" 302 - "https://kohlsolucoes.com.br/wp-login.php" "Mozilla/5.0 (Macintosh; Intel Mac OS X 10_15_7) AppleWebKit/537.36 (KHTML, like Gecko) Chrome/150.0.0.0 Safari/537.36"
138.59.127.113 - - [02/Aug/2026:12:13:33 -0300] "GET /wp-content/plugins/wordpress-seo/css/dist/admin-global-2720.css HTTP/1.1" 304 - "https://kohlsolucoes.com.br/wp-admin/" "Mozilla/5.0 (Macintosh; Intel Mac OS X 10_15_7) AppleWebKit/537.36 (KHTML, like Gecko) Chrome/150.0.0.0 Safari/537.36"
138.59.127.113 - - [02/Aug/2026:12:13:33 -0300] "GET /wp-admin/css/colors/modern/colors.min.css?ver=7.0.2 HTTP/1.1" 304 - "https://kohlsolucoes.com.br/wp-admin/" "Mozilla/5.0 (Macintosh; Intel Mac OS X 10_15_7) AppleWebKit/537.36 (KHTML, like Gecko) Chrome/150.0.0.0 Safari/537.36"
138.59.127.113 - - [02/Aug/2026:12:13:33 -0300] "GET /wp-content/themes/brooklyn/assets/vendor/lightGallery/css/lightgallery.min.css?ver=1.3 HTTP/1.1" 304 - "https://kohlsolucoes.com.br/wp-admin/" "Mozilla/5.0 (Macintosh; Intel Mac OS X 10_15_7) AppleWebKit/537.36 (KHTML, like Gecko) Chrome/150.0.0.0 Safari/537.36"
138.59.127.113 - - [02/Aug/2026:12:13:33 -0300] "GET /wp-includes/js/thickbox/thickbox.css?ver=7.0.2 HTTP/1.1" 304 - "https://kohlsolucoes.com.br/wp-admin/" "Mozilla/5.0 (Macintosh; Intel Mac OS X 10_15_7) AppleWebKit/537.36 (KHTML, like Gecko) Chrome/150.0.0.0 Safari/537.36"
138.59.127.113 - - [02/Aug/2026:12:13:33 -0300] "GET /wp-content/plugins/wordpress-seo/css/dist/monorepo-2720.css HTTP/1.1" 304 - "https://kohlsolucoes.com.br/wp-admin/" "Mozilla/5.0 (Macintosh; Intel Mac OS X 10_15_7) AppleWebKit/537.36 (KHTML, like Gecko) Chrome/150.0.0.0 Safari/537.36"
138.59.127.113 - - [02/Aug/2026:12:13:33 -0300] "GET /wp-content/plugins/wordpress-seo/css/dist/tailwind-2720.css HTTP/1.1" 304 - "https://kohlsolucoes.com.br/wp-admin/" "Mozilla/5.0 (Macintosh; Intel Mac OS X 10_15_7) AppleWebKit/537.36 (KHTML, like Gecko) Chrome/150.0.0.0 Safari/537.36"
138.59.127.113 - - [02/Aug/2026:12:13:33 -0300] "GET /wp-content/plugins/wordpress-seo/css/dist/dashboard-2720.css HTTP/1.1" 304 - "https://kohlsolucoes.com.br/wp-admin/" "Mozilla/5.0 (Macintosh; Intel Mac OS X 10_15_7) AppleWebKit/537.36 (KHTML, like Gecko) Chrome/150.0.0.0 Safari/537.36"
138.59.127.113 - - [02/Aug/2026:12:13:33 -0300] "GET /wp-content/themes/brooklyn/unite/core/admin/assets/css/unite-license.min.css?ver=1.3 HTTP/1.1" 304 - "https://kohlsolucoes.com.br/wp-admin/" "Mozilla/5.0 (Macintosh; Intel Mac OS X 10_15_7) AppleWebKit/537.36 (KHTML, like Gecko) Chrome/150.0.0.0 Safari/537.36"
138.59.127.113 - - [02/Aug/2026:12:13:33 -0300] "GET /wp-content/plugins/wordpress-seo/css/dist/wpseo-dismissible-2720.css HTTP/1.1" 304 - "https://kohlsolucoes.com.br/wp-admin/" "Mozilla/5.0 (Macintosh; Intel Mac OS X 10_15_7) AppleWebKit/537.36 (KHTML, like Gecko) Chrome/150.0.0.0 Safari/537.36"
138.59.127.113 - - [02/Aug/2026:12:13:33 -0300] "GET /wp-content/plugins/wordpress-seo/js/dist/admin-global.js?ver=afea66380308b381a3e4 HTTP/1.1" 304 - "https://kohlsolucoes.com.br/wp-admin/" "Mozilla/5.0 (Macintosh; Intel Mac OS X 10_15_7) AppleWebKit/537.36 (KHTML, like Gecko) Chrome/150.0.0.0 Safari/537.36"
138.59.127.113 - - [02/Aug/2026:12:13:33 -0300] "GET /wp-content/themes/brooklyn/unite/core/admin/assets/js/unite-license-notification.min.js?ver=1.3 HTTP/1.1" 304 - "https://kohlsolucoes.com.br/wp-admin/" "Mozilla/5.0 (Macintosh; Intel Mac OS X 10_15_7) AppleWebKit/537.36 (KHTML, like Gecko) Chrome/150.0.0.0 Safari/537.36"
138.59.127.113 - - [02/Aug/2026:12:13:33 -0300] "GET /wp-content/plugins/js_composer/assets/vc/logo/wpb-logo-white_20.svg HTTP/1.1" 304 - "https://kohlsolucoes.com.br/wp-admin/" "Mozilla/5.0 (Macintosh; Intel Mac OS X 10_15_7) AppleWebKit/537.36 (KHTML, like Gecko) Chrome/150.0.0.0 Safari/537.36"
138.59.127.113 - - [02/Aug/2026:12:13:33 -0300] "GET /wp-content/themes/brooklyn/unite-custom/admin/assets/img/icons/ut-lg-brand.png HTTP/1.1" 304 - "https://kohlsolucoes.com.br/wp-admin/" "Mozilla/5.0 (Macintosh; Intel Mac OS X 10_15_7) AppleWebKit/537.36 (KHTML, like Gecko) Chrome/150.0.0.0 Safari/537.36"
138.59.127.113 - - [02/Aug/2026:12:13:34 -0300] "GET /wp-content/plugins/maintenance/img/icon-small.png HTTP/1.1" 304 - "https://kohlsolucoes.com.br/wp-admin/" "Mozilla/5.0 (Macintosh; Intel Mac OS X 10_15_7) AppleWebKit/537.36 (KHTML, like Gecko) Chrome/150.0.0.0 Safari/537.36"
138.59.127.113 - - [02/Aug/2026:12:13:32 -0300] "GET /wp-admin/ HTTP/1.1" 200 271459 "https://kohlsolucoes.com.br/wp-login.php" "Mozilla/5.0 (Macintosh; Intel Mac OS X 10_15_7) AppleWebKit/537.36 (KHTML, like Gecko) Chrome/150.0.0.0 Safari/537.36"
138.59.127.113 - - [02/Aug/2026:12:13:34 -0300] "GET /wp-content/plugins/wordpress-seo/images/mirrored_fit_bubble_woman_1_optim.svg HTTP/1.1" 304 - "https://kohlsolucoes.com.br/wp-admin/" "Mozilla/5.0 (Macintosh; Intel Mac OS X 10_15_7) AppleWebKit/537.36 (KHTML, like Gecko) Chrome/150.0.0.0 Safari/537.36"
138.59.127.113 - - [02/Aug/2026:12:13:34 -0300] "GET /wp-content/plugins/wordpress-seo/images/support-team.svg HTTP/1.1" 304 - "https://kohlsolucoes.com.br/wp-admin/" "Mozilla/5.0 (Macintosh; Intel Mac OS X 10_15_7) AppleWebKit/537.36 (KHTML, like Gecko) Chrome/150.0.0.0 Safari/537.36"
138.59.127.113 - - [02/Aug/2026:12:13:34 -0300] "GET /wp-includes/js/jquery/ui/resizable.min.js?ver=1.13.3 HTTP/1.1" 304 - "https://kohlsolucoes.com.br/wp-admin/" "Mozilla/5.0 (Macintosh; Intel Mac OS X 10_15_7) AppleWebKit/537.36 (KHTML, like Gecko) Chrome/150.0.0.0 Safari/537.36"
138.59.127.113 - - [02/Aug/2026:12:13:34 -0300] "GET /wp-admin/js/common.min.js?ver=7.0.2 HTTP/1.1" 304 - "https://kohlsolucoes.com.br/wp-admin/" "Mozilla/5.0 (Macintosh; Intel Mac OS X 10_15_7) AppleWebKit/537.36 (KHTML, like Gecko) Chrome/150.0.0.0 Safari/537.36"
138.59.127.113 - - [02/Aug/2026:12:13:34 -0300] "GET /wp-content/plugins/wordpress-seo/css/dist/notifications-2720.css HTTP/1.1" 304 - "https://kohlsolucoes.com.br/wp-admin/" "Mozilla/5.0 (Macintosh; Intel Mac OS X 10_15_7) AppleWebKit/537.36 (KHTML, like Gecko) Chrome/150.0.0.0 Safari/537.36"
138.59.127.113 - - [02/Aug/2026:12:13:34 -0300] "GET /wp-includes/js/jquery/ui/mouse.min.js?ver=1.13.3 HTTP/1.1" 304 - "https://kohlsolucoes.com.br/wp-admin/" "Mozilla/5.0 (Macintosh; Intel Mac OS X 10_15_7) AppleWebKit/537.36 (KHTML, like Gecko) Chrome/150.0.0.0 Safari/537.36"
138.59.127.113 - - [02/Aug/2026:12:13:34 -0300] "GET /wp-includes/js/jquery/ui/controlgroup.min.js?ver=1.13.3 HTTP/1.1" 304 - "https://kohlsolucoes.com.br/wp-admin/" "Mozilla/5.0 (Macintosh; Intel Mac OS X 10_15_7) AppleWebKit/537.36 (KHTML, like Gecko) Chrome/150.0.0.0 Safari/537.36"
138.59.127.113 - - [02/Aug/2026:12:13:34 -0300] "GET /wp-includes/js/jquery/ui/draggable.min.js?ver=1.13.3 HTTP/1.1" 304 - "https://kohlsolucoes.com.br/wp-admin/" "Mozilla/5.0 (Macintosh; Intel Mac OS X 10_15_7) AppleWebKit/537.36 (KHTML, like Gecko) Chrome/150.0.0.0 Safari/537.36"
138.59.127.113 - - [02/Aug/2026:12:13:34 -0300] "GET /wp-includes/js/jquery/ui/dialog.min.js?ver=1.13.3 HTTP/1.1" 304 - "https://kohlsolucoes.com.br/wp-admin/" "Mozilla/5.0 (Macintosh; Intel Mac OS X 10_15_7) AppleWebKit/537.36 (KHTML, like Gecko) Chrome/150.0.0.0 Safari/537.36"
138.59.127.113 - - [02/Aug/2026:12:13:34 -0300] "GET /wp-includes/js/jquery/ui/checkboxradio.min.js?ver=1.13.3 HTTP/1.1" 304 - "https://kohlsolucoes.com.br/wp-admin/" "Mozilla/5.0 (Macintosh; Intel Mac OS X 10_15_7) AppleWebKit/537.36 (KHTML, like Gecko) Chrome/150.0.0.0 Safari/537.36"
138.59.127.113 - - [02/Aug/2026:12:13:34 -0300] "GET /wp-includes/js/api-request.min.js?ver=7.0.2 HTTP/1.1" 304 - "https://kohlsolucoes.com.br/wp-admin/" "Mozilla/5.0 (Macintosh; Intel Mac OS X 10_15_7) AppleWebKit/537.36 (KHTML, like Gecko) Chrome/150.0.0.0 Safari/537.36"
138.59.127.113 - - [02/Aug/2026:12:13:34 -0300] "GET /wp-admin/js/site-health.min.js?ver=7.0.2 HTTP/1.1" 304 - "https://kohlsolucoes.com.br/wp-admin/" "Mozilla/5.0 (Macintosh; Intel Mac OS X 10_15_7) AppleWebKit/537.36 (KHTML, like Gecko) Chrome/150.0.0.0 Safari/537.36"
138.59.127.113 - - [02/Aug/2026:12:13:34 -0300] "GET /wp-includes/js/dist/url.min.js?ver=bb0f766c3d2efe497871 HTTP/1.1" 304 - "https://kohlsolucoes.com.br/wp-admin/" "Mozilla/5.0 (Macintosh; Intel Mac OS X 10_15_7) AppleWebKit/537.36 (KHTML, like Gecko) Chrome/150.0.0.0 Safari/537.36"
138.59.127.113 - - [02/Aug/2026:12:13:34 -0300] "GET /wp-includes/js/wp-ajax-response.min.js?ver=7.0.2 HTTP/1.1" 304 - "https://kohlsolucoes.com.br/wp-admin/" "Mozilla/5.0 (Macintosh; Intel Mac OS X 10_15_7) AppleWebKit/537.36 (KHTML, like Gecko) Chrome/150.0.0.0 Safari/537.36"
138.59.127.113 - - [02/Aug/2026:12:13:34 -0300] "GET /wp-includes/js/jquery/ui/button.min.js?ver=1.13.3 HTTP/1.1" 304 - "https://kohlsolucoes.com.br/wp-admin/" "Mozilla/5.0 (Macintosh; Intel Mac OS X 10_15_7) AppleWebKit/537.36 (KHTML, like Gecko) Chrome/150.0.0.0 Safari/537.36"
138.59.127.113 - - [02/Aug/2026:12:13:34 -0300] "GET /wp-includes/js/jquery/ui/core.min.js?ver=1.13.3 HTTP/1.1" 304 - "https://kohlsolucoes.com.br/wp-admin/" "Mozilla/5.0 (Macintosh; Intel Mac OS X 10_15_7) AppleWebKit/537.36 (KHTML, like Gecko) Chrome/150.0.0.0 Safari/537.36"
138.59.127.113 - - [02/Aug/2026:12:13:34 -0300] "GET /wp-includes/js/jquery/jquery.color.min.js?ver=3.0.0 HTTP/1.1" 304 - "https://kohlsolucoes.com.br/wp-admin/" "Mozilla/5.0 (Macintosh; Intel Mac OS X 10_15_7) AppleWebKit/537.36 (KHTML, like Gecko) Chrome/150.0.0.0 Safari/537.36"
138.59.127.113 - - [02/Aug/2026:12:13:34 -0300] "GET /wp-includes/js/wp-lists.min.js?ver=7.0.2 HTTP/1.1" 304 - "https://kohlsolucoes.com.br/wp-admin/" "Mozilla/5.0 (Macintosh; Intel Mac OS X 10_15_7) AppleWebKit/537.36 (KHTML, like Gecko) Chrome/150.0.0.0 Safari/537.36"
138.59.127.113 - - [02/Aug/2026:12:13:34 -0300] "GET /wp-admin/js/edit-comments.min.js?ver=7.0.2 HTTP/1.1" 304 - "https://kohlsolucoes.com.br/wp-admin/" "Mozilla/5.0 (Macintosh; Intel Mac OS X 10_15_7) AppleWebKit/537.36 (KHTML, like Gecko) Chrome/150.0.0.0 Safari/537.36"
138.59.127.113 - - [02/Aug/2026:12:13:34 -0300] "GET /wp-includes/js/jquery/jquery.query.js?ver=2.2.3 HTTP/1.1" 304 - "https://kohlsolucoes.com.br/wp-admin/" "Mozilla/5.0 (Macintosh; Intel Mac OS X 10_15_7) AppleWebKit/537.36 (KHTML, like Gecko) Chrome/150.0.0.0 Safari/537.36"
138.59.127.113 - - [02/Aug/2026:12:13:34 -0300] "GET /wp-includes/js/quicktags.min.js?ver=7.0.2 HTTP/1.1" 304 - "https://kohlsolucoes.com.br/wp-admin/" "Mozilla/5.0 (Macintosh; Intel Mac OS X 10_15_7) AppleWebKit/537.36 (KHTML, like Gecko) Chrome/150.0.0.0 Safari/537.36"
138.59.127.113 - - [02/Aug/2026:12:13:34 -0300] "GET /wp-includes/js/dist/vendor/moment.min.js?ver=2.30.1 HTTP/1.1" 304 - "https://kohlsolucoes.com.br/wp-admin/" "Mozilla/5.0 (Macintosh; Intel Mac OS X 10_15_7) AppleWebKit/537.36 (KHTML, like Gecko) Chrome/150.0.0.0 Safari/537.36"
138.59.127.113 - - [02/Aug/2026:12:13:34 -0300] "GET /wp-admin/js/postbox.min.js?ver=7.0.2 HTTP/1.1" 304 - "https://kohlsolucoes.com.br/wp-admin/" "Mozilla/5.0 (Macintosh; Intel Mac OS X 10_15_7) AppleWebKit/537.36 (KHTML, like Gecko) Chrome/150.0.0.0 Safari/537.36"
138.59.127.113 - - [02/Aug/2026:12:13:34 -0300] "GET /wp-includes/js/jquery/ui/sortable.min.js?ver=1.13.3 HTTP/1.1" 304 - "https://kohlsolucoes.com.br/wp-admin/" "Mozilla/5.0 (Macintosh; Intel Mac OS X 10_15_7) AppleWebKit/537.36 (KHTML, like Gecko) Chrome/150.0.0.0 Safari/537.36"
138.59.127.113 - - [02/Aug/2026:12:13:34 -0300] "GET /wp-includes/js/dist/date.min.js?ver=c9f8e7dd3232716f34e9 HTTP/1.1" 304 - "https://kohlsolucoes.com.br/wp-admin/" "Mozilla/5.0 (Macintosh; Intel Mac OS X 10_15_7) AppleWebKit/537.36 (KHTML, like Gecko) Chrome/150.0.0.0 Safari/537.36"
138.59.127.113 - - [02/Aug/2026:12:13:34 -0300] "GET /wp-admin/js/dashboard.min.js?ver=7.0.2 HTTP/1.1" 304 - "https://kohlsolucoes.com.br/wp-admin/" "Mozilla/5.0 (Macintosh; Intel Mac OS X 10_15_7) AppleWebKit/537.36 (KHTML, like Gecko) Chrome/150.0.0.0 Safari/537.36"
138.59.127.113 - - [02/Aug/2026:12:13:34 -0300] "GET /wp-includes/js/thickbox/thickbox.js?ver=3.1-20121105 HTTP/1.1" 304 - "https://kohlsolucoes.com.br/wp-admin/" "Mozilla/5.0 (Macintosh; Intel Mac OS X 10_15_7) AppleWebKit/537.36 (KHTML, like Gecko) Chrome/150.0.0.0 Safari/537.36"
138.59.127.113 - - [02/Aug/2026:12:13:34 -0300] "GET /wp-admin/js/plugin-install.min.js?ver=7.0.2 HTTP/1.1" 304 - "https://kohlsolucoes.com.br/wp-admin/" "Mozilla/5.0 (Macintosh; Intel Mac OS X 10_15_7) AppleWebKit/537.36 (KHTML, like Gecko) Chrome/150.0.0.0 Safari/537.36"
138.59.127.113 - - [02/Aug/2026:12:13:34 -0300] "GET /wp-includes/js/wp-sanitize.min.js?ver=7.0.2 HTTP/1.1" 304 - "https://kohlsolucoes.com.br/wp-admin/" "Mozilla/5.0 (Macintosh; Intel Mac OS X 10_15_7) AppleWebKit/537.36 (KHTML, like Gecko) Chrome/150.0.0.0 Safari/537.36"
138.59.127.113 - - [02/Aug/2026:12:13:34 -0300] "GET /wp-admin/js/updates.min.js?ver=7.0.2 HTTP/1.1" 304 - "https://kohlsolucoes.com.br/wp-admin/" "Mozilla/5.0 (Macintosh; Intel Mac OS X 10_15_7) AppleWebKit/537.36 (KHTML, like Gecko) Chrome/150.0.0.0 Safari/537.36"
138.59.127.113 - - [02/Aug/2026:12:13:34 -0300] "GET /wp-includes/js/shortcode.min.js?ver=7.0.2 HTTP/1.1" 304 - "https://kohlsolucoes.com.br/wp-admin/" "Mozilla/5.0 (Macintosh; Intel Mac OS X 10_15_7) AppleWebKit/537.36 (KHTML, like Gecko) Chrome/150.0.0.0 Safari/537.36"
138.59.127.113 - - [02/Aug/2026:12:13:34 -0300] "GET /wp-admin/js/svg-painter.js?ver=7.0.2 HTTP/1.1" 304 - "https://kohlsolucoes.com.br/wp-admin/" "Mozilla/5.0 (Macintosh; Intel Mac OS X 10_15_7) AppleWebKit/537.36 (KHTML, like Gecko) Chrome/150.0.0.0 Safari/537.36"
138.59.127.113 - - [02/Aug/2026:12:13:34 -0300] "GET /wp-admin/js/media-upload.min.js?ver=7.0.2 HTTP/1.1" 304 - "https://kohlsolucoes.com.br/wp-admin/" "Mozilla/5.0 (Macintosh; Intel Mac OS X 10_15_7) AppleWebKit/537.36 (KHTML, like Gecko) Chrome/150.0.0.0 Safari/537.36"
138.59.127.113 - - [02/Aug/2026:12:13:34 -0300] "GET /wp-includes/js/heartbeat.min.js?ver=7.0.2 HTTP/1.1" 304 - "https://kohlsolucoes.com.br/wp-admin/" "Mozilla/5.0 (Macintosh; Intel Mac OS X 10_15_7) AppleWebKit/537.36 (KHTML, like Gecko) Chrome/150.0.0.0 Safari/537.36"
138.59.127.113 - - [02/Aug/2026:12:13:34 -0300] "GET /wp-includes/js/dist/deprecated.min.js?ver=990e85f234fee8f7d446 HTTP/1.1" 304 - "https://kohlsolucoes.com.br/wp-admin/" "Mozilla/5.0 (Macintosh; Intel Mac OS X 10_15_7) AppleWebKit/537.36 (KHTML, like Gecko) Chrome/150.0.0.0 Safari/537.36"
138.59.127.113 - - [02/Aug/2026:12:13:34 -0300] "GET /wp-includes/js/wp-auth-check.min.js?ver=7.0.2 HTTP/1.1" 304 - "https://kohlsolucoes.com.br/wp-admin/" "Mozilla/5.0 (Macintosh; Intel Mac OS X 10_15_7) AppleWebKit/537.36 (KHTML, like Gecko) Chrome/150.0.0.0 Safari/537.36"
138.59.127.113 - - [02/Aug/2026:12:13:34 -0300] "GET /wp-includes/js/dist/vendor/react-dom.min.js?ver=18.3.1.1 HTTP/1.1" 304 - "https://kohlsolucoes.com.br/wp-admin/" "Mozilla/5.0 (Macintosh; Intel Mac OS X 10_15_7) AppleWebKit/537.36 (KHTML, like Gecko) Chrome/150.0.0.0 Safari/537.36"
138.59.127.113 - - [02/Aug/2026:12:13:34 -0300] "GET /wp-includes/js/dist/vendor/react-jsx-runtime.min.js?ver=18.3.1 HTTP/1.1" 304 - "https://kohlsolucoes.com.br/wp-admin/" "Mozilla/5.0 (Macintosh; Intel Mac OS X 10_15_7) AppleWebKit/537.36 (KHTML, like Gecko) Chrome/150.0.0.0 Safari/537.36"
138.59.127.113 - - [02/Aug/2026:12:13:34 -0300] "GET /wp-includes/js/dist/dom.min.js?ver=66a6cf58e0c4cd128af0 HTTP/1.1" 304 - "https://kohlsolucoes.com.br/wp-admin/" "Mozilla/5.0 (Macintosh; Intel Mac OS X 10_15_7) AppleWebKit/537.36 (KHTML, like Gecko) Chrome/150.0.0.0 Safari/537.36"
138.59.127.113 - - [02/Aug/2026:12:13:34 -0300] "GET /wp-includes/js/dist/escape-html.min.js?ver=3f093e5cca67aa0f8b56 HTTP/1.1" 304 - "https://kohlsolucoes.com.br/wp-admin/" "Mozilla/5.0 (Macintosh; Intel Mac OS X 10_15_7) AppleWebKit/537.36 (KHTML, like Gecko) Chrome/150.0.0.0 Safari/537.36"
138.59.127.113 - - [02/Aug/2026:12:13:34 -0300] "GET /wp-includes/js/dist/element.min.js?ver=15ba804677f72a8db97b HTTP/1.1" 304 - "https://kohlsolucoes.com.br/wp-admin/" "Mozilla/5.0 (Macintosh; Intel Mac OS X 10_15_7) AppleWebKit/537.36 (KHTML, like Gecko) Chrome/150.0.0.0 Safari/537.36"
138.59.127.113 - - [02/Aug/2026:12:13:34 -0300] "GET /wp-includes/js/dist/is-shallow-equal.min.js?ver=5d84b9f3cb50d2ce7d04 HTTP/1.1" 304 - "https://kohlsolucoes.com.br/wp-admin/" "Mozilla/5.0 (Macintosh; Intel Mac OS X 10_15_7) AppleWebKit/537.36 (KHTML, like Gecko) Chrome/150.0.0.0 Safari/537.36"
138.59.127.113 - - [02/Aug/2026:12:13:34 -0300] "GET /wp-includes/js/dist/keycodes.min.js?ver=aa1a141e3468afe7f852 HTTP/1.1" 304 - "https://kohlsolucoes.com.br/wp-admin/" "Mozilla/5.0 (Macintosh; Intel Mac OS X 10_15_7) AppleWebKit/537.36 (KHTML, like Gecko) Chrome/150.0.0.0 Safari/537.36"
138.59.127.113 - - [02/Aug/2026:12:13:34 -0300] "GET /wp-includes/js/dist/priority-queue.min.js?ver=1f0e89e247bc0bd3f9b9 HTTP/1.1" 304 - "https://kohlsolucoes.com.br/wp-admin/" "Mozilla/5.0 (Macintosh; Intel Mac OS X 10_15_7) AppleWebKit/537.36 (KHTML, like Gecko) Chrome/150.0.0.0 Safari/537.36"
138.59.127.113 - - [02/Aug/2026:12:13:34 -0300] "GET /wp-includes/js/dist/vendor/react.min.js?ver=18.3.1.1 HTTP/1.1" 304 - "https://kohlsolucoes.com.br/wp-admin/" "Mozilla/5.0 (Macintosh; Intel Mac OS X 10_15_7) AppleWebKit/537.36 (KHTML, like Gecko) Chrome/150.0.0.0 Safari/537.36"
138.59.127.113 - - [02/Aug/2026:12:13:34 -0300] "GET /wp-includes/js/dist/undo-manager.min.js?ver=27bb0ae036a2c9d4a1b5 HTTP/1.1" 304 - "https://kohlsolucoes.com.br/wp-admin/" "Mozilla/5.0 (Macintosh; Intel Mac OS X 10_15_7) AppleWebKit/537.36 (KHTML, like Gecko) Chrome/150.0.0.0 Safari/537.36"
138.59.127.113 - - [02/Aug/2026:12:13:34 -0300] "GET /wp-includes/js/dist/compose.min.js?ver=fbe37f6b46750554f947 HTTP/1.1" 304 - "https://kohlsolucoes.com.br/wp-admin/" "Mozilla/5.0 (Macintosh; Intel Mac OS X 10_15_7) AppleWebKit/537.36 (KHTML, like Gecko) Chrome/150.0.0.0 Safari/537.36"
138.59.127.113 - - [02/Aug/2026:12:13:34 -0300] "GET /wp-includes/js/dist/html-entities.min.js?ver=8c6fa5b869dfeadc4af2 HTTP/1.1" 304 - "https://kohlsolucoes.com.br/wp-admin/" "Mozilla/5.0 (Macintosh; Intel Mac OS X 10_15_7) AppleWebKit/537.36 (KHTML, like Gecko) Chrome/150.0.0.0 Safari/537.36"
138.59.127.113 - - [02/Aug/2026:12:13:34 -0300] "GET /wp-includes/js/dist/primitives.min.js?ver=a5c905ec27bcd76ef287 HTTP/1.1" 304 - "https://kohlsolucoes.com.br/wp-admin/" "Mozilla/5.0 (Macintosh; Intel Mac OS X 10_15_7) AppleWebKit/537.36 (KHTML, like Gecko) Chrome/150.0.0.0 Safari/537.36"
138.59.127.113 - - [02/Aug/2026:12:13:34 -0300] "GET /wp-includes/js/dist/private-apis.min.js?ver=835912f0086b9e59aed4 HTTP/1.1" 304 - "https://kohlsolucoes.com.br/wp-admin/" "Mozilla/5.0 (Macintosh; Intel Mac OS X 10_15_7) AppleWebKit/537.36 (KHTML, like Gecko) Chrome/150.0.0.0 Safari/537.36"
138.59.127.113 - - [02/Aug/2026:12:13:34 -0300] "GET /wp-includes/js/dist/redux-routine.min.js?ver=64f9f5001aabc046c605 HTTP/1.1" 304 - "https://kohlsolucoes.com.br/wp-admin/" "Mozilla/5.0 (Macintosh; Intel Mac OS X 10_15_7) AppleWebKit/537.36 (KHTML, like Gecko) Chrome/150.0.0.0 Safari/537.36"
138.59.127.113 - - [02/Aug/2026:12:13:34 -0300] "GET /wp-includes/js/dist/data.min.js?ver=1756b6a2676c1b3369ab HTTP/1.1" 304 - "https://kohlsolucoes.com.br/wp-admin/" "Mozilla/5.0 (Macintosh; Intel Mac OS X 10_15_7) AppleWebKit/537.36 (KHTML, like Gecko) Chrome/150.0.0.0 Safari/537.36"
